-- http://www.phpmyadmin.net
--
-- Erstellungszeit: 29. April 2009 um 10:07
-- Server Version: 5.0.32
-- PHP-Version: 5.2.0-8+etch11



--
-- Datenbank: `www10okinternetserviceit`
--

-- --------------------------------------------------------

--
-- Tabellenstruktur für Tabelle `filecomb`
--

CREATE TABLE IF NOT EXISTS `filecomb` (
  `id` int(11) NOT NULL auto_increment,
  `contentid` int(11) NOT NULL default '0',
  `fileid` int(11) NOT NULL default '0',
  PRIMARY KEY  (`id`)
) TYPE=MyISAM  AUTO_INCREMENT=2 ;

--
-- Daten für Tabelle `filecomb`
--


-- --------------------------------------------------------

--
-- Tabellenstruktur für Tabelle `filegalerie`
--

CREATE TABLE IF NOT EXISTS `filegalerie` (
  `id` int(11) NOT NULL auto_increment,
  `textde` varchar(200) NOT NULL default '',
  `textit` varchar(200) NOT NULL default '',
  `texteng` varchar(200) NOT NULL default '',
  `file` varchar(100) NOT NULL default '',
  `filekat` varchar(100) NOT NULL default '',
  `prioritaet` int(11) NOT NULL default '0',
  `textfr` varchar(250) NOT NULL default '',
  PRIMARY KEY  (`id`)
) TYPE=MyISAM  AUTO_INCREMENT=3 ;

--
-- Daten für Tabelle `filegalerie`
--


-- --------------------------------------------------------

--
-- Tabellenstruktur für Tabelle `filekat`
--

CREATE TABLE IF NOT EXISTS `filekat` (
  `id` int(11) NOT NULL auto_increment,
  `filekatde` varchar(50) NOT NULL default '',
  `filekatit` varchar(50) NOT NULL default '',
  `filekateng` varchar(50) NOT NULL default '',
  `filekatfr` varchar(255) NOT NULL default '',
  `prioritaet` int(11) NOT NULL default '0',
  `online` int(1) NOT NULL default '0',
  PRIMARY KEY  (`id`)
) TYPE=MyISAM  AUTO_INCREMENT=2 ;

--
-- Daten für Tabelle `filekat`
--


-- --------------------------------------------------------

--
-- Tabellenstruktur für Tabelle `galerie`
--

CREATE TABLE IF NOT EXISTS `galerie` (
  `id` int(11) NOT NULL auto_increment,
  `klbild` varchar(100) NOT NULL default '',
  `klbilda` varchar(100) NOT NULL default '',
  `galeriekat` varchar(100) NOT NULL default '',
  `prioritaet` int(11) NOT NULL default '0',
  `bildtextde` varchar(100) NOT NULL default '',
  `bildtextit` varchar(100) NOT NULL default '',
  `bildtexteng` varchar(100) NOT NULL default '',
  `bildtextfr` varchar(100) NOT NULL default '',
  PRIMARY KEY  (`id`)
) TYPE=MyISAM  AUTO_INCREMENT=929 ;

--
-- Daten für Tabelle `galerie`
--

INSERT INTO `galerie` (`id`, `klbild`, `klbilda`, `galeriekat`, `prioritaet`, `bildtextde`, `bildtextit`, `bildtexteng`, `bildtextfr`) VALUES
(870, '', '', '25', 870, '', '', '', ''),
(872, '', '', '26', 872, '', '', '', ''),
(875, '', '', '26', 875, '', '', '', ''),
(874, 'bilder-galerie/klgrbild_874.jpg', 'bilder-galerie/klgrbilda_874.jpg', '26', 874, '', '', '', ''),
(876, '', '', '26', 876, '', '', '', ''),
(877, '', '', '26', 877, '', '', '', ''),
(878, '', '', '26', 878, '', '', '', ''),
(879, '', '', '26', 0, '', '', '', ''),
(880, '', '', '26', 880, '', '', '', ''),
(882, 'bilder-galerie/klgrbild_882.jpg', 'bilder-galerie/klgrbilda_882.jpg', '27', 882, '', '', '', ''),
(883, 'bilder-galerie/klgrbild_883.jpg', 'bilder-galerie/klgrbilda_883.jpg', '27', 883, '', '', '', ''),
(884, 'bilder-galerie/klgrbild_884.jpg', 'bilder-galerie/klgrbilda_884.jpg', '27', 884, '', '', '', ''),
(885, 'bilder-galerie/klgrbild_885.jpg', 'bilder-galerie/klgrbilda_885.jpg', '27', 885, '', '', '', ''),
(886, 'bilder-galerie/klgrbild_886.jpg', 'bilder-galerie/klgrbilda_886.jpg', '27', 886, '', '', '', ''),
(887, 'bilder-galerie/klgrbild_887.jpg', 'bilder-galerie/klgrbilda_887.jpg', '27', 887, '', '', '', ''),
(888, 'bilder-galerie/klgrbild_888.jpg', 'bilder-galerie/klgrbilda_888.jpg', '27', 888, '', '', '', ''),
(889, 'bilder-galerie/klgrbild_889.jpg', 'bilder-galerie/klgrbilda_889.jpg', '27', 889, '', '', '', ''),
(890, 'bilder-galerie/klgrbild_890.jpg', 'bilder-galerie/klgrbilda_890.jpg', '27', 890, '', '', '', ''),
(891, 'bilder-galerie/klgrbild_891.jpg', 'bilder-galerie/klgrbilda_891.jpg', '27', 891, '', '', '', ''),
(892, 'bilder-galerie/klgrbild_892.jpg', 'bilder-galerie/klgrbilda_892.jpg', '28', 892, '', '', '', ''),
(893, 'bilder-galerie/klgrbild_893.jpg', 'bilder-galerie/klgrbilda_893.jpg', '28', 893, '', '', '', ''),
(894, 'bilder-galerie/klgrbild_894.jpg', 'bilder-galerie/klgrbilda_894.jpg', '28', 894, '', '', '', ''),
(895, 'bilder-galerie/klgrbild_895.jpg', 'bilder-galerie/klgrbilda_895.jpg', '28', 895, '', '', '', ''),
(896, 'bilder-galerie/klgrbild_896.jpg', 'bilder-galerie/klgrbilda_896.jpg', '28', 896, '', '', '', ''),
(897, 'bilder-galerie/klgrbild_897.jpg', 'bilder-galerie/klgrbilda_897.jpg', '29', 897, '', '', '', ''),
(898, 'bilder-galerie/klgrbild_898.jpg', 'bilder-galerie/klgrbilda_898.jpg', '30', 898, '', '', '', ''),
(899, 'bilder-galerie/klgrbild_899.jpg', 'bilder-galerie/klgrbilda_899.jpg', '30', 899, '', '', '', ''),
(900, 'bilder-galerie/klgrbild_900.jpg', 'bilder-galerie/klgrbilda_900.jpg', '30', 900, '', '', '', ''),
(901, 'bilder-galerie/klgrbild_901.jpg', 'bilder-galerie/klgrbilda_901.jpg', '30', 901, '', '', '', ''),
(902, 'bilder-galerie/klgrbild_902.jpg', 'bilder-galerie/klgrbilda_902.jpg', '31', 902, '', '', '', ''),
(903, 'bilder-galerie/klgrbild_903.jpg', 'bilder-galerie/klgrbilda_903.jpg', '32', 903, '', '', '', ''),
(904, 'bilder-galerie/klgrbild_904.jpg', 'bilder-galerie/klgrbilda_904.jpg', '32', 904, '', '', '', ''),
(905, 'bilder-galerie/klgrbild_905.jpg', 'bilder-galerie/klgrbilda_905.jpg', '32', 905, '', '', '', ''),
(906, 'bilder-galerie/klgrbild_906.jpg', 'bilder-galerie/klgrbilda_906.jpg', '32', 906, '', '', '', ''),
(907, 'bilder-galerie/klgrbild_907.jpg', 'bilder-galerie/klgrbilda_907.jpg', '32', 907, '', '', '', ''),
(908, 'bilder-galerie/klgrbild_908.jpg', 'bilder-galerie/klgrbilda_908.jpg', '32', 908, '', '', '', ''),
(909, 'bilder-galerie/klgrbild_909.jpg', 'bilder-galerie/klgrbilda_909.jpg', '32', 909, '', '', '', ''),
(911, 'bilder-galerie/klgrbild_911.jpg', 'bilder-galerie/klgrbilda_911.jpg', '33', 911, '', '', '', ''),
(912, 'bilder-galerie/klgrbild_912.jpg', 'bilder-galerie/klgrbilda_912.jpg', '33', 912, '', '', '', ''),
(913, 'bilder-galerie/klgrbild_913.jpg', 'bilder-galerie/klgrbilda_913.jpg', '33', 913, '', '', '', ''),
(914, 'bilder-galerie/klgrbild_914.jpg', 'bilder-galerie/klgrbilda_914.jpg', '33', 914, '', '', '', ''),
(915, 'bilder-galerie/klgrbild_915.jpg', 'bilder-galerie/klgrbilda_915.jpg', '33', 915, '', '', '', ''),
(916, 'bilder-galerie/klgrbild_916.jpg', 'bilder-galerie/klgrbilda_916.jpg', '33', 916, '', '', '', ''),
(917, 'bilder-galerie/klgrbild_917.jpg', 'bilder-galerie/klgrbilda_917.jpg', '33', 917, '', '', '', ''),
(919, 'bilder-galerie/klgrbild_919.jpg', 'bilder-galerie/klgrbilda_919.jpg', '33', 919, '', '', '', ''),
(920, 'bilder-galerie/klgrbild_920.jpg', 'bilder-galerie/klgrbilda_920.jpg', '33', 920, '', '', '', '');

-- --------------------------------------------------------

--
-- Tabellenstruktur für Tabelle `galeriecomb`
--

CREATE TABLE IF NOT EXISTS `galeriecomb` (
  `id` int(11) NOT NULL auto_increment,
  `contentid` int(11) NOT NULL default '0',
  `galerieid` int(11) NOT NULL default '0',
  `prioritaet` int(11) NOT NULL default '0',
  PRIMARY KEY  (`id`)
) TYPE=MyISAM  AUTO_INCREMENT=25 ;

--
-- Daten für Tabelle `galeriecomb`
--

INSERT INTO `galeriecomb` (`id`, `contentid`, `galerieid`, `prioritaet`) VALUES
(24, 130, 33, 0);

-- --------------------------------------------------------

--
-- Tabellenstruktur für Tabelle `galeriekat`
--

CREATE TABLE IF NOT EXISTS `galeriekat` (
  `id` int(11) NOT NULL auto_increment,
  `galeriekatde` varchar(50) NOT NULL default '',
  `galeriekatit` varchar(50) NOT NULL default '',
  `galeriekateng` varchar(50) NOT NULL default '',
  `prioritaet` int(11) NOT NULL default '0',
  `online` int(1) NOT NULL default '0',
  `galeriekatfr` varchar(100) NOT NULL default '',
  PRIMARY KEY  (`id`)
) TYPE=MyISAM  AUTO_INCREMENT=34 ;

--
-- Daten für Tabelle `galeriekat`
--

INSERT INTO `galeriekat` (`id`, `galeriekatde`, `galeriekatit`, `galeriekateng`, `prioritaet`, `online`, `galeriekatfr`) VALUES
(25, 'grafiken', '', '', 25, 0, ''),
(26, 'test', '', '', 26, 0, ''),
(27, 'verschiedenes', '', '', 27, 0, ''),
(28, 'zimmer', '', '', 28, 0, ''),
(29, 'Bilder Haus', '', '', 29, 0, ''),
(30, 'bilder 140', '', '', 30, 0, ''),
(31, 'kueche', '', '', 31, 0, ''),
(32, 'panoramaterrasse', '', '', 32, 0, ''),
(33, 'Fotos Gäste', '', '', 33, 0, '');

-- --------------------------------------------------------

--
-- Tabellenstruktur für Tabelle `grundeinstellung`
--

CREATE TABLE IF NOT EXISTS `grundeinstellung` (
  `id` int(11) NOT NULL auto_increment,
  `link` varchar(250) NOT NULL default '',
  `pixel_gross` int(4) NOT NULL default '0',
  `pixel_klein` int(4) NOT NULL default '0',
  PRIMARY KEY  (`id`)
) TYPE=MyISAM  AUTO_INCREMENT=4 ;

--
-- Daten für Tabelle `grundeinstellung`
--

INSERT INTO `grundeinstellung` (`id`, `link`, `pixel_gross`, `pixel_klein`) VALUES
(1, '', 600, 250);

-- --------------------------------------------------------

--
-- Tabellenstruktur für Tabelle `gtbook`
--

CREATE TABLE IF NOT EXISTS `gtbook` (
  `id` int(11) NOT NULL auto_increment,
  `name` varchar(18) NOT NULL default '',
  `email` varchar(50) NOT NULL default '',
  `homepage` varchar(50) NOT NULL default '',
  `zeit` varchar(25) default NULL,
  `text` text NOT NULL,
  `land` varchar(50) NOT NULL default '',
  `ip` varchar(15) NOT NULL default '',
  `kleintext` varchar(25) NOT NULL default '',
  PRIMARY KEY  (`id`)
) TYPE=MyISAM AUTO_INCREMENT=1 ;

--
-- Daten für Tabelle `gtbook`
--


-- --------------------------------------------------------

--
-- Tabellenstruktur für Tabelle `hauptkat`
--

CREATE TABLE IF NOT EXISTS `hauptkat` (
  `id` int(11) NOT NULL auto_increment,
  `hauptde` text NOT NULL,
  `hauptit` text NOT NULL,
  `haupteng` text NOT NULL,
  `hauptfr` text NOT NULL,
  `prioritaet` int(11) NOT NULL default '0',
  `mitunter` varchar(10) NOT NULL default '',
  `haupvon` varchar(10) NOT NULL default '',
  `keywordde` varchar(255) NOT NULL default '',
  `keywordit` varchar(255) NOT NULL default '',
  `keywordeng` varchar(255) NOT NULL default '',
  `keywordfr` varchar(255) NOT NULL default '',
  `rewritingde` varchar(255) NOT NULL default '',
  `rewritingit` varchar(255) NOT NULL default '',
  `rewritingeng` varchar(255) NOT NULL default '',
  `rewritingfr` varchar(255) NOT NULL default '',
  PRIMARY KEY  (`id`)
) TYPE=MyISAM  AUTO_INCREMENT=86 ;

--
-- Daten für Tabelle `hauptkat`
--

INSERT INTO `hauptkat` (`id`, `hauptde`, `hauptit`, `haupteng`, `hauptfr`, `prioritaet`, `mitunter`, `haupvon`, `keywordde`, `keywordit`, `keywordeng`, `keywordfr`, `rewritingde`, `rewritingit`, `rewritingeng`, `rewritingfr`) VALUES
(78, 'Gasthof', '', '', '', 0, '', '', '', '', '', '', '', '', '', ''),
(79, 'Unterkunft', '', '', '', 0, '', '', '', '', '', '', '', '', '', ''),
(80, 'Einmaliges Panorama', '', '', '', 0, '', '', '', '', '', '', '', '', '', ''),
(81, 'Umgebung', '', '', '', 0, '', '', '', '', '', '', '', '', '', ''),
(82, 'Reservierung', '', '', '', 0, '', '', '', '', '', '', '', '', '', ''),
(83, 'Kontakt und Anfahrt', '', '', '', 0, '', '', '', '', '', '', '', '', '', ''),
(84, 'Preisliste', '', '', '', 0, '', '', '', '', '', '', '', '', '', ''),
(85, 'Impressum', '', '', '', 0, '', '', '', '', '', '', '', '', '', '');

-- --------------------------------------------------------

--
-- Tabellenstruktur für Tabelle `homelist`
--

CREATE TABLE IF NOT EXISTS `homelist` (
  `id` int(11) NOT NULL auto_increment,
  `contentid` int(11) NOT NULL default '0',
  `prioritaet` int(11) NOT NULL default '0',
  `unterkat` varchar(100) NOT NULL default '',
  PRIMARY KEY  (`id`)
) TYPE=MyISAM  AUTO_INCREMENT=5 ;

--
-- Daten für Tabelle `homelist`
--


-- --------------------------------------------------------

--
-- Tabellenstruktur für Tabelle `htaccess`
--

CREATE TABLE IF NOT EXISTS `htaccess` (
  `id` int(255) unsigned NOT NULL auto_increment,
  `htaccess` longtext NOT NULL,
  PRIMARY KEY  (`id`)
) TYPE=MyISAM AUTO_INCREMENT=1 ;

--
-- Daten für Tabelle `htaccess`
--


-- --------------------------------------------------------

--
-- Tabellenstruktur für Tabelle `lastresults`
--

CREATE TABLE IF NOT EXISTS `lastresults` (
  `id` int(11) NOT NULL auto_increment,
  `galeriekatde` varchar(50) NOT NULL default '',
  `galeriekatit` varchar(50) NOT NULL default '',
  `gegnerde` varchar(100) NOT NULL default '',
  `gegnerit` varchar(100) NOT NULL default '',
  `tag` int(2) NOT NULL default '0',
  `monat` int(2) NOT NULL default '0',
  `jahr` int(4) NOT NULL default '0',
  `datum` date NOT NULL default '0000-00-00',
  `ergebnis` varchar(100) NOT NULL default '',
  `prioritaet` int(11) NOT NULL default '0',
  `online` int(1) NOT NULL default '0',
  `galeriekatfr` varchar(100) NOT NULL default '',
  PRIMARY KEY  (`id`)
) TYPE=MyISAM AUTO_INCREMENT=1 ;

--
-- Daten für Tabelle `lastresults`
--


-- --------------------------------------------------------

--
-- Tabellenstruktur für Tabelle `lauftext`
--

CREATE TABLE IF NOT EXISTS `lauftext` (
  `id` int(11) NOT NULL auto_increment,
  `lauftextde` varchar(250) NOT NULL default '',
  `lauftextit` varchar(250) NOT NULL default '',
  `lauftexteng` varchar(250) NOT NULL default '',
  `lauftextfr` varchar(250) NOT NULL default '',
  PRIMARY KEY  (`id`)
) TYPE=MyISAM AUTO_INCREMENT=1 ;

--
-- Daten für Tabelle `lauftext`
--


-- --------------------------------------------------------

--
-- Tabellenstruktur für Tabelle `linkcomb`
--

CREATE TABLE IF NOT EXISTS `linkcomb` (
  `id` int(11) NOT NULL auto_increment,
  `contentid` int(11) NOT NULL default '0',
  `linkid` int(11) NOT NULL default '0',
  PRIMARY KEY  (`id`)
) TYPE=MyISAM AUTO_INCREMENT=1 ;

--
-- Daten für Tabelle `linkcomb`
--


-- --------------------------------------------------------

--
-- Tabellenstruktur für Tabelle `liveticker`
--

CREATE TABLE IF NOT EXISTS `liveticker` (
  `id` int(11) NOT NULL auto_increment,
  `begegnung` varchar(100) NOT NULL default '',
  `stand` varchar(100) NOT NULL default '',
  `beschde` text NOT NULL,
  `beschit` text NOT NULL,
  PRIMARY KEY  (`id`)
) TYPE=MyISAM AUTO_INCREMENT=1 ;

--
-- Daten für Tabelle `liveticker`
--


-- --------------------------------------------------------

--
-- Tabellenstruktur für Tabelle `mitteilungcomb`
--

CREATE TABLE IF NOT EXISTS `mitteilungcomb` (
  `id` int(11) NOT NULL auto_increment,
  `contentid` int(11) NOT NULL default '0',
  `fileid` int(11) NOT NULL default '0',
  `prioritaet` int(11) NOT NULL default '0',
  PRIMARY KEY  (`id`)
) TYPE=MyISAM AUTO_INCREMENT=1 ;

--
-- Daten für Tabelle `mitteilungcomb`
--


-- --------------------------------------------------------

--
-- Tabellenstruktur für Tabelle `newscomb`
--

CREATE TABLE IF NOT EXISTS `newscomb` (
  `id` int(11) NOT NULL auto_increment,
  `contentid` int(11) NOT NULL default '0',
  `fileid` int(11) NOT NULL default '0',
  `prioritaet` int(11) NOT NULL default '0',
  PRIMARY KEY  (`id`)
) TYPE=MyISAM AUTO_INCREMENT=1 ;

--
-- Daten für Tabelle `newscomb`
--


-- --------------------------------------------------------

--
-- Tabellenstruktur für Tabelle `okcontent`
--

CREATE TABLE IF NOT EXISTS `okcontent` (
  `id` int(11) NOT NULL auto_increment,
  `keywordde` varchar(255) NOT NULL default '',
  `keywordit` varchar(255) NOT NULL default '',
  `keywordeng` varchar(255) NOT NULL default '',
  `keywordfr` varchar(255) NOT NULL default '',
  `rewritingde` varchar(100) NOT NULL default '',
  `rewritingit` varchar(100) NOT NULL default '',
  `rewritingeng` varchar(100) NOT NULL default '',
  `rewritingfr` varchar(100) NOT NULL default '',
  `titelde` text NOT NULL,
  `titelit` text NOT NULL,
  `titeleng` text NOT NULL,
  `einleitungde` text NOT NULL,
  `einleitungit` text NOT NULL,
  `einleitungeng` text NOT NULL,
  `textde` text NOT NULL,
  `textit` text NOT NULL,
  `kurztextde` varchar(100) NOT NULL default '',
  `kurztextit` varchar(100) NOT NULL default '',
  `texteng` text NOT NULL,
  `kurztexteng` varchar(100) NOT NULL default '',
  `flash` varchar(255) NOT NULL default '',
  `flashheight` int(5) NOT NULL default '0',
  `flashwidth` int(5) NOT NULL default '0',
  `klbild` varchar(250) NOT NULL default '',
  `klbilda` varchar(250) NOT NULL default '',
  `klbild2` varchar(250) NOT NULL default '',
  `klbild2a` varchar(250) NOT NULL default '',
  `klbild3` varchar(250) NOT NULL default '',
  `klbild3a` varchar(250) NOT NULL default '',
  `klbild4` varchar(250) NOT NULL default '',
  `klbild4a` varchar(250) NOT NULL default '',
  `klbild5` varchar(100) NOT NULL default '',
  `klbild5a` varchar(100) NOT NULL default '',
  `klbild6` varchar(100) NOT NULL default '',
  `klbild6a` varchar(100) NOT NULL default '',
  `home` int(1) NOT NULL default '0',
  `vondatum` date NOT NULL default '0000-00-00',
  `vontag` char(2) NOT NULL default '',
  `vonmonat` char(2) NOT NULL default '',
  `vonjahr` varchar(4) NOT NULL default '',
  `tag` varchar(10) NOT NULL default '',
  `monat` varchar(10) NOT NULL default '',
  `jahr` varchar(10) NOT NULL default '',
  `datum` date NOT NULL default '0000-00-00',
  `online` int(1) NOT NULL default '0',
  `prioritaet` int(11) NOT NULL default '0',
  `immer` varchar(10) NOT NULL default '',
  `bildtext1de` text NOT NULL,
  `bildtext1it` text NOT NULL,
  `bildtext1eng` text NOT NULL,
  `bildtext2de` text NOT NULL,
  `bildtext2it` text NOT NULL,
  `bildtext2eng` text NOT NULL,
  `bildtext3de` text NOT NULL,
  `bildtext3it` text NOT NULL,
  `bildtext3eng` text NOT NULL,
  `bildtext4de` text NOT NULL,
  `bildtext4it` text NOT NULL,
  `bildtext4eng` text NOT NULL,
  `bildtext5de` text NOT NULL,
  `bildtext5it` text NOT NULL,
  `bildtext5eng` text NOT NULL,
  `bildtext6de` text NOT NULL,
  `bildtext6it` text NOT NULL,
  `bildtext6eng` text NOT NULL,
  `menuid` int(11) NOT NULL default '0',
  `firmaid` int(11) NOT NULL default '0',
  `hauptkat` varchar(100) NOT NULL default '0',
  `unterkat` varchar(100) NOT NULL default '0',
  `vorschaubild` varchar(100) NOT NULL default '',
  `vorschaubildb` varchar(100) NOT NULL default '',
  `preis` double(8,2) NOT NULL default '0.00',
  `artnr` varchar(100) NOT NULL default '',
  `hyperlink` varchar(100) NOT NULL default '',
  `offer` varchar(10) NOT NULL default '',
  `titelfr` text NOT NULL,
  `einleitungfr` text NOT NULL,
  `textfr` text NOT NULL,
  `vorschaubildc` varchar(250) NOT NULL default '',
  `vorschaubildd` varchar(250) NOT NULL default '',
  `galbild1` varchar(10) NOT NULL default '',
  `galbild2` varchar(10) NOT NULL default '',
  `galbild3` varchar(10) NOT NULL default '',
  `galbild4` varchar(10) NOT NULL default '',
  `hyperlinkdescde` varchar(250) NOT NULL default '',
  `hyperlinkdescit` varchar(250) NOT NULL default '',
  `hyperlinkdesceng` varchar(250) NOT NULL default '',
  `hyperlinkdescfr` varchar(250) NOT NULL default '',
  `owner_id` int(3) NOT NULL default '0',
  `ip` varchar(15) NOT NULL default '',
  `date` datetime NOT NULL default '0000-00-00 00:00:00',
  `galeriekatde` varchar(50) NOT NULL default '',
  `galeriekatit` varchar(50) NOT NULL default '',
  `sp` varchar(100) NOT NULL default '',
  `s` varchar(100) NOT NULL default '',
  `u` varchar(100) NOT NULL default '',
  `n` varchar(100) NOT NULL default '',
  `plus` varchar(100) NOT NULL default '',
  `diff` varchar(100) NOT NULL default '',
  `punkte` int(4) NOT NULL default '0',
  `galeriekatfr` varchar(100) NOT NULL default '',
  `position` varchar(100) NOT NULL default '',
  `spielernummer` varchar(100) NOT NULL default '',
  `geburtstag` varchar(100) NOT NULL default '',
  PRIMARY KEY  (`id`)
) TYPE=MyISAM  AUTO_INCREMENT=152 ;

--
-- Daten für Tabelle `okcontent`
--

INSERT INTO `okcontent` (`id`, `keywordde`, `keywordit`, `keywordeng`, `keywordfr`, `rewritingde`, `rewritingit`, `rewritingeng`, `rewritingfr`, `titelde`, `titelit`, `titeleng`, `einleitungde`, `einleitungit`, `einleitungeng`, `textde`, `textit`, `kurztextde`, `kurztextit`, `texteng`, `kurztexteng`, `flash`, `flashheight`, `flashwidth`, `klbild`, `klbilda`, `klbild2`, `klbild2a`, `klbild3`, `klbild3a`, `klbild4`, `klbild4a`, `klbild5`, `klbild5a`, `klbild6`, `klbild6a`, `home`, `vondatum`, `vontag`, `vonmonat`, `vonjahr`, `tag`, `monat`, `jahr`, `datum`, `online`, `prioritaet`, `immer`, `bildtext1de`, `bildtext1it`, `bildtext1eng`, `bildtext2de`, `bildtext2it`, `bildtext2eng`, `bildtext3de`, `bildtext3it`, `bildtext3eng`, `bildtext4de`, `bildtext4it`, `bildtext4eng`, `bildtext5de`, `bildtext5it`, `bildtext5eng`, `bildtext6de`, `bildtext6it`, `bildtext6eng`, `menuid`, `firmaid`, `hauptkat`, `unterkat`, `vorschaubild`, `vorschaubildb`, `preis`, `artnr`, `hyperlink`, `offer`, `titelfr`, `einleitungfr`, `textfr`, `vorschaubildc`, `vorschaubildd`, `galbild1`, `galbild2`, `galbild3`, `galbild4`, `hyperlinkdescde`, `hyperlinkdescit`, `hyperlinkdesceng`, `hyperlinkdescfr`, `owner_id`, `ip`, `date`, `galeriekatde`, `galeriekatit`, `sp`, `s`, `u`, `n`, `plus`, `diff`, `punkte`, `galeriekatfr`, `position`, `spielernummer`, `geburtstag`) VALUES
(122, '', '', '', '', 'gasthof.html', '', '', '', 'Gasthof', '', '', '', '', '', 'Auf unserer Sonnenterasse haben Sie einen Blick auf eine unverkennbare und unberührte Berglandschaft. Das Wohlbefinden und der persönliche Kontakt zu unseren Gästen liegt uns am Herzen.', '', '', '', '', '', '', 0, 0, '', '', '', '', '', '', '', '', '', '', '', '', 0, '0000-00-00', '01', '01', '', '01', '01', '', '0000-00-00', 1, 0, 'immer', '', '', '', '', '', '', '', '', '', '', '', '', '', '', '', '', '', '', 0, 0, '78', '', '', '', 0.00, '', '', '', '', '', '', '', '', '', '', '', '', '', '', '', '', 1, '79.51.104.26', '2009-04-06 00:12:46', '', '', '', '', '', '', '', '', 0, '', '', '', ''),
(123, '', '', '', '', 'essen.html', '', '', '', 'Einheimische Spezialitäten', '', '', 'Unser Gasthof ist für seine traditionelle Küche sehr beliebt. ', '', '', '<p>In unseren Familienbetrieb können Sie heimische und bürgerliche Gerichte und hausgemachte Südtiroler Spezialitäten (hausgemachte Schlutzkrapfen, Käse- und Spinat-Knödel, im Herbst Törggelen) genießen. <strong>Montag Ruhetag</strong></p><p><img alt="" src="/images/speisen.jpg" /></p>', '', '', '', '', '', '', 0, 0, 'bilder-galerie/klgrbild_912.jpg', 'bilder-galerie/klgrbilda_912.jpg', '', '', '', '', '', '', '', '', '', '', 0, '0000-00-00', '01', '01', '', '01', '01', '', '0000-00-00', 1, 2, 'immer', '', '', '', '', '', '', '', '', '', '', '', '', '', '', '', '', '', '', 0, 0, '78', '', '', '', 0.00, '', '', '', '', '', '', '', '', 'ok', '', '', '', '', '', '', '', 1, '79.51.104.26', '2009-04-06 00:13:56', '', '', '', '', '', '', '', '', 0, '', '', '', ''),
(124, '', '', '', '', 'panoramaterrasse.html', '', '', '', 'Panoramaterrasse', '', '', 'Entspannen Sie sich auf unserer Sonnenterrasse in der frischen Luft.', '', '', '<p>Unser Gasthof ist umgeben von Wald und Wiesen und bietet einen traumhaften Blick auf die naheliegende Bergwelt der Dolomiten und auf die Landeshauptstadt Bozen. </p>', '', '', '', '', '', '', 0, 0, 'bilder-galerie/klgrbild_903.jpg', 'bilder-galerie/klgrbilda_903.jpg', 'bilder-galerie/klgrbild_912.jpg', 'bilder-galerie/klgrbilda_912.jpg', '', '', '', '', '', '', '', '', 0, '0000-00-00', '01', '01', '', '01', '01', '', '0000-00-00', 1, 1, 'immer', '', '', '', '', '', '', '', '', '', '', '', '', '', '', '', '', '', '', 0, 0, '78', '', '', '', 0.00, '', '', '', '', '', '', '', '', 'ok', 'ok', '', '', '', '', '', '', 1, '79.51.104.26', '2009-04-05 23:49:31', '', '', '', '', '', '', '', '', 0, '', '', '', ''),
(125, '', '', '', '', 'feiern.html', '', '', '', 'Törggelen und Feiern', '', '', 'Unser Gasthof ist sehr beliebt für Feiern jeder Art.', '', '', '<p>Firmenfeiern, Erstkommunion, Firmung oder einfach ein nettes Familientreffen werden im Gasthof Lipp für alle ein Erlebnis.<br />Im Herbst, während der Weinernte ist vor allem das <strong>Törggelen</strong> sehr beliebt.</p><p><img alt="" src="/images/toerggelen.jpg" /></p><p>Beim Törggelen wird der neue Wein zu Kastanien und Surfleisch in den Weinkellern zu Musik und guter Stimmung serviert.</p>', '', '', '', '', '', '', 0, 0, 'bilder-galerie/klgrbild_905.jpg', 'bilder-galerie/klgrbilda_905.jpg', '', '', '', '', '', '', '', '', '', '', 0, '0000-00-00', '01', '01', '', '01', '01', '', '0000-00-00', 1, 4, 'immer', '', '', '', '', '', '', '', '', '', '', '', '', '', '', '', '', '', '', 0, 0, '78', '', '', '', 0.00, '', '', '', '', '', '', '', '', 'ok', '', '', '', '', '', '', '', 1, '79.51.104.26', '2009-04-05 23:35:02', '', '', '', '', '', '', '', '', 0, '', '', '', ''),
(127, '', '', '', '', 'oeffnungszeiten.html', '', '', '', 'Öffnungszeiten', '', '', 'Unser Gasthof ist von April bis November für Sie geöffnet.\r\nAm Montag haben wir Ruhgetag.', '', '', '&nbsp;', '', '', '', '', '', '', 0, 0, 'bilder-galerie/klgrbild_897.jpg', 'bilder-galerie/klgrbilda_897.jpg', '', '', '', '', '', '', '', '', '', '', 0, '0000-00-00', '01', '01', '', '01', '01', '', '0000-00-00', 1, 6, 'immer', '', '', '', '', '', '', '', '', '', '', '', '', '', '', '', '', '', '', 0, 0, '78', '', '', '', 0.00, '', '', '', '', '', '', '', '', 'ok', '', '', '', '', '', '', '', 1, '79.51.104.26', '2009-04-05 10:45:58', '', '', '', '', '', '', '', '', 0, '', '', '', ''),
(128, '', '', '', '', 'unterkunft.html', '', '', '', 'Unterkunft', '', '', '', '', '', 'Unser Gasthof ist umgeben von Wald und Wiesen und bietet einen traumhaften Blick auf die naheliegende Bergwelt der Dolomiten.', '', '', '', '', '', '', 0, 0, '', '', '', '', '', '', '', '', '', '', '', '', 0, '0000-00-00', '01', '01', '', '01', '01', '', '0000-00-00', 1, 0, 'immer', '', '', '', '', '', '', '', '', '', '', '', '', '', '', '', '', '', '', 0, 0, '79', '', '', '', 0.00, '', '', '', '', '', '', '', '', '', '', '', '', '', '', '', '', 1, '79.51.104.26', '2009-04-05 17:06:35', '', '', '', '', '', '', '', '', 0, '', '', '', ''),
(129, '', '', '', '', 'gaestezimmer.html', '', '', '', 'Gästezimmer', '', '', ' Die Zimmer sind gemütlich ausgestattet und verfügen über Dusche/WC/Balkon. ', '', '', '<p><a href="/images/zimmerlippgr.jpg" rel="lightbox"><img alt="" src="/images/zimmerlippkl.jpg" border="0" /></a><br /><br />Verbringen Sie Nächte in ländlicher Ruhe und Erholung und erwachen mit einem Blick auf die grandiose Bergkulisse der Dolomiten inmitten unberührter Natur und viel Sonnenschein.&nbsp; Südtiroler Gastlichkeit mit familiärer Atmosphäre.<br /><br /><a href="/images/balkonlippgr.jpg" rel="lightbox"><img alt="" src="/images/balkonlippkl.jpg" border="0" /></a><br />Einzigartiger Blick vom Balkon aus<br /></p>', '', '', '', '', '', '', 0, 0, 'bilder-galerie/klgrbild_892.jpg', 'bilder-galerie/klgrbilda_892.jpg', '', '', '', '', '', '', '', '', '', '', 0, '0000-00-00', '01', '01', '', '01', '01', '', '0000-00-00', 1, 1, 'immer', '', '', '', '', '', '', '', '', '', '', '', '', '', '', '', '', '', '', 0, 0, '79', '', '', '', 0.00, '', '', '', '', '', '', '', '', 'ok', '', '', '', '', '', '', '', 1, '79.51.104.26', '2009-04-05 22:17:38', '', '', '', '', '', '', '', '', 0, '', '', '', ''),
(130, '', '', '', '', 'ferienwohnungen.html', '', '', '', 'Ferienwohnungen', '', '', 'Unsere Appartements befinden sich in unser Residence Lipp, nur wenige Minuten vom Gasthof Lipp entfernt.', '', '', '<p>Dusche, WC, Bidet, Heizung, Balkon, SAT.-TV, Kaffeemaschine, komfortable Küche, Bettwäsche und Handtücher, Geschirr, reservierter Parkplatz.</p><p>Die Ferienwohnung ist eingeteilt in: Wohnraum mit Eßeckeund Küche im Parterre,&nbsp; 1 - 2 Schlafzimmer, Dusche/WC im 1. Stock </p><p>Eine&nbsp;großzügige Liegewiese, Grillmöglichkeit, Tischtennis und Tischfussball stehen Ihnen zur Verfügung.</p>', '', '', '', '', '', '', 0, 0, 'bilder-galerie/klgrbild_896.jpg', 'bilder-galerie/klgrbilda_896.jpg', 'bilder-galerie/klgrbild_893.jpg', 'bilder-galerie/klgrbilda_893.jpg', 'bilder-galerie/klgrbild_895.jpg', 'bilder-galerie/klgrbilda_895.jpg', 'bilder-galerie/klgrbild_916.jpg', 'bilder-galerie/klgrbilda_916.jpg', '', '', '', '', 0, '0000-00-00', '01', '01', '', '01', '01', '', '0000-00-00', 1, 3, 'immer', '', '', '', '', '', '', '', '', '', '', '', '', '', '', '', '', '', '', 0, 0, '79', '', '', '', 0.00, '', '', '', '', '', '', '', '', 'ok', 'ok', 'ok', 'ok', '', '', '', '', 1, '79.41.108.49', '2009-04-28 21:25:44', '', '', '', '', '', '', '', '', 0, '', '', '', ''),
(131, '', '', '', '', 'oeffnungszeiten-appartements.html', '', '', '', 'Öffnungszeiten', '', '', 'Unsere Gästezimmer und Ferienwohnungen sind von\r\nMärz bis November buchbar.', '', '', '&nbsp;', '', '', '', '', '', '', 0, 0, 'bilder-galerie/klgrbild_897.jpg', 'bilder-galerie/klgrbilda_897.jpg', '', '', '', '', '', '', '', '', '', '', 0, '0000-00-00', '01', '01', '', '01', '01', '', '0000-00-00', 1, 4, 'immer', '', '', '', '', '', '', '', '', '', '', '', '', '', '', '', '', '', '', 0, 0, '79', '', '', '', 0.00, '', '', '', '', '', '', '', '', 'ok', '', '', '', '', '', '', '', 1, '79.51.104.26', '2009-04-05 17:05:34', '', '', '', '', '', '', '', '', 0, '', '', '', ''),
(132, '', '', '', '', 'panorama.html', '', '', '', 'Panorama', '', '', '', '', '', 'Unser Gasthof befindet sich in einer traumhaften Lage in der Ortschaft&nbsp; Perdonig und ist der ideale Ausgangspunkt für zahlreiche Wanderungen und Touren. Auf der sonnigen Terrasse unseres Hauses können Sie sich so richtig entspannen und die einmalige Aussicht genießen.', '', '', '', '', '', '', 0, 0, '', '', '', '', '', '', '', '', '', '', '', '', 0, '0000-00-00', '01', '01', '', '01', '01', '', '0000-00-00', 1, 0, 'immer', '', '', '', '', '', '', '', '', '', '', '', '', '', '', '', '', '', '', 0, 0, '80', '', '', '', 0.00, '', '', '', '', '', '', '', '', '', '', '', '', '', '', '', '', 1, '79.51.104.26', '2009-04-05 17:07:01', '', '', '', '', '', '', '', '', 0, '', '', '', ''),
(133, '', '', '', '', 'ausflugsziel.html', '', '', '', 'Beliebtes Ausflugsziel', '', '', 'Freuen Sie sich auf einen erlebnisreichen Tag im Gasthof Lipp in Perdonig und erholen Sie sich von Ihrem Alltag.', '', '', '<p>Gasthof Lipp ist&nbsp;ein beliebtes Ziel für Urlauber und Einheimische. Unsere Sonnenterrasse mit dem einmaligen Blick über Bozen und dem Etschtal bietet für jeden die Möglichkeit mal so richtig abzuschalten und zu relaxen.</p><p>Im Sommer läd unser schattiger Garten unter Nussbäumen zum Verweilen ein.<br /></p>', '', '', '', '', '', '', 0, 0, 'bilder-galerie/klgrbild_914.jpg', 'bilder-galerie/klgrbilda_914.jpg', 'bilder-galerie/klgrbild_906.jpg', 'bilder-galerie/klgrbilda_906.jpg', 'bilder-galerie/klgrbild_911.jpg', 'bilder-galerie/klgrbilda_911.jpg', 'bilder-galerie/klgrbild_904.jpg', 'bilder-galerie/klgrbilda_904.jpg', '', '', '', '', 0, '0000-00-00', '01', '01', '', '01', '01', '', '0000-00-00', 1, 1, 'immer', '', '', '', '', '', '', '', '', '', '', '', '', '', '', '', '', '', '', 0, 0, '80', '', '', '', 0.00, '', '', '', '', '', '', '', '', 'ok', 'ok', 'ok', 'ok', '', '', '', '', 1, '79.41.108.49', '2009-04-28 21:28:25', '', '', '', '', '', '', '', '', 0, '', '', '', ''),
(134, '', '', '', '', 'bynight.html', '', '', '', 'by night', '', '', 'Genießen Sie das wunderschöne Panorama und abends das Lichtermeer der Landeshauptstadt Bozen.', '', '', '&nbsp;', '', '', '', '', '', '', 0, 0, 'bilder-galerie/klgrbild_891.jpg', 'bilder-galerie/klgrbilda_891.jpg', '', '', '', '', '', '', '', '', '', '', 0, '0000-00-00', '01', '01', '', '01', '01', '', '0000-00-00', 1, 3, 'immer', '', '', '', '', '', '', '', '', '', '', '', '', '', '', '', '', '', '', 0, 0, '80', '', '', '', 0.00, '', '', '', '', '', '', '', '', 'ok', '', '', '', '', '', '', '', 1, '79.51.104.26', '2009-04-05 21:17:03', '', '', '', '', '', '', '', '', 0, '', '', '', ''),
(135, '', '', '', '', 'umgebung.html', '', '', '', 'Umgebung', '', '', '', '', '', 'Wandern Sie vom Gasthof Lipp aus&nbsp; zu den schönsten Burgen und Schlössern von Eppan oder unternehmen Sie einen Ausflug zu den Montiggler Seen mit Schwimmbad. Der naheliegende Kalterer See ist ein idealer Platz für Wassersportler.', '', '', '', '', '', '', 0, 0, '', '', '', '', '', '', '', '', '', '', '', '', 0, '0000-00-00', '01', '01', '', '01', '01', '', '0000-00-00', 1, 0, 'immer', '', '', '', '', '', '', '', '', '', '', '', '', '', '', '', '', '', '', 0, 0, '81', '', '', '', 0.00, '', '', '', '', '', '', '', '', '', '', '', '', '', '', '', '', 1, '79.51.104.26', '2009-04-05 18:07:02', '', '', '', '', '', '', '', '', 0, '', '', '', ''),
(137, '', '', '', '', 'wander.html', '', '', '', 'Wanderurlaub', '', '', ' Die Zeit zwischen Ostern und Allerheiligen ist in Eppan im Herzen der Südtiroler Weinstrasse wohl die beste Zeit die Wanderschuhe auszubacken. ', '', '', '<p>Egal ob Jung oder Junggebliebene, Bergsteiger oder Spaziergänger, jeder kommt im Land der Burgen und des Weines auf seine Kosten!</p><p><strong>Unser Tipp - die 3&nbsp;Burgenwanderung:<br /></strong>Wandern Sie vom Gasthof Lipp aus nach Schloss Hocheppan - Schloss Korb - Boymont, Dauer: ca. 2 ½ Stunden ab Perdonig</p><p>Diese kunsthistorische Wanderung wird einmal in der Woche auch in Begleitung eines Führers angeboten. Wie wir nach Schloss Korb kommen, steht uns frei. Auf jeden Fall ist das Restaurant und Hotel auch mit dem Privatauto erreichbar.</p>', '', '', '', '', '', '', 0, 0, 'bilder-galerie/klgrbild_886.jpg', 'bilder-galerie/klgrbilda_886.jpg', 'bilder-galerie/klgrbild_885.jpg', 'bilder-galerie/klgrbilda_885.jpg', '', '', '', '', '', '', '', '', 0, '0000-00-00', '01', '01', '', '01', '01', '', '0000-00-00', 1, 2, 'immer', '', '', '', '', '', '', '', '', '', '', '', '', '', '', '', '', '', '', 0, 0, '81', '', '', '', 0.00, '', '', '', '', '', '', '', '', 'ok', 'ok', '', '', '', '', '', '', 1, '79.20.23.239', '2009-04-27 20:57:36', '', '', '', '', '', '', '', '', 0, '', '', '', ''),
(138, '', '', '', '', 'baden.html', '', '', '', 'Badeurlaub', '', '', ' Der Große und der Kleine Montigglersee laden im Sommer zum Baden ein...', '', '', '<p>Eingebettet in Wald- und Hügellandschaft bieten der Große und der Kleine Montigglersee eine besondere Atmosphäre beim Baden. Im Lido des Großen Montigglersees wird im Sommer eine Kinderanimation angeboten.</p><p>Das klare und warme Wasser des Kalterer Sees im Nachbardorf Kaltern (wärmster Badesse der Alpen) garantiert puren Wasserspass. Surfer und Segler kommen durch die guten Windbedingungen voll auf Ihre Kosten.</p><p></p>', '', '', '', '', '', '', 0, 0, 'bilder-galerie/klgrbild_883.jpg', 'bilder-galerie/klgrbilda_883.jpg', 'bilder-galerie/klgrbild_882.jpg', 'bilder-galerie/klgrbilda_882.jpg', '', '', '', '', '', '', '', '', 0, '0000-00-00', '01', '01', '', '01', '01', '', '0000-00-00', 1, 3, 'immer', '', '', '', '', '', '', '', '', '', '', '', '', '', '', '', '', '', '', 0, 0, '81', '', '', '', 0.00, '', '', '', '', '', '', '', '', 'ok', 'ok', '', '', '', '', '', '', 1, '79.51.104.26', '2009-04-05 18:09:17', '', '', '', '', '', '', '', '', 0, '', '', '', ''),
(139, '', '', '', '', 'radtouren.html', '', '', '', 'Radtouren', '', '', 'Eppan und die Südtiroler Weinstrasse mit dem Fahrrad entdecken\r\nFlaches und hügeliges Gelände, kleine und große Höhenunterschiede, Wald oder Obstwiesen und Weinberge bringen Abwechslung.', '', '', '<p>Die Radwege in Eppan und im Gebiet der Südtiroler Weinstraße sind für ihre natürliche Schönheit und ihre Reize bekannt. Die Gäste schätzen die angenehmen Radtouren inmitten duftender Obstwiesen und neben Weinbergen, genießen die herrlichen Panoramablicke und Aussichten und verweilen gerne in den schmucken Dörfern und Weilern des Überetschs.</p><p><br /></p>', '', '', '', '', '', '', 0, 0, 'bilder-galerie/klgrbild_887.jpg', 'bilder-galerie/klgrbilda_887.jpg', 'bilder-galerie/klgrbild_888.jpg', 'bilder-galerie/klgrbilda_888.jpg', '', '', '', '', '', '', '', '', 0, '0000-00-00', '01', '01', '', '01', '01', '', '0000-00-00', 1, 3, 'immer', '', '', '', '', '', '', '', '', '', '', '', '', '', '', '', '', '', '', 0, 0, '81', '', '', '', 0.00, '', '', '', '', '', '', '', '', 'ok', 'ok', '', '', '', '', '', '', 1, '79.51.104.26', '2009-04-05 18:09:56', '', '', '', '', '', '', '', '', 0, '', '', '', ''),
(140, '', '', '', '', 'wein-kultur.html', '', '', '', 'Wein und Kultur', '', '', 'Umgeben von Weinbergen und Obstwiesen ist St. Pauls eine kleine Insel der Ruhe mit besonderem Flair. \r\nWohin das Auge reicht, überall finden sich Zeitzeugen vergangener Tage, Botschaften einer Lebenskultur, die Ihresgleichen sucht. ', '', '', '<p>In&nbsp;der Gemeinde Eppan&nbsp;finden regelmässig kulturelle und gesellschaftliche Veranstaltungen statt.</p><p>Über 180 Burgen, Ansitze und Schlösser zeugen in der burgenreichsten Region Europas von einer bewegten Vergangenheit. Manche Burgen ragen über der Talsohle, andere sind in Weingütern eingebettet oder schauen von den Hügeln hinab ins Tal. Die mächtigen Türme, Mauern und Wehrgänge, Rittersäle und Burgkapellen erzählen die Geschichte dieser Zeitzeugen. </p><p></p>', '', '', '', '', '', '', 0, 0, 'bilder-galerie/klgrbild_890.jpg', 'bilder-galerie/klgrbilda_890.jpg', 'bilder-galerie/klgrbild_889.jpg', 'bilder-galerie/klgrbilda_889.jpg', '', '', '', '', '', '', '', '', 0, '0000-00-00', '01', '01', '', '01', '01', '', '0000-00-00', 1, 4, 'immer', '', '', '', '', '', '', '', '', '', '', '', '', '', '', '', '', '', '', 0, 0, '81', '', '', '', 0.00, '', '', '', '', '', '', '', '', 'ok', 'ok', '', '', '', '', '', '', 1, '79.51.104.26', '2009-04-05 18:10:57', '', '', '', '', '', '', '', '', 0, '', '', '', ''),
(141, '', '', '', '', '', '', '', '', '', '', '', '', '', '', '', '', '', '', '', '', '', 0, 0, '', '', '', '', '', '', '', '', '', '', '', '', 0, '0000-00-00', '', '', '', '', '', '', '0000-00-00', 0, 0, '', '', '', '', '', '', '', '', '', '', '', '', '', '', '', '', '', '', '', 0, 0, '0', '0', '', '', 0.00, '', '', '', '', '', '', '', '', '', '', '', '', '', '', '', '', 0, '', '0000-00-00 00:00:00', '', '', '', '', '', '', '', '', 0, '', '', '', ''),
(142, '', '', '', '', 'willkommen.html', '', '', '', '', '', '', '', '', '', '<img alt="" src="/images/willkommen.jpg" border="0" /><br /><br />Weit weg vom Alltagsstress und Großstadthektik mit einzigartiger Panoramalage.<br />Unser Gasthof, im Süden Südtirols, ist sonnig und ruhig gelegen abseits von Verkehr und Lärm. ', '', '', '', '', '', '', 0, 0, '', '', '', '', '', '', '', '', '', '', '', '', 0, '0000-00-00', '01', '01', '', '01', '01', '', '0000-00-00', 1, 0, 'immer', '', '', '', '', '', '', '', '', '', '', '', '', '', '', '', '', '', '', 0, 0, 'startsite', 'startsite', '', '', 0.00, '', '', '', '', '', '', '', '', '', '', '', '', '', '', '', '', 1, '79.51.104.26', '2009-04-05 18:55:50', '', '', '', '', '', '', '', '', 0, '', '', '', ''),
(143, '', '', '', '', 'kontakt.html', '', '', '', 'Kontakt', '', '', '', '', '', '<p><strong>Gasthof Lipp - Pichler Arthur</strong><br />Perdonig 30, 39057 Eppan - Südtirol<br />Tel.: +39 0471 662517<br />Fax: +39 0471 660907<br />E-mail: <a href="mailto:info@lipp.it">info@lipp.it</a><br /><br /><strong>Montag Ruhetag</strong></p><p><strong>So finden Sie zu uns:</strong></p><ul><li>Vom Brenner kommend: Autobahnausfahrt Bozen Süd &#9642; Schnellstraße (MeBo) Richtung Meran &#9642; Ausfahrt Eppan &#9642; St.Michael &#9642; Berg &#9642; Perdonig<br /></li><li>Vom Reschen kommend: Meran &#9642; Schnellstraße (MeBo) Richtung Bozen &#9642; Ausfahrt Eppan &#9642; St.Michael &#9642; Berg &#9642; Perdonig</li></ul>\r\n\r\n<iframe width="500" height="350" frameborder="0" scrolling="no" marginheight="0" marginwidth="0" src="http://www.google.de/maps/ms?ie=UTF8&amp;hl=de&amp;t=h&amp;msa=0&amp;msid=106327898212499020629.000466d62535e53a48bdb&amp;ll=46.50111,11.233091&amp;spn=0.020678,0.042915&amp;z=14&amp;output=embed"></iframe><br /><small><a href="http://www.google.de/maps/ms?ie=UTF8&amp;hl=de&amp;t=h&amp;msa=0&amp;msid=106327898212499020629.000466d62535e53a48bdb&amp;ll=46.50111,11.233091&amp;spn=0.020678,0.042915&amp;z=14&amp;source=embed" style="color:#0000FF;text-align:left">Größere Kartenansicht</a></small>', '', '', '', '', '', '', 0, 0, '', '', '', '', '', '', '', '', '', '', '', '', 0, '0000-00-00', '01', '01', '', '01', '01', '', '0000-00-00', 1, 0, 'immer', '', '', '', '', '', '', '', '', '', '', '', '', '', '', '', '', '', '', 0, 0, '83', '', '', '', 0.00, '', '', '', '', '', '', '', '', '', '', '', '', '', '', '', '', 1, '79.51.104.26', '2009-04-06 00:20:49', '', '', '', '', '', '', '', '', 0, '', '', '', ''),
(146, '', '', '', '', 'anfrage.html', '', '', '', 'Anfrageformular', '', '', 'Füllen Sie bitte das folgende Formular aus, wir werden Ihnen in Kürze antworten:', '', '', '', '', '', '', '', '', '', 0, 0, '', '', '', '', '', '', '', '', '', '', '', '', 0, '0000-00-00', '01', '01', '', '01', '01', '', '0000-00-00', 1, 0, 'immer', '', '', '', '', '', '', '', '', '', '', '', '', '', '', '', '', '', '', 0, 0, '82', '', '', '', 0.00, '', '', '', '', '', '', '', '', '', '', '', '', '', '', '', '', 1, '79.51.104.26', '2009-04-05 19:14:22', '', '', '', '', '', '', '', '', 0, '', '', '', ''),
(147, '', '', '', '', 'preise-zimmer.html', '', '', '', 'Preise Gästezimmer', '', '', 'Preise für Doppelbettzimmer im Gasthof Lipp mit Frühstück', '', '', '<p><strong>25.03.2009 - 01.11.2009: </strong>29,00 €/Person im Doppelbettzimmer</p><p><strong>Wichtige Informationen:</strong></p><ul><li>Kinderermäßigung ab 7 Jahren im Elternzimmer: -4,00 €</li><li>Kinderermäßigung bis 6 Jahre im Elternzimmer: -50 %</li><li>Zuschlag bei Aufenthalt unter 3 Tage: 2,00 €&nbsp;&nbsp;&nbsp; </li><li>Zuschlag für Aufenthalt 1 Tag: 6,00 €&nbsp; </li><li>Anzahl Unterkünfte:&nbsp; 7&nbsp; </li><li>Raumgröße (m²):&nbsp; 20&nbsp; </li><li>Personen/Doppelbettzimmer&nbsp;:&nbsp;2&nbsp; </li></ul>', '', '', '', '', '', '', 0, 0, 'bilder-galerie/klgrbild_900.jpg', 'bilder-galerie/klgrbilda_900.jpg', '', '', '', '', '', '', '', '', '', '', 0, '0000-00-00', '01', '01', '', '01', '01', '', '0000-00-00', 1, 1, 'immer', '', '', '', '', '', '', '', '', '', '', '', '', '', '', '', '', '', '', 0, 0, '84', '', '', '', 0.00, '', '', '', '', '', '', '', '', 'ok', '', '', '', '', '', '', '', 1, '79.20.23.239', '2009-04-27 20:59:26', '', '', '', '', '', '', '', '', 0, '', '', '', ''),
(148, '', '', '', '', 'appartements-preise.html', '', '', '', 'Preise Appartements', '', '', 'Aktuelle Preise für unsere Ferienwohnungen in der Residence Lipp', '', '', '<p><strong>von&nbsp; 01.03.2009&nbsp; bis&nbsp; 20.07.2009</strong></p><ul><li><strong>Ferienwohnung A</strong> - 38m²: 45,00 €<br />Zuschlag bei 3 Personen: 5,00 €&nbsp; <br />Zuschlag bei 4 Personen: 17,00 €&nbsp;&nbsp;&nbsp;&nbsp;&nbsp; <br />Zuschlag für Hunde: 3,00 €&nbsp; <br /></li><li><strong>Ferienwohnung B</strong> - 43m²: 45,00 €<br />Zuschlag bei 3 Personen: 5,00 €&nbsp; <br />Zuschlag bei 4 Personen: 17,00 €<br />Zuschlag bei 5 Personen: 23,00 €<br />Zuschlag für Hunde: 3,00 € </li></ul><p><strong>von&nbsp; 21.07.2009&nbsp; bis&nbsp; 01.11.2009</strong></p><ul><li><strong>Ferienwohnung A</strong> - 38m²: 52,00 €<br />Zuschlag bei 3 Personen: 7,00 €&nbsp; <br />Zuschlag bei 4 Personen: 21,00 €&nbsp;&nbsp;&nbsp;&nbsp;&nbsp; <br />Zuschlag für Hunde: 3,00 €&nbsp; <br /></li><li><strong>Ferienwohnung B</strong> - 43m²: 73,00 €<br />Zuschlag bei 3 Personen: 7,00 €&nbsp; <br />Zuschlag bei 4 Personen: 21,00 €<br />Zuschlag bei 5 Personen: 23,00 €<br />Zuschlag für Hunde: 3,00 € </li></ul>', '', '', '', '', '', '', 0, 0, 'bilder-galerie/klgrbild_901.jpg', 'bilder-galerie/klgrbilda_901.jpg', '', '', '', '', '', '', '', '', '', '', 0, '0000-00-00', '01', '01', '', '01', '01', '', '0000-00-00', 1, 3, 'immer', '', '', '', '', '', '', '', '', '', '', '', '', '', '', '', '', '', '', 0, 0, '84', '', '', '', 0.00, '', '', '', '', '', '', '', '', 'ok', '', '', '', '', '', '', '', 1, '79.51.104.26', '2009-04-05 18:45:15', '', '', '', '', '', '', '', '', 0, '', '', '', ''),
(149, '', '', '', '', 'preisliste.html', '', '', '', 'Überblick Preise - Gästezimmer und Appartements', '', '', '', '', '', '<p>Hier ein Überblick unserer aktuellen Preise für die Gästezimmer im Gasthof Lipp und unserer Ferienwohnungen in der Residence Lipp.</p>Familie Pichler freut sich auf Ihren Besuch.', '', '', '', '', '', '', 0, 0, '', '', '', '', '', '', '', '', '', '', '', '', 0, '0000-00-00', '01', '01', '', '01', '01', '', '0000-00-00', 1, 0, 'immer', '', '', '', '', '', '', '', '', '', '', '', '', '', '', '', '', '', '', 0, 0, '84', '', '', '', 0.00, '', '', '', '', '', '', '', '', '', '', '', '', '', '', '', '', 1, '79.51.104.26', '2009-04-05 18:45:55', '', '', '', '', '', '', '', '', 0, '', '', '', ''),
(150, '', '', '', '', 'film.html', '', '', '', 'Film über Eppan', '', '', 'Ein kurzer Film über Eppan und Umgebung', '', '', '<object width="500" height="405"><param name="movie" value="http://www.youtube.com/v/bBXcsu_12oY&hl=de&fs=1&rel=0&color1=0x234900&color2=0x4e9e00&border=1"></param><param name="allowFullScreen" value="true"></param><param name="allowscriptaccess" value="always"></param><embed src="http://www.youtube.com/v/bBXcsu_12oY&hl=de&fs=1&rel=0&color1=0x234900&color2=0x4e9e00&border=1" type="application/x-shockwave-flash" allowscriptaccess="always" allowfullscreen="true" width="500" height="405"></embed></object>', '', '', '', '', '', '', 0, 0, 'bilder-galerie/klgrbild_884.jpg', 'bilder-galerie/klgrbilda_884.jpg', '', '', '', '', '', '', '', '', '', '', 0, '0000-00-00', '01', '01', '', '01', '01', '', '0000-00-00', 1, 6, 'immer', '', '', '', '', '', '', '', '', '', '', '', '', '', '', '', '', '', '', 0, 0, '81', '', '', '', 0.00, '', '', '', '', '', '', '', '', 'ok', '', '', '', '', '', '', '', 1, '79.51.104.26', '2009-04-05 20:59:55', '', '', '', '', '', '', '', '', 0, '', '', '', ''),
(151, '', '', '', '', 'impressum.html', '', '', '', 'Impressum', '', '', '', '', '', '<p><strong>Verantwortlich für Inhalte:<br /></strong>Gasthof Lipp - Pichler Arthur<br />Perdonig 30, 39057 Eppan - Südtirol</p><p><strong>Links zu anderen Seiten:</strong><br />Wir übernehmen keine Haftung für die Inhalte externer Links.</p><p>Privacy - Informationsschreiben ex Art. 13 Gesetz 196/2003 (Gesetz über die Behandlung der persönlichen Daten): Wir informieren Sie darüber, dass die angegebenen Personalien auf elektronischem Wege aufgenommen werden und ausschließlich dazu dienen, den Anfragen des Übermittlers entgegen zu kommen und einen Informationsservice zu seinen Gunsten zu aktivieren; dem Übermittler steht die Ausübung seiner Rechte laut Artikel 7 Gesetz 196/2003 jederzeit zu.&nbsp; Rechtsinhaber (Pichler Arthur)</p><p><strong>Copyright Fotomaterial:</strong><br />- Tourismusverein Eppan <br />- Gasthof Lipp</p><p>WEBDESIGN: OK internetservice - Kaltern<br /><a href="http://www.okinternetservice.it/">http://www.okinternetservice.it/</a></p><p></p>', '', '', '', '', '', '', 0, 0, '', '', '', '', '', '', '', '', '', '', '', '', 0, '0000-00-00', '01', '01', '', '01', '01', '', '0000-00-00', 1, 0, 'immer', '', '', '', '', '', '', '', '', '', '', '', '', '', '', '', '', '', '', 0, 0, '85', '', '', '', 0.00, '', '', '', '', '', '', '', '', '', '', '', '', '', '', '', '', 0, '79.51.104.26', '2009-04-06 00:00:15', '', '', '', '', '', '', '', '', 0, '', '', '', '');

-- --------------------------------------------------------

--
-- Tabellenstruktur für Tabelle `pinwall`
--

CREATE TABLE IF NOT EXISTS `pinwall` (
  `id` int(11) NOT NULL auto_increment,
  `titelde` varchar(250) NOT NULL default '',
  `titelit` varchar(250) NOT NULL default '',
  `textde` text NOT NULL,
  `textit` text NOT NULL,
  `titeleng` varchar(250) NOT NULL default '',
  `texteng` text NOT NULL,
  `home` varchar(10) NOT NULL default '',
  `tag` varchar(10) NOT NULL default '',
  `monat` varchar(10) NOT NULL default '',
  `jahr` varchar(10) NOT NULL default '',
  `datum` date NOT NULL default '0000-00-00',
  `online` varchar(10) NOT NULL default '',
  `prioritaet` int(11) NOT NULL default '0',
  `immer` varchar(10) NOT NULL default '',
  `titelfr` varchar(250) NOT NULL default '',
  `textfr` text NOT NULL,
  `vorschaubild` varchar(100) NOT NULL default '',
  PRIMARY KEY  (`id`)
) TYPE=MyISAM AUTO_INCREMENT=1 ;

--
-- Daten für Tabelle `pinwall`
--


-- --------------------------------------------------------

--
-- Tabellenstruktur für Tabelle `profilecomb2`
--

CREATE TABLE IF NOT EXISTS `profilecomb2` (
  `id` int(11) NOT NULL auto_increment,
  `contentid` int(11) NOT NULL default '0',
  `fileid` int(11) NOT NULL default '0',
  `prioritaet` int(11) NOT NULL default '0',
  PRIMARY KEY  (`id`)
) TYPE=MyISAM  AUTO_INCREMENT=4 ;

--
-- Daten für Tabelle `profilecomb2`
--


-- --------------------------------------------------------

--
-- Tabellenstruktur für Tabelle `profilecomb3`
--

CREATE TABLE IF NOT EXISTS `profilecomb3` (
  `id` int(11) NOT NULL auto_increment,
  `contentid` int(11) NOT NULL default '0',
  `fileid` int(11) NOT NULL default '0',
  `prioritaet` int(11) NOT NULL default '0',
  PRIMARY KEY  (`id`)
) TYPE=MyISAM  AUTO_INCREMENT=3 ;

--
-- Daten für Tabelle `profilecomb3`
--


-- --------------------------------------------------------

--
-- Tabellenstruktur für Tabelle `profilecomb4`
--

CREATE TABLE IF NOT EXISTS `profilecomb4` (
  `id` int(11) NOT NULL auto_increment,
  `contentid` int(11) NOT NULL default '0',
  `fileid` int(11) NOT NULL default '0',
  `prioritaet` int(11) NOT NULL default '0',
  PRIMARY KEY  (`id`)
) TYPE=MyISAM AUTO_INCREMENT=1 ;

--
-- Daten für Tabelle `profilecomb4`
--


-- --------------------------------------------------------

--
-- Tabellenstruktur für Tabelle `profilecomb5`
--

CREATE TABLE IF NOT EXISTS `profilecomb5` (
  `id` int(11) NOT NULL auto_increment,
  `contentid` int(11) NOT NULL default '0',
  `fileid` int(11) NOT NULL default '0',
  `prioritaet` int(11) NOT NULL default '0',
  PRIMARY KEY  (`id`)
) TYPE=MyISAM AUTO_INCREMENT=1 ;

--
-- Daten für Tabelle `profilecomb5`
--


-- --------------------------------------------------------

--
-- Tabellenstruktur für Tabelle `profilecomb6`
--

CREATE TABLE IF NOT EXISTS `profilecomb6` (
  `id` int(11) NOT NULL auto_increment,
  `contentid` int(11) NOT NULL default '0',
  `fileid` int(11) NOT NULL default '0',
  `prioritaet` int(11) NOT NULL default '0',
  PRIMARY KEY  (`id`)
) TYPE=MyISAM AUTO_INCREMENT=1 ;

--
-- Daten für Tabelle `profilecomb6`
--


-- --------------------------------------------------------

--
-- Tabellenstruktur für Tabelle `profilecomb7`
--

CREATE TABLE IF NOT EXISTS `profilecomb7` (
  `id` int(11) NOT NULL auto_increment,
  `contentid` int(11) NOT NULL default '0',
  `fileid` int(11) NOT NULL default '0',
  `prioritaet` int(11) NOT NULL default '0',
  PRIMARY KEY  (`id`)
) TYPE=MyISAM AUTO_INCREMENT=1 ;

--
-- Daten für Tabelle `profilecomb7`
--


-- --------------------------------------------------------

--
-- Tabellenstruktur für Tabelle `profilecomb8`
--

CREATE TABLE IF NOT EXISTS `profilecomb8` (
  `id` int(11) NOT NULL auto_increment,
  `contentid` int(11) NOT NULL default '0',
  `fileid` int(11) NOT NULL default '0',
  `prioritaet` int(11) NOT NULL default '0',
  PRIMARY KEY  (`id`)
) TYPE=MyISAM AUTO_INCREMENT=1 ;

--
-- Daten für Tabelle `profilecomb8`
--


-- --------------------------------------------------------

--
-- Tabellenstruktur für Tabelle `profilecomb9`
--

CREATE TABLE IF NOT EXISTS `profilecomb9` (
  `id` int(11) NOT NULL auto_increment,
  `contentid` int(11) NOT NULL default '0',
  `fileid` int(11) NOT NULL default '0',
  `prioritaet` int(11) NOT NULL default '0',
  PRIMARY KEY  (`id`)
) TYPE=MyISAM AUTO_INCREMENT=1 ;

--
-- Daten für Tabelle `profilecomb9`
--


-- --------------------------------------------------------

--
-- Tabellenstruktur für Tabelle `profilecomb10`
--

CREATE TABLE IF NOT EXISTS `profilecomb10` (
  `id` int(11) NOT NULL auto_increment,
  `contentid` int(11) NOT NULL default '0',
  `fileid` int(11) NOT NULL default '0',
  `prioritaet` int(11) NOT NULL default '0',
  PRIMARY KEY  (`id`)
) TYPE=MyISAM AUTO_INCREMENT=1 ;

--
-- Daten für Tabelle `profilecomb10`
--


-- --------------------------------------------------------

--
-- Tabellenstruktur für Tabelle `profilecomb11`
--

CREATE TABLE IF NOT EXISTS `profilecomb11` (
  `id` int(11) NOT NULL auto_increment,
  `contentid` int(11) NOT NULL default '0',
  `fileid` int(11) NOT NULL default '0',
  `prioritaet` int(11) NOT NULL default '0',
  PRIMARY KEY  (`id`)
) TYPE=MyISAM AUTO_INCREMENT=1 ;

--
-- Daten für Tabelle `profilecomb11`
--


-- --------------------------------------------------------

--
-- Tabellenstruktur für Tabelle `punktestart`
--

CREATE TABLE IF NOT EXISTS `punktestart` (
  `id` int(11) NOT NULL auto_increment,
  `galeriekatde` varchar(50) NOT NULL default '',
  `galeriekatit` varchar(50) NOT NULL default '',
  `sp` varchar(100) NOT NULL default '',
  `s` varchar(100) NOT NULL default '',
  `u` varchar(100) NOT NULL default '',
  `n` varchar(100) NOT NULL default '',
  `plus` varchar(100) NOT NULL default '',
  `diff` varchar(100) NOT NULL default '',
  `punkte` int(4) NOT NULL default '0',
  `prioritaet` int(11) NOT NULL default '0',
  `online` int(1) NOT NULL default '0',
  `galeriekatfr` varchar(100) NOT NULL default '',
  `kat` char(3) NOT NULL default '',
  PRIMARY KEY  (`id`)
) TYPE=MyISAM AUTO_INCREMENT=1 ;

--
-- Daten für Tabelle `punktestart`
--


-- --------------------------------------------------------

--
-- Tabellenstruktur für Tabelle `referenzencomb`
--

CREATE TABLE IF NOT EXISTS `referenzencomb` (
  `id` int(11) NOT NULL auto_increment,
  `contentid` int(11) NOT NULL default '0',
  `fileid` int(11) NOT NULL default '0',
  `prioritaet` int(11) NOT NULL default '0',
  PRIMARY KEY  (`id`)
) TYPE=MyISAM  AUTO_INCREMENT=16 ;

--
-- Daten für Tabelle `referenzencomb`
--


-- --------------------------------------------------------

--
-- Tabellenstruktur für Tabelle `rewriting`
--

CREATE TABLE IF NOT EXISTS `rewriting` (
  `rewriting_ID` int(3) unsigned NOT NULL auto_increment,
  `rewriting` varchar(255) NOT NULL default '',
  `seite` varchar(255) NOT NULL default '',
  `lan` char(3) NOT NULL default '',
  ` hauptkatid` int(5) NOT NULL default '0',
  ` unterkatid` int(5) NOT NULL default '0',
  PRIMARY KEY  (`rewriting_ID`)
) TYPE=MyISAM AUTO_INCREMENT=1 ;

--
-- Daten für Tabelle `rewriting`
--


-- --------------------------------------------------------

--
-- Tabellenstruktur für Tabelle `spielea2`
--

CREATE TABLE IF NOT EXISTS `spielea2` (
  `id` int(11) NOT NULL auto_increment,
  `spieltag` varchar(50) NOT NULL default '',
  `heim1` varchar(50) NOT NULL default '',
  `gast1` varchar(100) NOT NULL default '',
  `tagbez1` varchar(100) NOT NULL default '',
  `tag1` char(2) NOT NULL default '0',
  `monat1` char(2) NOT NULL default '0',
  `jahr1` varchar(4) NOT NULL default '0000',
  `datum1` date NOT NULL default '0000-00-00',
  `stunde1` varchar(10) NOT NULL default '',
  `minute1` varchar(10) NOT NULL default '',
  `ergebnis1` varchar(100) NOT NULL default '',
  `heim2` varchar(50) NOT NULL default '',
  `gast2` varchar(100) NOT NULL default '',
  `tagbez2` varchar(100) NOT NULL default '',
  `tag2` char(2) NOT NULL default '0',
  `monat2` char(2) NOT NULL default '0',
  `jahr2` varchar(4) NOT NULL default '0000',
  `datum2` date NOT NULL default '0000-00-00',
  `stunde2` varchar(10) NOT NULL default '',
  `minute2` varchar(10) NOT NULL default '',
  `ergebnis2` varchar(100) NOT NULL default '',
  `heim3` varchar(50) NOT NULL default '',
  `gast3` varchar(100) NOT NULL default '',
  `tagbez3` varchar(100) NOT NULL default '',
  `tag3` char(2) NOT NULL default '0',
  `monat3` char(2) NOT NULL default '0',
  `jahr3` varchar(4) NOT NULL default '0000',
  `datum3` date NOT NULL default '0000-00-00',
  `stunde3` varchar(10) NOT NULL default '',
  `minute3` varchar(10) NOT NULL default '',
  `ergebnis3` varchar(100) NOT NULL default '',
  `heim4` varchar(50) NOT NULL default '',
  `gast4` varchar(100) NOT NULL default '',
  `tagbez4` varchar(100) NOT NULL default '',
  `tag4` char(2) NOT NULL default '0',
  `monat4` char(2) NOT NULL default '0',
  `jahr4` varchar(4) NOT NULL default '0000',
  `datum4` date NOT NULL default '0000-00-00',
  `stunde4` varchar(10) NOT NULL default '',
  `minute4` varchar(10) NOT NULL default '',
  `ergebnis4` varchar(100) NOT NULL default '',
  `heim5` varchar(50) NOT NULL default '',
  `gast5` varchar(100) NOT NULL default '',
  `tagbez5` varchar(100) NOT NULL default '',
  `tag5` char(2) NOT NULL default '0',
  `monat5` char(2) NOT NULL default '0',
  `jahr5` varchar(4) NOT NULL default '0000',
  `datum5` date NOT NULL default '0000-00-00',
  `stunde5` varchar(10) NOT NULL default '',
  `minute5` varchar(10) NOT NULL default '',
  `ergebnis5` varchar(100) NOT NULL default '',
  `heim6` varchar(50) NOT NULL default '',
  `gast6` varchar(100) NOT NULL default '',
  `tagbez6` varchar(100) NOT NULL default '',
  `tag6` char(2) NOT NULL default '0',
  `monat6` char(2) NOT NULL default '0',
  `jahr6` varchar(4) NOT NULL default '0000',
  `datum6` date NOT NULL default '0000-00-00',
  `stunde6` varchar(10) NOT NULL default '',
  `minute6` varchar(10) NOT NULL default '',
  `ergebnis6` varchar(100) NOT NULL default '',
  `prioritaet` int(11) NOT NULL default '0',
  `online` int(1) NOT NULL default '0',
  `kat` varchar(4) NOT NULL default '',
  PRIMARY KEY  (`id`)
) TYPE=MyISAM AUTO_INCREMENT=1 ;

--
-- Daten für Tabelle `spielea2`
--


-- --------------------------------------------------------

--
-- Tabellenstruktur für Tabelle `spielerstat`
--

CREATE TABLE IF NOT EXISTS `spielerstat` (
  `id` int(11) NOT NULL auto_increment,
  `galeriekatde` varchar(50) NOT NULL default '',
  `galeriekatit` varchar(50) NOT NULL default '',
  `sp` varchar(100) NOT NULL default '',
  `s` varchar(100) NOT NULL default '',
  `u` varchar(100) NOT NULL default '',
  `n` varchar(100) NOT NULL default '',
  `plus` varchar(100) NOT NULL default '',
  `diff` varchar(100) NOT NULL default '',
  `punkte` int(4) NOT NULL default '0',
  `prioritaet` int(11) NOT NULL default '0',
  `online` int(1) NOT NULL default '0',
  `galeriekatfr` varchar(100) NOT NULL default '',
  PRIMARY KEY  (`id`)
) TYPE=MyISAM AUTO_INCREMENT=1 ;

--
-- Daten für Tabelle `spielerstat`
--


-- --------------------------------------------------------

--
-- Tabellenstruktur für Tabelle `sponscomb`
--

CREATE TABLE IF NOT EXISTS `sponscomb` (
  `id` int(11) NOT NULL auto_increment,
  `contentid` int(11) NOT NULL default '0',
  `fileid` int(11) NOT NULL default '0',
  `prioritaet` int(11) NOT NULL default '0',
  PRIMARY KEY  (`id`)
) TYPE=MyISAM AUTO_INCREMENT=1 ;

--
-- Daten für Tabelle `sponscomb`
--


-- --------------------------------------------------------

--
-- Tabellenstruktur für Tabelle `tabellecomb`
--

CREATE TABLE IF NOT EXISTS `tabellecomb` (
  `id` int(11) NOT NULL auto_increment,
  `contentid` int(11) NOT NULL default '0',
  `tabelleid` int(11) NOT NULL default '0',
  PRIMARY KEY  (`id`)
) TYPE=MyISAM AUTO_INCREMENT=1 ;

--
-- Daten für Tabelle `tabellecomb`
--


-- --------------------------------------------------------

--
-- Tabellenstruktur für Tabelle `tabellecontent`
--

CREATE TABLE IF NOT EXISTS `tabellecontent` (
  `id` int(11) NOT NULL auto_increment,
  `feld1de` int(11) NOT NULL default '0',
  `feld2de` text NOT NULL,
  `feld3de` text NOT NULL,
  `feld4de` text NOT NULL,
  `feld5de` text NOT NULL,
  `feld6de` text NOT NULL,
  `feld7de` text NOT NULL,
  `artikel` int(11) NOT NULL default '0',
  `tabelleid` int(11) NOT NULL default '0',
  `feld1it` int(11) NOT NULL default '0',
  `feld2it` text NOT NULL,
  `feld3it` text NOT NULL,
  `feld4it` text NOT NULL,
  `feld5it` text NOT NULL,
  `feld6it` text NOT NULL,
  `feld7it` text NOT NULL,
  `feld1eng` int(11) NOT NULL default '0',
  `feld2eng` text NOT NULL,
  `feld3eng` text NOT NULL,
  `feld4eng` text NOT NULL,
  `feld5eng` text NOT NULL,
  `feld6eng` text NOT NULL,
  `feld7eng` text NOT NULL,
  `datum` date NOT NULL default '0000-00-00',
  `tag` varchar(10) NOT NULL default '',
  `monat` varchar(10) NOT NULL default '',
  `jahr` varchar(10) NOT NULL default '',
  PRIMARY KEY  (`id`)
) TYPE=MyISAM AUTO_INCREMENT=1 ;

--
-- Daten für Tabelle `tabellecontent`
--


-- --------------------------------------------------------

--
-- Tabellenstruktur für Tabelle `tabellekat`
--

CREATE TABLE IF NOT EXISTS `tabellekat` (
  `id` int(11) NOT NULL auto_increment,
  `tabellekatde` varchar(50) NOT NULL default '',
  `tabellekatit` varchar(50) NOT NULL default '',
  `tabellekateng` varchar(50) NOT NULL default '',
  `prioritaet` int(11) NOT NULL default '0',
  `online` int(1) NOT NULL default '0',
  `datum` varchar(100) NOT NULL default '',
  `feld1de` varchar(100) NOT NULL default '',
  `feld2de` varchar(100) NOT NULL default '',
  `feld3de` varchar(100) NOT NULL default '',
  `feld4de` varchar(100) NOT NULL default '',
  `feld5de` varchar(100) NOT NULL default '',
  `feld6de` varchar(100) NOT NULL default '',
  `feld7de` varchar(100) NOT NULL default '',
  `feld1it` varchar(100) NOT NULL default '',
  `feld2it` varchar(100) NOT NULL default '',
  `feld3it` varchar(100) NOT NULL default '',
  `feld4it` varchar(100) NOT NULL default '',
  `feld5it` varchar(100) NOT NULL default '',
  `feld6it` varchar(100) NOT NULL default '',
  `feld7it` varchar(100) NOT NULL default '',
  `feld1eng` varchar(100) NOT NULL default '',
  `feld2eng` varchar(100) NOT NULL default '',
  `feld3eng` varchar(100) NOT NULL default '',
  `feld4eng` varchar(100) NOT NULL default '',
  `feld5eng` varchar(100) NOT NULL default '',
  `feld6eng` varchar(100) NOT NULL default '',
  `feld7eng` varchar(100) NOT NULL default '',
  `artikel` varchar(100) NOT NULL default '',
  `sortieren` varchar(10) NOT NULL default '',
  `steigend` varchar(10) NOT NULL default '',
  PRIMARY KEY  (`id`)
) TYPE=MyISAM AUTO_INCREMENT=1 ;

--
-- Daten für Tabelle `tabellekat`
--


-- --------------------------------------------------------

--
-- Tabellenstruktur für Tabelle `tabellesponsoren`
--

CREATE TABLE IF NOT EXISTS `tabellesponsoren` (
  `id` int(11) NOT NULL auto_increment,
  `name` varchar(250) NOT NULL default '',
  `saisonstartb` varchar(250) NOT NULL default '',
  `raikacupb` varchar(250) NOT NULL default '',
  `jahresb` varchar(250) NOT NULL default '',
  `schoepferb` varchar(250) NOT NULL default '',
  `hechtepost` varchar(250) NOT NULL default '',
  `eisflaeche` varchar(250) NOT NULL default '',
  `spielerbank` varchar(250) NOT NULL default '',
  `transparente` varchar(250) NOT NULL default '',
  `zustaendig` varchar(250) NOT NULL default '',
  `stand` varchar(250) NOT NULL default '',
  `infos` text NOT NULL,
  `prioritaet` int(11) NOT NULL default '0',
  PRIMARY KEY  (`id`)
) TYPE=MyISAM AUTO_INCREMENT=1 ;

--
-- Daten für Tabelle `tabellesponsoren`
--


-- --------------------------------------------------------

--
-- Tabellenstruktur für Tabelle `tippspiel`
--

CREATE TABLE IF NOT EXISTS `tippspiel` (
  `id` int(11) NOT NULL auto_increment,
  `galeriekatde` varchar(250) NOT NULL default '',
  `galeriekatit` varchar(250) NOT NULL default '',
  PRIMARY KEY  (`id`)
) TYPE=MyISAM AUTO_INCREMENT=1 ;

--
-- Daten für Tabelle `tippspiel`
--


-- --------------------------------------------------------

--
-- Tabellenstruktur für Tabelle `unterkat`
--

CREATE TABLE IF NOT EXISTS `unterkat` (
  `id` int(11) NOT NULL auto_increment,
  `unterkatde` text NOT NULL,
  `unterkatit` text NOT NULL,
  `unterkateng` text NOT NULL,
  `hauptkatid` int(11) NOT NULL default '0',
  `prioritaet` int(11) NOT NULL default '0',
  `punkt` varchar(10) NOT NULL default '',
  `vorschau` varchar(10) NOT NULL default '',
  `shopbez1` int(11) NOT NULL default '0',
  `shopbez2` int(11) NOT NULL default '0',
  `textde` text NOT NULL,
  `textit` text NOT NULL,
  `texteng` text NOT NULL,
  `unterkatfr` varchar(100) NOT NULL default '',
  `textfr` text NOT NULL,
  `owner_id` int(3) NOT NULL default '0',
  `ip` varchar(15) NOT NULL default '',
  `date` datetime NOT NULL default '0000-00-00 00:00:00',
  PRIMARY KEY  (`id`)
) TYPE=MyISAM AUTO_INCREMENT=1 ;

--
-- Daten für Tabelle `unterkat`
--


-- --------------------------------------------------------

--
-- Tabellenstruktur für Tabelle `verschcomb`
--

CREATE TABLE IF NOT EXISTS `verschcomb` (
  `id` int(11) NOT NULL auto_increment,
  `contentid` int(11) NOT NULL default '0',
  `fileid` int(11) NOT NULL default '0',
  `prioritaet` int(11) NOT NULL default '0',
  PRIMARY KEY  (`id`)
) TYPE=MyISAM AUTO_INCREMENT=1 ;

--
-- Daten für Tabelle `verschcomb`
--

