-- http://www.phpmyadmin.net
--
-- Erstellungszeit: 29. April 2009 um 10:07
-- Server Version: 5.0.32
-- PHP-Version: 5.2.0-8+etch11



--
-- Datenbank: `www12okinternetserviceit`
--

-- --------------------------------------------------------

--
-- Tabellenstruktur für Tabelle `filecomb`
--

CREATE TABLE IF NOT EXISTS `filecomb` (
  `id` int(11) NOT NULL auto_increment,
  `contentid` int(11) NOT NULL default '0',
  `fileid` int(11) NOT NULL default '0',
  PRIMARY KEY  (`id`)
) TYPE=MyISAM AUTO_INCREMENT=1 ;

--
-- Daten für Tabelle `filecomb`
--


-- --------------------------------------------------------

--
-- Tabellenstruktur für Tabelle `filegalerie`
--

CREATE TABLE IF NOT EXISTS `filegalerie` (
  `id` int(11) NOT NULL auto_increment,
  `textde` varchar(200) NOT NULL default '',
  `textit` varchar(200) NOT NULL default '',
  `texteng` varchar(200) NOT NULL default '',
  `file` varchar(100) NOT NULL default '',
  `filekat` varchar(100) NOT NULL default '',
  `prioritaet` int(11) NOT NULL default '0',
  `textfr` varchar(250) NOT NULL default '',
  PRIMARY KEY  (`id`)
) TYPE=MyISAM AUTO_INCREMENT=1 ;

--
-- Daten für Tabelle `filegalerie`
--


-- --------------------------------------------------------

--
-- Tabellenstruktur für Tabelle `filekat`
--

CREATE TABLE IF NOT EXISTS `filekat` (
  `id` int(11) NOT NULL auto_increment,
  `filekatde` varchar(50) NOT NULL default '',
  `filekatit` varchar(50) NOT NULL default '',
  `filekateng` varchar(50) NOT NULL default '',
  `filekatfr` varchar(255) NOT NULL default '',
  `prioritaet` int(11) NOT NULL default '0',
  `online` int(1) NOT NULL default '0',
  PRIMARY KEY  (`id`)
) TYPE=MyISAM AUTO_INCREMENT=1 ;

--
-- Daten für Tabelle `filekat`
--


-- --------------------------------------------------------

--
-- Tabellenstruktur für Tabelle `galerie`
--

CREATE TABLE IF NOT EXISTS `galerie` (
  `id` int(11) NOT NULL auto_increment,
  `klbild` varchar(100) NOT NULL default '',
  `klbilda` varchar(100) NOT NULL default '',
  `galeriekat` varchar(100) NOT NULL default '',
  `prioritaet` int(11) NOT NULL default '0',
  `bildtextde` varchar(100) NOT NULL default '',
  `bildtextit` varchar(100) NOT NULL default '',
  `bildtexteng` varchar(100) NOT NULL default '',
  `bildtextfr` varchar(100) NOT NULL default '',
  PRIMARY KEY  (`id`)
) TYPE=MyISAM  AUTO_INCREMENT=156 ;

--
-- Daten für Tabelle `galerie`
--

INSERT INTO `galerie` (`id`, `klbild`, `klbilda`, `galeriekat`, `prioritaet`, `bildtextde`, `bildtextit`, `bildtexteng`, `bildtextfr`) VALUES
(1, 'bilder-galerie/klgrbild_1.jpg', 'bilder-galerie/klgrbilda_1.jpg', '1', 1, '', '', '', ''),
(2, 'bilder-galerie/klgrbild_2.jpg', 'bilder-galerie/klgrbilda_2.jpg', '1', 2, '', '', '', ''),
(3, 'bilder-galerie/klgrbild_3.jpg', 'bilder-galerie/klgrbilda_3.jpg', '1', 3, '', '', '', ''),
(4, 'bilder-galerie/klgrbild_4.jpg', 'bilder-galerie/klgrbilda_4.jpg', '1', 4, '', '', '', ''),
(5, 'bilder-galerie/klgrbild_5.jpg', 'bilder-galerie/klgrbilda_5.jpg', '1', 5, '', '', '', ''),
(6, 'bilder-galerie/klgrbild_6.jpg', 'bilder-galerie/klgrbilda_6.jpg', '2', 6, '', '', '', ''),
(15, '', '', '2', 0, '', '', '', ''),
(8, 'bilder-galerie/klgrbild_8.jpg', 'bilder-galerie/klgrbilda_8.jpg', '2', 8, '', '', '', ''),
(9, 'bilder-galerie/klgrbild_9.jpg', 'bilder-galerie/klgrbilda_9.jpg', '2', 9, '', '', '', ''),
(10, 'bilder-galerie/klgrbild_10.jpg', 'bilder-galerie/klgrbilda_10.jpg', '2', 10, '', '', '', ''),
(11, 'bilder-galerie/klgrbild_11.jpg', 'bilder-galerie/klgrbilda_11.jpg', '2', 11, '', '', '', ''),
(12, 'bilder-galerie/klgrbild_12.jpg', 'bilder-galerie/klgrbilda_12.jpg', '2', 12, '', '', '', ''),
(13, 'bilder-galerie/klgrbild_13.jpg', 'bilder-galerie/klgrbilda_13.jpg', '2', 13, '', '', '', ''),
(14, 'bilder-galerie/klgrbild_14.jpg', 'bilder-galerie/klgrbilda_14.jpg', '2', 14, '', '', '', ''),
(16, '', '', '2', 16, '', '', '', ''),
(17, '', '', '2', 17, '', '', '', ''),
(18, '', '', '2', 18, '', '', '', ''),
(19, 'bilder-galerie/klgrbild_19.jpg', 'bilder-galerie/klgrbilda_19.jpg', '2', 19, '', '', '', ''),
(20, 'bilder-galerie/klgrbild_20.jpg', 'bilder-galerie/klgrbilda_20.jpg', '3', 20, '', '', '', ''),
(21, 'bilder-galerie/klgrbild_21.jpg', 'bilder-galerie/klgrbilda_21.jpg', '3', 21, '', '', '', ''),
(22, 'bilder-galerie/klgrbild_22.jpg', 'bilder-galerie/klgrbilda_22.jpg', '3', 22, '', '', '', ''),
(23, 'bilder-galerie/klgrbild_23.jpg', 'bilder-galerie/klgrbilda_23.jpg', '3', 23, '', '', '', ''),
(24, 'bilder-galerie/klgrbild_24.jpg', 'bilder-galerie/klgrbilda_24.jpg', '3', 24, '', '', '', ''),
(25, 'bilder-galerie/klgrbild_25.jpg', 'bilder-galerie/klgrbilda_25.jpg', '3', 25, '', '', '', ''),
(26, 'bilder-galerie/klgrbild_26.jpg', 'bilder-galerie/klgrbilda_26.jpg', '3', 26, '', '', '', ''),
(27, 'bilder-galerie/klgrbild_27.jpg', 'bilder-galerie/klgrbilda_27.jpg', '3', 27, '', '', '', ''),
(28, 'bilder-galerie/klgrbild_28.jpg', 'bilder-galerie/klgrbilda_28.jpg', '3', 28, '', '', '', ''),
(29, 'bilder-galerie/klgrbild_29.jpg', 'bilder-galerie/klgrbilda_29.jpg', '3', 29, '', '', '', ''),
(30, 'bilder-galerie/klgrbild_30.jpg', 'bilder-galerie/klgrbilda_30.jpg', '3', 30, '', '', '', ''),
(31, 'bilder-galerie/klgrbild_31.jpg', 'bilder-galerie/klgrbilda_31.jpg', '3', 31, '', '', '', ''),
(32, 'bilder-galerie/klgrbild_32.jpg', 'bilder-galerie/klgrbilda_32.jpg', '3', 32, '', '', '', ''),
(33, 'bilder-galerie/klgrbild_33.jpg', 'bilder-galerie/klgrbilda_33.jpg', '3', 33, '', '', '', ''),
(34, 'bilder-galerie/klgrbild_34.jpg', 'bilder-galerie/klgrbilda_34.jpg', '4', 34, '', '', '', ''),
(35, 'bilder-galerie/klgrbild_35.jpg', 'bilder-galerie/klgrbilda_35.jpg', '4', 35, '', '', '', ''),
(36, 'bilder-galerie/klgrbild_36.jpg', 'bilder-galerie/klgrbilda_36.jpg', '4', 36, '', '', '', ''),
(37, 'bilder-galerie/klgrbild_37.jpg', 'bilder-galerie/klgrbilda_37.jpg', '4', 37, '', '', '', ''),
(38, 'bilder-galerie/klgrbild_38.jpg', 'bilder-galerie/klgrbilda_38.jpg', '4', 38, '', '', '', ''),
(39, 'bilder-galerie/klgrbild_39.jpg', 'bilder-galerie/klgrbilda_39.jpg', '4', 39, '', '', '', ''),
(40, 'bilder-galerie/klgrbild_40.jpg', 'bilder-galerie/klgrbilda_40.jpg', '4', 40, '', '', '', ''),
(41, 'bilder-galerie/klgrbild_41.jpg', 'bilder-galerie/klgrbilda_41.jpg', '4', 41, '', '', '', ''),
(42, 'bilder-galerie/klgrbild_42.jpg', 'bilder-galerie/klgrbilda_42.jpg', '4', 42, '', '', '', ''),
(43, 'bilder-galerie/klgrbild_43.jpg', 'bilder-galerie/klgrbilda_43.jpg', '5', 43, '', '', '', ''),
(44, 'bilder-galerie/klgrbild_44.jpg', 'bilder-galerie/klgrbilda_44.jpg', '5', 44, '', '', '', ''),
(45, 'bilder-galerie/klgrbild_45.jpg', 'bilder-galerie/klgrbilda_45.jpg', '5', 45, '', '', '', ''),
(46, 'bilder-galerie/klgrbild_46.jpg', 'bilder-galerie/klgrbilda_46.jpg', '5', 46, '', '', '', ''),
(47, 'bilder-galerie/klgrbild_47.jpg', 'bilder-galerie/klgrbilda_47.jpg', '5', 47, '', '', '', ''),
(52, 'bilder-galerie/klgrbild_52.jpg', 'bilder-galerie/klgrbilda_52.jpg', '6', 52, '', '', '', ''),
(49, 'bilder-galerie/klgrbild_49.jpg', 'bilder-galerie/klgrbilda_49.jpg', '5', 49, '', '', '', ''),
(51, 'bilder-galerie/klgrbild_51.jpg', 'bilder-galerie/klgrbilda_51.jpg', '5', 51, '', '', '', ''),
(53, 'bilder-galerie/klgrbild_53.jpg', 'bilder-galerie/klgrbilda_53.jpg', '6', 53, '', '', '', ''),
(54, 'bilder-galerie/klgrbild_54.jpg', 'bilder-galerie/klgrbilda_54.jpg', '6', 54, '', '', '', ''),
(55, 'bilder-galerie/klgrbild_55.jpg', 'bilder-galerie/klgrbilda_55.jpg', '6', 55, '', '', '', ''),
(56, 'bilder-galerie/klgrbild_56.jpg', 'bilder-galerie/klgrbilda_56.jpg', '6', 56, '', '', '', ''),
(57, 'bilder-galerie/klgrbild_57.jpg', 'bilder-galerie/klgrbilda_57.jpg', '6', 57, '', '', '', ''),
(58, 'bilder-galerie/klgrbild_58.jpg', 'bilder-galerie/klgrbilda_58.jpg', '6', 58, '', '', '', ''),
(59, 'bilder-galerie/klgrbild_59.jpg', 'bilder-galerie/klgrbilda_59.jpg', '6', 59, '', '', '', ''),
(60, 'bilder-galerie/klgrbild_60.jpg', 'bilder-galerie/klgrbilda_60.jpg', '6', 60, '', '', '', ''),
(61, 'bilder-galerie/klgrbild_61.jpg', 'bilder-galerie/klgrbilda_61.jpg', '6', 61, '', '', '', ''),
(62, 'bilder-galerie/klgrbild_62.jpg', 'bilder-galerie/klgrbilda_62.jpg', '6', 62, '', '', '', ''),
(63, 'bilder-galerie/klgrbild_63.jpg', 'bilder-galerie/klgrbilda_63.jpg', '6', 63, '', '', '', ''),
(64, 'bilder-galerie/klgrbild_64.jpg', 'bilder-galerie/klgrbilda_64.jpg', '6', 64, '', '', '', ''),
(65, 'bilder-galerie/klgrbild_65.jpg', 'bilder-galerie/klgrbilda_65.jpg', '6', 65, '', '', '', ''),
(66, 'bilder-galerie/klgrbild_66.jpg', 'bilder-galerie/klgrbilda_66.jpg', '6', 66, '', '', '', ''),
(68, 'bilder-galerie/klgrbild_68.jpg', 'bilder-galerie/klgrbilda_68.jpg', '3', 68, '', '', '', ''),
(69, 'bilder-galerie/klgrbild_69.jpg', 'bilder-galerie/klgrbilda_69.jpg', '7', 69, '', '', '', ''),
(70, 'bilder-galerie/klgrbild_70.jpg', 'bilder-galerie/klgrbilda_70.jpg', '7', 70, '', '', '', ''),
(71, 'bilder-galerie/klgrbild_71.jpg', 'bilder-galerie/klgrbilda_71.jpg', '7', 71, '', '', '', ''),
(72, 'bilder-galerie/klgrbild_72.jpg', 'bilder-galerie/klgrbilda_72.jpg', '7', 72, '', '', '', ''),
(73, 'bilder-galerie/klgrbild_73.jpg', 'bilder-galerie/klgrbilda_73.jpg', '7', 73, '', '', '', ''),
(74, 'bilder-galerie/klgrbild_74.jpg', 'bilder-galerie/klgrbilda_74.jpg', '7', 74, '', '', '', ''),
(75, 'bilder-galerie/klgrbild_75.jpg', 'bilder-galerie/klgrbilda_75.jpg', '7', 75, '', '', '', ''),
(76, 'bilder-galerie/klgrbild_76.jpg', 'bilder-galerie/klgrbilda_76.jpg', '7', 76, '', '', '', ''),
(77, 'bilder-galerie/klgrbild_77.jpg', 'bilder-galerie/klgrbilda_77.jpg', '7', 77, '', '', '', ''),
(78, 'bilder-galerie/klgrbild_78.jpg', 'bilder-galerie/klgrbilda_78.jpg', '8', 78, '', '', '', ''),
(79, 'bilder-galerie/klgrbild_79.jpg', 'bilder-galerie/klgrbilda_79.jpg', '8', 79, '', '', '', ''),
(80, 'bilder-galerie/klgrbild_80.jpg', 'bilder-galerie/klgrbilda_80.jpg', '8', 80, '', '', '', ''),
(81, 'bilder-galerie/klgrbild_81.jpg', 'bilder-galerie/klgrbilda_81.jpg', '8', 81, '', '', '', ''),
(82, 'bilder-galerie/klgrbild_82.jpg', 'bilder-galerie/klgrbilda_82.jpg', '9', 82, '', '', '', ''),
(83, 'bilder-galerie/klgrbild_83.jpg', 'bilder-galerie/klgrbilda_83.jpg', '9', 83, '', '', '', ''),
(84, 'bilder-galerie/klgrbild_84.jpg', 'bilder-galerie/klgrbilda_84.jpg', '9', 84, '', '', '', ''),
(85, 'bilder-galerie/klgrbild_85.jpg', 'bilder-galerie/klgrbilda_85.jpg', '9', 85, '', '', '', ''),
(86, 'bilder-galerie/klgrbild_86.jpg', 'bilder-galerie/klgrbilda_86.jpg', '9', 86, '', '', '', ''),
(87, 'bilder-galerie/klgrbild_87.jpg', 'bilder-galerie/klgrbilda_87.jpg', '9', 87, '', '', '', ''),
(88, 'bilder-galerie/klgrbild_88.jpg', 'bilder-galerie/klgrbilda_88.jpg', '9', 88, '', '', '', ''),
(89, 'bilder-galerie/klgrbild_89.jpg', 'bilder-galerie/klgrbilda_89.jpg', '9', 89, '', '', '', ''),
(90, 'bilder-galerie/klgrbild_90.jpg', 'bilder-galerie/klgrbilda_90.jpg', '9', 90, '', '', '', ''),
(91, 'bilder-galerie/klgrbild_91.jpg', 'bilder-galerie/klgrbilda_91.jpg', '9', 91, '', '', '', ''),
(92, 'bilder-galerie/klgrbild_92.jpg', 'bilder-galerie/klgrbilda_92.jpg', '9', 92, '', '', '', ''),
(93, 'bilder-galerie/klgrbild_93.jpg', 'bilder-galerie/klgrbilda_93.jpg', '9', 93, '', '', '', ''),
(94, 'bilder-galerie/klgrbild_94.jpg', 'bilder-galerie/klgrbilda_94.jpg', '9', 94, '', '', '', ''),
(95, 'bilder-galerie/klgrbild_95.jpg', 'bilder-galerie/klgrbilda_95.jpg', '9', 95, '', '', '', ''),
(96, 'bilder-galerie/klgrbild_96.jpg', 'bilder-galerie/klgrbilda_96.jpg', '9', 96, '', '', '', ''),
(97, 'bilder-galerie/klgrbild_97.jpg', 'bilder-galerie/klgrbilda_97.jpg', '9', 97, '', '', '', ''),
(98, 'bilder-galerie/klgrbild_98.jpg', 'bilder-galerie/klgrbilda_98.jpg', '9', 98, '', '', '', ''),
(99, 'bilder-galerie/klgrbild_99.jpg', 'bilder-galerie/klgrbilda_99.jpg', '9', 99, '', '', '', ''),
(100, 'bilder-galerie/klgrbild_100.jpg', 'bilder-galerie/klgrbilda_100.jpg', '9', 100, '', '', '', ''),
(101, 'bilder-galerie/klgrbild_101.jpg', 'bilder-galerie/klgrbilda_101.jpg', '9', 101, '', '', '', ''),
(102, 'bilder-galerie/klgrbild_102.jpg', 'bilder-galerie/klgrbilda_102.jpg', '9', 102, '', '', '', ''),
(103, 'bilder-galerie/klgrbild_103.jpg', 'bilder-galerie/klgrbilda_103.jpg', '9', 103, '', '', '', ''),
(104, 'bilder-galerie/klgrbild_104.jpg', 'bilder-galerie/klgrbilda_104.jpg', '9', 104, '', '', '', ''),
(105, 'bilder-galerie/klgrbild_105.jpg', 'bilder-galerie/klgrbilda_105.jpg', '9', 105, '', '', '', ''),
(106, 'bilder-galerie/klgrbild_106.jpg', 'bilder-galerie/klgrbilda_106.jpg', '9', 106, '', '', '', ''),
(107, 'bilder-galerie/klgrbild_107.jpg', 'bilder-galerie/klgrbilda_107.jpg', '9', 107, '', '', '', ''),
(108, 'bilder-galerie/klgrbild_108.jpg', 'bilder-galerie/klgrbilda_108.jpg', '9', 108, '', '', '', ''),
(109, 'bilder-galerie/klgrbild_109.jpg', 'bilder-galerie/klgrbilda_109.jpg', '9', 109, '', '', '', ''),
(110, 'bilder-galerie/klgrbild_110.jpg', 'bilder-galerie/klgrbilda_110.jpg', '9', 110, '', '', '', ''),
(111, 'bilder-galerie/klgrbild_111.jpg', 'bilder-galerie/klgrbilda_111.jpg', '9', 111, '', '', '', ''),
(112, 'bilder-galerie/klgrbild_112.jpg', 'bilder-galerie/klgrbilda_112.jpg', '9', 112, '', '', '', ''),
(113, 'bilder-galerie/klgrbild_113.jpg', 'bilder-galerie/klgrbilda_113.jpg', '9', 113, '', '', '', ''),
(114, 'bilder-galerie/klgrbild_114.jpg', 'bilder-galerie/klgrbilda_114.jpg', '9', 114, '', '', '', ''),
(115, 'bilder-galerie/klgrbild_115.jpg', 'bilder-galerie/klgrbilda_115.jpg', '9', 115, '', '', '', ''),
(116, 'bilder-galerie/klgrbild_116.jpg', 'bilder-galerie/klgrbilda_116.jpg', '9', 116, '', '', '', ''),
(117, 'bilder-galerie/klgrbild_117.gif', '', '9', 117, '', '', '', ''),
(118, 'bilder-galerie/klgrbild_118.gif', '', '9', 118, '', '', '', ''),
(119, 'bilder-galerie/klgrbild_119.jpg', 'bilder-galerie/klgrbilda_119.jpg', '9', 119, '', '', '', ''),
(120, 'bilder-galerie/klgrbild_120.gif', '', '9', 120, '', '', '', ''),
(121, 'bilder-galerie/klgrbild_121.gif', '', '9', 121, '', '', '', ''),
(122, 'bilder-galerie/klgrbild_122.gif', '', '9', 122, '', '', '', ''),
(123, 'bilder-galerie/klgrbild_123.gif', '', '9', 123, '', '', '', ''),
(124, 'bilder-galerie/klgrbild_124.gif', '', '9', 124, '', '', '', ''),
(125, 'bilder-galerie/klgrbild_125.jpg', 'bilder-galerie/klgrbilda_125.jpg', '9', 125, '', '', '', ''),
(126, 'bilder-galerie/klgrbild_126.jpg', 'bilder-galerie/klgrbilda_126.jpg', '9', 126, '', '', '', ''),
(127, 'bilder-galerie/klgrbild_127.jpg', 'bilder-galerie/klgrbilda_127.jpg', '9', 127, '', '', '', ''),
(128, 'bilder-galerie/klgrbild_128.jpg', 'bilder-galerie/klgrbilda_128.jpg', '9', 128, '', '', '', ''),
(129, 'bilder-galerie/klgrbild_129.jpg', 'bilder-galerie/klgrbilda_129.jpg', '9', 129, '', '', '', ''),
(130, 'bilder-galerie/klgrbild_130.jpg', 'bilder-galerie/klgrbilda_130.jpg', '9', 130, '', '', '', ''),
(131, 'bilder-galerie/klgrbild_131.jpg', 'bilder-galerie/klgrbilda_131.jpg', '9', 131, '', '', '', ''),
(132, 'bilder-galerie/klgrbild_132.jpg', 'bilder-galerie/klgrbilda_132.jpg', '9', 132, '', '', '', ''),
(133, 'bilder-galerie/klgrbild_133.jpg', 'bilder-galerie/klgrbilda_133.jpg', '9', 133, '', '', '', ''),
(134, 'bilder-galerie/klgrbild_134.jpg', 'bilder-galerie/klgrbilda_134.jpg', '9', 134, '', '', '', ''),
(135, 'bilder-galerie/klgrbild_135.jpg', 'bilder-galerie/klgrbilda_135.jpg', '9', 135, '', '', '', ''),
(136, 'bilder-galerie/klgrbild_136.jpg', 'bilder-galerie/klgrbilda_136.jpg', '9', 136, '', '', '', ''),
(137, 'bilder-galerie/klgrbild_137.jpg', 'bilder-galerie/klgrbilda_137.jpg', '9', 137, '', '', '', ''),
(138, 'bilder-galerie/klgrbild_138.jpg', 'bilder-galerie/klgrbilda_138.jpg', '9', 138, '', '', '', ''),
(139, 'bilder-galerie/klgrbild_139.jpg', 'bilder-galerie/klgrbilda_139.jpg', '9', 139, '', '', '', ''),
(140, '', '', '7', 0, '', '', '', ''),
(141, 'bilder-galerie/klgrbild_141.jpg', 'bilder-galerie/klgrbilda_141.jpg', '7', 141, '', '', '', ''),
(146, 'bilder-galerie/klgrbild_146.jpg', 'bilder-galerie/klgrbilda_146.jpg', '7', 146, '', '', '', ''),
(147, 'bilder-galerie/klgrbild_147.jpg', 'bilder-galerie/klgrbilda_147.jpg', '7', 147, '', '', '', ''),
(145, 'bilder-galerie/klgrbild_145.jpg', 'bilder-galerie/klgrbilda_145.jpg', '7', 145, '', '', '', ''),
(148, 'bilder-galerie/klgrbild_148.jpg', 'bilder-galerie/klgrbilda_148.jpg', '10', 148, '', '', '', ''),
(149, 'bilder-galerie/klgrbild_149.jpg', 'bilder-galerie/klgrbilda_149.jpg', '10', 149, '', '', '', ''),
(150, 'bilder-galerie/klgrbild_150.jpg', 'bilder-galerie/klgrbilda_150.jpg', '10', 150, '', '', '', ''),
(151, '', '', '7', 0, '', '', '', ''),
(152, 'bilder-galerie/klgrbild_152.jpg', 'bilder-galerie/klgrbilda_152.jpg', '7', 152, '', '', '', ''),
(153, '', '', '7', 0, '', '', '', ''),
(154, 'bilder-galerie/klgrbild_154.jpg', 'bilder-galerie/klgrbilda_154.jpg', '10', 154, '', '', '', ''),
(155, 'bilder-galerie/klgrbild_155.jpg', 'bilder-galerie/klgrbilda_155.jpg', '10', 155, '', '', '', '');

-- --------------------------------------------------------

--
-- Tabellenstruktur für Tabelle `galeriecomb`
--

CREATE TABLE IF NOT EXISTS `galeriecomb` (
  `id` int(11) NOT NULL auto_increment,
  `contentid` int(11) NOT NULL default '0',
  `galerieid` int(11) NOT NULL default '0',
  `prioritaet` int(11) NOT NULL default '0',
  PRIMARY KEY  (`id`)
) TYPE=MyISAM AUTO_INCREMENT=1 ;

--
-- Daten für Tabelle `galeriecomb`
--


-- --------------------------------------------------------

--
-- Tabellenstruktur für Tabelle `galeriekat`
--

CREATE TABLE IF NOT EXISTS `galeriekat` (
  `id` int(11) NOT NULL auto_increment,
  `galeriekatde` varchar(50) NOT NULL default '',
  `galeriekatit` varchar(50) NOT NULL default '',
  `galeriekateng` varchar(50) NOT NULL default '',
  `prioritaet` int(11) NOT NULL default '0',
  `online` int(1) NOT NULL default '0',
  `galeriekatfr` varchar(100) NOT NULL default '',
  PRIMARY KEY  (`id`)
) TYPE=MyISAM  AUTO_INCREMENT=11 ;

--
-- Daten für Tabelle `galeriekat`
--

INSERT INTO `galeriekat` (`id`, `galeriekatde`, `galeriekatit`, `galeriekateng`, `prioritaet`, `online`, `galeriekatfr`) VALUES
(1, 'wohnprofil', '', '', 1, 0, ''),
(2, 'zimmer', '', '', 2, 0, ''),
(3, 'verschiedene-bilder', '', '', 3, 0, ''),
(4, 'umgebung', '', '', 4, 0, ''),
(5, 'zimmergross', '', '', 5, 0, ''),
(6, 'verschiedene bilder gross', '', '', 6, 0, ''),
(7, 'bilder scan', '', '', 7, 0, ''),
(8, 'Luftaufnahmen gross', '', '', 8, 0, ''),
(9, 'Umgebung', '', '', 9, 0, ''),
(10, 'symbole', 'symbole', '', 10, 0, '');

-- --------------------------------------------------------

--
-- Tabellenstruktur für Tabelle `grundeinstellung`
--

CREATE TABLE IF NOT EXISTS `grundeinstellung` (
  `id` int(11) NOT NULL auto_increment,
  `link` varchar(250) NOT NULL default '',
  `pixel_gross` int(4) NOT NULL default '0',
  `pixel_klein` int(4) NOT NULL default '0',
  PRIMARY KEY  (`id`)
) TYPE=MyISAM  AUTO_INCREMENT=2 ;

--
-- Daten für Tabelle `grundeinstellung`
--

INSERT INTO `grundeinstellung` (`id`, `link`, `pixel_gross`, `pixel_klein`) VALUES
(1, '', 600, 200);

-- --------------------------------------------------------

--
-- Tabellenstruktur für Tabelle `gtbook`
--

CREATE TABLE IF NOT EXISTS `gtbook` (
  `id` int(11) NOT NULL auto_increment,
  `name` varchar(18) NOT NULL default '',
  `email` varchar(50) NOT NULL default '',
  `homepage` varchar(50) NOT NULL default '',
  `zeit` varchar(25) default NULL,
  `text` text NOT NULL,
  `land` varchar(50) NOT NULL default '',
  `ip` varchar(15) NOT NULL default '',
  `kleintext` varchar(25) NOT NULL default '',
  PRIMARY KEY  (`id`)
) TYPE=MyISAM AUTO_INCREMENT=1 ;

--
-- Daten für Tabelle `gtbook`
--


-- --------------------------------------------------------

--
-- Tabellenstruktur für Tabelle `hauptkat`
--

CREATE TABLE IF NOT EXISTS `hauptkat` (
  `id` int(11) NOT NULL auto_increment,
  `hauptde` text NOT NULL,
  `hauptit` text NOT NULL,
  `haupteng` text NOT NULL,
  `hauptfr` text NOT NULL,
  `prioritaet` int(11) NOT NULL default '0',
  `mitunter` varchar(10) NOT NULL default '',
  `haupvon` varchar(10) NOT NULL default '',
  `keywordde` varchar(255) NOT NULL default '',
  `keywordit` varchar(255) NOT NULL default '',
  `keywordeng` varchar(255) NOT NULL default '',
  `keywordfr` varchar(255) NOT NULL default '',
  `rewritingde` varchar(255) NOT NULL default '',
  `rewritingit` varchar(255) NOT NULL default '',
  `rewritingeng` varchar(255) NOT NULL default '',
  `rewritingfr` varchar(255) NOT NULL default '',
  PRIMARY KEY  (`id`)
) TYPE=MyISAM  AUTO_INCREMENT=9 ;

--
-- Daten für Tabelle `hauptkat`
--

INSERT INTO `hauptkat` (`id`, `hauptde`, `hauptit`, `haupteng`, `hauptfr`, `prioritaet`, `mitunter`, `haupvon`, `keywordde`, `keywordit`, `keywordeng`, `keywordfr`, `rewritingde`, `rewritingit`, `rewritingeng`, `rewritingfr`) VALUES
(1, 'Wohngefühl', '', '', '', 0, '', '', '', '', '', '', '', '', '', ''),
(2, 'Erholung', '', '', '', 0, '', '', '', '', '', '', '', '', '', ''),
(3, 'Panorama', '', '', '', 0, '', '', '', '', '', '', '', '', '', ''),
(4, 'Umgebung', '', '', '', 0, '', '', '', '', '', '', '', '', '', ''),
(5, 'Preisliste', '', '', '', 0, '', '', '', '', '', '', '', '', '', ''),
(6, 'Kontakt', '', '', '', 0, '', '', '', '', '', '', '', '', '', ''),
(7, 'Impressum', '', '', '', 0, '', '', '', '', '', '', '', '', '', ''),
(8, 'Privacy', '', '', '', 0, '', '', '', '', '', '', '', '', '', '');

-- --------------------------------------------------------

--
-- Tabellenstruktur für Tabelle `homelist`
--

CREATE TABLE IF NOT EXISTS `homelist` (
  `id` int(11) NOT NULL auto_increment,
  `contentid` int(11) NOT NULL default '0',
  `prioritaet` int(11) NOT NULL default '0',
  `unterkat` varchar(100) NOT NULL default '',
  PRIMARY KEY  (`id`)
) TYPE=MyISAM AUTO_INCREMENT=1 ;

--
-- Daten für Tabelle `homelist`
--


-- --------------------------------------------------------

--
-- Tabellenstruktur für Tabelle `htaccess`
--

CREATE TABLE IF NOT EXISTS `htaccess` (
  `id` int(255) unsigned NOT NULL auto_increment,
  `htaccess` longtext NOT NULL,
  PRIMARY KEY  (`id`)
) TYPE=MyISAM AUTO_INCREMENT=1 ;

--
-- Daten für Tabelle `htaccess`
--


-- --------------------------------------------------------

--
-- Tabellenstruktur für Tabelle `lastresults`
--

CREATE TABLE IF NOT EXISTS `lastresults` (
  `id` int(11) NOT NULL auto_increment,
  `galeriekatde` varchar(50) NOT NULL default '',
  `galeriekatit` varchar(50) NOT NULL default '',
  `gegnerde` varchar(100) NOT NULL default '',
  `gegnerit` varchar(100) NOT NULL default '',
  `tag` int(2) NOT NULL default '0',
  `monat` int(2) NOT NULL default '0',
  `jahr` int(4) NOT NULL default '0',
  `datum` date NOT NULL default '0000-00-00',
  `ergebnis` varchar(100) NOT NULL default '',
  `prioritaet` int(11) NOT NULL default '0',
  `online` int(1) NOT NULL default '0',
  `galeriekatfr` varchar(100) NOT NULL default '',
  PRIMARY KEY  (`id`)
) TYPE=MyISAM AUTO_INCREMENT=1 ;

--
-- Daten für Tabelle `lastresults`
--


-- --------------------------------------------------------

--
-- Tabellenstruktur für Tabelle `lauftext`
--

CREATE TABLE IF NOT EXISTS `lauftext` (
  `id` int(11) NOT NULL auto_increment,
  `lauftextde` varchar(250) NOT NULL default '',
  `lauftextit` varchar(250) NOT NULL default '',
  `lauftexteng` varchar(250) NOT NULL default '',
  `lauftextfr` varchar(250) NOT NULL default '',
  PRIMARY KEY  (`id`)
) TYPE=MyISAM AUTO_INCREMENT=1 ;

--
-- Daten für Tabelle `lauftext`
--


-- --------------------------------------------------------

--
-- Tabellenstruktur für Tabelle `linkcomb`
--

CREATE TABLE IF NOT EXISTS `linkcomb` (
  `id` int(11) NOT NULL auto_increment,
  `contentid` int(11) NOT NULL default '0',
  `linkid` int(11) NOT NULL default '0',
  PRIMARY KEY  (`id`)
) TYPE=MyISAM AUTO_INCREMENT=1 ;

--
-- Daten für Tabelle `linkcomb`
--


-- --------------------------------------------------------

--
-- Tabellenstruktur für Tabelle `liveticker`
--

CREATE TABLE IF NOT EXISTS `liveticker` (
  `id` int(11) NOT NULL auto_increment,
  `begegnung` varchar(100) NOT NULL default '',
  `stand` varchar(100) NOT NULL default '',
  `beschde` text NOT NULL,
  `beschit` text NOT NULL,
  PRIMARY KEY  (`id`)
) TYPE=MyISAM AUTO_INCREMENT=1 ;

--
-- Daten für Tabelle `liveticker`
--


-- --------------------------------------------------------

--
-- Tabellenstruktur für Tabelle `mitteilungcomb`
--

CREATE TABLE IF NOT EXISTS `mitteilungcomb` (
  `id` int(11) NOT NULL auto_increment,
  `contentid` int(11) NOT NULL default '0',
  `fileid` int(11) NOT NULL default '0',
  `prioritaet` int(11) NOT NULL default '0',
  PRIMARY KEY  (`id`)
) TYPE=MyISAM AUTO_INCREMENT=1 ;

--
-- Daten für Tabelle `mitteilungcomb`
--


-- --------------------------------------------------------

--
-- Tabellenstruktur für Tabelle `newscomb`
--

CREATE TABLE IF NOT EXISTS `newscomb` (
  `id` int(11) NOT NULL auto_increment,
  `contentid` int(11) NOT NULL default '0',
  `fileid` int(11) NOT NULL default '0',
  `prioritaet` int(11) NOT NULL default '0',
  PRIMARY KEY  (`id`)
) TYPE=MyISAM AUTO_INCREMENT=1 ;

--
-- Daten für Tabelle `newscomb`
--


-- --------------------------------------------------------

--
-- Tabellenstruktur für Tabelle `okcontent`
--

CREATE TABLE IF NOT EXISTS `okcontent` (
  `id` int(11) NOT NULL auto_increment,
  `keywordde` varchar(255) NOT NULL default '',
  `keywordit` varchar(255) NOT NULL default '',
  `keywordeng` varchar(255) NOT NULL default '',
  `keywordfr` varchar(255) NOT NULL default '',
  `rewritingde` varchar(100) NOT NULL default '',
  `rewritingit` varchar(100) NOT NULL default '',
  `rewritingeng` varchar(100) NOT NULL default '',
  `rewritingfr` varchar(100) NOT NULL default '',
  `titelde` text NOT NULL,
  `titelit` text NOT NULL,
  `titeleng` text NOT NULL,
  `einleitungde` text NOT NULL,
  `einleitungit` text NOT NULL,
  `einleitungeng` text NOT NULL,
  `textde` text NOT NULL,
  `textit` text NOT NULL,
  `kurztextde` varchar(100) NOT NULL default '',
  `kurztextit` varchar(100) NOT NULL default '',
  `texteng` text NOT NULL,
  `kurztexteng` varchar(100) NOT NULL default '',
  `flash` varchar(255) NOT NULL default '',
  `flashheight` int(5) NOT NULL default '0',
  `flashwidth` int(5) NOT NULL default '0',
  `klbild` varchar(250) NOT NULL default '',
  `klbilda` varchar(250) NOT NULL default '',
  `klbild2` varchar(250) NOT NULL default '',
  `klbild2a` varchar(250) NOT NULL default '',
  `klbild3` varchar(250) NOT NULL default '',
  `klbild3a` varchar(250) NOT NULL default '',
  `klbild4` varchar(250) NOT NULL default '',
  `klbild4a` varchar(250) NOT NULL default '',
  `klbild5` varchar(100) NOT NULL default '',
  `klbild5a` varchar(100) NOT NULL default '',
  `klbild6` varchar(100) NOT NULL default '',
  `klbild6a` varchar(100) NOT NULL default '',
  `home` int(1) NOT NULL default '0',
  `vondatum` date NOT NULL default '0000-00-00',
  `vontag` char(2) NOT NULL default '',
  `vonmonat` char(2) NOT NULL default '',
  `vonjahr` varchar(4) NOT NULL default '',
  `tag` varchar(10) NOT NULL default '',
  `monat` varchar(10) NOT NULL default '',
  `jahr` varchar(10) NOT NULL default '',
  `datum` date NOT NULL default '0000-00-00',
  `online` int(1) NOT NULL default '0',
  `prioritaet` int(11) NOT NULL default '0',
  `immer` varchar(10) NOT NULL default '',
  `bildtext1de` text NOT NULL,
  `bildtext1it` text NOT NULL,
  `bildtext1eng` text NOT NULL,
  `bildtext2de` text NOT NULL,
  `bildtext2it` text NOT NULL,
  `bildtext2eng` text NOT NULL,
  `bildtext3de` text NOT NULL,
  `bildtext3it` text NOT NULL,
  `bildtext3eng` text NOT NULL,
  `bildtext4de` text NOT NULL,
  `bildtext4it` text NOT NULL,
  `bildtext4eng` text NOT NULL,
  `bildtext5de` text NOT NULL,
  `bildtext5it` text NOT NULL,
  `bildtext5eng` text NOT NULL,
  `bildtext6de` text NOT NULL,
  `bildtext6it` text NOT NULL,
  `bildtext6eng` text NOT NULL,
  `menuid` int(11) NOT NULL default '0',
  `firmaid` int(11) NOT NULL default '0',
  `hauptkat` varchar(100) NOT NULL default '0',
  `unterkat` varchar(100) NOT NULL default '0',
  `vorschaubild` varchar(100) NOT NULL default '',
  `vorschaubildb` varchar(100) NOT NULL default '',
  `preis` double(8,2) NOT NULL default '0.00',
  `artnr` varchar(100) NOT NULL default '',
  `hyperlink` varchar(100) NOT NULL default '',
  `offer` varchar(10) NOT NULL default '',
  `titelfr` text NOT NULL,
  `einleitungfr` text NOT NULL,
  `textfr` text NOT NULL,
  `vorschaubildc` varchar(250) NOT NULL default '',
  `vorschaubildd` varchar(250) NOT NULL default '',
  `galbild1` varchar(10) NOT NULL default '',
  `galbild2` varchar(10) NOT NULL default '',
  `galbild3` varchar(10) NOT NULL default '',
  `galbild4` varchar(10) NOT NULL default '',
  `hyperlinkdescde` varchar(250) NOT NULL default '',
  `hyperlinkdescit` varchar(250) NOT NULL default '',
  `hyperlinkdesceng` varchar(250) NOT NULL default '',
  `hyperlinkdescfr` varchar(250) NOT NULL default '',
  `owner_id` int(3) NOT NULL default '0',
  `ip` varchar(15) NOT NULL default '',
  `date` datetime NOT NULL default '0000-00-00 00:00:00',
  `galeriekatde` varchar(50) NOT NULL default '',
  `galeriekatit` varchar(50) NOT NULL default '',
  `sp` varchar(100) NOT NULL default '',
  `s` varchar(100) NOT NULL default '',
  `u` varchar(100) NOT NULL default '',
  `n` varchar(100) NOT NULL default '',
  `plus` varchar(100) NOT NULL default '',
  `diff` varchar(100) NOT NULL default '',
  `punkte` int(4) NOT NULL default '0',
  `galeriekatfr` varchar(100) NOT NULL default '',
  `position` varchar(100) NOT NULL default '',
  `spielernummer` varchar(100) NOT NULL default '',
  `geburtstag` varchar(100) NOT NULL default '',
  `flashname` varchar(100) NOT NULL,
  PRIMARY KEY  (`id`)
) TYPE=MyISAM  AUTO_INCREMENT=32 ;

--
-- Daten für Tabelle `okcontent`
--

INSERT INTO `okcontent` (`id`, `keywordde`, `keywordit`, `keywordeng`, `keywordfr`, `rewritingde`, `rewritingit`, `rewritingeng`, `rewritingfr`, `titelde`, `titelit`, `titeleng`, `einleitungde`, `einleitungit`, `einleitungeng`, `textde`, `textit`, `kurztextde`, `kurztextit`, `texteng`, `kurztexteng`, `flash`, `flashheight`, `flashwidth`, `klbild`, `klbilda`, `klbild2`, `klbild2a`, `klbild3`, `klbild3a`, `klbild4`, `klbild4a`, `klbild5`, `klbild5a`, `klbild6`, `klbild6a`, `home`, `vondatum`, `vontag`, `vonmonat`, `vonjahr`, `tag`, `monat`, `jahr`, `datum`, `online`, `prioritaet`, `immer`, `bildtext1de`, `bildtext1it`, `bildtext1eng`, `bildtext2de`, `bildtext2it`, `bildtext2eng`, `bildtext3de`, `bildtext3it`, `bildtext3eng`, `bildtext4de`, `bildtext4it`, `bildtext4eng`, `bildtext5de`, `bildtext5it`, `bildtext5eng`, `bildtext6de`, `bildtext6it`, `bildtext6eng`, `menuid`, `firmaid`, `hauptkat`, `unterkat`, `vorschaubild`, `vorschaubildb`, `preis`, `artnr`, `hyperlink`, `offer`, `titelfr`, `einleitungfr`, `textfr`, `vorschaubildc`, `vorschaubildd`, `galbild1`, `galbild2`, `galbild3`, `galbild4`, `hyperlinkdescde`, `hyperlinkdescit`, `hyperlinkdesceng`, `hyperlinkdescfr`, `owner_id`, `ip`, `date`, `galeriekatde`, `galeriekatit`, `sp`, `s`, `u`, `n`, `plus`, `diff`, `punkte`, `galeriekatfr`, `position`, `spielernummer`, `geburtstag`, `flashname`) VALUES
(1, '', '', '', '', 'weinstrasse.html', '', '', '', 'Film über Eppan', '', '', 'Ein kurzer Film über Eppan und Umgebung', '', '', '<object width="500" height="405"><param name="movie" value="http://www.youtube.com/v/bBXcsu_12oY&hl=de&fs=1&rel=0&color1=0x2b405b&color2=0x6b8ab6&border=1"></param><param name="allowFullScreen" value="true"></param><param name="allowscriptaccess" value="always"></param><embed src="http://www.youtube.com/v/bBXcsu_12oY&hl=de&fs=1&rel=0&color1=0x2b405b&color2=0x6b8ab6&border=1" type="application/x-shockwave-flash" allowscriptaccess="always" allowfullscreen="true" width="500" height="405"></embed></object>', '', '', '', '', '', '', 0, 0, 'bilder-galerie/klgrbild_127.jpg', 'bilder-galerie/klgrbilda_127.jpg', '', '', '', '', '', '', '', '', '', '', 0, '0000-00-00', '01', '01', '', '01', '01', '', '0000-00-00', 1, 6, 'immer', '', '', '', '', '', '', '', '', '', '', '', '', '', '', '', '', '', '', 0, 0, '4', '', '', '', 0.00, '', '', '', '', '', '', '', '', 'ok', '', '', '', '', '', '', '', 0, '79.51.104.26', '2009-04-02 07:32:20', '', '', '', '', '', '', '', '', 0, '', '', '', '', ''),
(2, '', '', '', '', 'umgebung.html', '', '', '', 'Umgebung', '', '', '', '', '', 'Ihre Urlaubstage in dieser märchenhaften Umgebung werden Sie nicht so schnell wieder vergessen. Wenn Sie gerne Ausflüge machen, ist St. Pauls an der Südtiroler Weinstraße ein idealer Ausgangspunkt für viele Ziele in der näheren&nbsp;&nbsp;&nbsp; Umgebung und in ganz Südtirol.', '', '', '', '', '', '', 0, 0, '', '', '', '', '', '', '', '', '', '', '', '', 0, '0000-00-00', '01', '01', '', '01', '01', '', '0000-00-00', 1, 0, 'immer', '', '', '', '', '', '', '', '', '', '', '', '', '', '', '', '', '', '', 0, 0, '4', '', '', '', 0.00, '', '', '', '', '', '', '', '', '', '', '', '', '', '', '', '', 1, '79.51.104.26', '2009-04-02 07:34:18', '', '', '', '', '', '', '', '', 0, '', '', '', '', ''),
(3, '', '', '', '', 'wohnen.html', '', '', '', 'Wohngefühl', '', '', '', '', '', 'Lassen Sie sich von uns in den komfortablen Zimmern verwöhnen und genießen Sie Ihre schönen Urlaubstage.', '', '', '', '', '', '', 0, 0, '', '', '', '', '', '', '', '', '', '', '', '', 0, '0000-00-00', '01', '01', '', '01', '01', '', '0000-00-00', 1, 0, 'immer', '', '', '', '', '', '', '', '', '', '', '', '', '', '', '', '', '', '', 0, 0, '1', '', '', '', 0.00, '', '', '', '', '', '', '', '', '', '', '', '', '', '', '', '', 1, '79.51.104.26', '2009-04-02 07:25:48', '', '', '', '', '', '', '', '', 0, '', '', '', '', ''),
(4, '', '', '', '', 'doppelzimmer-b.html', '', '', '', 'Doppelzimmer Typ B', '', '', 'Gemütliches Doppelzimmer ca. 23qm mit Sitzecke oder Schreibtisch, Zimmersafe, Telefon, Sat-TV, elegantes Badezimmer mit Dusche/WC, Bidet und Föhn.\r\nTeilweise mit Balkon.\r\nAuch als Einzelzimmer buchbar.\r\n', '', '', '<p></p>', '', '', '', '', '', '', 0, 0, 'bilder-galerie/klgrbild_51.jpg', 'bilder-galerie/klgrbilda_51.jpg', 'bilder-galerie/klgrbild_145.jpg', 'bilder-galerie/klgrbilda_145.jpg', '', '', '', '', '', '', '', '', 0, '0000-00-00', '01', '01', '', '01', '01', '', '0000-00-00', 1, 6, 'immer', '', '', '', '', '', '', '', '', '', '', '', '', '', '', '', '', '', '', 0, 0, '1', '', '', '', 0.00, '', '', '', '', '', '', '', '', 'ok', 'ok', '', '', '', '', '', '', 1, '79.51.104.26', '2009-04-02 08:24:27', '', '', '', '', '', '', '', '', 0, '', '', '', '', ''),
(5, '', '', '', '', 'doppelzimmer-c.html', '', '', '', 'Doppelzimmer Typ C', '', '', 'Geräumiges Doppelzimmer ca. 30 qm mit Sitzecke, Zimmersafe, Telefon, Sat-TV, elegantes Badezimmer mit Dusche/WC, Bidet.\r\nWest- Süd- oder Nordbalkon', '', '', '<p></p>', '', '', '', '', '', '', 0, 0, 'bilder-galerie/klgrbild_49.jpg', 'bilder-galerie/klgrbilda_49.jpg', 'bilder-galerie/klgrbild_146.jpg', 'bilder-galerie/klgrbilda_146.jpg', '', '', '', '', '', '', '', '', 0, '0000-00-00', '01', '01', '', '01', '01', '', '0000-00-00', 1, 2, 'immer', '', '', '', '', '', '', '', '', '', '', '', '', '', '', '', '', '', '', 0, 0, '1', '', '', '', 0.00, '', '', '', '', '', '', '', '', 'ok', 'ok', '', '', '', '', '', '', 1, '79.51.104.26', '2009-04-02 08:23:01', '', '', '', '', '', '', '', '', 0, '', '', '', '', ''),
(6, '', '', '', '', 'suite-d.html', '', '', '', 'Suite Typ D', '', '', 'Getrennter Wohn- und Schlafbereich ca. 40qm mit Schlafcouch, Sitzecke, Zimmersafe, Telefon, Sat-TV und Kühlschrank.\r\nElegantes Badezimmer mit Dusche/WC, Bidet und Föhn.\r\nSüd- oder Nordbalkon', '', '', '&nbsp;', '', '', '', '', '', '', 0, 0, 'bilder-galerie/klgrbild_46.jpg', 'bilder-galerie/klgrbilda_46.jpg', 'bilder-galerie/klgrbild_141.jpg', 'bilder-galerie/klgrbilda_141.jpg', '', '', '', '', '', '', '', '', 0, '0000-00-00', '01', '01', '', '01', '01', '', '0000-00-00', 1, 3, 'immer', '', '', '', '', '', '', '', '', '', '', '', '', '', '', '', '', '', '', 0, 0, '1', '', '', '', 0.00, '', '', '', '', '', '', '', '', 'ok', 'ok', '', '', '', '', '', '', 1, '79.51.104.26', '2009-04-02 08:23:29', '', '', '', '', '', '', '', '', 0, '', '', '', '', ''),
(7, '', '', '', '', 'suite-e.html', '', '', '', 'Suite Typ E', '', '', 'Großzügiger Wohn- und Schlafbereich ca. 37 qm mit Schlafcouch, Sitzecke, Zimmersafe, Telefon und Sat-TV.\r\nElegantes Badezimmer mit Dusche/WC, Bad, Bidet und Föhn.', '', '', '&nbsp;', '', '', '', '', '', '', 0, 0, 'bilder-galerie/klgrbild_47.jpg', 'bilder-galerie/klgrbilda_47.jpg', 'bilder-galerie/klgrbild_147.jpg', 'bilder-galerie/klgrbilda_147.jpg', '', '', '', '', '', '', '', '', 0, '0000-00-00', '01', '01', '', '01', '01', '', '0000-00-00', 1, 4, 'immer', '', '', '', '', '', '', '', '', '', '', '', '', '', '', '', '', '', '', 0, 0, '1', '', '', '', 0.00, '', '', '', '', '', '', '', '', 'ok', 'ok', '', '', '', '', '', '', 1, '79.51.104.26', '2009-04-02 08:24:04', '', '', '', '', '', '', '', '', 0, '', '', '', '', ''),
(8, '', '', '', '', 'fruehstuecksbuffet.html', '', '', '', 'Frühstücksbuffet', '', '', 'Wir machen Sie fit für einen erlebnisreichen Urlaubstag mit unserem reichhaltigen und abwechslungsreichen Frühstücksbuffet.', '', '', '<p>Besser kann ein Tag nicht beginnen: Wohlduftender Kaffee, frischgebackene Brötchen und Säfte....</p><p></p>', '', '', '', '', '', '', 0, 0, 'bilder-galerie/klgrbild_58.jpg', 'bilder-galerie/klgrbilda_58.jpg', 'bilder-galerie/klgrbild_63.jpg', 'bilder-galerie/klgrbilda_63.jpg', '', '', '', '', '', '', '', '', 0, '0000-00-00', '01', '01', '', '01', '01', '', '0000-00-00', 1, 1, 'immer', '', '', '', '', '', '', '', '', '', '', '', '', '', '', '', '', '', '', 0, 0, '1', '', '', '', 0.00, '', '', '', '', '', '', '', '', 'ok', 'ok', '', '', '', '', '', '', 0, '87.8.107.104', '2009-04-01 18:46:39', '', '', '', '', '', '', '', '', 0, '', '', '', '', ''),
(9, '', '', '', '', 'willkommen.html', '', '', '', '', '', '', '', '', '', '<p>&nbsp;</p>', '', '', '', '', '', '', 0, 0, '', '', '', '', '', '', '', '', '', '', '', '', 0, '0000-00-00', '01', '01', '', '01', '01', '', '0000-00-00', 1, 0, 'immer', '', '', '', '', '', '', '', '', '', '', '', '', '', '', '', '', '', '', 0, 0, 'startsite', 'startsite', '', '', 0.00, '', '', '', '', '', '', '', '', '', '', '', '', '', '', '', '', 1, '79.51.104.26', '2009-04-02 09:02:32', '', '', '', '', '', '', '', '', 0, '', '', '', '', ''),
(10, '', '', '', '', 'erholung.html', '', '', '', 'Erholung und Entspannung', '', '', '', '', '', 'Unsere Garni ist der ideale Platz für Ihre Freizeitgestaltung.<br />Entspannen Sie sich in traumhafter Lage!', '', '', '', '', '', '', 0, 0, '', '', '', '', '', '', '', '', '', '', '', '', 0, '0000-00-00', '01', '01', '', '01', '01', '', '0000-00-00', 1, 0, 'immer', '', '', '', '', '', '', '', '', '', '', '', '', '', '', '', '', '', '', 0, 0, '2', '', '', '', 0.00, '', '', '', '', '', '', '', '', '', '', '', '', '', '', '', '', 1, '79.51.104.26', '2009-04-02 06:46:50', '', '', '', '', '', '', '', '', 0, '', '', '', '', ''),
(11, '', '', '', '', 'panorama.html', '', '', '', 'Einmaliges Panorama', '', '', '', '', '', 'Umgeben von Weingärten mit herrlichem Rundblick liegt die "Garni Luziafeldhof" fast mitten im Weindorf St. Pauls. ', '', '', '', '', '', '', 0, 0, '', '', '', '', '', '', '', '', '', '', '', '', 0, '0000-00-00', '01', '01', '', '01', '01', '', '0000-00-00', 1, 0, 'immer', '', '', '', '', '', '', '', '', '', '', '', '', '', '', '', '', '', '', 0, 0, '3', '', '', '', 0.00, '', '', '', '', '', '', '', '', '', '', '', '', '', '', '', '', 1, '79.51.104.26', '2009-04-02 07:26:16', '', '', '', '', '', '', '', '', 0, '', '', '', '', ''),
(18, '', '', '', '', 'lage.html', '', '', '', 'Traumhafte Lage', '', '', 'Der historische Ortskern von St. Pauls ist für viele sicher schon ein Begriff. Vor allem die Pfarrkirche Pauli Bekehrung, der "Dom auf dem Lande", beeindruckt durch seine majestätische Größe.', '', '', '<p>Umgeben von Weinbergen und Obstwiesen ist St. Pauls eine kleine Insel der Ruhe mit besonderem Flair. Als Ausgangspunkt für Wanderungen ist St. Pauls besonders günstig gelegen.<br /></p>', '', '', '', '', '', '', 0, 0, 'bilder-galerie/klgrbild_52.jpg', 'bilder-galerie/klgrbilda_52.jpg', 'bilder-galerie/klgrbild_76.jpg', 'bilder-galerie/klgrbilda_76.jpg', '', '', '', '', '', '', '', '', 0, '0000-00-00', '01', '01', '', '01', '01', '', '0000-00-00', 1, 3, 'immer', '', '', '', '', '', '', '', '', '', '', '', '', '', '', '', '', '', '', 0, 0, '3', '', '', '', 0.00, '', '', '', '', '', '', '', '', 'ok', 'ok', '', '', '', '', '', '', 0, '79.51.104.26', '2009-04-02 07:22:47', '', '', '', '', '', '', '', '', 0, '', '', '', '', ''),
(12, '', '', '', '', 'barrierefreiheit.html', '', '', '', 'Barrierefreiheit', '', '', 'Die Garni Luzia Feldhof unter der Führung der Familie Rabanser ist eine schöne Frühstückspension mit 19 Zimmern, wobei ein Doppelzimmer für Menschen mit besonderen Bedürfnissen ausgestattet ist. ', '', '', '<p>Die Garni verfügt über einen Parkplatz und eine Tiefgarage von der aus Sie über eine zugängliche Rampe mit kleineren Schwierigkeiten in die Pension und über einen Aufzug (150 x 110 cm) ins Erdgeschoss gelangen. Ebenerdig erreicht man über einen breiten Korridor das ausgestattete Zimmer, dessen Bad zur Gänze und ohne Hilfestellung benutzbar ist. Der zugängliche Frühstücksraum der Pension bietet ein reichhaltiges Frühstücksbuffet. Die wichtigsten Räumlichkeiten der Garni sind gut erreichbar.<br /><br />Weitere Infos für barrierefreien Urlaub:<br /><a href="http://www.hotel.bz.it/de/ferienanlage-in-suedtirol/page.html?tx_sthotcustomforms_pi1%5Baddress%5D=277" target="blank">www.hotel.bz.it</a><br /><br /><br /></p>', '', '', '', '', '', '', 0, 0, 'bilder-galerie/klgrbild_68.jpg', 'bilder-galerie/klgrbilda_68.jpg', '', '', '', '', '', '', '', '', '', '', 0, '0000-00-00', '01', '01', '', '01', '01', '', '0000-00-00', 1, 7, 'immer', '', '', '', '', '', '', '', '', '', '', '', '', '', '', '', '', '', '', 0, 0, '1', '', '', '', 0.00, '', '', '', '', '', '', '', '', 'ok', '', '', '', '', '', '', '', 1, '79.51.104.26', '2009-04-09 06:01:13', '', '', '', '', '', '', '', '', 0, '', '', '', '', ''),
(13, '', '', '', '', 'preisliste.html', '', '', '', 'Preise, Angebote und wichtige Informationen', '', '', '', '', '', '<p></p>', '', '', '', '', '', '', 0, 0, '', '', '', '', '', '', '', '', '', '', '', '', 0, '0000-00-00', '01', '01', '', '01', '01', '', '0000-00-00', 1, 0, 'immer', '', '', '', '', '', '', '', '', '', '', '', '', '', '', '', '', '', '', 0, 0, '5', '', '', '', 0.00, '', '', '', '', '', '', '', '', '', '', '', '', '', '', '', '', 0, '79.51.104.26', '2009-04-02 07:41:44', '', '', '', '', '', '', '', '', 0, '', '', '', '', ''),
(14, '', '', '', '', 'schwimmbad.html', '', '', '', 'Schwimmbad & Garten', '', '', 'Erholen Sie sich in unserem Freischwimmbad und genießen Sie die Sonne auf einem bequemen Stuhl in unserer Liegewiese! \r\n', '', '', '<p align="center"><img src="/images/schwimmbad-gross.jpg" border="0" /></p><p>Ihre Kinder können sich fröhlich auf dem Spielplatz oder im Planschbecken vergnügen.</p><p>Vergessen Sie den Stress und die Hektik des Alltags und tun Sie Ihrem Körper etwas Gutes.</p>', '', '', '', '', '', '', 0, 0, 'bilder-galerie/klgrbild_76.jpg', 'bilder-galerie/klgrbilda_76.jpg', 'bilder-galerie/klgrbild_55.jpg', 'bilder-galerie/klgrbilda_55.jpg', '', '', '', '', '', '', '', '', 0, '0000-00-00', '01', '01', '', '01', '01', '', '0000-00-00', 1, 1, 'immer', '', '', '', '', '', '', '', '', '', '', '', '', '', '', '', '', '', '', 0, 0, '2', '', '', '', 0.00, '', '', '', '', '', '', '', '', 'ok', 'ok', '', '', '', '', '', '', 1, '79.51.104.26', '2009-04-02 07:02:19', '', '', '', '', '', '', '', '', 0, '', '', '', '', ''),
(15, '', '', '', '', 'sonnenterrasse.html', '', '', '', 'Sonnenterrasse', '', '', 'Auf unserer herrlichen Terrasse können sich alle mit einem kühlen Getränk erfrischen.', '', '', '&nbsp;', '', '', '', '', '', '', 0, 0, 'bilder-galerie/klgrbild_64.jpg', 'bilder-galerie/klgrbilda_64.jpg', 'bilder-galerie/klgrbild_62.jpg', 'bilder-galerie/klgrbilda_62.jpg', '', '', '', '', '', '', '', '', 0, '0000-00-00', '01', '01', '', '01', '01', '', '0000-00-00', 1, 2, 'immer', '', '', '', '', '', '', '', '', '', '', '', '', '', '', '', '', '', '', 0, 0, '2', '', '', '', 0.00, '', '', '', '', '', '', '', '', 'ok', 'ok', '', '', '', '', '', '', 0, '79.51.104.26', '2009-04-02 06:57:02', '', '', '', '', '', '', '', '', 0, '', '', '', '', ''),
(16, '', '', '', '', 'service.html', '', '', '', 'Unser Service', '', '', 'In unserer Rezeption werden Sie freundlich empfangen.\r\nSie kommen als Gast und gehen als Freund! In unserer gemütlichen Hausbar können Sie Kaffee, Kuchen, Eiscafé u. a. m. genießen.', '', '', '<p>Mit einem leckeren Frühstücksbüffet können Sie genußvoll Ihren Ferien-<br />tag beginnen. Erfreuen Sie sich an den Köstlichkeiten unseres Hauses!&nbsp; </p><p>Eine angenehme Atmosphäre in unserem Speisesaal verleiht den Gaumenfreuden einen noch größeren Geschmack.&nbsp; </p><p>Ihr Auto können Sie auf unserem hauseigenen Parkplatz oder in der Tiefgarage bequem abstellen.<br /></p>', '', '', '', '', '', '', 0, 0, 'bilder-galerie/klgrbild_71.jpg', 'bilder-galerie/klgrbilda_71.jpg', 'bilder-galerie/klgrbild_72.jpg', 'bilder-galerie/klgrbilda_72.jpg', 'bilder-galerie/klgrbild_152.jpg', 'bilder-galerie/klgrbilda_152.jpg', 'bilder-galerie/klgrbild_74.jpg', 'bilder-galerie/klgrbilda_74.jpg', '', '', '', '', 0, '0000-00-00', '01', '01', '', '01', '01', '', '0000-00-00', 1, 3, 'immer', '', '', '', '', '', '', '', '', '', '', '', '', '', '', '', '', '', '', 0, 0, '2', '', '', '', 0.00, '', '', '', '', '', '', '', '', 'ok', 'ok', 'ok', 'ok', '', '', '', '', 1, '79.51.104.26', '2009-04-02 07:35:06', '', '', '', '', '', '', '', '', 0, '', '', '', '', ''),
(17, '', '', '', '', 'unterhaltung.html', '', '', '', 'Unterhaltung', '', '', 'Einfach nur entspannen oder in einer netten Runde ein gutes Glasl Wein genießen. ', '', '', '<p>Vor allem unsere große Schachfiguren sind beliebt bei allen unserern Gästen. In der Garni Luziafeldhof ist für jeden das Richtige dabei.</p><p>Einfach nur entspannen und das wunderbare Panorama genißen.</p>', '', '', '', '', '', '', 0, 0, 'bilder-galerie/klgrbild_61.jpg', 'bilder-galerie/klgrbilda_61.jpg', 'bilder-galerie/klgrbild_59.jpg', 'bilder-galerie/klgrbilda_59.jpg', 'bilder-galerie/klgrbild_70.jpg', 'bilder-galerie/klgrbilda_70.jpg', 'bilder-galerie/klgrbild_54.jpg', 'bilder-galerie/klgrbilda_54.jpg', '', '', '', '', 0, '0000-00-00', '01', '01', '', '01', '01', '', '0000-00-00', 1, 5, 'immer', '', '', '', '', '', '', '', '', '', '', '', '', '', '', '', '', '', '', 0, 0, '2', '', '', '', 0.00, '', '', '', '', '', '', '', '', 'ok', 'ok', 'ok', 'ok', '', '', '', '', 0, '79.51.104.26', '2009-04-02 07:06:47', '', '', '', '', '', '', '', '', 0, '', '', '', '', ''),
(19, '', '', '', '', 'luftaufnahmen.html', '', '', '', 'Luftaufnahmen', '', '', 'Bilder sagen mehr als 1000 Worte. Überzeugen Sie sich selbst.', '', '', '&nbsp;', '', '', '', '', '', '', 0, 0, 'bilder-galerie/klgrbild_81.jpg', 'bilder-galerie/klgrbilda_81.jpg', 'bilder-galerie/klgrbild_80.jpg', 'bilder-galerie/klgrbilda_80.jpg', 'bilder-galerie/klgrbild_79.jpg', 'bilder-galerie/klgrbilda_79.jpg', 'bilder-galerie/klgrbild_78.jpg', 'bilder-galerie/klgrbilda_78.jpg', '', '', '', '', 0, '0000-00-00', '01', '01', '', '01', '01', '', '0000-00-00', 1, 1, 'immer', '', '', '', '', '', '', '', '', '', '', '', '', '', '', '', '', '', '', 0, 0, '3', '', '', '', 0.00, '', '', '', '', '', '', '', '', 'ok', 'ok', 'ok', 'ok', '', '', '', '', 0, '79.51.104.26', '2009-04-02 07:16:37', '', '', '', '', '', '', '', '', 0, '', '', '', '', ''),
(20, '', '', '', '', 'panoramablick.html', '', '', '', 'Panoramablick', '', '', 'Morgens aufstehen und die Sonne lacht Ihnen ins Gesicht. Der Blick auf die umliegende Berglandschaft und auf ein Meer von Weinbergen wird Ihnen immer in Erinnerung bleiben.', '', '', '&nbsp;', '', '', '', '', '', '', 0, 0, 'bilder-galerie/klgrbild_53.jpg', 'bilder-galerie/klgrbilda_53.jpg', 'bilder-galerie/klgrbild_56.jpg', 'bilder-galerie/klgrbilda_56.jpg', '', '', '', '', '', '', '', '', 0, '0000-00-00', '01', '01', '', '01', '01', '', '0000-00-00', 1, 2, 'immer', '', '', '', '', '', '', '', '', '', '', '', '', '', '', '', '', '', '', 0, 0, '3', '', '', '', 0.00, '', '', '', '', '', '', '', '', 'ok', 'ok', '', '', '', '', '', '', 0, '79.51.104.26', '2009-04-02 07:22:54', '', '', '', '', '', '', '', '', 0, '', '', '', '', ''),
(21, '', '', '', '', 'wandern.html', '', '', '', 'Wanderurlaub', '', '', 'Die Zeit zwischen Ostern und Allerheiligen ist in Eppan im Herzen der Südtiroler Weinstrasse wohl die beste Zeit die Wanderschuhe auszubacken. ', '', '', '<p>Egal ob Jung oder Junggebliebene, Bergsteiger oder Spaziergänger, jeder kommt im Land der Burgen und des Weines auf seine Kosten!</p><p><strong>Unser Tipp - die Burgenwanderung:<br /></strong>Schloss Korb - Hocheppan - Boymont<br />Dauer: ca. 2 ½ Stunden ab Schloss Korb</p><p>Diese kunsthistorische Wanderung wird einmal in der Woche auch in Begleitung eines Führers angeboten. Wie wir nach Schloss Korb kommen, steht uns frei. Auf jeden Fall ist das Restaurant und Hotel auch mit dem Privatauto erreichbar.<br /></p>', '', '', '', '', '', '', 0, 0, 'bilder-galerie/klgrbild_93.jpg', 'bilder-galerie/klgrbilda_93.jpg', 'bilder-galerie/klgrbild_110.jpg', 'bilder-galerie/klgrbilda_110.jpg', '', '', '', '', '', '', '', '', 0, '0000-00-00', '01', '01', '', '01', '01', '', '0000-00-00', 1, 1, 'immer', '', '', '', '', '', '', '', '', '', '', '', '', '', '', '', '', '', '', 0, 0, '4', '', '', '', 0.00, '', '', '', '', '', '', '', '', 'ok', 'ok', '', '', '', '', '', '', 1, '79.51.104.26', '2009-04-02 07:58:48', '', '', '', '', '', '', '', '', 0, '', '', '', '', ''),
(22, '', '', '', '', 'badeurlaub.html', '', '', '', 'Badeurlaub', '', '', 'Der Große und der Kleine Montigglersee laden im Sommer zum Baden ein...\r\n', '', '', '<p></p><p>Eingebettet in Wald- und Hügellandschaft bieten der Große und der Kleine Montigglersee eine besondere Atmosphäre beim Baden. Im Lido des Großen Montigglersees wird im Sommer eine Kinderanimation angeboten.</p><p>Das klare und warme Wasser des Kalterer Sees im Nachbardorf Kaltern&nbsp;(wärmster Badesse der Alpen) garantiert puren Wasserspass. Surfer und Segler kommen durch die guten Windbedingungen voll auf Ihre Kosten.</p><p></p>', '', '', '', '', '', '', 0, 0, 'bilder-galerie/klgrbild_125.jpg', 'bilder-galerie/klgrbilda_125.jpg', 'bilder-galerie/klgrbild_126.jpg', 'bilder-galerie/klgrbilda_126.jpg', '', '', '', '', '', '', '', '', 0, '0000-00-00', '01', '01', '', '01', '01', '', '0000-00-00', 1, 2, 'immer', '', '', '', '', '', '', '', '', '', '', '', '', '', '', '', '', '', '', 0, 0, '4', '', '', '', 0.00, '', '', '', '', '', '', '', '', 'ok', 'ok', '', '', '', '', '', '', 1, '79.51.104.26', '2009-04-02 08:00:38', '', '', '', '', '', '', '', '', 0, '', '', '', '', ''),
(23, '', '', '', '', 'fahrrad.html', '', '', '', 'Urlaub mit dem Fahrrad', '', '', 'Eppan und die Südtiroler Weinstrasse mit dem Fahrrad entdecken\r\nFlaches und hügeliges Gelände, kleine und große Höhenunterschiede, Wald oder Obstwiesen und Weinberge bringen Abwechslung.', '', '', '<p>Die Radwege in Eppan und im Gebiet der Südtiroler Weinstraße sind für ihre natürliche Schönheit und ihre Reize bekannt. Die Gäste schätzen die angenehmen Radtouren inmitten duftender Obstwiesen und neben Weinbergen, genießen die herrlichen Panoramablicke und Aussichten und verweilen gerne in den schmucken Dörfern und Weilern des Überetschs.</p><p></p>', '', '', '', '', '', '', 0, 0, 'bilder-galerie/klgrbild_105.jpg', 'bilder-galerie/klgrbilda_105.jpg', 'bilder-galerie/klgrbild_83.jpg', 'bilder-galerie/klgrbilda_83.jpg', '', '', '', '', '', '', '', '', 0, '0000-00-00', '01', '01', '', '01', '01', '', '0000-00-00', 1, 4, 'immer', '', '', '', '', '', '', '', '', '', '', '', '', '', '', '', '', '', '', 0, 0, '4', '', '', '', 0.00, '', '', '', '', '', '', '', '', 'ok', 'ok', '', '', '', '', '', '', 1, '79.51.104.26', '2009-04-02 07:55:20', '', '', '', '', '', '', '', '', 0, '', '', '', '', ''),
(24, '', '', '', '', 'wein.html', '', '', '', 'Wein und Kultur', '', '', 'Umgeben von Weinbergen und Obstwiesen ist St. Pauls eine kleine Insel der Ruhe mit besonderem Flair. \r\nWohin das Auge reicht, überall finden sich Zeitzeugen vergangener Tage, Botschaften einer Lebenskultur, die Ihresgleichen sucht. \r\n', '', '', '<p>In St. Pauls finden regelmässig kulturelle und gesellschaftliche Veranstaltungen statt. So finden im Sommer die Weinkulturwochen statt, kurz darauf, jeden zweiten September, das traditionelle Dorffest, und zur Weihnachtszeit die Krippenausstellung in den Gassen von St. Pauls!</p><p>Über 180 Burgen, Ansitze und Schlösser zeugen in der burgenreichsten Region Europas von einer bewegten Vergangenheit. Manche Burgen ragen über der Talsohle, andere sind in Weingütern eingebettet oder schauen von den Hügeln hinab ins Tal. Die mächtigen Türme, Mauern und Wehrgänge, Rittersäle und Burgkapellen erzählen die Geschichte dieser Zeitzeugen. <br /></p>', '', '', '', '', '', '', 0, 0, 'bilder-galerie/klgrbild_111.jpg', 'bilder-galerie/klgrbilda_111.jpg', 'bilder-galerie/klgrbild_90.jpg', 'bilder-galerie/klgrbilda_90.jpg', '', '', '', '', '', '', '', '', 0, '0000-00-00', '01', '01', '', '01', '01', '', '0000-00-00', 1, 5, 'immer', '', '', '', '', '', '', '', '', '', '', '', '', '', '', '', '', '', '', 0, 0, '4', '', '', '', 0.00, '', '', '', '', '', '', '', '', 'ok', 'ok', '', '', '', '', '', '', 1, '79.51.104.26', '2009-04-02 07:54:20', '', '', '', '', '', '', '', '', 0, '', '', '', '', ''),
(25, '', '', '', '', 'prese-luziafeldhof.html', '', '', '', 'Aktuelle Preisliste', '', '', 'Unsere aktuelle Preisliste mit Informationen zu den einzelnen Zimmertypen und Suiten. \r\nDie angegebenen Preise verstehen sich pro Person und Tag Übernachtung mit Frühstücksbuffet bei einem Mindestaufenthalt von 4 Übernachtungen. ', '', '', '<table cellspacing="2" cellpadding="1" width="510" border="0"><tbody><tr valign="bottom" bgcolor="#ffffff"><td colspan="2"><strong>Unsere Zimmertypen<br /><br /></strong></td><td width="84"><div align="center"><strong>Vorsaison<br /></strong>01.03. bis<br />31.07.2009<br /><br /></div></td><td width="100"><div align="center"><strong>Hauptsaison<br /></strong>01.08. bis<br />20.12.2009<br /><br /></div></td></tr><tr valign="bottom" bgcolor="#f9e2b6"><td valign="top" width="46"><a href="/bilder-galerie/klgrbilda_51.jpg" rel="lightbox"><img src="/bilder-galerie/klgrbild_51.jpg" width="100" border="0" /></a></td><td valign="top" width="267"><p><strong>Doppelzimmer Typ B</strong><br /><br />Gemütliches Doppelzimmer ca. 23qm mit Sitzecke oder Schreibtisch, Zimmersafe, Telefon, Sat-TV, elegantes Badezimmer mit Dusche/WC, Bidet und Föhn.<br />Auch als Einzelzimmer buchbar.<br />mit Süd- oder Nordbalkon</p></td><td valign="top"><div align="center">30,00 €<br /><br />als Einzelzimmer:<br />+5,00 €</div></td><td valign="top"><div align="center">32,00 €<br /><br />als Einzelzimmer:<br />+5,00 €</div></td></tr><tr valign="bottom" bgcolor="#f9e2b6"><td valign="top">&nbsp;</td><td valign="top">&nbsp;</td><td valign="top"><div align="center"></div></td><td valign="top"><div align="center"></div></td></tr><tr valign="bottom" bgcolor="#f9e2b6"><td valign="top"><a href="/bilder-galerie/klgrbilda_49.jpg" rel="lightbox"><img src="/bilder-galerie/klgrbild_49.jpg" width="100" border="0" /></a></td><td valign="top"><strong>Doppelzimmer Typ C </strong><p>Geräumiges Doppelzimmer ca. 30 qum mit Sitzecke, Zimmersafe, Telefon, Sat-TV, elegantes Badezimmer mit Dusche/WC, Bidet.<br />mit West- Süd- oder Nordbalkon</p></td><td valign="top"><div align="center">31,00 €</div></td><td valign="top"><div align="center">33,00 €</div></td></tr><tr valign="bottom" bgcolor="#f9e2b6"><td valign="top">&nbsp;</td><td valign="top">&nbsp;</td><td valign="top"><div align="center"></div></td><td valign="top"><div align="center"></div></td></tr><tr valign="bottom" bgcolor="#f9e2b6"><td valign="top"><a href="/bilder-galerie/klgrbilda_46.jpg" rel="lightbox"><img src="/bilder-galerie/klgrbild_46.jpg" width="100" border="0" /></a></td><td valign="top"><strong>Suite Typ D </strong><p>Getrennter Wohn- und Schlafbereich ca. 40qm mit Schlafcouch, Sitzecke, Zimmersafe, Telefon, Sat-TV und Kühlschrank. Elegantes Badezimmer mit Dusche/WC, Bidet und Föhn.<br />mit Süd- oder Nordbalkon</p></td><td valign="top"><div align="center">41,00 €</div></td><td valign="top"><div align="center">43,00 €</div></td></tr><tr valign="bottom" bgcolor="#f9e2b6"><td valign="top">&nbsp;</td><td valign="top">&nbsp;</td><td valign="top"><div align="center"></div></td><td valign="top"><div align="center"></div></td></tr><tr valign="bottom" bgcolor="#f9e2b6"><td valign="top"><a href="/bilder-galerie/klgrbilda_47.jpg" rel="lightbox"><img src="/bilder-galerie/klgrbild_47.jpg" width="100" border="0" /></a></td><td valign="top"><strong>Suite Typ E </strong><p>Großzügiger Wohn- und Schlafbereich ca. 37 qm mit Schlafcouch, Sitzecke, Zimmersafe, Telefon und Sat-TV. Elegantes Badezimmer mit Dusche/WC, Bad, Bidet und Föhn<br />mit Westbalkon</p></td><td valign="top"><div align="center">35,00 €</div></td><td valign="top"><div align="center">37 ,00 €</div></td></tr></tbody></table>', '', '', '', '', '', '', 0, 0, 'bilder-galerie/klgrbild_148.jpg', 'bilder-galerie/klgrbilda_148.jpg', '', '', '', '', '', '', '', '', '', '', 0, '0000-00-00', '01', '01', '', '01', '01', '', '0000-00-00', 1, 1, 'immer', '', '', '', '', '', '', '', '', '', '', '', '', '', '', '', '', '', '', 0, 0, '5', '', '', '', 0.00, '', '', '', '', '', '', '', '', 'ok', '', '', '', '', '', '', '', 1, '87.5.109.13', '2009-04-28 12:35:35', '', '', '', '', '', '', '', '', 0, '', '', '', '', ''),
(26, '', '', '', '', 'informationen.html', '', '', '', 'Wichtige Informationen', '', '', 'Lesen Sie bitte unsere Konditionen.', '', '', '<p>Die Zimmer sind alle mit Balkon, Dusche/WC, Föhn, Telefon, Safe, Sat-TV und großteils mit bequemer Sitzecke ausgestattet. Bei Belegung mit 3 Personen entfällt teilweise die Sitzecke. Die Zimmertypen unterscheiden sich nur durch die Größe des Zimmers.</p><p>Unsere Preise verstehen sich pro Person und Tag inklusive Frühstücksbuffet bei einem Mindestaufenthalt von 4 Nächten. <br />Bei weniger als 4 Nächtigungen wird ein Zuschlag berechnet. <br />1 Nacht plus 4 Euro, 2 und 3 Nächte plus 2 Euro </p><p>Bitte haben Sie Verständnis dass wir Buchungen bis 4 Nächte nur kurzfristig annehmen</p><p><strong>Storno</strong>: Schade wenn ein Zimmer frei bleibt weil ein Gast nicht anreist! Bitte informieren Sie uns rechtzeitig! Bei nicht Anreise, früherer Abreise oder verspäteter Ankunft werden 70% vom Tagessatz, des Buchungsauftrages berechnet. </p><p>Sie sind bei uns jederzeit willkommen, bedenken Sie aber dass die Zimmer erst ab 13 Uhr bezogen werden können.</p><p><strong>Kinderermäßigungen</strong> im Elternzimmer bei 2 Vollzahlern: <br />Bis 2 Jahre: 5,00&nbsp;Euro &nbsp;(gratis wenn Kinderbett selbst mitgebracht wird oder im Elternbett schläft)<br />Von 2 bis 8 Jahre&nbsp;17,00 Euro&nbsp;&nbsp;<br />Von 9 bis 14 Jahre 22,00 Euro, Ab 15 Jahre 27,00 Euro </p><p>Kinder bis15 Jahren im eigenen Zimmer - 10% nur in der Vorsaison ausgenommen Einzelzimmer <br />Bei Belegung mit drei oder vier Personen entfällt Teilweise die Sitzecke. </p><p>Hunde können nur mit eigenem Korb oder Decke aufgenommen werden und haben keinen Zutritt zum Frühstücksraum. <br />Für die Hunde wird pro Tag 2,50&nbsp;€&nbsp;ohne Futter berechnet:</p><p>Bezahlen können Sie in Bar oder mit Scheck . </p><p>Kredit&nbsp;oder Bancomatkarten können leider nicht angenommen werden. </p><p><strong>WIR HABEN&nbsp;VON MÄRZ BIS DEZEMBER&nbsp;FÜR SIE GEÖFFNET<br />UND FREUEN UNS ÜBER IHRE ANFRAGE.</strong></p><p>Fam. Schrott / Rabanser&nbsp; <br /></p>', '', '', '', '', '', '', 0, 0, 'bilder-galerie/klgrbild_149.jpg', 'bilder-galerie/klgrbilda_149.jpg', '', '', '', '', '', '', '', '', '', '', 0, '0000-00-00', '01', '01', '', '01', '01', '', '0000-00-00', 1, 2, 'immer', '', '', '', '', '', '', '', '', '', '', '', '', '', '', '', '', '', '', 0, 0, '5', '', '', '', 0.00, '', '', '', '', '', '', '', '', 'ok', '', '', '', '', '', '', '', 1, '87.8.107.104', '2009-04-13 09:37:49', '', '', '', '', '', '', '', '', 0, '', '', '', '', ''),
(27, '', '', '', '', 'angebote.html', '', '', '', 'Aktuelle Angebote', '', '', 'Frühjahrsangebot vom 03.bis 10. Mai ', '', '', '<p>7 Nächte zum Preis von 6 Nächten &nbsp;</p><p>z.&nbsp;B. &nbsp;Zimmer Type C zu Euro 186,00 pro Person für 7 Übernachtungen mit Frühstücksbuffet </p>', '', '', '', '', '', '', 0, 0, 'bilder-galerie/klgrbild_150.jpg', 'bilder-galerie/klgrbilda_150.jpg', '', '', '', '', '', '', '', '', '', '', 0, '2009-04-13', '13', '04', '09', '02', '05', '09', '2009-05-02', 1, 3, 'immer', '', '', '', '', '', '', '', '', '', '', '', '', '', '', '', '', '', '', 0, 0, '5', '', '', '', 0.00, '', '', '', '', '', '', '', '', 'ok', '', '', '', '', '', '', '', 1, '87.8.107.104', '2009-04-13 11:18:06', '', '', '', '', '', '', '', '', 0, '', '', '', '', ''),
(28, '', '', '', '', 'kontakt.html', '', '', '', 'Kontakt', '', '', '', '', '', '<table width="500"><tr><td>Garni Luziafeld Hof <br />Fam. Schrott/Rabanser<br />Luziafeldweg 6<br />I-39050 St.Pauls-Eppan/Südtirol </td><td>\r\n\r\nTel: +39 0471 66 32 16<br />Fax: +39 0471 674735<br />\r\nE-Mail: <a href="mailto:info@luziafeldhof.it">info@luziafeldhof.it</a>\r\n</td></tr></table>\r\n', '', '', '', '', '', '', 0, 0, '', '', '', '', '', '', '', '', '', '', '', '', 0, '0000-00-00', '01', '01', '', '01', '01', '', '0000-00-00', 1, 0, 'immer', '', '', '', '', '', '', '', '', '', '', '', '', '', '', '', '', '', '', 0, 0, '6', '', '', '', 0.00, '', '', '', '', '', '', '', '', '', '', '', '', '', '', '', '', 0, '79.51.104.26', '2009-04-02 07:48:14', '', '', '', '', '', '', '', '', 0, '', '', '', '', ''),
(29, '', '', '', '', 'anfrage.html', '', '', '', 'Anfrageformular', '', '', 'Füllen Sie bitte das folgende Formular aus, wir werden Ihnen in Kürze antworten.', '', '', '', '', '', '', '', '', '', 0, 0, 'bilder-galerie/klgrbild_154.jpg', 'bilder-galerie/klgrbilda_154.jpg', '', '', '', '', '', '', '', '', '', '', 0, '0000-00-00', '01', '01', '', '01', '01', '', '0000-00-00', 1, 1, 'immer', '', '', '', '', '', '', '', '', '', '', '', '', '', '', '', '', '', '', 0, 0, '6', '', '', '', 0.00, '', '', '', '', '', '', '', '', 'ok', '', '', '', '', '', '', '', 1, '79.51.104.26', '2009-04-02 08:45:56', '', '', '', '', '', '', '', '', 0, '', '', '', '', ''),
(30, '', '', '', '', 'anfahrt.html', '', '', '', 'So finden Sie zu uns!', '', '', '', '', '', '<p><strong>Anfahrt vom Brenner oder vom Pustertal in Richtung Italien:<br /></strong>Vom Brenner: Brennerautobahn A 22 bis Bozen. Von der Pustertaler Grenze: Bundesstraße bis Brixen, dann Brennerautobahn A 22 bis Bozen, Ausfahrt Bozen-Süd. Dort Einfahrt in die Schnell-<br />straße "Mebo" in Richtung Meran. Ausfahrt Eppan (gleich nach dem Tunnel) nehmen. Vor Eppan an der gekennzeichneten Kreuzung rechts abbiegen nachSt. Pauls.</p><p><strong>Anfahrt vom Reschenpass in Richtung Italien:</strong><br />Vom Reschenpass Bundesstraße bis Meran. Dort Einfahrt in die Schnellstrasse "Mebo" in Richtung Bozen, letzte Ausfahrt Eppan nehmen. Vor Eppan an der gekennzeichneten Kreuzung rechts abbiegen nach St. Pauls.</p>\r\n\r\n<iframe width="500" height="350" frameborder="0" scrolling="no" marginheight="0" marginwidth="0" src="http://www.google.de/maps/ms?ie=UTF8&amp;hl=de&amp;msa=0&amp;t=h&amp;msid=106327898212499020629.0004668cdd31abe77d5ac&amp;ll=46.468103,11.263905&amp;spn=0.010345,0.021458&amp;z=15&amp;output=embed"></iframe><br /><small><a href="http://www.google.de/maps/ms?ie=UTF8&amp;hl=de&amp;msa=0&amp;t=h&amp;msid=106327898212499020629.0004668cdd31abe77d5ac&amp;ll=46.468103,11.263905&amp;spn=0.010345,0.021458&amp;z=15&amp;source=embed" style="color:#0000FF;text-align:left">Größere Kartenansicht</a></small>', '', '', '', '', '', '', 0, 0, 'bilder-galerie/klgrbild_155.jpg', 'bilder-galerie/klgrbilda_155.jpg', '', '', '', '', '', '', '', '', '', '', 0, '0000-00-00', '01', '01', '', '01', '01', '', '0000-00-00', 1, 2, 'immer', '', '', '', '', '', '', '', '', '', '', '', '', '', '', '', '', '', '', 0, 0, '6', '', '', '', 0.00, '', '', '', '', '', '', '', '', 'ok', '', '', '', '', '', '', '', 1, '79.51.104.26', '2009-04-02 08:54:08', '', '', '', '', '', '', '', '', 0, '', '', '', '', ''),
(31, '', '', '', '', 'impressum.html', '', '', '', 'Impressum', '', '', '', '', '', '<p><strong>Verantwortlich für Inhalte:</strong><br />Garni Luziafeld-Hof - Fam. Schrott/Rabanser<br />Luziafeldweg 6<br />I-39050 St.Pauls-Eppan/Südtirol</p><p><strong>Links zu anderen Seiten:</strong><br />Wir übernehmen keine Haftung für die Inhalte externer Links.</p><p>Privacy - Informationsschreiben ex Art. 13 Gesetz 196/2003 (Gesetz über die Behandlung der persönlichen Daten): Wir informieren Sie darüber, dass die angegebenen Personalien auf elektronischem Wege aufgenommen werden und ausschließlich dazu dienen, den Anfragen des Übermittlers entgegen zu kommen und einen Informationsservice zu seinen Gunsten zu aktivieren; dem Übermittler steht die Ausübung seiner Rechte laut Artikel 7 Gesetz 196/2003 jederzeit zu.&nbsp; Rechtsinhaber (Fam. Schrott/Rabanser, Garni Luziafeldhof)</p><p>Copyright Fotomaterial:<br />- Tourismusverein Eppan <br />- Garni Luziafeldhof / Sirio</p><p>WEBDESIGN: OK internetservice - Kaltern<br /><a href="http://www.okinternetservice.it/">http://www.okinternetservice.it/</a></p><p></p>', '', '', '', '', '', '', 0, 0, '', '', '', '', '', '', '', '', '', '', '', '', 0, '0000-00-00', '01', '01', '', '01', '01', '', '0000-00-00', 1, 0, 'immer', '', '', '', '', '', '', '', '', '', '', '', '', '', '', '', '', '', '', 0, 0, '7', '', '', '', 0.00, '', '', '', '', '', '', '', '', '', '', '', '', '', '', '', '', 0, '79.51.104.26', '2009-04-09 07:43:15', '', '', '', '', '', '', '', '', 0, '', '', '', '', '');

-- --------------------------------------------------------

--
-- Tabellenstruktur für Tabelle `pinwall`
--

CREATE TABLE IF NOT EXISTS `pinwall` (
  `id` int(11) NOT NULL auto_increment,
  `titelde` varchar(250) NOT NULL default '',
  `titelit` varchar(250) NOT NULL default '',
  `textde` text NOT NULL,
  `textit` text NOT NULL,
  `titeleng` varchar(250) NOT NULL default '',
  `texteng` text NOT NULL,
  `home` varchar(10) NOT NULL default '',
  `tag` varchar(10) NOT NULL default '',
  `monat` varchar(10) NOT NULL default '',
  `jahr` varchar(10) NOT NULL default '',
  `datum` date NOT NULL default '0000-00-00',
  `online` varchar(10) NOT NULL default '',
  `prioritaet` int(11) NOT NULL default '0',
  `immer` varchar(10) NOT NULL default '',
  `titelfr` varchar(250) NOT NULL default '',
  `textfr` text NOT NULL,
  `vorschaubild` varchar(100) NOT NULL default '',
  PRIMARY KEY  (`id`)
) TYPE=MyISAM AUTO_INCREMENT=1 ;

--
-- Daten für Tabelle `pinwall`
--


-- --------------------------------------------------------

--
-- Tabellenstruktur für Tabelle `profilecomb2`
--

CREATE TABLE IF NOT EXISTS `profilecomb2` (
  `id` int(11) NOT NULL auto_increment,
  `contentid` int(11) NOT NULL default '0',
  `fileid` int(11) NOT NULL default '0',
  `prioritaet` int(11) NOT NULL default '0',
  PRIMARY KEY  (`id`)
) TYPE=MyISAM AUTO_INCREMENT=1 ;

--
-- Daten für Tabelle `profilecomb2`
--


-- --------------------------------------------------------

--
-- Tabellenstruktur für Tabelle `profilecomb3`
--

CREATE TABLE IF NOT EXISTS `profilecomb3` (
  `id` int(11) NOT NULL auto_increment,
  `contentid` int(11) NOT NULL default '0',
  `fileid` int(11) NOT NULL default '0',
  `prioritaet` int(11) NOT NULL default '0',
  PRIMARY KEY  (`id`)
) TYPE=MyISAM AUTO_INCREMENT=1 ;

--
-- Daten für Tabelle `profilecomb3`
--


-- --------------------------------------------------------

--
-- Tabellenstruktur für Tabelle `profilecomb4`
--

CREATE TABLE IF NOT EXISTS `profilecomb4` (
  `id` int(11) NOT NULL auto_increment,
  `contentid` int(11) NOT NULL default '0',
  `fileid` int(11) NOT NULL default '0',
  `prioritaet` int(11) NOT NULL default '0',
  PRIMARY KEY  (`id`)
) TYPE=MyISAM AUTO_INCREMENT=1 ;

--
-- Daten für Tabelle `profilecomb4`
--


-- --------------------------------------------------------

--
-- Tabellenstruktur für Tabelle `profilecomb5`
--

CREATE TABLE IF NOT EXISTS `profilecomb5` (
  `id` int(11) NOT NULL auto_increment,
  `contentid` int(11) NOT NULL default '0',
  `fileid` int(11) NOT NULL default '0',
  `prioritaet` int(11) NOT NULL default '0',
  PRIMARY KEY  (`id`)
) TYPE=MyISAM AUTO_INCREMENT=1 ;

--
-- Daten für Tabelle `profilecomb5`
--


-- --------------------------------------------------------

--
-- Tabellenstruktur für Tabelle `profilecomb6`
--

CREATE TABLE IF NOT EXISTS `profilecomb6` (
  `id` int(11) NOT NULL auto_increment,
  `contentid` int(11) NOT NULL default '0',
  `fileid` int(11) NOT NULL default '0',
  `prioritaet` int(11) NOT NULL default '0',
  PRIMARY KEY  (`id`)
) TYPE=MyISAM AUTO_INCREMENT=1 ;

--
-- Daten für Tabelle `profilecomb6`
--


-- --------------------------------------------------------

--
-- Tabellenstruktur für Tabelle `profilecomb7`
--

CREATE TABLE IF NOT EXISTS `profilecomb7` (
  `id` int(11) NOT NULL auto_increment,
  `contentid` int(11) NOT NULL default '0',
  `fileid` int(11) NOT NULL default '0',
  `prioritaet` int(11) NOT NULL default '0',
  PRIMARY KEY  (`id`)
) TYPE=MyISAM AUTO_INCREMENT=1 ;

--
-- Daten für Tabelle `profilecomb7`
--


-- --------------------------------------------------------

--
-- Tabellenstruktur für Tabelle `profilecomb8`
--

CREATE TABLE IF NOT EXISTS `profilecomb8` (
  `id` int(11) NOT NULL auto_increment,
  `contentid` int(11) NOT NULL default '0',
  `fileid` int(11) NOT NULL default '0',
  `prioritaet` int(11) NOT NULL default '0',
  PRIMARY KEY  (`id`)
) TYPE=MyISAM AUTO_INCREMENT=1 ;

--
-- Daten für Tabelle `profilecomb8`
--


-- --------------------------------------------------------

--
-- Tabellenstruktur für Tabelle `profilecomb9`
--

CREATE TABLE IF NOT EXISTS `profilecomb9` (
  `id` int(11) NOT NULL auto_increment,
  `contentid` int(11) NOT NULL default '0',
  `fileid` int(11) NOT NULL default '0',
  `prioritaet` int(11) NOT NULL default '0',
  PRIMARY KEY  (`id`)
) TYPE=MyISAM AUTO_INCREMENT=1 ;

--
-- Daten für Tabelle `profilecomb9`
--


-- --------------------------------------------------------

--
-- Tabellenstruktur für Tabelle `profilecomb10`
--

CREATE TABLE IF NOT EXISTS `profilecomb10` (
  `id` int(11) NOT NULL auto_increment,
  `contentid` int(11) NOT NULL default '0',
  `fileid` int(11) NOT NULL default '0',
  `prioritaet` int(11) NOT NULL default '0',
  PRIMARY KEY  (`id`)
) TYPE=MyISAM AUTO_INCREMENT=1 ;

--
-- Daten für Tabelle `profilecomb10`
--


-- --------------------------------------------------------

--
-- Tabellenstruktur für Tabelle `profilecomb11`
--

CREATE TABLE IF NOT EXISTS `profilecomb11` (
  `id` int(11) NOT NULL auto_increment,
  `contentid` int(11) NOT NULL default '0',
  `fileid` int(11) NOT NULL default '0',
  `prioritaet` int(11) NOT NULL default '0',
  PRIMARY KEY  (`id`)
) TYPE=MyISAM AUTO_INCREMENT=1 ;

--
-- Daten für Tabelle `profilecomb11`
--


-- --------------------------------------------------------

--
-- Tabellenstruktur für Tabelle `punktestart`
--

CREATE TABLE IF NOT EXISTS `punktestart` (
  `id` int(11) NOT NULL auto_increment,
  `galeriekatde` varchar(50) NOT NULL default '',
  `galeriekatit` varchar(50) NOT NULL default '',
  `sp` varchar(100) NOT NULL default '',
  `s` varchar(100) NOT NULL default '',
  `u` varchar(100) NOT NULL default '',
  `n` varchar(100) NOT NULL default '',
  `plus` varchar(100) NOT NULL default '',
  `diff` varchar(100) NOT NULL default '',
  `punkte` int(4) NOT NULL default '0',
  `prioritaet` int(11) NOT NULL default '0',
  `online` int(1) NOT NULL default '0',
  `galeriekatfr` varchar(100) NOT NULL default '',
  `kat` char(3) NOT NULL default '',
  PRIMARY KEY  (`id`)
) TYPE=MyISAM AUTO_INCREMENT=1 ;

--
-- Daten für Tabelle `punktestart`
--


-- --------------------------------------------------------

--
-- Tabellenstruktur für Tabelle `referenzencomb`
--

CREATE TABLE IF NOT EXISTS `referenzencomb` (
  `id` int(11) NOT NULL auto_increment,
  `contentid` int(11) NOT NULL default '0',
  `fileid` int(11) NOT NULL default '0',
  `prioritaet` int(11) NOT NULL default '0',
  PRIMARY KEY  (`id`)
) TYPE=MyISAM AUTO_INCREMENT=1 ;

--
-- Daten für Tabelle `referenzencomb`
--


-- --------------------------------------------------------

--
-- Tabellenstruktur für Tabelle `rewriting`
--

CREATE TABLE IF NOT EXISTS `rewriting` (
  `rewriting_ID` int(3) unsigned NOT NULL auto_increment,
  `rewriting` varchar(255) NOT NULL default '',
  `seite` varchar(255) NOT NULL default '',
  `lan` char(3) NOT NULL default '',
  ` hauptkatid` int(5) NOT NULL default '0',
  ` unterkatid` int(5) NOT NULL default '0',
  PRIMARY KEY  (`rewriting_ID`)
) TYPE=MyISAM AUTO_INCREMENT=1 ;

--
-- Daten für Tabelle `rewriting`
--


-- --------------------------------------------------------

--
-- Tabellenstruktur für Tabelle `spielea2`
--

CREATE TABLE IF NOT EXISTS `spielea2` (
  `id` int(11) NOT NULL auto_increment,
  `spieltag` varchar(50) NOT NULL default '',
  `heim1` varchar(50) NOT NULL default '',
  `gast1` varchar(100) NOT NULL default '',
  `tagbez1` varchar(100) NOT NULL default '',
  `tag1` char(2) NOT NULL default '0',
  `monat1` char(2) NOT NULL default '0',
  `jahr1` varchar(4) NOT NULL default '0000',
  `datum1` date NOT NULL default '0000-00-00',
  `stunde1` varchar(10) NOT NULL default '',
  `minute1` varchar(10) NOT NULL default '',
  `ergebnis1` varchar(100) NOT NULL default '',
  `heim2` varchar(50) NOT NULL default '',
  `gast2` varchar(100) NOT NULL default '',
  `tagbez2` varchar(100) NOT NULL default '',
  `tag2` char(2) NOT NULL default '0',
  `monat2` char(2) NOT NULL default '0',
  `jahr2` varchar(4) NOT NULL default '0000',
  `datum2` date NOT NULL default '0000-00-00',
  `stunde2` varchar(10) NOT NULL default '',
  `minute2` varchar(10) NOT NULL default '',
  `ergebnis2` varchar(100) NOT NULL default '',
  `heim3` varchar(50) NOT NULL default '',
  `gast3` varchar(100) NOT NULL default '',
  `tagbez3` varchar(100) NOT NULL default '',
  `tag3` char(2) NOT NULL default '0',
  `monat3` char(2) NOT NULL default '0',
  `jahr3` varchar(4) NOT NULL default '0000',
  `datum3` date NOT NULL default '0000-00-00',
  `stunde3` varchar(10) NOT NULL default '',
  `minute3` varchar(10) NOT NULL default '',
  `ergebnis3` varchar(100) NOT NULL default '',
  `heim4` varchar(50) NOT NULL default '',
  `gast4` varchar(100) NOT NULL default '',
  `tagbez4` varchar(100) NOT NULL default '',
  `tag4` char(2) NOT NULL default '0',
  `monat4` char(2) NOT NULL default '0',
  `jahr4` varchar(4) NOT NULL default '0000',
  `datum4` date NOT NULL default '0000-00-00',
  `stunde4` varchar(10) NOT NULL default '',
  `minute4` varchar(10) NOT NULL default '',
  `ergebnis4` varchar(100) NOT NULL default '',
  `heim5` varchar(50) NOT NULL default '',
  `gast5` varchar(100) NOT NULL default '',
  `tagbez5` varchar(100) NOT NULL default '',
  `tag5` char(2) NOT NULL default '0',
  `monat5` char(2) NOT NULL default '0',
  `jahr5` varchar(4) NOT NULL default '0000',
  `datum5` date NOT NULL default '0000-00-00',
  `stunde5` varchar(10) NOT NULL default '',
  `minute5` varchar(10) NOT NULL default '',
  `ergebnis5` varchar(100) NOT NULL default '',
  `heim6` varchar(50) NOT NULL default '',
  `gast6` varchar(100) NOT NULL default '',
  `tagbez6` varchar(100) NOT NULL default '',
  `tag6` char(2) NOT NULL default '0',
  `monat6` char(2) NOT NULL default '0',
  `jahr6` varchar(4) NOT NULL default '0000',
  `datum6` date NOT NULL default '0000-00-00',
  `stunde6` varchar(10) NOT NULL default '',
  `minute6` varchar(10) NOT NULL default '',
  `ergebnis6` varchar(100) NOT NULL default '',
  `prioritaet` int(11) NOT NULL default '0',
  `online` int(1) NOT NULL default '0',
  `kat` varchar(4) NOT NULL default '',
  PRIMARY KEY  (`id`)
) TYPE=MyISAM AUTO_INCREMENT=1 ;

--
-- Daten für Tabelle `spielea2`
--


-- --------------------------------------------------------

--
-- Tabellenstruktur für Tabelle `spielerstat`
--

CREATE TABLE IF NOT EXISTS `spielerstat` (
  `id` int(11) NOT NULL auto_increment,
  `galeriekatde` varchar(50) NOT NULL default '',
  `galeriekatit` varchar(50) NOT NULL default '',
  `sp` varchar(100) NOT NULL default '',
  `s` varchar(100) NOT NULL default '',
  `u` varchar(100) NOT NULL default '',
  `n` varchar(100) NOT NULL default '',
  `plus` varchar(100) NOT NULL default '',
  `diff` varchar(100) NOT NULL default '',
  `punkte` int(4) NOT NULL default '0',
  `prioritaet` int(11) NOT NULL default '0',
  `online` int(1) NOT NULL default '0',
  `galeriekatfr` varchar(100) NOT NULL default '',
  PRIMARY KEY  (`id`)
) TYPE=MyISAM AUTO_INCREMENT=1 ;

--
-- Daten für Tabelle `spielerstat`
--


-- --------------------------------------------------------

--
-- Tabellenstruktur für Tabelle `sponscomb`
--

CREATE TABLE IF NOT EXISTS `sponscomb` (
  `id` int(11) NOT NULL auto_increment,
  `contentid` int(11) NOT NULL default '0',
  `fileid` int(11) NOT NULL default '0',
  `prioritaet` int(11) NOT NULL default '0',
  PRIMARY KEY  (`id`)
) TYPE=MyISAM AUTO_INCREMENT=1 ;

--
-- Daten für Tabelle `sponscomb`
--


-- --------------------------------------------------------

--
-- Tabellenstruktur für Tabelle `tabellecomb`
--

CREATE TABLE IF NOT EXISTS `tabellecomb` (
  `id` int(11) NOT NULL auto_increment,
  `contentid` int(11) NOT NULL default '0',
  `tabelleid` int(11) NOT NULL default '0',
  PRIMARY KEY  (`id`)
) TYPE=MyISAM AUTO_INCREMENT=1 ;

--
-- Daten für Tabelle `tabellecomb`
--


-- --------------------------------------------------------

--
-- Tabellenstruktur für Tabelle `tabellecontent`
--

CREATE TABLE IF NOT EXISTS `tabellecontent` (
  `id` int(11) NOT NULL auto_increment,
  `feld1de` int(11) NOT NULL default '0',
  `feld2de` text NOT NULL,
  `feld3de` text NOT NULL,
  `feld4de` text NOT NULL,
  `feld5de` text NOT NULL,
  `feld6de` text NOT NULL,
  `feld7de` text NOT NULL,
  `artikel` int(11) NOT NULL default '0',
  `tabelleid` int(11) NOT NULL default '0',
  `feld1it` int(11) NOT NULL default '0',
  `feld2it` text NOT NULL,
  `feld3it` text NOT NULL,
  `feld4it` text NOT NULL,
  `feld5it` text NOT NULL,
  `feld6it` text NOT NULL,
  `feld7it` text NOT NULL,
  `feld1eng` int(11) NOT NULL default '0',
  `feld2eng` text NOT NULL,
  `feld3eng` text NOT NULL,
  `feld4eng` text NOT NULL,
  `feld5eng` text NOT NULL,
  `feld6eng` text NOT NULL,
  `feld7eng` text NOT NULL,
  `datum` date NOT NULL default '0000-00-00',
  `tag` varchar(10) NOT NULL default '',
  `monat` varchar(10) NOT NULL default '',
  `jahr` varchar(10) NOT NULL default '',
  PRIMARY KEY  (`id`)
) TYPE=MyISAM AUTO_INCREMENT=1 ;

--
-- Daten für Tabelle `tabellecontent`
--


-- --------------------------------------------------------

--
-- Tabellenstruktur für Tabelle `tabellekat`
--

CREATE TABLE IF NOT EXISTS `tabellekat` (
  `id` int(11) NOT NULL auto_increment,
  `tabellekatde` varchar(50) NOT NULL default '',
  `tabellekatit` varchar(50) NOT NULL default '',
  `tabellekateng` varchar(50) NOT NULL default '',
  `prioritaet` int(11) NOT NULL default '0',
  `online` int(1) NOT NULL default '0',
  `datum` varchar(100) NOT NULL default '',
  `feld1de` varchar(100) NOT NULL default '',
  `feld2de` varchar(100) NOT NULL default '',
  `feld3de` varchar(100) NOT NULL default '',
  `feld4de` varchar(100) NOT NULL default '',
  `feld5de` varchar(100) NOT NULL default '',
  `feld6de` varchar(100) NOT NULL default '',
  `feld7de` varchar(100) NOT NULL default '',
  `feld1it` varchar(100) NOT NULL default '',
  `feld2it` varchar(100) NOT NULL default '',
  `feld3it` varchar(100) NOT NULL default '',
  `feld4it` varchar(100) NOT NULL default '',
  `feld5it` varchar(100) NOT NULL default '',
  `feld6it` varchar(100) NOT NULL default '',
  `feld7it` varchar(100) NOT NULL default '',
  `feld1eng` varchar(100) NOT NULL default '',
  `feld2eng` varchar(100) NOT NULL default '',
  `feld3eng` varchar(100) NOT NULL default '',
  `feld4eng` varchar(100) NOT NULL default '',
  `feld5eng` varchar(100) NOT NULL default '',
  `feld6eng` varchar(100) NOT NULL default '',
  `feld7eng` varchar(100) NOT NULL default '',
  `artikel` varchar(100) NOT NULL default '',
  `sortieren` varchar(10) NOT NULL default '',
  `steigend` varchar(10) NOT NULL default '',
  PRIMARY KEY  (`id`)
) TYPE=MyISAM AUTO_INCREMENT=1 ;

--
-- Daten für Tabelle `tabellekat`
--


-- --------------------------------------------------------

--
-- Tabellenstruktur für Tabelle `tabellesponsoren`
--

CREATE TABLE IF NOT EXISTS `tabellesponsoren` (
  `id` int(11) NOT NULL auto_increment,
  `name` varchar(250) NOT NULL default '',
  `saisonstartb` varchar(250) NOT NULL default '',
  `raikacupb` varchar(250) NOT NULL default '',
  `jahresb` varchar(250) NOT NULL default '',
  `schoepferb` varchar(250) NOT NULL default '',
  `hechtepost` varchar(250) NOT NULL default '',
  `eisflaeche` varchar(250) NOT NULL default '',
  `spielerbank` varchar(250) NOT NULL default '',
  `transparente` varchar(250) NOT NULL default '',
  `zustaendig` varchar(250) NOT NULL default '',
  `stand` varchar(250) NOT NULL default '',
  `infos` text NOT NULL,
  `prioritaet` int(11) NOT NULL default '0',
  PRIMARY KEY  (`id`)
) TYPE=MyISAM AUTO_INCREMENT=1 ;

--
-- Daten für Tabelle `tabellesponsoren`
--


-- --------------------------------------------------------

--
-- Tabellenstruktur für Tabelle `tippspiel`
--

CREATE TABLE IF NOT EXISTS `tippspiel` (
  `id` int(11) NOT NULL auto_increment,
  `galeriekatde` varchar(250) NOT NULL default '',
  `galeriekatit` varchar(250) NOT NULL default '',
  PRIMARY KEY  (`id`)
) TYPE=MyISAM AUTO_INCREMENT=1 ;

--
-- Daten für Tabelle `tippspiel`
--


-- --------------------------------------------------------

--
-- Tabellenstruktur für Tabelle `unterkat`
--

CREATE TABLE IF NOT EXISTS `unterkat` (
  `id` int(11) NOT NULL auto_increment,
  `unterkatde` text NOT NULL,
  `unterkatit` text NOT NULL,
  `unterkateng` text NOT NULL,
  `hauptkatid` int(11) NOT NULL default '0',
  `prioritaet` int(11) NOT NULL default '0',
  `punkt` varchar(10) NOT NULL default '',
  `vorschau` varchar(10) NOT NULL default '',
  `shopbez1` int(11) NOT NULL default '0',
  `shopbez2` int(11) NOT NULL default '0',
  `textde` text NOT NULL,
  `textit` text NOT NULL,
  `texteng` text NOT NULL,
  `unterkatfr` varchar(100) NOT NULL default '',
  `textfr` text NOT NULL,
  `owner_id` int(3) NOT NULL default '0',
  `ip` varchar(15) NOT NULL default '',
  `date` datetime NOT NULL default '0000-00-00 00:00:00',
  PRIMARY KEY  (`id`)
) TYPE=MyISAM AUTO_INCREMENT=1 ;

--
-- Daten für Tabelle `unterkat`
--


-- --------------------------------------------------------

--
-- Tabellenstruktur für Tabelle `verschcomb`
--

CREATE TABLE IF NOT EXISTS `verschcomb` (
  `id` int(11) NOT NULL auto_increment,
  `contentid` int(11) NOT NULL default '0',
  `fileid` int(11) NOT NULL default '0',
  `prioritaet` int(11) NOT NULL default '0',
  PRIMARY KEY  (`id`)
) TYPE=MyISAM AUTO_INCREMENT=1 ;

--
-- Daten für Tabelle `verschcomb`
--

