-- http://www.phpmyadmin.net
--
-- Erstellungszeit: 16. März 2009 um 15:48
-- Server Version: 4.0.24
-- PHP-Version: 5.0.3-0.4




--
-- Datenbank: `okinternet4`
--

-- --------------------------------------------------------

--
-- Tabellenstruktur für Tabelle `filecomb`
--

CREATE TABLE `filecomb` (
  `id` int(11) NOT NULL auto_increment,
  `contentid` int(11) NOT NULL default '0',
  `fileid` int(11) NOT NULL default '0',
  `prioritaet` int(11) NOT NULL default '0',
  PRIMARY KEY  (`id`)
) TYPE=MyISAM AUTO_INCREMENT=3 ;

--
-- Daten für Tabelle `filecomb`
--


-- --------------------------------------------------------

--
-- Tabellenstruktur für Tabelle `filegalerie`
--

CREATE TABLE `filegalerie` (
  `id` int(11) NOT NULL auto_increment,
  `textde` varchar(200) NOT NULL default '',
  `textit` varchar(200) NOT NULL default '',
  `texteng` varchar(200) NOT NULL default '',
  `file` varchar(100) NOT NULL default '',
  `filekat` varchar(100) NOT NULL default '',
  `prioritaet` int(11) NOT NULL default '0',
  `textfr` varchar(250) NOT NULL default '',
  PRIMARY KEY  (`id`)
) TYPE=MyISAM AUTO_INCREMENT=2 ;

--
-- Daten für Tabelle `filegalerie`
--

INSERT INTO `filegalerie` VALUES(1, '3 Zimmer Wohnung am Gardasee - Download Datenblatt', '', '', 'view.pdf', '1', 1, '');

-- --------------------------------------------------------

--
-- Tabellenstruktur für Tabelle `filekat`
--

CREATE TABLE `filekat` (
  `id` int(11) NOT NULL auto_increment,
  `filekatde` varchar(50) NOT NULL default '',
  `filekatit` varchar(50) NOT NULL default '',
  `filekateng` varchar(50) NOT NULL default '',
  `filekatfr` varchar(255) NOT NULL default '',
  `prioritaet` int(11) NOT NULL default '0',
  `online` int(1) NOT NULL default '0',
  PRIMARY KEY  (`id`)
) TYPE=MyISAM AUTO_INCREMENT=3 ;

--
-- Daten für Tabelle `filekat`
--

INSERT INTO `filekat` VALUES(1, 'PDFS - Wohnungen', '', '', '', 1, 0);
INSERT INTO `filekat` VALUES(2, 'PDFS Häuser', '', '', '', 2, 0);

-- --------------------------------------------------------

--
-- Tabellenstruktur für Tabelle `galerie`
--

CREATE TABLE `galerie` (
  `id` int(11) NOT NULL auto_increment,
  `klbild` varchar(100) NOT NULL default '',
  `klbilda` varchar(100) NOT NULL default '',
  `galeriekat` varchar(100) NOT NULL default '',
  `prioritaet` int(11) NOT NULL default '0',
  `bildtextde` varchar(100) NOT NULL default '',
  `bildtextit` varchar(100) NOT NULL default '',
  `bildtexteng` varchar(100) NOT NULL default '',
  `bildtextfr` varchar(100) NOT NULL default '',
  PRIMARY KEY  (`id`)
) TYPE=MyISAM AUTO_INCREMENT=528 ;

--
-- Daten für Tabelle `galerie`
--

INSERT INTO `galerie` VALUES(2, 'bilder-galerie/klgrbild_2.jpg', 'bilder-galerie/klgrbilda_2.jpg', '1', 2, 'Ausstellung in Schloss Fahlburg mit Landeshauptmann Luis Durnwalder', '', '', '');
INSERT INTO `galerie` VALUES(4, 'bilder-galerie/klgrbild_4.jpg', 'bilder-galerie/klgrbilda_4.jpg', '1', 4, 'Sommerakademie in Graz 1993', '', '', '');
INSERT INTO `galerie` VALUES(5, 'bilder-galerie/klgrbild_5.jpg', 'bilder-galerie/klgrbilda_5.jpg', '1', 5, 'Ausstellung in Udine 1999', '', '', '');
INSERT INTO `galerie` VALUES(6, 'bilder-galerie/klgrbild_6.jpg', 'bilder-galerie/klgrbilda_6.jpg', '1', 6, 'Ausstellung in Schloss Fahlburg mit Doris Reiner', '', '', '');
INSERT INTO `galerie` VALUES(7, 'bilder-galerie/klgrbild_7.jpg', 'bilder-galerie/klgrbilda_7.jpg', '1', 7, 'Ausstellung in Schloss Fahlburg mit Silvia Francipane', '', '', '');
INSERT INTO `galerie` VALUES(8, 'bilder-galerie/klgrbild_8.jpg', 'bilder-galerie/klgrbilda_8.jpg', '2', 8, 'Leoparden-Kitz', '', '', '');
INSERT INTO `galerie` VALUES(9, 'bilder-galerie/klgrbild_9.jpg', 'bilder-galerie/klgrbilda_9.jpg', '2', 9, '', '', '', '');
INSERT INTO `galerie` VALUES(10, 'bilder-galerie/klgrbild_10.jpg', 'bilder-galerie/klgrbilda_10.jpg', '2', 10, 'Königstochter Lee aus Südkorea (v.l.n.r.)', '', '', '');
INSERT INTO `galerie` VALUES(11, 'bilder-galerie/klgrbild_11.jpg', 'bilder-galerie/klgrbilda_11.jpg', '2', 11, '', '', '', '');
INSERT INTO `galerie` VALUES(12, 'bilder-galerie/klgrbild_12.jpg', 'bilder-galerie/klgrbilda_12.jpg', '2', 12, 'Haus und Atelier', '', '', '');
INSERT INTO `galerie` VALUES(13, 'bilder-galerie/klgrbild_13.jpg', 'bilder-galerie/klgrbilda_13.jpg', '2', 13, '', '', '', '');
INSERT INTO `galerie` VALUES(14, 'bilder-galerie/klgrbild_14.jpg', 'bilder-galerie/klgrbilda_14.jpg', '2', 14, 'Töchter mit Gedeon Burkhard (Kommissar Rex)', '', '', '');
INSERT INTO `galerie` VALUES(15, 'bilder-galerie/klgrbild_15.jpg', 'bilder-galerie/klgrbilda_15.jpg', '2', 15, 'Töchter Sabrina und Julia', '', '', '');
INSERT INTO `galerie` VALUES(16, 'bilder-galerie/klgrbild_16.jpg', 'bilder-galerie/klgrbilda_16.jpg', '2', 16, '', '', '', '');
INSERT INTO `galerie` VALUES(17, 'bilder-galerie/klgrbild_17.jpg', 'bilder-galerie/klgrbilda_17.jpg', '2', 17, '', '', '', '');
INSERT INTO `galerie` VALUES(18, 'bilder-galerie/klgrbild_18.jpg', 'bilder-galerie/klgrbilda_18.jpg', '2', 18, 'Peter mit den Marathonläufern von Kenia', '', '', '');
INSERT INTO `galerie` VALUES(19, 'bilder-galerie/klgrbild_19.jpg', 'bilder-galerie/klgrbilda_19.jpg', '2', 19, 'Peter Hiegelsperger - Pferd Pluto-Verona und Balthasar Hauser', '', '', '');
INSERT INTO `galerie` VALUES(20, 'bilder-galerie/klgrbild_20.jpg', 'bilder-galerie/klgrbilda_20.jpg', '2', 20, 'Bild Pluto-Verona (beim Stanglwirt) in Kitzbühel', '', '', '');
INSERT INTO `galerie` VALUES(21, 'bilder-galerie/klgrbild_21.jpg', 'bilder-galerie/klgrbilda_21.jpg', '2', 21, '', '', '', '');
INSERT INTO `galerie` VALUES(22, 'bilder-galerie/klgrbild_22.jpg', 'bilder-galerie/klgrbilda_22.jpg', '2', 22, '', '', '', '');
INSERT INTO `galerie` VALUES(23, 'bilder-galerie/klgrbild_23.jpg', 'bilder-galerie/klgrbilda_23.jpg', '2', 23, 'Peter mit Missen im Hotel Oberwirt', '', '', '');
INSERT INTO `galerie` VALUES(24, 'bilder-galerie/klgrbild_24.jpg', 'bilder-galerie/klgrbilda_24.jpg', '2', 24, 'Peter mit Freunden - Ulli Blankenhorn und Sigrid Trojer', '', '', '');
INSERT INTO `galerie` VALUES(25, 'bilder-galerie/klgrbild_25.jpg', 'bilder-galerie/klgrbilda_25.jpg', '2', 25, 'Tiger-Kitz', '', '', '');
INSERT INTO `galerie` VALUES(26, 'bilder-galerie/klgrbild_26.jpg', 'bilder-galerie/klgrbilda_26.jpg', '2', 26, '', '', '', '');
INSERT INTO `galerie` VALUES(27, 'bilder-galerie/klgrbild_27.jpg', 'bilder-galerie/klgrbilda_27.jpg', '2', 27, '', '', '', '');
INSERT INTO `galerie` VALUES(28, 'bilder-galerie/klgrbild_28.jpg', 'bilder-galerie/klgrbilda_28.jpg', '2', 28, 'Bildpräsentation in Wien', '', '', '');
INSERT INTO `galerie` VALUES(29, 'bilder-galerie/klgrbild_29.jpg', 'bilder-galerie/klgrbilda_29.jpg', '2', 29, 'Hermann Maier-Kitz in Kitzbühel', '', '', '');
INSERT INTO `galerie` VALUES(30, 'bilder-galerie/klgrbild_30.jpg', 'bilder-galerie/klgrbilda_30.jpg', '2', 30, 'Mercedes-Kitz', '', '', '');
INSERT INTO `galerie` VALUES(31, 'bilder-galerie/klgrbild_31.jpg', 'bilder-galerie/klgrbilda_31.jpg', '2', 31, '', '', '', '');
INSERT INTO `galerie` VALUES(32, 'bilder-galerie/klgrbild_32.jpg', 'bilder-galerie/klgrbilda_32.jpg', '2', 32, 'Unterwasserausstellung', '', '', '');
INSERT INTO `galerie` VALUES(33, 'bilder-galerie/klgrbild_33.jpg', 'bilder-galerie/klgrbilda_33.jpg', '2', 33, 'Malerischer Konzertabend im Hotel Bäär in Elmau', '', '', '');
INSERT INTO `galerie` VALUES(34, 'bilder-galerie/klgrbild_34.jpg', 'bilder-galerie/klgrbilda_34.jpg', '2', 34, 'Im Atelier zu Hause', '', '', '');
INSERT INTO `galerie` VALUES(35, 'bilder-galerie/klgrbild_35.jpg', 'bilder-galerie/klgrbilda_35.jpg', '2', 35, 'Bayerisches Hofkitz in der Tenne in Kitzbühel', '', '', '');
INSERT INTO `galerie` VALUES(36, 'bilder-galerie/klgrbild_36.jpg', 'bilder-galerie/klgrbilda_36.jpg', '3', 36, 'Peter und Evander Holyfield in London', '', '', '');
INSERT INTO `galerie` VALUES(37, 'bilder-galerie/klgrbild_37.jpg', 'bilder-galerie/klgrbilda_37.jpg', '3', 37, 'Tanzgruppe von Angelika Ebel', '', '', '');
INSERT INTO `galerie` VALUES(38, 'bilder-galerie/klgrbild_38.jpg', 'bilder-galerie/klgrbilda_38.jpg', '3', 38, 'Boxfreunde von Peter', '', '', '');
INSERT INTO `galerie` VALUES(39, 'bilder-galerie/klgrbild_39.jpg', 'bilder-galerie/klgrbilda_39.jpg', '3', 39, '', '', '', '');
INSERT INTO `galerie` VALUES(40, 'bilder-galerie/klgrbild_40.jpg', 'bilder-galerie/klgrbilda_40.jpg', '3', 40, '', '', '', '');
INSERT INTO `galerie` VALUES(41, 'bilder-galerie/klgrbild_41.jpg', 'bilder-galerie/klgrbilda_41.jpg', '3', 41, '', '', '', '');
INSERT INTO `galerie` VALUES(42, 'bilder-galerie/klgrbild_42.jpg', 'bilder-galerie/klgrbilda_42.jpg', '3', 42, 'Peter kriegt eine von Axel in die Fresse', '', '', '');
INSERT INTO `galerie` VALUES(43, 'bilder-galerie/klgrbild_43.jpg', 'bilder-galerie/klgrbilda_43.jpg', '3', 43, 'Showkampf vor 1600 Zuschauern in der Stadthalle Bozen', '', '', '');
INSERT INTO `galerie` VALUES(44, 'bilder-galerie/klgrbild_44.jpg', 'bilder-galerie/klgrbilda_44.jpg', '3', 44, 'Peter zu Hause mit Axel Schulz', '', '', '');
INSERT INTO `galerie` VALUES(45, 'bilder-galerie/klgrbild_45.jpg', 'bilder-galerie/klgrbilda_45.jpg', '3', 45, 'Sven Ottke und Peter', '', '', '');
INSERT INTO `galerie` VALUES(46, 'bilder-galerie/klgrbild_46.jpg', 'bilder-galerie/klgrbilda_46.jpg', '3', 46, 'Peter mit Sven Ottke in Frankfurt', '', '', '');
INSERT INTO `galerie` VALUES(47, 'bilder-galerie/klgrbild_47.jpg', 'bilder-galerie/klgrbilda_47.jpg', '3', 47, 'Peter boxt gegen Axel Schulz in der Stadthalle in Bozen', '', '', '');
INSERT INTO `galerie` VALUES(48, 'bilder-galerie/klgrbild_48.jpg', 'bilder-galerie/klgrbilda_48.jpg', '3', 48, 'Boxkampf Stadthalle Boxen', '', '', '');
INSERT INTO `galerie` VALUES(49, 'bilder-galerie/klgrbild_49.jpg', 'bilder-galerie/klgrbilda_49.jpg', '3', 49, 'Peter mit Boxer Evander Holyfield', '', '', '');
INSERT INTO `galerie` VALUES(50, 'bilder-galerie/klgrbild_50.jpg', 'bilder-galerie/klgrbilda_50.jpg', '3', 50, 'Profiboxer Lenox Lewis', '', '', '');
INSERT INTO `galerie` VALUES(51, 'bilder-galerie/klgrbild_51.jpg', 'bilder-galerie/klgrbilda_51.jpg', '4', 51, 'Peter 1985', '', '', '');
INSERT INTO `galerie` VALUES(52, 'bilder-galerie/klgrbild_52.jpg', 'bilder-galerie/klgrbilda_52.jpg', '4', 52, '', '', '', '');
INSERT INTO `galerie` VALUES(53, 'bilder-galerie/klgrbild_53.jpg', 'bilder-galerie/klgrbilda_53.jpg', '4', 53, 'Vater von Peter', '', '', '');
INSERT INTO `galerie` VALUES(54, 'bilder-galerie/klgrbild_54.jpg', 'bilder-galerie/klgrbilda_54.jpg', '4', 54, '', '', '', '');
INSERT INTO `galerie` VALUES(55, 'bilder-galerie/klgrbild_55.jpg', 'bilder-galerie/klgrbilda_55.jpg', '4', 55, 'Peter beim Bergsteigen', '', '', '');
INSERT INTO `galerie` VALUES(56, 'bilder-galerie/klgrbild_56.jpg', 'bilder-galerie/klgrbilda_56.jpg', '4', 56, '', '', '', '');
INSERT INTO `galerie` VALUES(57, 'bilder-galerie/klgrbild_57.jpg', 'bilder-galerie/klgrbilda_57.jpg', '4', 57, '', '', '', '');
INSERT INTO `galerie` VALUES(58, 'bilder-galerie/klgrbild_58.jpg', 'bilder-galerie/klgrbilda_58.jpg', '4', 58, 'Peter fährt gern Auto', '', '', '');
INSERT INTO `galerie` VALUES(59, 'bilder-galerie/klgrbild_59.jpg', 'bilder-galerie/klgrbilda_59.jpg', '4', 59, '', '', '', '');
INSERT INTO `galerie` VALUES(60, 'bilder-galerie/klgrbild_60.jpg', 'bilder-galerie/klgrbilda_60.jpg', '4', 60, 'Peter beim Gestalten eines Bühnenbildes', '', '', '');
INSERT INTO `galerie` VALUES(61, 'bilder-galerie/klgrbild_61.jpg', 'bilder-galerie/klgrbilda_61.jpg', '4', 61, '', '', '', '');
INSERT INTO `galerie` VALUES(62, 'bilder-galerie/klgrbild_62.jpg', 'bilder-galerie/klgrbilda_62.jpg', '4', 62, 'Peter hält sich fit mit Kickboxen 1983', '', '', '');
INSERT INTO `galerie` VALUES(63, 'bilder-galerie/klgrbild_63.jpg', 'bilder-galerie/klgrbilda_63.jpg', '4', 63, 'Peter mit seinem Vater am Ortler', '', '', '');
INSERT INTO `galerie` VALUES(64, 'bilder-galerie/klgrbild_64.jpg', 'bilder-galerie/klgrbilda_64.jpg', '4', 64, 'Peter mit seiner Honda', '', '', '');
INSERT INTO `galerie` VALUES(65, 'bilder-galerie/klgrbild_65.jpg', 'bilder-galerie/klgrbilda_65.jpg', '4', 65, 'Robert Posch und Peter bei einer Ausstellung in Paris', '', '', '');
INSERT INTO `galerie` VALUES(66, 'bilder-galerie/klgrbild_66.jpg', 'bilder-galerie/klgrbilda_66.jpg', '4', 66, 'Peter beim Skisprung 1982', '', '', '');
INSERT INTO `galerie` VALUES(67, 'bilder-galerie/klgrbild_67.jpg', 'bilder-galerie/klgrbilda_67.jpg', '5', 67, '', '', '', '');
INSERT INTO `galerie` VALUES(68, 'bilder-galerie/klgrbild_68.jpg', 'bilder-galerie/klgrbilda_68.jpg', '5', 68, '', '', '', '');
INSERT INTO `galerie` VALUES(69, 'bilder-galerie/klgrbild_69.jpg', 'bilder-galerie/klgrbilda_69.jpg', '5', 69, '', '', '', '');
INSERT INTO `galerie` VALUES(70, 'bilder-galerie/klgrbild_70.jpg', 'bilder-galerie/klgrbilda_70.jpg', '5', 70, '', '', '', '');
INSERT INTO `galerie` VALUES(71, 'bilder-galerie/klgrbild_71.jpg', 'bilder-galerie/klgrbilda_71.jpg', '5', 71, '', '', '', '');
INSERT INTO `galerie` VALUES(72, 'bilder-galerie/klgrbild_72.jpg', 'bilder-galerie/klgrbilda_72.jpg', '5', 72, '', '', '', '');
INSERT INTO `galerie` VALUES(73, 'bilder-galerie/klgrbild_73.jpg', 'bilder-galerie/klgrbilda_73.jpg', '5', 73, 'Peter gestaltet das Björndalen-Gewehr bei der Olympiade 2006', '', '', '');
INSERT INTO `galerie` VALUES(74, 'bilder-galerie/klgrbild_74.jpg', 'bilder-galerie/klgrbilda_74.jpg', '5', 74, '', '', '', '');
INSERT INTO `galerie` VALUES(75, 'bilder-galerie/klgrbild_75.jpg', 'bilder-galerie/klgrbilda_75.jpg', '5', 75, 'Peter gestaltet den Karl-Valentinsorden von Bayern', '', '', '');
INSERT INTO `galerie` VALUES(76, 'bilder-galerie/klgrbild_76.jpg', 'bilder-galerie/klgrbilda_76.jpg', '5', 76, '', '', '', '');
INSERT INTO `galerie` VALUES(77, 'bilder-galerie/klgrbild_77.jpg', 'bilder-galerie/klgrbilda_77.jpg', '5', 77, '', '', '', '');
INSERT INTO `galerie` VALUES(78, 'bilder-galerie/klgrbild_78.jpg', 'bilder-galerie/klgrbilda_78.jpg', '5', 78, '', '', '', '');
INSERT INTO `galerie` VALUES(79, 'bilder-galerie/klgrbild_79.jpg', 'bilder-galerie/klgrbilda_79.jpg', '5', 79, '', '', '', '');
INSERT INTO `galerie` VALUES(80, 'bilder-galerie/klgrbild_80.jpg', 'bilder-galerie/klgrbilda_80.jpg', '5', 80, '', '', '', '');
INSERT INTO `galerie` VALUES(81, 'bilder-galerie/klgrbild_81.jpg', 'bilder-galerie/klgrbilda_81.jpg', '5', 81, '', '', '', '');
INSERT INTO `galerie` VALUES(82, 'bilder-galerie/klgrbild_82.jpg', 'bilder-galerie/klgrbilda_82.jpg', '5', 82, '', '', '', '');
INSERT INTO `galerie` VALUES(83, 'bilder-galerie/klgrbild_83.jpg', 'bilder-galerie/klgrbilda_83.jpg', '5', 83, '', '', '', '');
INSERT INTO `galerie` VALUES(84, 'bilder-galerie/klgrbild_84.jpg', 'bilder-galerie/klgrbilda_84.jpg', '5', 84, '', '', '', '');
INSERT INTO `galerie` VALUES(85, 'bilder-galerie/klgrbild_85.jpg', 'bilder-galerie/klgrbilda_85.jpg', '5', 85, '', '', '', '');
INSERT INTO `galerie` VALUES(86, 'bilder-galerie/klgrbild_86.jpg', 'bilder-galerie/klgrbilda_86.jpg', '5', 86, 'Ausstellung bei -110°C in der Kältekammer (Bad Hering)', '', '', '');
INSERT INTO `galerie` VALUES(87, 'bilder-galerie/klgrbild_87.jpg', 'bilder-galerie/klgrbilda_87.jpg', '5', 87, '', '', '', '');
INSERT INTO `galerie` VALUES(88, 'bilder-galerie/klgrbild_88.jpg', 'bilder-galerie/klgrbilda_88.jpg', '5', 88, '', '', '', '');
INSERT INTO `galerie` VALUES(89, 'bilder-galerie/klgrbild_89.jpg', 'bilder-galerie/klgrbilda_89.jpg', '5', 89, '', '', '', '');
INSERT INTO `galerie` VALUES(90, 'bilder-galerie/klgrbild_90.jpg', 'bilder-galerie/klgrbilda_90.jpg', '5', 90, '', '', '', '');
INSERT INTO `galerie` VALUES(91, 'bilder-galerie/klgrbild_91.jpg', 'bilder-galerie/klgrbilda_91.jpg', '5', 91, '', '', '', '');
INSERT INTO `galerie` VALUES(92, 'bilder-galerie/klgrbild_92.jpg', 'bilder-galerie/klgrbilda_92.jpg', '5', 92, '', '', '', '');
INSERT INTO `galerie` VALUES(93, 'bilder-galerie/klgrbild_93.jpg', 'bilder-galerie/klgrbilda_93.jpg', '5', 93, '', '', '', '');
INSERT INTO `galerie` VALUES(94, 'bilder-galerie/klgrbild_94.jpg', 'bilder-galerie/klgrbilda_94.jpg', '5', 94, '', '', '', '');
INSERT INTO `galerie` VALUES(95, 'bilder-galerie/klgrbild_95.jpg', 'bilder-galerie/klgrbilda_95.jpg', '5', 95, '', '', '', '');
INSERT INTO `galerie` VALUES(96, 'bilder-galerie/klgrbild_96.jpg', 'bilder-galerie/klgrbilda_96.jpg', '5', 96, '', '', '', '');
INSERT INTO `galerie` VALUES(97, 'bilder-galerie/klgrbild_97.jpg', 'bilder-galerie/klgrbilda_97.jpg', '5', 97, '', '', '', '');
INSERT INTO `galerie` VALUES(98, 'bilder-galerie/klgrbild_98.jpg', 'bilder-galerie/klgrbilda_98.jpg', '5', 98, '', '', '', '');
INSERT INTO `galerie` VALUES(99, 'bilder-galerie/klgrbild_99.jpg', 'bilder-galerie/klgrbilda_99.jpg', '5', 99, '', '', '', '');
INSERT INTO `galerie` VALUES(100, 'bilder-galerie/klgrbild_100.jpg', 'bilder-galerie/klgrbilda_100.jpg', '5', 100, '', '', '', '');
INSERT INTO `galerie` VALUES(101, 'bilder-galerie/klgrbild_101.jpg', 'bilder-galerie/klgrbilda_101.jpg', '5', 101, 'WM St. Anton Skistars signieren das Bild von Peter', '', '', '');
INSERT INTO `galerie` VALUES(102, 'bilder-galerie/klgrbild_102.jpg', 'bilder-galerie/klgrbilda_102.jpg', '5', 102, '', '', '', '');
INSERT INTO `galerie` VALUES(103, 'bilder-galerie/klgrbild_103.jpg', 'bilder-galerie/klgrbilda_103.jpg', '5', 103, '', '', '', '');
INSERT INTO `galerie` VALUES(104, 'bilder-galerie/klgrbild_104.jpg', 'bilder-galerie/klgrbilda_104.jpg', '5', 104, '', '', '', '');
INSERT INTO `galerie` VALUES(105, 'bilder-galerie/klgrbild_105.jpg', 'bilder-galerie/klgrbilda_105.jpg', '5', 105, '', '', '', '');
INSERT INTO `galerie` VALUES(106, 'bilder-galerie/klgrbild_106.jpg', 'bilder-galerie/klgrbilda_106.jpg', '5', 106, '', '', '', '');
INSERT INTO `galerie` VALUES(107, 'bilder-galerie/klgrbild_107.jpg', 'bilder-galerie/klgrbilda_107.jpg', '5', 107, '', '', '', '');
INSERT INTO `galerie` VALUES(108, 'bilder-galerie/klgrbild_108.jpg', 'bilder-galerie/klgrbilda_108.jpg', '5', 108, '', '', '', '');
INSERT INTO `galerie` VALUES(109, 'bilder-galerie/klgrbild_109.jpg', 'bilder-galerie/klgrbilda_109.jpg', '5', 109, '', '', '', '');
INSERT INTO `galerie` VALUES(110, 'bilder-galerie/klgrbild_110.jpg', 'bilder-galerie/klgrbilda_110.jpg', '5', 110, '', '', '', '');
INSERT INTO `galerie` VALUES(111, 'bilder-galerie/klgrbild_111.jpg', 'bilder-galerie/klgrbilda_111.jpg', '5', 111, '', '', '', '');
INSERT INTO `galerie` VALUES(112, 'bilder-galerie/klgrbild_112.jpg', 'bilder-galerie/klgrbilda_112.jpg', '5', 112, '', '', '', '');
INSERT INTO `galerie` VALUES(113, 'bilder-galerie/klgrbild_113.jpg', 'bilder-galerie/klgrbilda_113.jpg', '5', 113, '', '', '', '');
INSERT INTO `galerie` VALUES(114, 'bilder-galerie/klgrbild_114.jpg', 'bilder-galerie/klgrbilda_114.jpg', '5', 114, '', '', '', '');
INSERT INTO `galerie` VALUES(115, 'bilder-galerie/klgrbild_115.jpg', 'bilder-galerie/klgrbilda_115.jpg', '5', 115, '', '', '', '');
INSERT INTO `galerie` VALUES(116, 'bilder-galerie/klgrbild_116.jpg', 'bilder-galerie/klgrbilda_116.jpg', '5', 116, '', '', '', '');
INSERT INTO `galerie` VALUES(117, 'bilder-galerie/klgrbild_117.jpg', 'bilder-galerie/klgrbilda_117.jpg', '5', 117, '', '', '', '');
INSERT INTO `galerie` VALUES(118, 'bilder-galerie/klgrbild_118.jpg', 'bilder-galerie/klgrbilda_118.jpg', '5', 118, '', '', '', '');
INSERT INTO `galerie` VALUES(119, 'bilder-galerie/klgrbild_119.jpg', 'bilder-galerie/klgrbilda_119.jpg', '5', 119, '', '', '', '');
INSERT INTO `galerie` VALUES(120, 'bilder-galerie/klgrbild_120.jpg', 'bilder-galerie/klgrbilda_120.jpg', '5', 120, '', '', '', '');
INSERT INTO `galerie` VALUES(121, 'bilder-galerie/klgrbild_121.jpg', 'bilder-galerie/klgrbilda_121.jpg', '5', 121, '', '', '', '');
INSERT INTO `galerie` VALUES(122, 'bilder-galerie/klgrbild_122.jpg', 'bilder-galerie/klgrbilda_122.jpg', '5', 122, '', '', '', '');
INSERT INTO `galerie` VALUES(123, 'bilder-galerie/klgrbild_123.jpg', 'bilder-galerie/klgrbilda_123.jpg', '5', 123, '', '', '', '');
INSERT INTO `galerie` VALUES(124, 'bilder-galerie/klgrbild_124.jpg', 'bilder-galerie/klgrbilda_124.jpg', '5', 124, '', '', '', '');
INSERT INTO `galerie` VALUES(125, 'bilder-galerie/klgrbild_125.jpg', 'bilder-galerie/klgrbilda_125.jpg', '5', 125, '', '', '', '');
INSERT INTO `galerie` VALUES(126, 'bilder-galerie/klgrbild_126.jpg', 'bilder-galerie/klgrbilda_126.jpg', '5', 126, '', '', '', '');
INSERT INTO `galerie` VALUES(127, 'bilder-galerie/klgrbild_127.jpg', 'bilder-galerie/klgrbilda_127.jpg', '5', 127, '', '', '', '');
INSERT INTO `galerie` VALUES(128, 'bilder-galerie/klgrbild_128.jpg', 'bilder-galerie/klgrbilda_128.jpg', '5', 128, '', '', '', '');
INSERT INTO `galerie` VALUES(129, 'bilder-galerie/klgrbild_129.jpg', 'bilder-galerie/klgrbilda_129.jpg', '5', 129, '', '', '', '');
INSERT INTO `galerie` VALUES(130, 'bilder-galerie/klgrbild_130.jpg', 'bilder-galerie/klgrbilda_130.jpg', '5', 130, '', '', '', '');
INSERT INTO `galerie` VALUES(131, 'bilder-galerie/klgrbild_131.jpg', 'bilder-galerie/klgrbilda_131.jpg', '5', 131, '', '', '', '');
INSERT INTO `galerie` VALUES(132, 'bilder-galerie/klgrbild_132.jpg', 'bilder-galerie/klgrbilda_132.jpg', '5', 132, '', '', '', '');
INSERT INTO `galerie` VALUES(133, 'bilder-galerie/klgrbild_133.jpg', 'bilder-galerie/klgrbilda_133.jpg', '5', 133, '', '', '', '');
INSERT INTO `galerie` VALUES(134, 'bilder-galerie/klgrbild_134.jpg', 'bilder-galerie/klgrbilda_134.jpg', '5', 134, '', '', '', '');
INSERT INTO `galerie` VALUES(135, 'bilder-galerie/klgrbild_135.jpg', 'bilder-galerie/klgrbilda_135.jpg', '5', 135, '', '', '', '');
INSERT INTO `galerie` VALUES(136, 'bilder-galerie/klgrbild_136.jpg', 'bilder-galerie/klgrbilda_136.jpg', '5', 136, '', '', '', '');
INSERT INTO `galerie` VALUES(137, 'bilder-galerie/klgrbild_137.jpg', 'bilder-galerie/klgrbilda_137.jpg', '5', 137, '', '', '', '');
INSERT INTO `galerie` VALUES(138, 'bilder-galerie/klgrbild_138.jpg', 'bilder-galerie/klgrbilda_138.jpg', '5', 138, '', '', '', '');
INSERT INTO `galerie` VALUES(139, 'bilder-galerie/klgrbild_139.jpg', 'bilder-galerie/klgrbilda_139.jpg', '5', 139, '', '', '', '');
INSERT INTO `galerie` VALUES(140, 'bilder-galerie/klgrbild_140.jpg', 'bilder-galerie/klgrbilda_140.jpg', '5', 140, '', '', '', '');
INSERT INTO `galerie` VALUES(141, 'bilder-galerie/klgrbild_141.jpg', 'bilder-galerie/klgrbilda_141.jpg', '5', 141, '', '', '', '');
INSERT INTO `galerie` VALUES(142, 'bilder-galerie/klgrbild_142.jpg', 'bilder-galerie/klgrbilda_142.jpg', '5', 142, '', '', '', '');
INSERT INTO `galerie` VALUES(143, 'bilder-galerie/klgrbild_143.jpg', 'bilder-galerie/klgrbilda_143.jpg', '5', 143, '', '', '', '');
INSERT INTO `galerie` VALUES(144, 'bilder-galerie/klgrbild_144.jpg', 'bilder-galerie/klgrbilda_144.jpg', '5', 144, '', '', '', '');
INSERT INTO `galerie` VALUES(145, 'bilder-galerie/klgrbild_145.jpg', 'bilder-galerie/klgrbilda_145.jpg', '5', 145, '', '', '', '');
INSERT INTO `galerie` VALUES(146, 'bilder-galerie/klgrbild_146.jpg', 'bilder-galerie/klgrbilda_146.jpg', '5', 146, 'Peter gestaltet das Biathlonplakat (WM 2000) IBU', '', '', '');
INSERT INTO `galerie` VALUES(147, 'bilder-galerie/klgrbild_147.jpg', 'bilder-galerie/klgrbilda_147.jpg', '5', 147, '', '', '', '');
INSERT INTO `galerie` VALUES(148, 'bilder-galerie/klgrbild_148.jpg', 'bilder-galerie/klgrbilda_148.jpg', '5', 148, 'Gewinnspiel Hahnenkamm Kitzbühel', '', '', '');
INSERT INTO `galerie` VALUES(149, 'bilder-galerie/klgrbild_149.jpg', 'bilder-galerie/klgrbilda_149.jpg', '5', 149, '', '', '', '');
INSERT INTO `galerie` VALUES(150, 'bilder-galerie/klgrbild_150.jpg', 'bilder-galerie/klgrbilda_150.jpg', '5', 150, '', '', '', '');
INSERT INTO `galerie` VALUES(151, 'bilder-galerie/klgrbild_151.jpg', 'bilder-galerie/klgrbilda_151.jpg', '5', 151, 'Peter mit dem Tiger im Nacken', '', '', '');
INSERT INTO `galerie` VALUES(152, 'bilder-galerie/klgrbild_152.jpg', 'bilder-galerie/klgrbilda_152.jpg', '5', 152, 'Mister Südtirol Over 40 (3.Platz)', '', '', '');
INSERT INTO `galerie` VALUES(153, 'bilder-galerie/klgrbild_153.jpg', 'bilder-galerie/klgrbilda_153.jpg', '5', 153, 'Olympia-Bild von Salt Lake City 2002 mit Kunstwerk Hiegelsperger', '', '', '');
INSERT INTO `galerie` VALUES(154, 'bilder-galerie/klgrbild_154.jpg', 'bilder-galerie/klgrbilda_154.jpg', '5', 154, 'Ex-Bundespräsident Thomas Klestil', '', '', '');
INSERT INTO `galerie` VALUES(155, 'bilder-galerie/klgrbild_155.jpg', 'bilder-galerie/klgrbilda_155.jpg', '5', 155, '', '', '', '');
INSERT INTO `galerie` VALUES(156, 'bilder-galerie/klgrbild_156.jpg', 'bilder-galerie/klgrbilda_156.jpg', '5', 156, '', '', '', '');
INSERT INTO `galerie` VALUES(157, 'bilder-galerie/klgrbild_157.jpg', 'bilder-galerie/klgrbilda_157.jpg', '5', 157, 'Königin Silvia aus Schweden signiert das Kunstwerk auf der Expo 2000', '', '', '');
INSERT INTO `galerie` VALUES(158, 'bilder-galerie/klgrbild_158.jpg', 'bilder-galerie/klgrbilda_158.jpg', '5', 158, 'Bei der Fußball-WM mit Michael Ballack', '', '', '');
INSERT INTO `galerie` VALUES(161, 'bilder-galerie/bigbild_161.jpg', '', '6', 161, '', '', '', '');
INSERT INTO `galerie` VALUES(163, 'bilder-galerie/klgrbild_163.jpg', 'bilder-galerie/klgrbilda_163.jpg', '7', 163, 'Bild 83', '', '', '');
INSERT INTO `galerie` VALUES(164, 'bilder-galerie/klgrbild_164.jpg', 'bilder-galerie/klgrbilda_164.jpg', '7', 164, 'Bild 82', '', '', '');
INSERT INTO `galerie` VALUES(165, 'bilder-galerie/klgrbild_165.jpg', 'bilder-galerie/klgrbilda_165.jpg', '7', 165, 'Bild 81', '', '', '');
INSERT INTO `galerie` VALUES(166, 'bilder-galerie/klgrbild_166.jpg', 'bilder-galerie/klgrbilda_166.jpg', '7', 166, 'Bild 80', '', '', '');
INSERT INTO `galerie` VALUES(167, 'bilder-galerie/klgrbild_167.jpg', 'bilder-galerie/klgrbilda_167.jpg', '7', 167, 'Bild 79', '', '', '');
INSERT INTO `galerie` VALUES(168, 'bilder-galerie/klgrbild_168.jpg', 'bilder-galerie/klgrbilda_168.jpg', '7', 168, 'Bild 78', '', '', '');
INSERT INTO `galerie` VALUES(169, 'bilder-galerie/klgrbild_169.jpg', 'bilder-galerie/klgrbilda_169.jpg', '7', 169, 'Bild 77', '', '', '');
INSERT INTO `galerie` VALUES(170, 'bilder-galerie/klgrbild_170.jpg', 'bilder-galerie/klgrbilda_170.jpg', '7', 170, 'Bild 76', '', '', '');
INSERT INTO `galerie` VALUES(171, 'bilder-galerie/klgrbild_171.jpg', 'bilder-galerie/klgrbilda_171.jpg', '7', 171, 'Bild 75', '', '', '');
INSERT INTO `galerie` VALUES(172, 'bilder-galerie/klgrbild_172.jpg', 'bilder-galerie/klgrbilda_172.jpg', '7', 172, 'Bild 74', '', '', '');
INSERT INTO `galerie` VALUES(173, 'bilder-galerie/klgrbild_173.jpg', 'bilder-galerie/klgrbilda_173.jpg', '7', 173, 'Bild 73', '', '', '');
INSERT INTO `galerie` VALUES(174, 'bilder-galerie/klgrbild_174.jpg', 'bilder-galerie/klgrbilda_174.jpg', '7', 174, 'Bild 72', '', '', '');
INSERT INTO `galerie` VALUES(175, 'bilder-galerie/klgrbild_175.jpg', 'bilder-galerie/klgrbilda_175.jpg', '7', 175, 'Bild 71', '', '', '');
INSERT INTO `galerie` VALUES(176, 'bilder-galerie/klgrbild_176.jpg', 'bilder-galerie/klgrbilda_176.jpg', '7', 176, 'Bild 70', '', '', '');
INSERT INTO `galerie` VALUES(177, 'bilder-galerie/klgrbild_177.jpg', 'bilder-galerie/klgrbilda_177.jpg', '7', 177, 'Bild 69', '', '', '');
INSERT INTO `galerie` VALUES(178, 'bilder-galerie/klgrbild_178.jpg', 'bilder-galerie/klgrbilda_178.jpg', '7', 178, 'Bild 68', '', '', '');
INSERT INTO `galerie` VALUES(179, 'bilder-galerie/klgrbild_179.jpg', 'bilder-galerie/klgrbilda_179.jpg', '7', 179, 'Bild 67', '', '', '');
INSERT INTO `galerie` VALUES(180, 'bilder-galerie/klgrbild_180.jpg', 'bilder-galerie/klgrbilda_180.jpg', '7', 180, 'Bild 66', '', '', '');
INSERT INTO `galerie` VALUES(181, 'bilder-galerie/klgrbild_181.jpg', 'bilder-galerie/klgrbilda_181.jpg', '7', 181, 'Bild 65', '', '', '');
INSERT INTO `galerie` VALUES(182, 'bilder-galerie/klgrbild_182.jpg', 'bilder-galerie/klgrbilda_182.jpg', '7', 182, 'Bild 64', '', '', '');
INSERT INTO `galerie` VALUES(183, 'bilder-galerie/klgrbild_183.jpg', 'bilder-galerie/klgrbilda_183.jpg', '7', 183, 'Bild 63', '', '', '');
INSERT INTO `galerie` VALUES(184, 'bilder-galerie/klgrbild_184.jpg', 'bilder-galerie/klgrbilda_184.jpg', '7', 184, 'Bild 62', '', '', '');
INSERT INTO `galerie` VALUES(185, 'bilder-galerie/klgrbild_185.jpg', 'bilder-galerie/klgrbilda_185.jpg', '7', 185, 'Bild 61', '', '', '');
INSERT INTO `galerie` VALUES(186, 'bilder-galerie/klgrbild_186.jpg', 'bilder-galerie/klgrbilda_186.jpg', '7', 186, 'Bild 60', '', '', '');
INSERT INTO `galerie` VALUES(187, 'bilder-galerie/klgrbild_187.jpg', 'bilder-galerie/klgrbilda_187.jpg', '7', 187, 'Bild 59', '', '', '');
INSERT INTO `galerie` VALUES(188, 'bilder-galerie/klgrbild_188.jpg', 'bilder-galerie/klgrbilda_188.jpg', '7', 188, 'Bild 58', '', '', '');
INSERT INTO `galerie` VALUES(189, 'bilder-galerie/klgrbild_189.jpg', 'bilder-galerie/klgrbilda_189.jpg', '7', 189, 'Bild 57', '', '', '');
INSERT INTO `galerie` VALUES(190, 'bilder-galerie/klgrbild_190.jpg', 'bilder-galerie/klgrbilda_190.jpg', '7', 190, 'Bild 56', '', '', '');
INSERT INTO `galerie` VALUES(191, 'bilder-galerie/klgrbild_191.jpg', 'bilder-galerie/klgrbilda_191.jpg', '7', 191, 'Bild 55', '', '', '');
INSERT INTO `galerie` VALUES(192, 'bilder-galerie/klgrbild_192.jpg', 'bilder-galerie/klgrbilda_192.jpg', '7', 192, 'Bild 54', '', '', '');
INSERT INTO `galerie` VALUES(194, 'bilder-galerie/klgrbild_194.jpg', 'bilder-galerie/klgrbilda_194.jpg', '7', 194, 'Bild 53', '', '', '');
INSERT INTO `galerie` VALUES(195, 'bilder-galerie/klgrbild_195.jpg', 'bilder-galerie/klgrbilda_195.jpg', '7', 195, 'Bild 52', '', '', '');
INSERT INTO `galerie` VALUES(196, 'bilder-galerie/klgrbild_196.jpg', 'bilder-galerie/klgrbilda_196.jpg', '7', 196, 'Bild 51', '', '', '');
INSERT INTO `galerie` VALUES(197, 'bilder-galerie/klgrbild_197.jpg', 'bilder-galerie/klgrbilda_197.jpg', '7', 197, 'Bild 50', '', '', '');
INSERT INTO `galerie` VALUES(198, 'bilder-galerie/klgrbild_198.jpg', 'bilder-galerie/klgrbilda_198.jpg', '7', 198, 'Bild 49', '', '', '');
INSERT INTO `galerie` VALUES(199, 'bilder-galerie/klgrbild_199.jpg', 'bilder-galerie/klgrbilda_199.jpg', '7', 199, 'Bild 48', '', '', '');
INSERT INTO `galerie` VALUES(200, 'bilder-galerie/klgrbild_200.jpg', 'bilder-galerie/klgrbilda_200.jpg', '7', 200, 'Bild 47', '', '', '');
INSERT INTO `galerie` VALUES(201, 'bilder-galerie/klgrbild_201.jpg', 'bilder-galerie/klgrbilda_201.jpg', '7', 201, 'Bild 46', '', '', '');
INSERT INTO `galerie` VALUES(202, 'bilder-galerie/klgrbild_202.jpg', 'bilder-galerie/klgrbilda_202.jpg', '7', 202, 'Bild 45', '', '', '');
INSERT INTO `galerie` VALUES(203, 'bilder-galerie/klgrbild_203.jpg', 'bilder-galerie/klgrbilda_203.jpg', '7', 203, 'Bild 44', '', '', '');
INSERT INTO `galerie` VALUES(204, 'bilder-galerie/klgrbild_204.jpg', 'bilder-galerie/klgrbilda_204.jpg', '7', 204, 'Bild 43', '', '', '');
INSERT INTO `galerie` VALUES(205, 'bilder-galerie/klgrbild_205.jpg', 'bilder-galerie/klgrbilda_205.jpg', '7', 205, 'Bild 42', '', '', '');
INSERT INTO `galerie` VALUES(206, 'bilder-galerie/klgrbild_206.jpg', 'bilder-galerie/klgrbilda_206.jpg', '7', 206, 'Bild 41', '', '', '');
INSERT INTO `galerie` VALUES(207, 'bilder-galerie/klgrbild_207.jpg', 'bilder-galerie/klgrbilda_207.jpg', '7', 207, 'Bild 40', '', '', '');
INSERT INTO `galerie` VALUES(208, 'bilder-galerie/klgrbild_208.jpg', 'bilder-galerie/klgrbilda_208.jpg', '7', 208, 'Bild 39', '', '', '');
INSERT INTO `galerie` VALUES(209, 'bilder-galerie/klgrbild_209.jpg', 'bilder-galerie/klgrbilda_209.jpg', '7', 209, 'Bild 38', '', '', '');
INSERT INTO `galerie` VALUES(210, 'bilder-galerie/klgrbild_210.jpg', 'bilder-galerie/klgrbilda_210.jpg', '7', 210, 'Bild 37', '', '', '');
INSERT INTO `galerie` VALUES(211, 'bilder-galerie/klgrbild_211.jpg', 'bilder-galerie/klgrbilda_211.jpg', '7', 211, 'Bild 36', '', '', '');
INSERT INTO `galerie` VALUES(212, 'bilder-galerie/klgrbild_212.jpg', 'bilder-galerie/klgrbilda_212.jpg', '7', 212, 'Bild 35', '', '', '');
INSERT INTO `galerie` VALUES(213, 'bilder-galerie/klgrbild_213.jpg', 'bilder-galerie/klgrbilda_213.jpg', '7', 213, ' Bild 34', '', '', '');
INSERT INTO `galerie` VALUES(214, 'bilder-galerie/klgrbild_214.jpg', 'bilder-galerie/klgrbilda_214.jpg', '7', 214, 'Bild 33', '', '', '');
INSERT INTO `galerie` VALUES(215, 'bilder-galerie/klgrbild_215.jpg', 'bilder-galerie/klgrbilda_215.jpg', '7', 215, 'Bild 32', '', '', '');
INSERT INTO `galerie` VALUES(216, 'bilder-galerie/klgrbild_216.jpg', 'bilder-galerie/klgrbilda_216.jpg', '7', 216, 'Bild 31', '', '', '');
INSERT INTO `galerie` VALUES(217, 'bilder-galerie/klgrbild_217.jpg', 'bilder-galerie/klgrbilda_217.jpg', '7', 217, 'Bild 30', '', '', '');
INSERT INTO `galerie` VALUES(218, 'bilder-galerie/klgrbild_218.jpg', 'bilder-galerie/klgrbilda_218.jpg', '7', 218, 'Bild 29', '', '', '');
INSERT INTO `galerie` VALUES(219, 'bilder-galerie/klgrbild_219.jpg', 'bilder-galerie/klgrbilda_219.jpg', '7', 219, 'Bild 27', '', '', '');
INSERT INTO `galerie` VALUES(220, 'bilder-galerie/klgrbild_220.jpg', 'bilder-galerie/klgrbilda_220.jpg', '7', 220, 'Bild 26', '', '', '');
INSERT INTO `galerie` VALUES(221, 'bilder-galerie/klgrbild_221.jpg', 'bilder-galerie/klgrbilda_221.jpg', '7', 221, '', '', '', '');
INSERT INTO `galerie` VALUES(222, 'bilder-galerie/klgrbild_222.jpg', 'bilder-galerie/klgrbilda_222.jpg', '7', 222, 'Froschkönig Nr. 24', '', '', '');
INSERT INTO `galerie` VALUES(223, 'bilder-galerie/klgrbild_223.jpg', 'bilder-galerie/klgrbilda_223.jpg', '7', 223, 'Froschkönig Nr. 23', '', '', '');
INSERT INTO `galerie` VALUES(224, 'bilder-galerie/klgrbild_224.jpg', 'bilder-galerie/klgrbilda_224.jpg', '7', 224, 'Froschkönig Nr. 22', '', '', '');
INSERT INTO `galerie` VALUES(225, 'bilder-galerie/klgrbild_225.jpg', 'bilder-galerie/klgrbilda_225.jpg', '7', 225, 'Jaguar drohend Nr. 21', '', '', '');
INSERT INTO `galerie` VALUES(226, 'bilder-galerie/klgrbild_226.jpg', 'bilder-galerie/klgrbilda_226.jpg', '7', 226, 'Bild 20', '', '', '');
INSERT INTO `galerie` VALUES(227, 'bilder-galerie/klgrbild_227.jpg', 'bilder-galerie/klgrbilda_227.jpg', '7', 227, 'Bild 19', '', '', '');
INSERT INTO `galerie` VALUES(228, 'bilder-galerie/klgrbild_228.jpg', 'bilder-galerie/klgrbilda_228.jpg', '7', 228, 'Bild 18', '', '', '');
INSERT INTO `galerie` VALUES(229, 'bilder-galerie/klgrbild_229.jpg', 'bilder-galerie/klgrbilda_229.jpg', '7', 229, 'Elefantenmotiv auf Leinwand mit Sand Nr. 17', '', '', '');
INSERT INTO `galerie` VALUES(230, 'bilder-galerie/klgrbild_230.jpg', 'bilder-galerie/klgrbilda_230.jpg', '7', 230, 'Zuckermotive der Brauerei Forst 2009', '', '', '');
INSERT INTO `galerie` VALUES(231, 'bilder-galerie/klgrbild_231.jpg', 'bilder-galerie/klgrbilda_231.jpg', '7', 231, 'Foto Bild Collage Nr.15', '', '', '');
INSERT INTO `galerie` VALUES(232, 'bilder-galerie/klgrbild_232.jpg', 'bilder-galerie/klgrbilda_232.jpg', '7', 232, 'Bild 14', '', '', '');
INSERT INTO `galerie` VALUES(233, 'bilder-galerie/klgrbild_233.jpg', 'bilder-galerie/klgrbilda_233.jpg', '7', 233, 'Bild 13', '', '', '');
INSERT INTO `galerie` VALUES(234, 'bilder-galerie/klgrbild_234.jpg', 'bilder-galerie/klgrbilda_234.jpg', '7', 234, 'Bild 12', '', '', '');
INSERT INTO `galerie` VALUES(235, 'bilder-galerie/klgrbild_235.jpg', 'bilder-galerie/klgrbilda_235.jpg', '7', 235, 'Nr. 11', '', '', '');
INSERT INTO `galerie` VALUES(236, 'bilder-galerie/klgrbild_236.jpg', 'bilder-galerie/klgrbilda_236.jpg', '7', 236, 'Bild 10', '', '', '');
INSERT INTO `galerie` VALUES(237, 'bilder-galerie/klgrbild_237.jpg', 'bilder-galerie/klgrbilda_237.jpg', '7', 237, 'Bild 09', '', '', '');
INSERT INTO `galerie` VALUES(238, 'bilder-galerie/klgrbild_238.jpg', 'bilder-galerie/klgrbilda_238.jpg', '7', 238, 'Bild 08', '', '', '');
INSERT INTO `galerie` VALUES(239, 'bilder-galerie/klgrbild_239.jpg', 'bilder-galerie/klgrbilda_239.jpg', '7', 239, 'Bild 07', '', '', '');
INSERT INTO `galerie` VALUES(240, 'bilder-galerie/klgrbild_240.jpg', 'bilder-galerie/klgrbilda_240.jpg', '7', 240, 'Peter Hiegelsperger gestaltet 22 LKW´s von GRT', '', '', '');
INSERT INTO `galerie` VALUES(241, 'bilder-galerie/klgrbild_241.jpg', 'bilder-galerie/klgrbilda_241.jpg', '7', 241, 'Bild 05', '', '', '');
INSERT INTO `galerie` VALUES(242, 'bilder-galerie/klgrbild_242.jpg', 'bilder-galerie/klgrbilda_242.jpg', '7', 242, 'Bild 04', '', '', '');
INSERT INTO `galerie` VALUES(243, 'bilder-galerie/klgrbild_243.jpg', 'bilder-galerie/klgrbilda_243.jpg', '7', 243, 'Bild 03', '', '', '');
INSERT INTO `galerie` VALUES(244, 'bilder-galerie/klgrbild_244.jpg', 'bilder-galerie/klgrbilda_244.jpg', '7', 244, 'Pferde 02', '', '', '');
INSERT INTO `galerie` VALUES(245, 'bilder-galerie/klgrbild_245.jpg', 'bilder-galerie/klgrbilda_245.jpg', '7', 245, 'Antenor Haflinger 01', '', '', '');
INSERT INTO `galerie` VALUES(350, 'bilder-galerie/klgrbild_350.jpg', 'bilder-galerie/klgrbilda_350.jpg', '8', 350, '25', '', '', '');
INSERT INTO `galerie` VALUES(439, 'bilder-galerie/klgrbild_439.jpg', 'bilder-galerie/klgrbilda_439.jpg', '9', 439, 'Peter boxt gegen Axel Schulz in der Stadthalle Bozen (Showkampf)', '', '', '');
INSERT INTO `galerie` VALUES(440, 'bilder-galerie/klgrbild_440.jpg', 'bilder-galerie/klgrbilda_440.jpg', '9', 440, '...mit Axel Schulz in Prissian', '', '', '');
INSERT INTO `galerie` VALUES(441, 'bilder-galerie/klgrbild_441.jpg', 'bilder-galerie/klgrbilda_441.jpg', '9', 441, '...mit Weltmeister Sven Ottke', '', '', '');
INSERT INTO `galerie` VALUES(442, 'bilder-galerie/klgrbild_442.jpg', 'bilder-galerie/klgrbilda_442.jpg', '9', 442, '...mit Lenox Lewis (Boxschwergewichtler)', '', '', '');
INSERT INTO `galerie` VALUES(251, 'bilder-galerie/klgrbild_251.jpg', 'bilder-galerie/klgrbilda_251.jpg', '10', 251, '', '', '', '');
INSERT INTO `galerie` VALUES(252, 'bilder-galerie/klgrbild_252.jpg', 'bilder-galerie/klgrbilda_252.jpg', '10', 252, '', '', '', '');
INSERT INTO `galerie` VALUES(253, 'bilder-galerie/klgrbild_253.jpg', 'bilder-galerie/klgrbilda_253.jpg', '10', 253, '', '', '', '');
INSERT INTO `galerie` VALUES(254, 'bilder-galerie/klgrbild_254.jpg', 'bilder-galerie/klgrbilda_254.jpg', '10', 254, '', '', '', '');
INSERT INTO `galerie` VALUES(255, 'bilder-galerie/klgrbild_255.jpg', 'bilder-galerie/klgrbilda_255.jpg', '10', 255, '', '', '', '');
INSERT INTO `galerie` VALUES(256, 'bilder-galerie/klgrbild_256.jpg', 'bilder-galerie/klgrbilda_256.jpg', '10', 256, '', '', '', '');
INSERT INTO `galerie` VALUES(257, 'bilder-galerie/klgrbild_257.jpg', 'bilder-galerie/klgrbilda_257.jpg', '10', 257, 'Acryl auf Leinwand 90x120', '', '', '');
INSERT INTO `galerie` VALUES(258, 'bilder-galerie/klgrbild_258.jpg', 'bilder-galerie/klgrbilda_258.jpg', '10', 258, '', '', '', '');
INSERT INTO `galerie` VALUES(259, 'bilder-galerie/klgrbild_259.jpg', 'bilder-galerie/klgrbilda_259.jpg', '10', 259, '', '', '', '');
INSERT INTO `galerie` VALUES(260, 'bilder-galerie/klgrbild_260.jpg', 'bilder-galerie/klgrbilda_260.jpg', '10', 260, '', '', '', '');
INSERT INTO `galerie` VALUES(261, 'bilder-galerie/klgrbild_261.jpg', 'bilder-galerie/klgrbilda_261.jpg', '10', 261, '', '', '', '');
INSERT INTO `galerie` VALUES(262, 'bilder-galerie/klgrbild_262.jpg', 'bilder-galerie/klgrbilda_262.jpg', '10', 262, '', '', '', '');
INSERT INTO `galerie` VALUES(263, 'bilder-galerie/klgrbild_263.jpg', 'bilder-galerie/klgrbilda_263.jpg', '10', 263, '', '', '', '');
INSERT INTO `galerie` VALUES(264, 'bilder-galerie/klgrbild_264.jpg', 'bilder-galerie/klgrbilda_264.jpg', '10', 264, 'Acryl auf Leinwand 80x120 mit Sand', '', '', '');
INSERT INTO `galerie` VALUES(265, 'bilder-galerie/klgrbild_265.jpg', 'bilder-galerie/klgrbilda_265.jpg', '10', 265, '', '', '', '');
INSERT INTO `galerie` VALUES(266, 'bilder-galerie/klgrbild_266.jpg', 'bilder-galerie/klgrbilda_266.jpg', '10', 266, '', '', '', '');
INSERT INTO `galerie` VALUES(267, 'bilder-galerie/klgrbild_267.jpg', 'bilder-galerie/klgrbilda_267.jpg', '10', 267, 'Acryl auf Leinwand 80x120', '', '', '');
INSERT INTO `galerie` VALUES(268, 'bilder-galerie/klgrbild_268.jpg', 'bilder-galerie/klgrbilda_268.jpg', '11', 268, '18', '', '', '');
INSERT INTO `galerie` VALUES(269, 'bilder-galerie/klgrbild_269.jpg', 'bilder-galerie/klgrbilda_269.jpg', '11', 269, '17', '', '', '');
INSERT INTO `galerie` VALUES(270, 'bilder-galerie/klgrbild_270.jpg', 'bilder-galerie/klgrbilda_270.jpg', '11', 270, '16', '', '', '');
INSERT INTO `galerie` VALUES(271, 'bilder-galerie/klgrbild_271.jpg', 'bilder-galerie/klgrbilda_271.jpg', '11', 271, '15', '', '', '');
INSERT INTO `galerie` VALUES(272, 'bilder-galerie/klgrbild_272.jpg', 'bilder-galerie/klgrbilda_272.jpg', '11', 272, '14', '', '', '');
INSERT INTO `galerie` VALUES(273, 'bilder-galerie/klgrbild_273.jpg', 'bilder-galerie/klgrbilda_273.jpg', '11', 273, '13', '', '', '');
INSERT INTO `galerie` VALUES(274, 'bilder-galerie/klgrbild_274.jpg', 'bilder-galerie/klgrbilda_274.jpg', '11', 274, '12', '', '', '');
INSERT INTO `galerie` VALUES(275, 'bilder-galerie/klgrbild_275.jpg', 'bilder-galerie/klgrbilda_275.jpg', '11', 275, '11', '', '', '');
INSERT INTO `galerie` VALUES(276, 'bilder-galerie/klgrbild_276.jpg', 'bilder-galerie/klgrbilda_276.jpg', '11', 276, '10', '', '', '');
INSERT INTO `galerie` VALUES(277, 'bilder-galerie/klgrbild_277.jpg', 'bilder-galerie/klgrbilda_277.jpg', '11', 277, '09', '', '', '');
INSERT INTO `galerie` VALUES(278, 'bilder-galerie/klgrbild_278.jpg', 'bilder-galerie/klgrbilda_278.jpg', '11', 278, '08', '', '', '');
INSERT INTO `galerie` VALUES(279, 'bilder-galerie/klgrbild_279.jpg', 'bilder-galerie/klgrbilda_279.jpg', '11', 279, '07', '', '', '');
INSERT INTO `galerie` VALUES(280, 'bilder-galerie/klgrbild_280.jpg', 'bilder-galerie/klgrbilda_280.jpg', '11', 280, '', '', '', '');
INSERT INTO `galerie` VALUES(281, 'bilder-galerie/klgrbild_281.jpg', 'bilder-galerie/klgrbilda_281.jpg', '11', 281, '05', '', '', '');
INSERT INTO `galerie` VALUES(282, 'bilder-galerie/klgrbild_282.jpg', 'bilder-galerie/klgrbilda_282.jpg', '11', 282, '04', '', '', '');
INSERT INTO `galerie` VALUES(283, 'bilder-galerie/klgrbild_283.jpg', 'bilder-galerie/klgrbilda_283.jpg', '11', 283, '03', '', '', '');
INSERT INTO `galerie` VALUES(284, 'bilder-galerie/klgrbild_284.jpg', 'bilder-galerie/klgrbilda_284.jpg', '11', 284, '02', '', '', '');
INSERT INTO `galerie` VALUES(285, 'bilder-galerie/klgrbild_285.jpg', 'bilder-galerie/klgrbilda_285.jpg', '11', 285, 'Bild 01', '', '', '');
INSERT INTO `galerie` VALUES(286, 'bilder-galerie/klgrbild_286.jpg', 'bilder-galerie/klgrbilda_286.jpg', '12', 286, '20', '', '', '');
INSERT INTO `galerie` VALUES(287, 'bilder-galerie/klgrbild_287.jpg', 'bilder-galerie/klgrbilda_287.jpg', '12', 287, '19', '', '', '');
INSERT INTO `galerie` VALUES(288, 'bilder-galerie/klgrbild_288.jpg', 'bilder-galerie/klgrbilda_288.jpg', '12', 288, '18', '', '', '');
INSERT INTO `galerie` VALUES(289, 'bilder-galerie/klgrbild_289.jpg', 'bilder-galerie/klgrbilda_289.jpg', '12', 289, '17', '', '', '');
INSERT INTO `galerie` VALUES(290, 'bilder-galerie/klgrbild_290.jpg', 'bilder-galerie/klgrbilda_290.jpg', '12', 290, '16', '', '', '');
INSERT INTO `galerie` VALUES(291, 'bilder-galerie/klgrbild_291.jpg', 'bilder-galerie/klgrbilda_291.jpg', '12', 291, '15', '', '', '');
INSERT INTO `galerie` VALUES(292, 'bilder-galerie/klgrbild_292.jpg', 'bilder-galerie/klgrbilda_292.jpg', '12', 292, '14', '', '', '');
INSERT INTO `galerie` VALUES(293, 'bilder-galerie/klgrbild_293.jpg', 'bilder-galerie/klgrbilda_293.jpg', '12', 293, '13', '', '', '');
INSERT INTO `galerie` VALUES(294, 'bilder-galerie/klgrbild_294.jpg', 'bilder-galerie/klgrbilda_294.jpg', '12', 294, '12', '', '', '');
INSERT INTO `galerie` VALUES(295, 'bilder-galerie/klgrbild_295.jpg', 'bilder-galerie/klgrbilda_295.jpg', '12', 295, '11', '', '', '');
INSERT INTO `galerie` VALUES(296, 'bilder-galerie/klgrbild_296.jpg', 'bilder-galerie/klgrbilda_296.jpg', '12', 296, '10', '', '', '');
INSERT INTO `galerie` VALUES(297, 'bilder-galerie/klgrbild_297.jpg', 'bilder-galerie/klgrbilda_297.jpg', '12', 297, '09', '', '', '');
INSERT INTO `galerie` VALUES(298, 'bilder-galerie/klgrbild_298.jpg', 'bilder-galerie/klgrbilda_298.jpg', '12', 298, '08', '', '', '');
INSERT INTO `galerie` VALUES(299, 'bilder-galerie/klgrbild_299.jpg', 'bilder-galerie/klgrbilda_299.jpg', '12', 299, '07', '', '', '');
INSERT INTO `galerie` VALUES(300, 'bilder-galerie/klgrbild_300.jpg', 'bilder-galerie/klgrbilda_300.jpg', '12', 300, '06', '', '', '');
INSERT INTO `galerie` VALUES(301, 'bilder-galerie/klgrbild_301.jpg', 'bilder-galerie/klgrbilda_301.jpg', '12', 301, '05', '', '', '');
INSERT INTO `galerie` VALUES(302, 'bilder-galerie/klgrbild_302.jpg', 'bilder-galerie/klgrbilda_302.jpg', '12', 302, '04', '', '', '');
INSERT INTO `galerie` VALUES(303, 'bilder-galerie/klgrbild_303.jpg', 'bilder-galerie/klgrbilda_303.jpg', '12', 303, '03', '', '', '');
INSERT INTO `galerie` VALUES(304, 'bilder-galerie/klgrbild_304.jpg', 'bilder-galerie/klgrbilda_304.jpg', '12', 304, '02', '', '', '');
INSERT INTO `galerie` VALUES(305, 'bilder-galerie/klgrbild_305.jpg', 'bilder-galerie/klgrbilda_305.jpg', '12', 305, 'Bild 01', '', '', '');
INSERT INTO `galerie` VALUES(306, 'bilder-galerie/klgrbild_306.jpg', 'bilder-galerie/klgrbilda_306.jpg', '13', 306, 'Auge von Björndalen WM 2009 in Südkorea', '', '', '');
INSERT INTO `galerie` VALUES(307, 'bilder-galerie/klgrbild_307.jpg', 'bilder-galerie/klgrbilda_307.jpg', '13', 307, '', '', '', '');
INSERT INTO `galerie` VALUES(308, 'bilder-galerie/klgrbild_308.jpg', 'bilder-galerie/klgrbilda_308.jpg', '13', 308, '', '', '', '');
INSERT INTO `galerie` VALUES(309, 'bilder-galerie/klgrbild_309.jpg', 'bilder-galerie/klgrbilda_309.jpg', '13', 309, 'Natalie Santer als Kunstobjekt', '', '', '');
INSERT INTO `galerie` VALUES(310, 'bilder-galerie/klgrbild_310.jpg', 'bilder-galerie/klgrbilda_310.jpg', '13', 310, '', '', '', '');
INSERT INTO `galerie` VALUES(311, 'bilder-galerie/klgrbild_311.jpg', 'bilder-galerie/klgrbilda_311.jpg', '13', 311, '', '', '', '');
INSERT INTO `galerie` VALUES(312, 'bilder-galerie/klgrbild_312.jpg', 'bilder-galerie/klgrbilda_312.jpg', '13', 312, 'Natalie Santer und Björndalen mit Augenmotiven Olympia 2002', '', '', '');
INSERT INTO `galerie` VALUES(313, 'bilder-galerie/klgrbild_313.jpg', 'bilder-galerie/klgrbilda_313.jpg', '13', 313, '', '', '', '');
INSERT INTO `galerie` VALUES(314, 'bilder-galerie/klgrbild_314.jpg', 'bilder-galerie/klgrbilda_314.jpg', '13', 314, '', '', '', '');
INSERT INTO `galerie` VALUES(315, 'bilder-galerie/klgrbild_315.jpg', 'bilder-galerie/klgrbilda_315.jpg', '13', 315, 'Peter gibt Björndalen Maltipps', '', '', '');
INSERT INTO `galerie` VALUES(316, 'bilder-galerie/klgrbild_316.jpg', 'bilder-galerie/klgrbilda_316.jpg', '13', 316, '', '', '', '');
INSERT INTO `galerie` VALUES(317, 'bilder-galerie/klgrbild_317.jpg', 'bilder-galerie/klgrbilda_317.jpg', '13', 317, '', '', '', '');
INSERT INTO `galerie` VALUES(318, 'bilder-galerie/klgrbild_318.jpg', 'bilder-galerie/klgrbilda_318.jpg', '13', 318, '', '', '', '');
INSERT INTO `galerie` VALUES(319, 'bilder-galerie/klgrbild_319.jpg', 'bilder-galerie/klgrbilda_319.jpg', '13', 319, '', '', '', '');
INSERT INTO `galerie` VALUES(320, 'bilder-galerie/klgrbild_320.jpg', 'bilder-galerie/klgrbilda_320.jpg', '13', 320, 'Björndalen im Atelier von Peter', '', '', '');
INSERT INTO `galerie` VALUES(321, 'bilder-galerie/klgrbild_321.jpg', 'bilder-galerie/klgrbilda_321.jpg', '13', 321, '', '', '', '');
INSERT INTO `galerie` VALUES(322, 'bilder-galerie/klgrbild_322.jpg', 'bilder-galerie/klgrbilda_322.jpg', '13', 322, '', '', '', '');
INSERT INTO `galerie` VALUES(323, 'bilder-galerie/klgrbild_323.jpg', 'bilder-galerie/klgrbilda_323.jpg', '13', 323, '', '', '', '');
INSERT INTO `galerie` VALUES(324, 'bilder-galerie/klgrbild_324.jpg', 'bilder-galerie/klgrbilda_324.jpg', '13', 324, 'O. E. Björndalen mit Hiegelsperger - Motiven Olympia 2006', '', '', '');
INSERT INTO `galerie` VALUES(325, 'bilder-galerie/klgrbild_325.jpg', 'bilder-galerie/klgrbilda_325.jpg', '14', 325, '24', '', '', '');
INSERT INTO `galerie` VALUES(326, 'bilder-galerie/klgrbild_326.jpg', 'bilder-galerie/klgrbilda_326.jpg', '14', 326, '23', '', '', '');
INSERT INTO `galerie` VALUES(327, 'bilder-galerie/klgrbild_327.jpg', 'bilder-galerie/klgrbilda_327.jpg', '14', 327, '22', '', '', '');
INSERT INTO `galerie` VALUES(328, 'bilder-galerie/klgrbild_328.jpg', 'bilder-galerie/klgrbilda_328.jpg', '14', 328, '21', '', '', '');
INSERT INTO `galerie` VALUES(329, 'bilder-galerie/klgrbild_329.jpg', 'bilder-galerie/klgrbilda_329.jpg', '14', 329, '20', '', '', '');
INSERT INTO `galerie` VALUES(330, 'bilder-galerie/klgrbild_330.jpg', 'bilder-galerie/klgrbilda_330.jpg', '14', 330, '19', '', '', '');
INSERT INTO `galerie` VALUES(331, 'bilder-galerie/klgrbild_331.jpg', 'bilder-galerie/klgrbilda_331.jpg', '14', 331, '18', '', '', '');
INSERT INTO `galerie` VALUES(332, 'bilder-galerie/klgrbild_332.jpg', 'bilder-galerie/klgrbilda_332.jpg', '14', 332, '17', '', '', '');
INSERT INTO `galerie` VALUES(333, 'bilder-galerie/klgrbild_333.jpg', 'bilder-galerie/klgrbilda_333.jpg', '14', 333, '16', '', '', '');
INSERT INTO `galerie` VALUES(334, 'bilder-galerie/klgrbild_334.jpg', 'bilder-galerie/klgrbilda_334.jpg', '14', 334, '15', '', '', '');
INSERT INTO `galerie` VALUES(335, 'bilder-galerie/klgrbild_335.jpg', 'bilder-galerie/klgrbilda_335.jpg', '14', 335, '14', '', '', '');
INSERT INTO `galerie` VALUES(336, 'bilder-galerie/klgrbild_336.jpg', 'bilder-galerie/klgrbilda_336.jpg', '14', 336, '13', '', '', '');
INSERT INTO `galerie` VALUES(337, 'bilder-galerie/klgrbild_337.jpg', 'bilder-galerie/klgrbilda_337.jpg', '14', 337, '12', '', '', '');
INSERT INTO `galerie` VALUES(338, 'bilder-galerie/klgrbild_338.jpg', 'bilder-galerie/klgrbilda_338.jpg', '14', 338, '11', '', '', '');
INSERT INTO `galerie` VALUES(339, 'bilder-galerie/klgrbild_339.jpg', 'bilder-galerie/klgrbilda_339.jpg', '14', 339, '10', '', '', '');
INSERT INTO `galerie` VALUES(340, 'bilder-galerie/klgrbild_340.jpg', 'bilder-galerie/klgrbilda_340.jpg', '14', 340, 'Golfkalender 2009', '', '', '');
INSERT INTO `galerie` VALUES(341, 'bilder-galerie/klgrbild_341.jpg', 'bilder-galerie/klgrbilda_341.jpg', '14', 341, '09', '', '', '');
INSERT INTO `galerie` VALUES(342, 'bilder-galerie/klgrbild_342.jpg', 'bilder-galerie/klgrbilda_342.jpg', '14', 342, '08', '', '', '');
INSERT INTO `galerie` VALUES(343, 'bilder-galerie/klgrbild_343.jpg', 'bilder-galerie/klgrbilda_343.jpg', '14', 343, '07', '', '', '');
INSERT INTO `galerie` VALUES(344, 'bilder-galerie/klgrbild_344.jpg', 'bilder-galerie/klgrbilda_344.jpg', '14', 344, '06', '', '', '');
INSERT INTO `galerie` VALUES(345, 'bilder-galerie/klgrbild_345.jpg', 'bilder-galerie/klgrbilda_345.jpg', '14', 345, '05', '', '', '');
INSERT INTO `galerie` VALUES(346, 'bilder-galerie/klgrbild_346.jpg', 'bilder-galerie/klgrbilda_346.jpg', '14', 346, '04', '', '', '');
INSERT INTO `galerie` VALUES(347, 'bilder-galerie/klgrbild_347.jpg', 'bilder-galerie/klgrbilda_347.jpg', '14', 347, '03', '', '', '');
INSERT INTO `galerie` VALUES(348, 'bilder-galerie/klgrbild_348.jpg', 'bilder-galerie/klgrbilda_348.jpg', '14', 348, '02', '', '', '');
INSERT INTO `galerie` VALUES(349, 'bilder-galerie/klgrbild_349.jpg', 'bilder-galerie/klgrbilda_349.jpg', '14', 349, 'Bild 01', '', '', '');
INSERT INTO `galerie` VALUES(351, 'bilder-galerie/klgrbild_351.jpg', 'bilder-galerie/klgrbilda_351.jpg', '8', 351, '24', '', '', '');
INSERT INTO `galerie` VALUES(352, 'bilder-galerie/klgrbild_352.jpg', 'bilder-galerie/klgrbilda_352.jpg', '8', 352, '23', '', '', '');
INSERT INTO `galerie` VALUES(353, 'bilder-galerie/klgrbild_353.jpg', 'bilder-galerie/klgrbilda_353.jpg', '8', 353, '22', '', '', '');
INSERT INTO `galerie` VALUES(354, 'bilder-galerie/klgrbild_354.jpg', 'bilder-galerie/klgrbilda_354.jpg', '8', 354, '21', '', '', '');
INSERT INTO `galerie` VALUES(355, 'bilder-galerie/klgrbild_355.jpg', 'bilder-galerie/klgrbilda_355.jpg', '8', 355, '20', '', '', '');
INSERT INTO `galerie` VALUES(356, 'bilder-galerie/klgrbild_356.jpg', 'bilder-galerie/klgrbilda_356.jpg', '8', 356, '19', '', '', '');
INSERT INTO `galerie` VALUES(357, 'bilder-galerie/klgrbild_357.jpg', 'bilder-galerie/klgrbilda_357.jpg', '8', 357, '18', '', '', '');
INSERT INTO `galerie` VALUES(358, 'bilder-galerie/klgrbild_358.jpg', 'bilder-galerie/klgrbilda_358.jpg', '8', 358, '17', '', '', '');
INSERT INTO `galerie` VALUES(359, 'bilder-galerie/klgrbild_359.jpg', 'bilder-galerie/klgrbilda_359.jpg', '8', 359, '16', '', '', '');
INSERT INTO `galerie` VALUES(360, 'bilder-galerie/klgrbild_360.jpg', 'bilder-galerie/klgrbilda_360.jpg', '8', 360, '15', '', '', '');
INSERT INTO `galerie` VALUES(361, 'bilder-galerie/klgrbild_361.jpg', 'bilder-galerie/klgrbilda_361.jpg', '8', 361, '14', '', '', '');
INSERT INTO `galerie` VALUES(362, 'bilder-galerie/klgrbild_362.jpg', 'bilder-galerie/klgrbilda_362.jpg', '8', 362, '13', '', '', '');
INSERT INTO `galerie` VALUES(363, 'bilder-galerie/klgrbild_363.jpg', 'bilder-galerie/klgrbilda_363.jpg', '8', 363, '12', '', '', '');
INSERT INTO `galerie` VALUES(365, 'bilder-galerie/klgrbild_365.jpg', 'bilder-galerie/klgrbilda_365.jpg', '8', 365, '10', '', '', '');
INSERT INTO `galerie` VALUES(366, 'bilder-galerie/klgrbild_366.jpg', 'bilder-galerie/klgrbilda_366.jpg', '8', 366, '09', '', '', '');
INSERT INTO `galerie` VALUES(367, 'bilder-galerie/klgrbild_367.jpg', 'bilder-galerie/klgrbilda_367.jpg', '8', 367, '08', '', '', '');
INSERT INTO `galerie` VALUES(368, 'bilder-galerie/klgrbild_368.jpg', 'bilder-galerie/klgrbilda_368.jpg', '8', 368, '07', '', '', '');
INSERT INTO `galerie` VALUES(369, 'bilder-galerie/klgrbild_369.jpg', 'bilder-galerie/klgrbilda_369.jpg', '8', 369, '06', '', '', '');
INSERT INTO `galerie` VALUES(370, 'bilder-galerie/klgrbild_370.jpg', 'bilder-galerie/klgrbilda_370.jpg', '8', 370, '05', '', '', '');
INSERT INTO `galerie` VALUES(371, 'bilder-galerie/klgrbild_371.jpg', 'bilder-galerie/klgrbilda_371.jpg', '8', 371, '04', '', '', '');
INSERT INTO `galerie` VALUES(372, 'bilder-galerie/klgrbild_372.jpg', 'bilder-galerie/klgrbilda_372.jpg', '8', 372, '03', '', '', '');
INSERT INTO `galerie` VALUES(373, 'bilder-galerie/klgrbild_373.jpg', 'bilder-galerie/klgrbilda_373.jpg', '8', 373, '02', '', '', '');
INSERT INTO `galerie` VALUES(374, 'bilder-galerie/klgrbild_374.jpg', 'bilder-galerie/klgrbilda_374.jpg', '8', 374, 'Bild 01', '', '', '');
INSERT INTO `galerie` VALUES(375, 'bilder-galerie/klgrbild_375.jpg', 'bilder-galerie/klgrbilda_375.jpg', '15', 375, '27', '', '', '');
INSERT INTO `galerie` VALUES(376, 'bilder-galerie/klgrbild_376.jpg', 'bilder-galerie/klgrbilda_376.jpg', '15', 376, 'Karin Knapp, Peter, Alex und Andreas Seppi', '', '', '');
INSERT INTO `galerie` VALUES(377, 'bilder-galerie/klgrbild_377.jpg', 'bilder-galerie/klgrbilda_377.jpg', '15', 377, '26', '', '', '');
INSERT INTO `galerie` VALUES(378, 'bilder-galerie/klgrbild_378.jpg', 'bilder-galerie/klgrbilda_378.jpg', '15', 378, '25', '', '', '');
INSERT INTO `galerie` VALUES(379, 'bilder-galerie/klgrbild_379.jpg', 'bilder-galerie/klgrbilda_379.jpg', '15', 379, '24', '', '', '');
INSERT INTO `galerie` VALUES(380, 'bilder-galerie/klgrbild_380.jpg', 'bilder-galerie/klgrbilda_380.jpg', '15', 380, 'Andreas Seppi', '', '', '');
INSERT INTO `galerie` VALUES(381, 'bilder-galerie/klgrbild_381.jpg', 'bilder-galerie/klgrbilda_381.jpg', '15', 381, '', '', '', '');
INSERT INTO `galerie` VALUES(382, 'bilder-galerie/klgrbild_382.jpg', 'bilder-galerie/klgrbilda_382.jpg', '15', 382, '', '', '', '');
INSERT INTO `galerie` VALUES(383, 'bilder-galerie/klgrbild_383.jpg', 'bilder-galerie/klgrbilda_383.jpg', '15', 383, '', '', '', '');
INSERT INTO `galerie` VALUES(384, 'bilder-galerie/klgrbild_384.jpg', 'bilder-galerie/klgrbilda_384.jpg', '15', 384, 'Andreas Seppi signierte das Tennisbild von Peter', '', '', '');
INSERT INTO `galerie` VALUES(385, 'bilder-galerie/klgrbild_385.jpg', 'bilder-galerie/klgrbilda_385.jpg', '15', 385, 'Karin Knapp signierte das Tennisbild von Peter', '', '', '');
INSERT INTO `galerie` VALUES(386, 'bilder-galerie/klgrbild_386.jpg', 'bilder-galerie/klgrbilda_386.jpg', '15', 386, '', '', '', '');
INSERT INTO `galerie` VALUES(387, 'bilder-galerie/klgrbild_387.jpg', 'bilder-galerie/klgrbilda_387.jpg', '15', 387, 'Andreas Seppi, Manuel Perktold, Peter Hiegelsperger und Karin Knapp', '', '', '');
INSERT INTO `galerie` VALUES(388, 'bilder-galerie/klgrbild_388.jpg', 'bilder-galerie/klgrbilda_388.jpg', '15', 388, '23', '', '', '');
INSERT INTO `galerie` VALUES(389, 'bilder-galerie/klgrbild_389.jpg', 'bilder-galerie/klgrbilda_389.jpg', '15', 389, '22', '', '', '');
INSERT INTO `galerie` VALUES(390, 'bilder-galerie/klgrbild_390.jpg', 'bilder-galerie/klgrbilda_390.jpg', '15', 390, '21', '', '', '');
INSERT INTO `galerie` VALUES(391, 'bilder-galerie/klgrbild_391.jpg', 'bilder-galerie/klgrbilda_391.jpg', '15', 391, '20', '', '', '');
INSERT INTO `galerie` VALUES(392, 'bilder-galerie/klgrbild_392.jpg', 'bilder-galerie/klgrbilda_392.jpg', '15', 392, '19', '', '', '');
INSERT INTO `galerie` VALUES(393, 'bilder-galerie/klgrbild_393.jpg', 'bilder-galerie/klgrbilda_393.jpg', '15', 393, '18', '', '', '');
INSERT INTO `galerie` VALUES(394, 'bilder-galerie/klgrbild_394.jpg', 'bilder-galerie/klgrbilda_394.jpg', '15', 394, '17', '', '', '');
INSERT INTO `galerie` VALUES(395, 'bilder-galerie/klgrbild_395.jpg', 'bilder-galerie/klgrbilda_395.jpg', '15', 395, '16', '', '', '');
INSERT INTO `galerie` VALUES(396, 'bilder-galerie/klgrbild_396.jpg', 'bilder-galerie/klgrbilda_396.jpg', '15', 396, '15', '', '', '');
INSERT INTO `galerie` VALUES(397, 'bilder-galerie/klgrbild_397.jpg', 'bilder-galerie/klgrbilda_397.jpg', '15', 397, '14', '', '', '');
INSERT INTO `galerie` VALUES(398, 'bilder-galerie/klgrbild_398.jpg', 'bilder-galerie/klgrbilda_398.jpg', '15', 398, '13', '', '', '');
INSERT INTO `galerie` VALUES(399, 'bilder-galerie/klgrbild_399.jpg', 'bilder-galerie/klgrbilda_399.jpg', '15', 399, '12', '', '', '');
INSERT INTO `galerie` VALUES(400, 'bilder-galerie/klgrbild_400.jpg', 'bilder-galerie/klgrbilda_400.jpg', '15', 400, '11', '', '', '');
INSERT INTO `galerie` VALUES(401, 'bilder-galerie/klgrbild_401.jpg', 'bilder-galerie/klgrbilda_401.jpg', '15', 401, '10', '', '', '');
INSERT INTO `galerie` VALUES(402, 'bilder-galerie/klgrbild_402.jpg', 'bilder-galerie/klgrbilda_402.jpg', '15', 402, '09', '', '', '');
INSERT INTO `galerie` VALUES(403, 'bilder-galerie/klgrbild_403.jpg', 'bilder-galerie/klgrbilda_403.jpg', '15', 403, '08', '', '', '');
INSERT INTO `galerie` VALUES(404, 'bilder-galerie/klgrbild_404.jpg', 'bilder-galerie/klgrbilda_404.jpg', '15', 404, '07', '', '', '');
INSERT INTO `galerie` VALUES(405, 'bilder-galerie/klgrbild_405.jpg', 'bilder-galerie/klgrbilda_405.jpg', '15', 405, '06', '', '', '');
INSERT INTO `galerie` VALUES(406, 'bilder-galerie/klgrbild_406.jpg', 'bilder-galerie/klgrbilda_406.jpg', '15', 406, '05', '', '', '');
INSERT INTO `galerie` VALUES(407, 'bilder-galerie/klgrbild_407.jpg', 'bilder-galerie/klgrbilda_407.jpg', '15', 407, '04', '', '', '');
INSERT INTO `galerie` VALUES(408, 'bilder-galerie/klgrbild_408.jpg', 'bilder-galerie/klgrbilda_408.jpg', '15', 408, '03', '', '', '');
INSERT INTO `galerie` VALUES(409, 'bilder-galerie/klgrbild_409.jpg', 'bilder-galerie/klgrbilda_409.jpg', '15', 409, '02', '', '', '');
INSERT INTO `galerie` VALUES(410, 'bilder-galerie/klgrbild_410.jpg', 'bilder-galerie/klgrbilda_410.jpg', '15', 410, 'Bild 01', '', '', '');
INSERT INTO `galerie` VALUES(411, 'bilder-galerie/klgrbild_411.jpg', 'bilder-galerie/klgrbilda_411.jpg', '16', 411, '09', '', '', '');
INSERT INTO `galerie` VALUES(412, 'bilder-galerie/klgrbild_412.jpg', 'bilder-galerie/klgrbilda_412.jpg', '16', 412, '', '', '', '');
INSERT INTO `galerie` VALUES(413, 'bilder-galerie/klgrbild_413.jpg', 'bilder-galerie/klgrbilda_413.jpg', '16', 413, '', '', '', '');
INSERT INTO `galerie` VALUES(414, 'bilder-galerie/klgrbild_414.jpg', 'bilder-galerie/klgrbilda_414.jpg', '16', 414, 'Amref Austria und die Marathonläufer von Kenia', '', '', '');
INSERT INTO `galerie` VALUES(415, 'bilder-galerie/klgrbild_415.jpg', 'bilder-galerie/klgrbilda_415.jpg', '16', 415, 'Bild und Pferd Pluto-Verona und Balthasar Hauser (Stanglwirt)', '', '', '');
INSERT INTO `galerie` VALUES(416, 'bilder-galerie/klgrbild_416.jpg', 'bilder-galerie/klgrbilda_416.jpg', '16', 416, '', '', '', '');
INSERT INTO `galerie` VALUES(417, 'bilder-galerie/klgrbild_417.jpg', 'bilder-galerie/klgrbilda_417.jpg', '16', 417, '', '', '', '');
INSERT INTO `galerie` VALUES(418, 'bilder-galerie/klgrbild_418.jpg', 'bilder-galerie/klgrbilda_418.jpg', '16', 418, '', '', '', '');
INSERT INTO `galerie` VALUES(419, 'bilder-galerie/klgrbild_419.jpg', 'bilder-galerie/klgrbilda_419.jpg', '16', 419, '', '', '', '');
INSERT INTO `galerie` VALUES(420, 'bilder-galerie/klgrbild_420.jpg', 'bilder-galerie/klgrbilda_420.jpg', '16', 420, '', '', '', '');
INSERT INTO `galerie` VALUES(421, 'bilder-galerie/klgrbild_421.jpg', 'bilder-galerie/klgrbilda_421.jpg', '16', 421, '', '', '', '');
INSERT INTO `galerie` VALUES(422, 'bilder-galerie/klgrbild_422.jpg', 'bilder-galerie/klgrbilda_422.jpg', '16', 422, '', '', '', '');
INSERT INTO `galerie` VALUES(423, 'bilder-galerie/klgrbild_423.jpg', 'bilder-galerie/klgrbilda_423.jpg', '16', 423, '', '', '', '');
INSERT INTO `galerie` VALUES(424, 'bilder-galerie/klgrbild_424.jpg', 'bilder-galerie/klgrbilda_424.jpg', '16', 424, 'Daymler-Kitz gestaltet von Peter', '', '', '');
INSERT INTO `galerie` VALUES(425, 'bilder-galerie/klgrbild_425.jpg', 'bilder-galerie/klgrbilda_425.jpg', '16', 425, '', '', '', '');
INSERT INTO `galerie` VALUES(426, 'bilder-galerie/klgrbild_426.jpg', 'bilder-galerie/klgrbilda_426.jpg', '16', 426, 'Unterwasserausstellung', '', '', '');
INSERT INTO `galerie` VALUES(427, 'bilder-galerie/klgrbild_427.jpg', 'bilder-galerie/klgrbilda_427.jpg', '16', 427, 'Malerischer Konzertabend', '', '', '');
INSERT INTO `galerie` VALUES(428, 'bilder-galerie/klgrbild_428.jpg', 'bilder-galerie/klgrbilda_428.jpg', '16', 428, '08', '', '', '');
INSERT INTO `galerie` VALUES(429, 'bilder-galerie/klgrbild_429.jpg', 'bilder-galerie/klgrbilda_429.jpg', '16', 429, 'Bayerische Hofgams', '', '', '');
INSERT INTO `galerie` VALUES(430, 'bilder-galerie/klgrbild_430.jpg', 'bilder-galerie/klgrbilda_430.jpg', '16', 430, '07', '', '', '');
INSERT INTO `galerie` VALUES(431, 'bilder-galerie/klgrbild_431.jpg', 'bilder-galerie/klgrbilda_431.jpg', '16', 431, 'Leoparden-Kitz', '', '', '');
INSERT INTO `galerie` VALUES(432, 'bilder-galerie/klgrbild_432.jpg', 'bilder-galerie/klgrbilda_432.jpg', '16', 432, '06', '', '', '');
INSERT INTO `galerie` VALUES(433, 'bilder-galerie/klgrbild_433.jpg', 'bilder-galerie/klgrbilda_433.jpg', '16', 433, 'Andreas Hofer 05', '', '', '');
INSERT INTO `galerie` VALUES(434, 'bilder-galerie/klgrbild_434.jpg', 'bilder-galerie/klgrbilda_434.jpg', '16', 434, '04', '', '', '');
INSERT INTO `galerie` VALUES(435, 'bilder-galerie/klgrbild_435.jpg', 'bilder-galerie/klgrbilda_435.jpg', '16', 435, '03', '', '', '');
INSERT INTO `galerie` VALUES(436, 'bilder-galerie/klgrbild_436.jpg', 'bilder-galerie/klgrbilda_436.jpg', '16', 436, '', '', '', '');
INSERT INTO `galerie` VALUES(437, 'bilder-galerie/klgrbild_437.jpg', 'bilder-galerie/klgrbilda_437.jpg', '16', 437, '02', '', '', '');
INSERT INTO `galerie` VALUES(438, 'bilder-galerie/klgrbild_438.jpg', 'bilder-galerie/klgrbilda_438.jpg', '16', 438, 'Bild 01', '', '', '');
INSERT INTO `galerie` VALUES(443, 'bilder-galerie/klgrbild_443.jpg', 'bilder-galerie/klgrbilda_443.jpg', '9', 443, '...mit Evander Holyfield', '', '', '');
INSERT INTO `galerie` VALUES(444, 'bilder-galerie/klgrbild_444.jpg', 'bilder-galerie/klgrbilda_444.jpg', '9', 444, 'Peter´s Ausstellung im Auto-Technik-Museum (Sinnsheim) und Helmut Kohl', '', '', '');
INSERT INTO `galerie` VALUES(445, 'bilder-galerie/klgrbild_445.jpg', 'bilder-galerie/klgrbilda_445.jpg', '9', 445, '...Helmut Kohl', '', '', '');
INSERT INTO `galerie` VALUES(446, 'bilder-galerie/klgrbild_446.jpg', 'bilder-galerie/klgrbilda_446.jpg', '9', 446, '...mit Ex-Bundeskanzler Kohl', '', '', '');
INSERT INTO `galerie` VALUES(447, 'bilder-galerie/klgrbild_447.jpg', 'bilder-galerie/klgrbilda_447.jpg', '9', 447, '...mit Helmut Kohl', '', '', '');
INSERT INTO `galerie` VALUES(448, 'bilder-galerie/klgrbild_448.jpg', 'bilder-galerie/klgrbilda_448.jpg', '9', 448, '..mit Fürst Albert von Monaco', '', '', '');
INSERT INTO `galerie` VALUES(449, 'bilder-galerie/klgrbild_449.jpg', 'bilder-galerie/klgrbilda_449.jpg', '9', 449, '...mit Fürst Albert von Monaco', '', '', '');
INSERT INTO `galerie` VALUES(450, 'bilder-galerie/klgrbild_450.jpg', 'bilder-galerie/klgrbilda_450.jpg', '9', 450, '...mit Roger Moore', '', '', '');
INSERT INTO `galerie` VALUES(451, 'bilder-galerie/klgrbild_451.jpg', 'bilder-galerie/klgrbilda_451.jpg', '9', 451, '...mit Alain Prost beim Jahrhundertsportler London', '', '', '');
INSERT INTO `galerie` VALUES(452, 'bilder-galerie/klgrbild_452.jpg', 'bilder-galerie/klgrbilda_452.jpg', '9', 452, '...mit achtfachen Weltmeister Carl Lewis beim Jahrhundertsportler in London', '', '', '');
INSERT INTO `galerie` VALUES(453, 'bilder-galerie/klgrbild_453.jpg', 'bilder-galerie/klgrbilda_453.jpg', '9', 453, '...mit F1-Boss Bernie Ecclestone', '', '', '');
INSERT INTO `galerie` VALUES(454, 'bilder-galerie/klgrbild_454.jpg', 'bilder-galerie/klgrbilda_454.jpg', '9', 454, '...mit Ron Woods (Rolling Stones) in London', '', '', '');
INSERT INTO `galerie` VALUES(455, 'bilder-galerie/klgrbild_455.jpg', 'bilder-galerie/klgrbilda_455.jpg', '9', 455, 'Peter in London bei der 60. Geburtstagsfeier von Mohammed Ali', '', '', '');
INSERT INTO `galerie` VALUES(456, 'bilder-galerie/klgrbild_456.jpg', 'bilder-galerie/klgrbilda_456.jpg', '9', 456, '...mit Michael Johnson im Hilton (London)', '', '', '');
INSERT INTO `galerie` VALUES(457, 'bilder-galerie/klgrbild_457.jpg', 'bilder-galerie/klgrbilda_457.jpg', '9', 457, 'Peter in London bei Weltsportler des Jahres', '', '', '');
INSERT INTO `galerie` VALUES(458, 'bilder-galerie/klgrbild_458.jpg', 'bilder-galerie/klgrbilda_458.jpg', '9', 458, '', '', '', '');
INSERT INTO `galerie` VALUES(459, 'bilder-galerie/klgrbild_459.jpg', 'bilder-galerie/klgrbilda_459.jpg', '9', 459, '...mit Sven Hannavolt', '', '', '');
INSERT INTO `galerie` VALUES(460, 'bilder-galerie/klgrbild_460.jpg', 'bilder-galerie/klgrbilda_460.jpg', '9', 460, '...mit Wolf Dieter Poschmann', '', '', '');
INSERT INTO `galerie` VALUES(461, 'bilder-galerie/klgrbild_461.jpg', 'bilder-galerie/klgrbilda_461.jpg', '9', 461, '...mit Hannes Trinkel, Patrick Ortlieb und Armin Assinger', '', '', '');
INSERT INTO `galerie` VALUES(462, 'bilder-galerie/klgrbild_462.jpg', 'bilder-galerie/klgrbilda_462.jpg', '9', 462, '...mit Vera Russwurm', '', '', '');
INSERT INTO `galerie` VALUES(463, 'bilder-galerie/klgrbild_463.jpg', 'bilder-galerie/klgrbilda_463.jpg', '9', 463, '...mit Sven Ottke', '', '', '');
INSERT INTO `galerie` VALUES(464, 'bilder-galerie/klgrbild_464.jpg', 'bilder-galerie/klgrbilda_464.jpg', '9', 464, '...mit Sportlerin des Jahres (D) 2002', '', '', '');
INSERT INTO `galerie` VALUES(465, 'bilder-galerie/klgrbild_465.jpg', 'bilder-galerie/klgrbilda_465.jpg', '9', 465, '...mit Henry Maske und Pianist A. Settili', '', '', '');
INSERT INTO `galerie` VALUES(466, 'bilder-galerie/klgrbild_466.jpg', 'bilder-galerie/klgrbilda_466.jpg', '9', 466, '...mit Erik Zabel', '', '', '');
INSERT INTO `galerie` VALUES(467, 'bilder-galerie/klgrbild_467.jpg', 'bilder-galerie/klgrbilda_467.jpg', '9', 467, '...mit Jan Ulrich, Friedrich Pool und Gattin', '', '', '');
INSERT INTO `galerie` VALUES(468, 'bilder-galerie/klgrbild_468.jpg', 'bilder-galerie/klgrbilda_468.jpg', '9', 468, '...Bildmitte...Jan Ulrich gewann den Pokal für den D- Sportler des Jahres und den Pokal, den Peter g', '', '', '');
INSERT INTO `galerie` VALUES(469, 'bilder-galerie/klgrbild_469.jpg', 'bilder-galerie/klgrbilda_469.jpg', '9', 469, '...v.l.n.r. mit Königstochter Lee von Südkorea', '', '', '');
INSERT INTO `galerie` VALUES(470, 'bilder-galerie/klgrbild_470.jpg', 'bilder-galerie/klgrbilda_470.jpg', '9', 470, 'Töchter Sabrina und Julia mit Gedeon Burkhart (Kommissar Rex)', '', '', '');
INSERT INTO `galerie` VALUES(471, 'bilder-galerie/klgrbild_471.jpg', 'bilder-galerie/klgrbilda_471.jpg', '9', 471, '...mit Pferd (Pluto-Verona) und Gemälde beim Stanglwirt', '', '', '');
INSERT INTO `galerie` VALUES(472, 'bilder-galerie/klgrbild_472.jpg', 'bilder-galerie/klgrbilda_472.jpg', '9', 472, '', '', '', '');
INSERT INTO `galerie` VALUES(473, 'bilder-galerie/klgrbild_473.jpg', 'bilder-galerie/klgrbilda_473.jpg', '9', 473, '...mit Peter Maffay', '', '', '');
INSERT INTO `galerie` VALUES(474, 'bilder-galerie/klgrbild_474.jpg', 'bilder-galerie/klgrbilda_474.jpg', '9', 474, '...mit Luciano Pavarotti', '', '', '');
INSERT INTO `galerie` VALUES(475, 'bilder-galerie/klgrbild_475.jpg', 'bilder-galerie/klgrbilda_475.jpg', '9', 475, '...mit James Bond Girl', '', '', '');
INSERT INTO `galerie` VALUES(476, 'bilder-galerie/klgrbild_476.jpg', 'bilder-galerie/klgrbilda_476.jpg', '9', 476, '...mit Luciano Pavarotti', '', '', '');
INSERT INTO `galerie` VALUES(477, 'bilder-galerie/klgrbild_477.jpg', 'bilder-galerie/klgrbilda_477.jpg', '9', 477, '...mit Claudia Jung', '', '', '');
INSERT INTO `galerie` VALUES(478, 'bilder-galerie/klgrbild_478.jpg', 'bilder-galerie/klgrbilda_478.jpg', '9', 478, '...mit Günther Jauch', '', '', '');
INSERT INTO `galerie` VALUES(479, 'bilder-galerie/klgrbild_479.jpg', 'bilder-galerie/klgrbilda_479.jpg', '9', 479, '...mit Reinhold Messner bei der Vernissage in Latsch', '', '', '');
INSERT INTO `galerie` VALUES(480, 'bilder-galerie/klgrbild_480.jpg', 'bilder-galerie/klgrbilda_480.jpg', '9', 480, '...mit Reinhold Messner, den Peter für das Bergsteigermuseum zwei Bilder gestaltete.', '', '', '');
INSERT INTO `galerie` VALUES(481, 'bilder-galerie/klgrbild_481.jpg', 'bilder-galerie/klgrbilda_481.jpg', '9', 481, '...mit Hans Joachim Stuck bei der Hochzeit', '', '', '');
INSERT INTO `galerie` VALUES(482, 'bilder-galerie/klgrbild_482.jpg', 'bilder-galerie/klgrbilda_482.jpg', '9', 482, '...mit Ole Einar Björndalen (gewann 4-mal Gold) bei der Olympiade 2002 mit Ehefrau Natalie Santer', '', '', '');
INSERT INTO `galerie` VALUES(483, 'bilder-galerie/klgrbild_483.jpg', 'bilder-galerie/klgrbilda_483.jpg', '9', 483, 'Björndalen beim Signieren', '', '', '');
INSERT INTO `galerie` VALUES(484, 'bilder-galerie/klgrbild_484.jpg', 'bilder-galerie/klgrbilda_484.jpg', '9', 484, 'Bruder Leo, Lolo Ferrari und Peter', '', '', '');
INSERT INTO `galerie` VALUES(485, 'bilder-galerie/klgrbild_485.jpg', 'bilder-galerie/klgrbilda_485.jpg', '9', 485, 'Jürgen Drews mit Peter', '', '', '');
INSERT INTO `galerie` VALUES(486, 'bilder-galerie/klgrbild_486.jpg', 'bilder-galerie/klgrbilda_486.jpg', '9', 486, '', '', '', '');
INSERT INTO `galerie` VALUES(487, 'bilder-galerie/klgrbild_487.jpg', 'bilder-galerie/klgrbilda_487.jpg', '9', 487, 'Peter mit Renate Götschl', '', '', '');
INSERT INTO `galerie` VALUES(488, 'bilder-galerie/klgrbild_488.jpg', 'bilder-galerie/klgrbilda_488.jpg', '9', 488, 'Peter mit Benjamin Raich', '', '', '');
INSERT INTO `galerie` VALUES(489, 'bilder-galerie/klgrbild_489.jpg', 'bilder-galerie/klgrbilda_489.jpg', '9', 489, 'Peter mit Mario Matt', '', '', '');
INSERT INTO `galerie` VALUES(490, 'bilder-galerie/klgrbild_490.jpg', 'bilder-galerie/klgrbilda_490.jpg', '9', 490, 'Alexandra Dorfmeister, Stefan Eberharter mit Peter', '', '', '');
INSERT INTO `galerie` VALUES(491, 'bilder-galerie/klgrbild_491.jpg', 'bilder-galerie/klgrbilda_491.jpg', '9', 491, 'Mario Matt mit Peter', '', '', '');
INSERT INTO `galerie` VALUES(492, 'bilder-galerie/klgrbild_492.jpg', 'bilder-galerie/klgrbilda_492.jpg', '9', 492, 'Peter mit Fritz Strobel, Hannes Trinckel und Karin Zettel', '', '', '');
INSERT INTO `galerie` VALUES(493, 'bilder-galerie/klgrbild_493.jpg', 'bilder-galerie/klgrbilda_493.jpg', '9', 493, 'Peter mit Alexandra Meisinger', '', '', '');
INSERT INTO `galerie` VALUES(494, 'bilder-galerie/klgrbild_494.jpg', 'bilder-galerie/klgrbilda_494.jpg', '9', 494, 'Niki Lauda mit Peter und Ferraribild', '', '', '');
INSERT INTO `galerie` VALUES(495, 'bilder-galerie/klgrbild_495.jpg', 'bilder-galerie/klgrbilda_495.jpg', '9', 495, 'Ausstellung Stanglwirt - Peter mit Andy Preme', '', '', '');
INSERT INTO `galerie` VALUES(496, 'bilder-galerie/klgrbild_496.jpg', 'bilder-galerie/klgrbilda_496.jpg', '9', 496, 'Susanne Zuber im Autohaus (Jaguar-Auto Meisinger) mit Peter in Innsbruck', '', '', '');
INSERT INTO `galerie` VALUES(497, 'bilder-galerie/klgrbild_497.jpg', 'bilder-galerie/klgrbilda_497.jpg', '9', 497, 'Peter mit Andreas Hofer Bild und Norbert Rier', '', '', '');
INSERT INTO `galerie` VALUES(498, 'bilder-galerie/klgrbild_498.jpg', 'bilder-galerie/klgrbilda_498.jpg', '9', 498, 'Feier in Wien (Wienerstädtischen Versicherung)', '', '', '');
INSERT INTO `galerie` VALUES(499, 'bilder-galerie/klgrbild_499.jpg', 'bilder-galerie/klgrbilda_499.jpg', '9', 499, 'Beim Testfahren am Hockenheimring', '', '', '');
INSERT INTO `galerie` VALUES(500, 'bilder-galerie/klgrbild_500.jpg', 'bilder-galerie/klgrbilda_500.jpg', '9', 500, 'Peter mit Adlerbild und Stefan Eberharter', '', '', '');
INSERT INTO `galerie` VALUES(501, 'bilder-galerie/klgrbild_501.jpg', 'bilder-galerie/klgrbilda_501.jpg', '9', 501, '...mit Gerd Anthoff', '', '', '');
INSERT INTO `galerie` VALUES(502, 'bilder-galerie/klgrbild_502.jpg', 'bilder-galerie/klgrbilda_502.jpg', '9', 502, 'Viktor Klima mit Peter', '', '', '');
INSERT INTO `galerie` VALUES(503, 'bilder-galerie/klgrbild_503.jpg', 'bilder-galerie/klgrbilda_503.jpg', '9', 503, 'Forsthaus Falkenau Hauptdarsteller mit Peter', '', '', '');
INSERT INTO `galerie` VALUES(504, 'bilder-galerie/klgrbild_504.jpg', 'bilder-galerie/klgrbilda_504.jpg', '9', 504, 'Peter mit Alberto Tomba', '', '', '');
INSERT INTO `galerie` VALUES(505, 'bilder-galerie/klgrbild_505.jpg', 'bilder-galerie/klgrbilda_505.jpg', '9', 505, 'Peter mit Erik Zabel', '', '', '');
INSERT INTO `galerie` VALUES(506, 'bilder-galerie/klgrbild_506.jpg', 'bilder-galerie/klgrbilda_506.jpg', '9', 506, 'Peter mit Franz Beckenbauer', '', '', '');
INSERT INTO `galerie` VALUES(507, 'bilder-galerie/klgrbild_507.jpg', 'bilder-galerie/klgrbilda_507.jpg', '9', 507, 'mit Jan Cyriak', '', '', '');
INSERT INTO `galerie` VALUES(508, 'bilder-galerie/klgrbild_508.jpg', 'bilder-galerie/klgrbilda_508.jpg', '9', 508, '', '', '', '');
INSERT INTO `galerie` VALUES(509, 'bilder-galerie/klgrbild_509.jpg', 'bilder-galerie/klgrbilda_509.jpg', '9', 509, 'Peter, Miriam und Hansi Hinterseher (Generaliopen in Kitzbühel)', '', '', '');
INSERT INTO `galerie` VALUES(510, 'bilder-galerie/klgrbild_510.jpg', 'bilder-galerie/klgrbilda_510.jpg', '9', 510, 'Albert Costa mit Peter', '', '', '');
INSERT INTO `galerie` VALUES(511, 'bilder-galerie/klgrbild_511.jpg', 'bilder-galerie/klgrbilda_511.jpg', '9', 511, 'Peter im Zielraum 2006 Turin', '', '', '');
INSERT INTO `galerie` VALUES(512, 'bilder-galerie/klgrbild_512.jpg', 'bilder-galerie/klgrbilda_512.jpg', '9', 512, 'Braxenthaler, Schönfelder mit Peter', '', '', '');
INSERT INTO `galerie` VALUES(513, 'bilder-galerie/klgrbild_513.jpg', 'bilder-galerie/klgrbilda_513.jpg', '9', 513, 'Martin Braxenthaler (vielfacher Olympiasieger) mit Hiegelsperger-Auge', '', '', '');
INSERT INTO `galerie` VALUES(514, 'bilder-galerie/klgrbild_514.jpg', 'bilder-galerie/klgrbilda_514.jpg', '9', 514, 'Manuel und Peter mit den deutschen Fußball- Weltmeisterinnen', '', '', '');
INSERT INTO `galerie` VALUES(515, 'bilder-galerie/klgrbild_515.jpg', 'bilder-galerie/klgrbilda_515.jpg', '9', 515, 'Peter mit Wolfgang Ambros', '', '', '');
INSERT INTO `galerie` VALUES(516, 'bilder-galerie/klgrbild_516.jpg', 'bilder-galerie/klgrbilda_516.jpg', '9', 516, 'Michael Ballack mit Peter bei der Fußball-WM 2006', '', '', '');
INSERT INTO `galerie` VALUES(517, 'bilder-galerie/klgrbild_517.jpg', 'bilder-galerie/klgrbilda_517.jpg', '9', 517, 'Peter mit Iris Berben', '', '', '');
INSERT INTO `galerie` VALUES(518, 'bilder-galerie/klgrbild_518.jpg', 'bilder-galerie/klgrbilda_518.jpg', '9', 518, 'Angelika Ebel, Thomas Gottschalk und Peter Hiegelsperger bei der Verleihung in München', '', '', '');
INSERT INTO `galerie` VALUES(519, 'bilder-galerie/klgrbild_519.jpg', 'bilder-galerie/klgrbilda_519.jpg', '9', 519, 'Daniel Winkler, Peter Hiegelsperger, Franz Beckenbauer und Hubert Morandell (Sportler des Jahres D)', '', '', '');
INSERT INTO `galerie` VALUES(520, 'bilder-galerie/klgrbild_520.jpg', 'bilder-galerie/klgrbilda_520.jpg', '9', 520, 'Iris Berben mit Peter bei der Verleihung in München', '', '', '');
INSERT INTO `galerie` VALUES(521, 'bilder-galerie/klgrbild_521.jpg', 'bilder-galerie/klgrbilda_521.jpg', '9', 521, 'Reinhard Fendrich, Sieglinde Gufler und Peter', '', '', '');
INSERT INTO `galerie` VALUES(522, 'bilder-galerie/klgrbild_522.jpg', 'bilder-galerie/klgrbilda_522.jpg', '9', 522, 'Sieglinde Gufler, Peter Hiegelsperger, James Bond Girl 2007, Nicoletta Montel', '', '', '');
INSERT INTO `galerie` VALUES(523, 'bilder-galerie/klgrbild_523.jpg', 'bilder-galerie/klgrbilda_523.jpg', '9', 523, 'Peter und Björndalen WM 2009', '', '', '');
INSERT INTO `galerie` VALUES(524, 'bilder-galerie/klgrbild_524.jpg', 'bilder-galerie/klgrbilda_524.jpg', '9', 524, 'O.E. Björndalen mit Peter (Turin 2006)', '', '', '');
INSERT INTO `galerie` VALUES(525, 'bilder-galerie/klgrbild_525.jpg', 'bilder-galerie/klgrbilda_525.jpg', '9', 525, 'Peter und Manuel Perktold in Baden-Baden', '', '', '');
INSERT INTO `galerie` VALUES(526, 'bilder-galerie/klgrbild_526.jpg', 'bilder-galerie/klgrbilda_526.jpg', '9', 526, 'Peter und Manuel beim Sportler des Jahres (D)', '', '', '');
INSERT INTO `galerie` VALUES(527, 'bilder-galerie/klgrbild_527.jpg', 'bilder-galerie/klgrbilda_527.jpg', '9', 527, 'Peter Hiegelsperger gestaltet den Pokal für Michael Schumacher', '', '', '');

-- --------------------------------------------------------

--
-- Tabellenstruktur für Tabelle `galeriecomb`
--

CREATE TABLE `galeriecomb` (
  `id` int(11) NOT NULL auto_increment,
  `contentid` int(11) NOT NULL default '0',
  `galerieid` int(11) NOT NULL default '0',
  `prioritaet` int(11) NOT NULL default '0',
  PRIMARY KEY  (`id`)
) TYPE=MyISAM AUTO_INCREMENT=15 ;

--
-- Daten für Tabelle `galeriecomb`
--

INSERT INTO `galeriecomb` VALUES(1, 1, 1, 0);
INSERT INTO `galeriecomb` VALUES(2, 24, 5, 0);
INSERT INTO `galeriecomb` VALUES(3, 2, 7, 0);
INSERT INTO `galeriecomb` VALUES(6, 28, 9, 0);
INSERT INTO `galeriecomb` VALUES(7, 3, 8, 0);
INSERT INTO `galeriecomb` VALUES(8, 4, 12, 0);
INSERT INTO `galeriecomb` VALUES(9, 5, 15, 0);
INSERT INTO `galeriecomb` VALUES(10, 6, 14, 0);
INSERT INTO `galeriecomb` VALUES(11, 7, 10, 0);
INSERT INTO `galeriecomb` VALUES(12, 8, 11, 0);
INSERT INTO `galeriecomb` VALUES(13, 26, 16, 0);
INSERT INTO `galeriecomb` VALUES(14, 23, 13, 0);

-- --------------------------------------------------------

--
-- Tabellenstruktur für Tabelle `galeriekat`
--

CREATE TABLE `galeriekat` (
  `id` int(11) NOT NULL auto_increment,
  `galeriekatde` varchar(50) NOT NULL default '',
  `galeriekatit` varchar(50) NOT NULL default '',
  `galeriekateng` varchar(50) NOT NULL default '',
  `prioritaet` int(11) NOT NULL default '0',
  `online` int(1) NOT NULL default '0',
  `galeriekatfr` varchar(100) NOT NULL default '',
  PRIMARY KEY  (`id`)
) TYPE=MyISAM AUTO_INCREMENT=17 ;

--
-- Daten für Tabelle `galeriekat`
--

INSERT INTO `galeriekat` VALUES(1, 'Beginn der Karriere', '', '', 1, 0, '');
INSERT INTO `galeriekat` VALUES(2, 'Bild- und Kunspräsentationen', '', '', 2, 0, '');
INSERT INTO `galeriekat` VALUES(3, 'Boxen mit der Weltklasse', '', '', 3, 0, '');
INSERT INTO `galeriekat` VALUES(4, 'In jungen Jahren', '', '', 4, 0, '');
INSERT INTO `galeriekat` VALUES(5, 'Zeitungsartikel', '', '', 5, 0, '');
INSERT INTO `galeriekat` VALUES(6, 'große bilder', '', '', 6, 0, '');
INSERT INTO `galeriekat` VALUES(7, 'Tierbilder', '', '', 7, 0, '');
INSERT INTO `galeriekat` VALUES(8, 'Jagdmotive', '', '', 8, 0, '');
INSERT INTO `galeriekat` VALUES(9, 'VIP''s', '', '', 9, 0, '');
INSERT INTO `galeriekat` VALUES(10, 'Abstrakt', '', '', 10, 0, '');
INSERT INTO `galeriekat` VALUES(11, 'Aktbilder', '', '', 11, 0, '');
INSERT INTO `galeriekat` VALUES(12, 'Augenmotive', '', '', 12, 0, '');
INSERT INTO `galeriekat` VALUES(13, 'Bjoerndalen', '', '', 13, 0, '');
INSERT INTO `galeriekat` VALUES(14, 'Golfbilder', '', '', 14, 0, '');
INSERT INTO `galeriekat` VALUES(15, 'Sportmotive', '', '', 15, 0, '');
INSERT INTO `galeriekat` VALUES(16, 'Verschiedene Bilder', '', '', 16, 0, '');

-- --------------------------------------------------------

--
-- Tabellenstruktur für Tabelle `grundeinstellung`
--

CREATE TABLE `grundeinstellung` (
  `id` int(11) NOT NULL auto_increment,
  `link` varchar(250) NOT NULL default '',
  `pixel_gross` int(4) NOT NULL default '0',
  `pixel_klein` int(4) NOT NULL default '0',
  PRIMARY KEY  (`id`)
) TYPE=MyISAM AUTO_INCREMENT=2 ;

--
-- Daten für Tabelle `grundeinstellung`
--

INSERT INTO `grundeinstellung` VALUES(1, '', 500, 150);

-- --------------------------------------------------------

--
-- Tabellenstruktur für Tabelle `gtbook`
--

CREATE TABLE `gtbook` (
  `id` int(11) NOT NULL auto_increment,
  `name` varchar(18) NOT NULL default '',
  `email` varchar(50) NOT NULL default '',
  `homepage` varchar(50) NOT NULL default '',
  `zeit` varchar(25) default NULL,
  `text` text NOT NULL,
  `land` varchar(50) NOT NULL default '',
  `ip` varchar(15) NOT NULL default '',
  `kleintext` varchar(25) NOT NULL default '',
  PRIMARY KEY  (`id`)
) TYPE=MyISAM AUTO_INCREMENT=1 ;

--
-- Daten für Tabelle `gtbook`
--


-- --------------------------------------------------------

--
-- Tabellenstruktur für Tabelle `hauptkat`
--

CREATE TABLE `hauptkat` (
  `id` int(11) NOT NULL auto_increment,
  `hauptde` text NOT NULL,
  `hauptit` text NOT NULL,
  `haupteng` text NOT NULL,
  `hauptfr` text NOT NULL,
  `prioritaet` int(11) NOT NULL default '0',
  `mitunter` varchar(10) NOT NULL default '',
  `haupvon` varchar(10) NOT NULL default '',
  `keywordde` varchar(255) NOT NULL default '',
  `keywordit` varchar(255) NOT NULL default '',
  `keywordeng` varchar(255) NOT NULL default '',
  `keywordfr` varchar(255) NOT NULL default '',
  `rewritingde` varchar(255) NOT NULL default '',
  `rewritingit` varchar(255) NOT NULL default '',
  `rewritingeng` varchar(255) NOT NULL default '',
  `rewritingfr` varchar(255) NOT NULL default '',
  PRIMARY KEY  (`id`)
) TYPE=MyISAM AUTO_INCREMENT=11 ;

--
-- Daten für Tabelle `hauptkat`
--

INSERT INTO `hauptkat` VALUES(1, 'Biografie', '', '', '', 0, '', '', '', '', '', '', 'biografie.html', '', '', '');
INSERT INTO `hauptkat` VALUES(2, 'Bildergalerien', '', '', '', 0, '', '', '', '', '', '', 'bildergalerien.html', '', '', '');
INSERT INTO `hauptkat` VALUES(3, 'Ausstellungen', '', '', '', 0, '', '', '', '', '', '', 'ausstellungen.html', '', '', '');
INSERT INTO `hauptkat` VALUES(4, 'Highlights', '', '', '', 0, '', '', '', '', '', '', 'highlights.html', '', '', '');
INSERT INTO `hauptkat` VALUES(5, 'Publikationen', '', '', '', 0, '', '', '', '', '', '', 'publikationen.html', '', '', '');
INSERT INTO `hauptkat` VALUES(6, 'VIP''s', '', '', '', 0, '', '', '', '', '', '', 'vips.html', '', '', '');
INSERT INTO `hauptkat` VALUES(7, 'News', '', '', '', 0, '', '', '', '', '', '', 'news.html', '', '', '');
INSERT INTO `hauptkat` VALUES(8, 'Partner', '', '', '', 0, '', '', '', '', '', '', 'partner.html', '', '', '');
INSERT INTO `hauptkat` VALUES(9, 'Medien', '', '', '', 0, '', '', '', '', '', '', 'medien.html', '', '', '');
INSERT INTO `hauptkat` VALUES(10, 'Kontakt', '', '', '', 0, '', '', '', '', '', '', 'kontakt.html', '', '', '');

-- --------------------------------------------------------

--
-- Tabellenstruktur für Tabelle `homelist`
--

CREATE TABLE `homelist` (
  `id` int(11) NOT NULL auto_increment,
  `contentid` int(11) NOT NULL default '0',
  `prioritaet` int(11) NOT NULL default '0',
  `unterkat` varchar(100) NOT NULL default '',
  PRIMARY KEY  (`id`)
) TYPE=MyISAM AUTO_INCREMENT=25 ;

--
-- Daten für Tabelle `homelist`
--

INSERT INTO `homelist` VALUES(22, 23, 1, '');
INSERT INTO `homelist` VALUES(21, 21, 1, '');
INSERT INTO `homelist` VALUES(20, 20, 1, '');
INSERT INTO `homelist` VALUES(19, 18, 1, '');
INSERT INTO `homelist` VALUES(18, 19, 1, '');
INSERT INTO `homelist` VALUES(17, 17, 1, '');
INSERT INTO `homelist` VALUES(16, 16, 1, '');
INSERT INTO `homelist` VALUES(15, 15, 1, '');
INSERT INTO `homelist` VALUES(14, 9, 1, '');
INSERT INTO `homelist` VALUES(13, 25, 1, '');
INSERT INTO `homelist` VALUES(23, 24, 1, '');
INSERT INTO `homelist` VALUES(24, 26, 1, '');

-- --------------------------------------------------------

--
-- Tabellenstruktur für Tabelle `htaccess`
--

CREATE TABLE `htaccess` (
  `id` int(255) unsigned NOT NULL auto_increment,
  `htaccess` longtext NOT NULL,
  PRIMARY KEY  (`id`)
) TYPE=MyISAM AUTO_INCREMENT=1 ;

--
-- Daten für Tabelle `htaccess`
--


-- --------------------------------------------------------

--
-- Tabellenstruktur für Tabelle `kalender`
--

CREATE TABLE `kalender` (
  `id` int(11) NOT NULL auto_increment,
  `datum` varchar(15) NOT NULL default '0',
  `tagok` varchar(10) NOT NULL default '',
  `monatok` varchar(10) NOT NULL default '',
  `jahrok` varchar(10) NOT NULL default '',
  `datumb` date NOT NULL default '0000-00-00',
  `inhaltid` varchar(100) NOT NULL default '',
  `tabelleid` varchar(10) NOT NULL default '',
  PRIMARY KEY  (`id`)
) TYPE=MyISAM AUTO_INCREMENT=1 ;

--
-- Daten für Tabelle `kalender`
--


-- --------------------------------------------------------

--
-- Tabellenstruktur für Tabelle `kontaktecomb`
--

CREATE TABLE `kontaktecomb` (
  `id` int(11) NOT NULL auto_increment,
  `contentid` int(11) NOT NULL default '0',
  `fileid` int(11) NOT NULL default '0',
  `prioritaet` int(11) NOT NULL default '0',
  PRIMARY KEY  (`id`)
) TYPE=MyISAM AUTO_INCREMENT=4 ;

--
-- Daten für Tabelle `kontaktecomb`
--

INSERT INTO `kontaktecomb` VALUES(1, 4, 0, 0);
INSERT INTO `kontaktecomb` VALUES(2, 4, 0, 0);
INSERT INTO `kontaktecomb` VALUES(3, 4, 0, 0);

-- --------------------------------------------------------

--
-- Tabellenstruktur für Tabelle `lauftext`
--

CREATE TABLE `lauftext` (
  `id` int(11) NOT NULL auto_increment,
  `lauftextde` varchar(250) NOT NULL default '',
  `lauftextit` varchar(250) NOT NULL default '',
  `lauftexteng` varchar(250) NOT NULL default '',
  `lauftextfr` varchar(250) NOT NULL default '',
  PRIMARY KEY  (`id`)
) TYPE=MyISAM AUTO_INCREMENT=1 ;

--
-- Daten für Tabelle `lauftext`
--


-- --------------------------------------------------------

--
-- Tabellenstruktur für Tabelle `linkcomb`
--

CREATE TABLE `linkcomb` (
  `id` int(11) NOT NULL auto_increment,
  `contentid` int(11) NOT NULL default '0',
  `linkid` int(11) NOT NULL default '0',
  PRIMARY KEY  (`id`)
) TYPE=MyISAM AUTO_INCREMENT=1 ;

--
-- Daten für Tabelle `linkcomb`
--


-- --------------------------------------------------------

--
-- Tabellenstruktur für Tabelle `okcontent`
--

CREATE TABLE `okcontent` (
  `id` int(11) NOT NULL auto_increment,
  `keywordde` varchar(255) NOT NULL default '',
  `keywordit` varchar(255) NOT NULL default '',
  `keywordeng` varchar(255) NOT NULL default '',
  `keywordfr` varchar(255) NOT NULL default '',
  `rewritingde` varchar(100) NOT NULL default '',
  `rewritingit` varchar(100) NOT NULL default '',
  `rewritingeng` varchar(100) NOT NULL default '',
  `rewritingfr` varchar(100) NOT NULL default '',
  `titelde` text NOT NULL,
  `titelit` text NOT NULL,
  `titeleng` text NOT NULL,
  `einleitungde` text NOT NULL,
  `einleitungit` text NOT NULL,
  `einleitungeng` text NOT NULL,
  `textde` text NOT NULL,
  `textit` text NOT NULL,
  `kurztextde` varchar(100) NOT NULL default '',
  `kurztextit` varchar(100) NOT NULL default '',
  `texteng` text NOT NULL,
  `kurztexteng` varchar(100) NOT NULL default '',
  `flash` varchar(255) NOT NULL default '',
  `flashname` varchar(250) NOT NULL default '',
  `flashheight` int(5) NOT NULL default '0',
  `flashwidth` int(5) NOT NULL default '0',
  `klbild` varchar(250) NOT NULL default '',
  `klbilda` varchar(250) NOT NULL default '',
  `klbild2` varchar(250) NOT NULL default '',
  `klbild2a` varchar(250) NOT NULL default '',
  `klbild3` varchar(250) NOT NULL default '',
  `klbild3a` varchar(250) NOT NULL default '',
  `klbild4` varchar(250) NOT NULL default '',
  `klbild4a` varchar(250) NOT NULL default '',
  `klbild5` varchar(100) NOT NULL default '',
  `klbild5a` varchar(100) NOT NULL default '',
  `klbild6` varchar(100) NOT NULL default '',
  `klbild6a` varchar(100) NOT NULL default '',
  `home` int(1) NOT NULL default '0',
  `vondatum` date NOT NULL default '0000-00-00',
  `vontag` char(2) NOT NULL default '',
  `vonmonat` char(2) NOT NULL default '',
  `vonjahr` varchar(4) NOT NULL default '',
  `tag` varchar(10) NOT NULL default '',
  `monat` varchar(10) NOT NULL default '',
  `jahr` varchar(10) NOT NULL default '',
  `datum` date NOT NULL default '0000-00-00',
  `online` int(1) NOT NULL default '0',
  `prioritaet` int(11) NOT NULL default '0',
  `immer` varchar(10) NOT NULL default '',
  `bildtext1de` text NOT NULL,
  `bildtext1it` text NOT NULL,
  `bildtext1eng` text NOT NULL,
  `bildtext2de` text NOT NULL,
  `bildtext2it` text NOT NULL,
  `bildtext2eng` text NOT NULL,
  `bildtext3de` text NOT NULL,
  `bildtext3it` text NOT NULL,
  `bildtext3eng` text NOT NULL,
  `bildtext4de` text NOT NULL,
  `bildtext4it` text NOT NULL,
  `bildtext4eng` text NOT NULL,
  `bildtext5de` text NOT NULL,
  `bildtext5it` text NOT NULL,
  `bildtext5eng` text NOT NULL,
  `bildtext6de` text NOT NULL,
  `bildtext6it` text NOT NULL,
  `bildtext6eng` text NOT NULL,
  `menuid` int(11) NOT NULL default '0',
  `firmaid` int(11) NOT NULL default '0',
  `hauptkat` varchar(100) NOT NULL default '0',
  `unterkat` varchar(100) NOT NULL default '0',
  `vorschaubild` varchar(100) NOT NULL default '',
  `vorschaubildb` varchar(100) NOT NULL default '',
  `preis` double(8,2) NOT NULL default '0.00',
  `artnr` varchar(100) NOT NULL default '',
  `hyperlink` varchar(100) NOT NULL default '',
  `offer` varchar(10) NOT NULL default '',
  `titelfr` text NOT NULL,
  `einleitungfr` text NOT NULL,
  `textfr` text NOT NULL,
  `vorschaubildc` varchar(250) NOT NULL default '',
  `vorschaubildd` varchar(250) NOT NULL default '',
  `galbild1` varchar(10) NOT NULL default '',
  `galbild2` varchar(10) NOT NULL default '',
  `galbild3` varchar(10) NOT NULL default '',
  `galbild4` varchar(10) NOT NULL default '',
  `hyperlinkdescde` varchar(250) NOT NULL default '',
  `hyperlinkdescit` varchar(250) NOT NULL default '',
  `hyperlinkdesceng` varchar(250) NOT NULL default '',
  `hyperlinkdescfr` varchar(250) NOT NULL default '',
  `owner_id` int(3) NOT NULL default '0',
  `ip` varchar(15) NOT NULL default '',
  `date` datetime NOT NULL default '0000-00-00 00:00:00',
  `weinbriefde` text NOT NULL,
  `weinbriefit` text NOT NULL,
  `weinbriefeng` text NOT NULL,
  PRIMARY KEY  (`id`)
) TYPE=MyISAM AUTO_INCREMENT=35 ;

--
-- Daten für Tabelle `okcontent`
--

INSERT INTO `okcontent` VALUES(1, '', '', '', '', 'biografie.html', '', '', '', 'Biografie', '', '', '', '', '', 'Der K&uuml;nstler Peter Hiegelsperger <br /><br />Er kennt Gott und die Welt, Maler und Familienvater, liebt Tiere und schnelle Autos, hilft, wo es Hilfe braucht und bleibt trotz seiner Vielseitigkeit ein Realist und liebenswerter Mensch.<br /><br />Kulturasessor Bruno Hosp schreibt im Vorwort zum Kalender mit 20 Werken: " Peter Hiegelsperger ist ein Ph&auml;nomen. Sein kometenhafter Aufstieg zum international begehrten Trendsetter und seine gleichzeitige Zur&uuml;ckgezogenheit, Ernsthaftigkeit und Akribie in der k&uuml;nstlerischen Arbeit sind die zwei Seiten die sich dem Beobachter zeigen".<br /><br />Hosp trifft mit seiner Aussage den Nagel auf den Kopf. Peter Hiegelsperger ist Autodidakt, der sein Grundwissen aus Sommerakademien und Kursen in Salzburg, Wien, Mailand, Paris und Prissian "Schloß Katzenzungen" erworben hat. Der anerkannte K&uuml;nstler wurde in Meran am 24. Juni 1963 geboren. <br /><br /><br />Er lebt und arbeitet in seinem Atelier in Prissian. "Es sollte jedem von uns ein Anliegen sein, Tiere vor der Ausrottung zu sch&uuml;tzen", bekennt der eigensinnige Maler, der sich keine Diktate noch Zw&auml;nge auferlegen l&auml;ßt. Seine Themen sind klar definiert, seine Technik ausgefeilt. <br />Die Farben, ob Acryl, Aquarell, Mischtechnik oder Sandgemisch, sind zentrales Element in seinem Schaffen. <br /><br /><br />"Das Markenzeichen Hiegelspergers sind die Augen, die er gekonnt zum Ausdruck bringt schreibt die Kunstkritikerin Iris Weichinger aus M&uuml;nchen und erg&auml;nzt: "Hiegelsperger hat seinen freien Malmodus. <br />Er malt, was ihm wertvoll und wichtig erscheint, l&auml;ßt in seinen Bildern seiner Hand freien Lauf, und verleiht Ausdruck und Harmonie. Er setzt gekonnt Schatten und verleiht somit seinen Tierbildern leben." <br /><br /><br />Das ist aber nur die eine Seite des K&uuml;nstlers. Die andere ist seine F&auml;higkeit, sich selbst und andere optimal zu vermarkten. Hiegelsperger stellte bereits in den verschiedensten St&auml;dten Europas aus. <br />Mailand, Baden-Baden, Ulm, Gelsenkirchen, Essen, Tuttlingen, Reutlingen, S&ouml;lden, St. Anton, W&uuml;rzburg, Frankfurt, Graz, Salzburg, Innsbruck, Kitzb&uuml;hel, Klagenfurt, Wien, Paris, M&uuml;nchen, Ludwigsburg, N&uuml;rnberg, Stuttgart, Heilbronn, Z&uuml;rich und in Singapur. <br />', '', '', '', '', '', '', '', 0, 0, '', '', '', '', '', '', '', '', '', '', '', '', 0, '0000-00-00', '01', '01', '', '01', '01', '', '0000-00-00', 1, 1, 'immer', '', '', '', '', '', '', '', '', '', '', '', '', '', '', '', '', '', '', 0, 0, '1', '', '', '', 0.00, '', '', '', '', '', '', '', '', '', '', '', '', '', '', '', '', 0, '79.40.108.139', '2009-02-21 17:57:21', '', '', '');
INSERT INTO `okcontent` VALUES(2, '', '', '', '', 'tiere.html', '', '', '', 'Tiere', '', '', '', '', '', '&nbsp;', '', '', '', '', '', '', '', 0, 0, 'bilder-galerie/klgrbild_225.jpg', 'bilder-galerie/klgrbilda_225.jpg', '', '', '', '', '', '', '', '', '', '', 0, '0000-00-00', '01', '01', '', '01', '01', '', '0000-00-00', 1, 3, 'immer', '', '', '', '', '', '', '', '', '', '', '', '', '', '', '', '', '', '', 0, 0, '2', '', '', '', 0.00, '', '', '', '', '', '', '', '', 'ok', '', '', '', '', '', '', '', 0, '87.30.14.78', '2009-03-16 14:26:01', '', '', '');
INSERT INTO `okcontent` VALUES(3, '', '', '', '', 'jagd.html', '', '', '', 'Jagdmotive', '', '', '', '', '', '&nbsp;', '', '', '', '', '', '', '', 0, 0, 'bilder-galerie/klgrbild_371.jpg', 'bilder-galerie/klgrbilda_371.jpg', '', '', '', '', '', '', '', '', '', '', 0, '0000-00-00', '01', '01', '', '01', '01', '', '0000-00-00', 1, 2, 'immer', '', '', '', '', '', '', '', '', '', '', '', '', '', '', '', '', '', '', 0, 0, '2', '', '', '', 0.00, '', '', '', '', '', '', '', '', 'ok', '', '', '', '', '', '', '', 0, '79.40.108.139', '2009-02-21 19:43:57', '', '', '');
INSERT INTO `okcontent` VALUES(4, '', '', '', '', 'augenblicke.html', '', '', '', 'Augenblicke', '', '', '', '', '', '&nbsp;', '', '', '', '', '', '', '', 0, 0, 'bilder-galerie/klgrbild_293.jpg', 'bilder-galerie/klgrbilda_293.jpg', '', '', '', '', '', '', '', '', '', '', 0, '0000-00-00', '01', '01', '', '01', '01', '', '0000-00-00', 1, 3, 'immer', '', '', '', '', '', '', '', '', '', '', '', '', '', '', '', '', '', '', 0, 0, '2', '', '', '', 0.00, '', '', '', '', '', '', '', '', 'ok', '', '', '', '', '', '', '', 0, '79.40.108.139', '2009-02-21 19:44:01', '', '', '');
INSERT INTO `okcontent` VALUES(5, '', '', '', '', 'sport.html', '', '', '', 'Sportbilder', '', '', '', '', '', '&nbsp;', '', '', '', '', '', '', '', 0, 0, '', '', '', '', '', '', '', '', '', '', '', '', 0, '0000-00-00', '01', '01', '', '01', '01', '', '0000-00-00', 1, 4, 'immer', '', '', '', '', '', '', '', '', '', '', '', '', '', '', '', '', '', '', 0, 0, '2', '', '', '', 0.00, '', '', '', '', '', '', '', '', '', '', '', '', '', '', '', '', 0, '79.40.108.139', '2009-02-21 19:44:07', '', '', '');
INSERT INTO `okcontent` VALUES(6, '', '', '', '', 'golf.html', '', '', '', 'Golfbilder', '', '', '', '', '', '&nbsp;', '', '', '', '', '', '', '', 0, 0, '', '', '', '', '', '', '', '', '', '', '', '', 0, '0000-00-00', '01', '01', '', '01', '01', '', '0000-00-00', 1, 5, 'immer', '', '', '', '', '', '', '', '', '', '', '', '', '', '', '', '', '', '', 0, 0, '2', '', '', '', 0.00, '', '', '', '', '', '', '', '', '', '', '', '', '', '', '', '', 0, '79.40.108.139', '2009-02-21 19:44:12', '', '', '');
INSERT INTO `okcontent` VALUES(7, '', '', '', '', 'abstrakt.html', '', '', '', 'Abstrakt', '', '', '', '', '', '&nbsp;', '', '', '', '', '', '', '', 0, 0, '', '', '', '', '', '', '', '', '', '', '', '', 0, '0000-00-00', '01', '01', '', '01', '01', '', '0000-00-00', 1, 6, 'immer', '', '', '', '', '', '', '', '', '', '', '', '', '', '', '', '', '', '', 0, 0, '2', '', '', '', 0.00, '', '', '', '', '', '', '', '', '', '', '', '', '', '', '', '', 0, '79.40.108.139', '2009-02-21 19:44:17', '', '', '');
INSERT INTO `okcontent` VALUES(8, '', '', '', '', 'akt.html', '', '', '', 'Akt', '', '', '', '', '', '&nbsp;', '', '', '', '', '', '', '', 0, 0, '', '', '', '', '', '', '', '', '', '', '', '', 0, '0000-00-00', '01', '01', '', '01', '01', '', '0000-00-00', 1, 7, 'immer', '', '', '', '', '', '', '', '', '', '', '', '', '', '', '', '', '', '', 0, 0, '2', '', '', '', 0.00, '', '', '', '', '', '', '', '', '', '', '', '', '', '', '', '', 0, '79.40.108.139', '2009-02-21 19:44:20', '', '', '');
INSERT INTO `okcontent` VALUES(12, '', '', '', '', 'sportaktionen.html', '', '', '', 'Sportaktionen', '', '', '', '', '', '&nbsp;', '', '', '', '', '', '', '', 0, 0, '', '', '', '', '', '', '', '', '', '', '', '', 0, '0000-00-00', '01', '01', '', '01', '01', '', '0000-00-00', 1, 4, 'immer', '', '', '', '', '', '', '', '', '', '', '', '', '', '', '', '', '', '', 0, 0, '4', '', '', '', 0.00, '', '', '', '', '', '', '', '', '', '', '', '', '', '', '', '', 0, '79.40.108.139', '2009-02-21 20:15:52', '', '', '');
INSERT INTO `okcontent` VALUES(11, '', '', '', '', 'beginn.html', '', '', '', 'Beginn der Karriere', '', '', '', '', '', '&nbsp;', '', '', '', '', '', '', '', 0, 0, '', '', '', '', '', '', '', '', '', '', '', '', 0, '0000-00-00', '01', '01', '', '01', '01', '', '0000-00-00', 1, 2, 'immer', '', '', '', '', '', '', '', '', '', '', '', '', '', '', '', '', '', '', 0, 0, '4', '', '', '', 0.00, '', '', '', '', '', '', '', '', '', '', '', '', '', '', '', '', 0, '79.40.108.139', '2009-02-21 20:15:34', '', '', '');
INSERT INTO `okcontent` VALUES(13, '', '', '', '', 'gala.html', '', '', '', 'Galauftritte, Verleihungen', '', '', '', '', '', '&nbsp;', '', '', '', '', '', '', '', 0, 0, '', '', '', '', '', '', '', '', '', '', '', '', 0, '0000-00-00', '01', '01', '', '01', '01', '', '0000-00-00', 1, 3, 'immer', '', '', '', '', '', '', '', '', '', '', '', '', '', '', '', '', '', '', 0, 0, '4', '', '', '', 0.00, '', '', '', '', '', '', '', '', '', '', '', '', '', '', '', '', 1, '79.40.108.139', '2009-02-21 20:16:37', '', '', '');
INSERT INTO `okcontent` VALUES(14, '', '', '', '', 'peter-nackt.html', '', '', '', 'Peter nackt', '', '', '', '', '', '&nbsp;', '', '', '', '', '', '', '', 0, 0, '', '', '', '', '', '', '', '', '', '', '', '', 0, '0000-00-00', '01', '01', '', '01', '01', '', '0000-00-00', 1, 5, 'immer', '', '', '', '', '', '', '', '', '', '', '', '', '', '', '', '', '', '', 0, 0, '4', '', '', '', 0.00, '', '', '', '', '', '', '', '', '', '', '', '', '', '', '', '', 0, '79.40.108.139', '2009-02-21 20:15:57', '', '', '');
INSERT INTO `okcontent` VALUES(15, '', '', '', '', 'a1highlights.html', '', '', '', 'Highlights', '', '', '', '', '', '&nbsp;', '', '', '', '', '', '', '', 0, 0, '', '', '', '', '', '', '', '', '', '', '', '', 0, '0000-00-00', '01', '01', '', '01', '01', '', '0000-00-00', 1, 1, 'immer', '', '', '', '', '', '', '', '', '', '', '', '', '', '', '', '', '', '', 0, 0, '4', '', '', '', 0.00, '', '', '', '', '', '', '', '', '', '', '', '', '', '', '', '', 0, '79.40.108.139', '2009-02-21 20:17:00', '', '', '');
INSERT INTO `okcontent` VALUES(16, '', '', '', '', 'dahli.html', '', '', '', 'Dahl&igrave; und Hiegelsperger', '', '', 'In der Galerie zur Treppe in N&ouml;rtingen', '', '', 'Die Ausstellung mit Peter und Sieglinde Gufler dauert noch bis Ende November 2009', '', '', '', '', '', '', '', 0, 0, 'bilder-content/klgrbild_16.jpg', 'bilder-content/klgrbilda_16.jpg', '', '', '', '', '', '', '', '', '', '', 0, '0000-00-00', '01', '01', '', '01', '01', '', '0000-00-00', 1, 3, 'immer', '', '', '', '', '', '', '', '', '', '', '', '', '', '', '', '', '', '', 0, 0, '3', '', '', '', 0.00, '', '', '', '', '', '', '', '', '', '', '', '', '', '', '', '', 1, '87.30.14.78', '2009-03-16 14:53:47', '', '', '');
INSERT INTO `okcontent` VALUES(17, '', '', '', '', 'AusstellungimHotelSanterinToblach.html', '', '', '', 'Ausstellung im Hotel Santer in Toblach', '', '', '', '', '', '<p>Bis Ende Mail werden im Hotel Santer verschiedene Bilder ausgestellt.</p>', '', '', '', '', '', '', '', 0, 0, 'bilder-galerie/klgrbild_232.jpg', 'bilder-galerie/klgrbilda_232.jpg', '', '', '', '', '', '', '', '', '', '', 0, '0000-00-00', '01', '01', '', '01', '01', '', '0000-00-00', 1, 2, 'immer', '', '', '', '', '', '', '', '', '', '', '', '', '', '', '', '', '', '', 0, 0, '3', '', '', '', 0.00, '', '', '', '', '', '', '', '', 'ok', '', '', '', '', '', '', '', 1, '87.30.14.78', '2009-03-16 14:51:07', '', '', '');
INSERT INTO `okcontent` VALUES(18, '', '', '', '', 'a1publikationen.html', '', '', '', 'Publikationen', '', '', '', '', '', '&nbsp; <br />', '', '', '', '', '', '', '', 0, 0, '', '', '', '', '', '', '', '', '', '', '', '', 0, '0000-00-00', '01', '01', '', '01', '01', '', '0000-00-00', 1, 1, 'immer', '', '', '', '', '', '', '', '', '', '', '', '', '', '', '', '', '', '', 0, 0, '5', '', '', '', 0.00, '', '', '', '', '', '', '', '', '', '', '', '', '', '', '', '', 0, '79.40.108.139', '2009-02-21 20:30:26', '', '', '');
INSERT INTO `okcontent` VALUES(20, '', '', '', '', 'buecher.html', '', '', '', 'B&uuml;cher', '', '', '', '', '', '&nbsp;', '', '', '', '', '', '', '', 0, 0, '', '', '', '', '', '', '', '', '', '', '', '', 0, '0000-00-00', '01', '01', '', '01', '01', '', '0000-00-00', 1, 3, 'immer', '', '', '', '', '', '', '', '', '', '', '', '', '', '', '', '', '', '', 0, 0, '5', '', '', '', 0.00, '', '', '', '', '', '', '', '', '', '', '', '', '', '', '', '', 0, '79.40.108.139', '2009-02-21 20:32:20', '', '', '');
INSERT INTO `okcontent` VALUES(21, '', '', '', '', 'kalender.html', '', '', '', 'Kalender', '', '', '', '', '', '&nbsp;', '', '', '', '', '', '', '', 0, 0, '', '', '', '', '', '', '', '', '', '', '', '', 0, '0000-00-00', '01', '01', '', '01', '01', '', '0000-00-00', 1, 4, 'immer', '', '', '', '', '', '', '', '', '', '', '', '', '', '', '', '', '', '', 0, 0, '5', '', '', '', 0.00, '', '', '', '', '', '', '', '', '', '', '', '', '', '', '', '', 0, '79.40.108.139', '2009-02-21 20:31:03', '', '', '');
INSERT INTO `okcontent` VALUES(22, '', '', '', '', 'fashion.html', '', '', '', 'Fashion', '', '', '', '', '', '&nbsp; <br />', '', '', '', '', '', '', '', 0, 0, '', '', '', '', '', '', '', '', '', '', '', '', 0, '0000-00-00', '01', '01', '', '01', '01', '', '0000-00-00', 1, 5, 'immer', '', '', '', '', '', '', '', '', '', '', '', '', '', '', '', '', '', '', 0, 0, '5', '', '', '', 0.00, '', '', '', '', '', '', '', '', '', '', '', '', '', '', '', '', 0, '79.40.108.139', '2009-02-21 20:31:11', '', '', '');
INSERT INTO `okcontent` VALUES(23, '', '', '', '', 'ole.html', '', '', '', 'Ole Einar Bjoerndalen', '', '', '', '', '', '&nbsp;', '', '', '', '', '', '', '', 0, 0, '', '', '', '', '', '', '', '', '', '', '', '', 0, '0000-00-00', '01', '01', '', '01', '01', '', '0000-00-00', 1, 2, 'immer', '', '', '', '', '', '', '', '', '', '', '', '', '', '', '', '', '', '', 0, 0, '4', '', '', '', 0.00, '', '', '', '', '', '', '', '', '', '', '', '', '', '', '', '', 0, '79.40.108.139', '2009-02-21 22:06:13', '', '', '');
INSERT INTO `okcontent` VALUES(24, '', '', '', '', 'a1medien.html', '', '', '', 'Medien', '', '', '', '', '', '&nbsp;', '', '', '', '', '', '', '', 0, 0, '', '', '', '', '', '', '', '', '', '', '', '', 0, '0000-00-00', '01', '01', '', '01', '01', '', '0000-00-00', 1, 1, 'immer', '', '', '', '', '', '', '', '', '', '', '', '', '', '', '', '', '', '', 0, 0, '9', '', '', '', 0.00, '', '', '', '', '', '', '', '', '', '', '', '', '', '', '', '', 0, '79.40.108.139', '2009-02-21 22:09:58', '', '', '');
INSERT INTO `okcontent` VALUES(25, '', '', '', '', '', '', '', '', '', '', '', '', '', '', '<img src="/bilder-galerie/bigbild_161.jpg" alt="" />', '', '', '', '', '', '', '', 0, 0, '', '', '', '', '', '', '', '', '', '', '', '', 0, '0000-00-00', '01', '01', '', '01', '01', '', '0000-00-00', 1, 1, 'immer', '', '', '', '', '', '', '', '', '', '', '', '', '', '', '', '', '', '', 0, 0, 'startsite', 'startsite', '', '', 0.00, '', '', '', '', '', '', '', '', 'ok', '', '', '', '', '', '', '', 1, '79.40.108.139', '2009-02-21 23:15:31', '', '', '');
INSERT INTO `okcontent` VALUES(26, '', '', '', '', 'verschiedenes.html', '', '', '', 'Verschiedene Motive', '', '', '', '', '', '&nbsp;', '', '', '', '', '', '', '', 0, 0, '', '', '', '', '', '', '', '', '', '', '', '', 0, '0000-00-00', '01', '01', '', '01', '01', '', '0000-00-00', 1, 8, 'immer', '', '', '', '', '', '', '', '', '', '', '', '', '', '', '', '', '', '', 0, 0, '2', '', '', '', 0.00, '', '', '', '', '', '', '', '', '', '', '', '', '', '', '', '', 1, '87.30.14.78', '2009-02-28 11:35:37', '', '', '');
INSERT INTO `okcontent` VALUES(30, '', '', '', '', 'AusstellungbeiKOINET.html', '', '', '', ' Ausstellung bei KOI NET', '', '', '', '', '', '<p><strong>WELTPR&Auml;MIERE</strong></p><p>&Uuml;ber und unter Wasser stellt Peter Hiegelsperger vom 3. April bis Ende Juni Koi-Bilder aus.</p><p><strong>KOI NET</strong><br />Vogelherd 2<br />D-78176 Blumberg/Bodensee</p><p>Koi "Mona Lisa" k&uuml;sst Peter (Bild unten)</p>', '', '', '', '', '', '', '', 0, 0, 'bilder-content/klgrbild_30.jpg', 'bilder-content/klgrbilda_30.jpg', '', '', '', '', '', '', '', '', '', '', 0, '0000-00-00', '01', '01', '', '01', '01', '', '0000-00-00', 1, 1, 'immer', '', '', '', '', '', '', '', '', '', '', '', '', '', '', '', '', '', '', 0, 0, '7', '', '', '', 0.00, '', '', '', '', '', '', '', '', '', '', '', '', '', '', '', '', 1, '87.30.14.78', '2009-03-16 15:05:20', '', '', '');
INSERT INTO `okcontent` VALUES(29, '', '', '', '', 'a1Bildergalerien.html', '', '', '', 'Bildergalerien', '', '', '', '', '', '', '', '', '', '', '', '', '', 0, 0, '', '', '', '', '', '', '', '', '', '', '', '', 0, '0000-00-00', '01', '01', '', '01', '01', '', '0000-00-00', 1, 1, 'immer', '', '', '', '', '', '', '', '', '', '', '', '', '', '', '', '', '', '', 0, 0, '2', '', '', '', 0.00, '', '', '', '', '', '', '', '', '', '', '', '', '', '', '', '', 0, '87.30.14.78', '2009-03-16 14:26:45', '', '', '');
INSERT INTO `okcontent` VALUES(28, '', '', '', '', 'a1vips.html', '', '', '', 'VIPs', '', '', '', '', '', '<p>Peter Hiegelsperger kennt Gott und die Welt:</p><p></p>', '', '', '', '', '', '', '', 0, 0, '', '', '', '', '', '', '', '', '', '', '', '', 0, '0000-00-00', '01', '01', '', '01', '01', '', '0000-00-00', 1, 1, 'immer', '', '', '', '', '', '', '', '', '', '', '', '', '', '', '', '', '', '', 0, 0, '6', '', '', '', 0.00, '', '', '', '', '', '', '', '', '', '', '', '', '', '', '', '', 0, '87.30.14.78', '2009-02-28 11:33:15', '', '', '');
INSERT INTO `okcontent` VALUES(31, '', '', '', '', 'Ochsenstueberl-Speichingen.html', '', '', '', 'Ochsenst&uuml;berl - Speichingen', '', '', 'Die Ausstellung dauert bis Ende Juni 2009', '', '', '', '', '', '', '', '', '', '', 0, 0, 'bilder-content/klgrbild_31.jpg', 'bilder-content/klgrbilda_31.jpg', '', '', '', '', '', '', '', '', '', '', 0, '0000-00-00', '01', '01', '', '01', '01', '', '0000-00-00', 1, 3, 'immer', '', '', '', '', '', '', '', '', '', '', '', '', '', '', '', '', '', '', 0, 0, '3', '', '', '', 0.00, '', '', '', '', '', '', '', '', '', '', '', '', '', '', '', '', 0, '87.30.14.78', '2009-03-16 14:54:57', '', '', '');
INSERT INTO `okcontent` VALUES(32, '', '', '', '', 'Welzer-Notteitaliana.html', '', '', '', 'Welzer - Notte italiana', '', '', 'Finisage am Donnerstag 19. M&auml;rz', '', '', '<p>Highlight bei der Ausstellung sind:</p><ul><li>Susanne Zuber - Miss Italia Finalistin</li><li>Hubert Morandell - Fitnessmodel</li><li>Joe Morandell - Musiker</li><li>Nicoletta Montel - Autorin</li></ul>', '', '', '', '', '', '', '', 0, 0, 'bilder-content/klgrbild_32.jpg', 'bilder-content/klgrbilda_32.jpg', '', '', '', '', '', '', '', '', '', '', 0, '0000-00-00', '01', '01', '', '01', '01', '', '0000-00-00', 1, 2, 'immer', '', '', '', '', '', '', '', '', '', '', '', '', '', '', '', '', '', '', 0, 0, '3', '', '', '', 0.00, '', '', '', '', '', '', '', '', '', '', '', '', '', '', '', '', 0, '87.30.14.78', '2009-03-16 14:56:49', '', '', '');
INSERT INTO `okcontent` VALUES(33, '', '', '', '', 'Chapter1-artgallery.html', '', '', '', 'Chapter 1 - art gallery', '', '', 'Bis Ende Septermber sind in Kitzb&uuml;hel im Chapter 1 (art gallery) ausgestellt', '', '', '&nbsp;', '', '', '', '', '', '', '', 0, 0, 'bilder-content/klgrbild_33.jpg', 'bilder-content/klgrbilda_33.jpg', '', '', '', '', '', '', '', '', '', '', 0, '0000-00-00', '01', '01', '', '01', '01', '', '0000-00-00', 1, 5, 'immer', '', '', '', '', '', '', '', '', '', '', '', '', '', '', '', '', '', '', 0, 0, '3', '', '', '', 0.00, '', '', '', '', '', '', '', '', '', '', '', '', '', '', '', '', 1, '87.30.14.78', '2009-03-16 14:58:26', '', '', '');
INSERT INTO `okcontent` VALUES(34, '', '', '', '', 'a1ausstellungen.html', '', '', '', 'Ausstellungen', '', '', '', '', '', '&nbsp;', '', '', '', '', '', '', '', 0, 0, '', '', '', '', '', '', '', '', '', '', '', '', 0, '0000-00-00', '01', '01', '', '01', '01', '', '0000-00-00', 1, 1, 'immer', '', '', '', '', '', '', '', '', '', '', '', '', '', '', '', '', '', '', 0, 0, '3', '', '', '', 0.00, '', '', '', '', '', '', '', '', '', '', '', '', '', '', '', '', 0, '87.30.14.78', '2009-03-16 14:59:54', '', '', '');

-- --------------------------------------------------------

--
-- Tabellenstruktur für Tabelle `partnercomb`
--

CREATE TABLE `partnercomb` (
  `id` int(11) NOT NULL auto_increment,
  `contentid` int(11) NOT NULL default '0',
  `fileid` int(11) NOT NULL default '0',
  `prioritaet` int(11) NOT NULL default '0',
  PRIMARY KEY  (`id`)
) TYPE=MyISAM AUTO_INCREMENT=1 ;

--
-- Daten für Tabelle `partnercomb`
--


-- --------------------------------------------------------

--
-- Tabellenstruktur für Tabelle `pinwall`
--

CREATE TABLE `pinwall` (
  `id` int(11) NOT NULL auto_increment,
  `titelde` varchar(250) NOT NULL default '',
  `titelit` varchar(250) NOT NULL default '',
  `textde` text NOT NULL,
  `textit` text NOT NULL,
  `titeleng` varchar(250) NOT NULL default '',
  `texteng` text NOT NULL,
  `home` varchar(10) NOT NULL default '',
  `tag` varchar(10) NOT NULL default '',
  `monat` varchar(10) NOT NULL default '',
  `jahr` varchar(10) NOT NULL default '',
  `datum` date NOT NULL default '0000-00-00',
  `online` varchar(10) NOT NULL default '',
  `prioritaet` int(11) NOT NULL default '0',
  `immer` varchar(10) NOT NULL default '',
  `titelfr` varchar(250) NOT NULL default '',
  `textfr` text NOT NULL,
  `vorschaubild` varchar(100) NOT NULL default '',
  PRIMARY KEY  (`id`)
) TYPE=MyISAM AUTO_INCREMENT=1 ;

--
-- Daten für Tabelle `pinwall`
--


-- --------------------------------------------------------

--
-- Tabellenstruktur für Tabelle `produktecomb`
--

CREATE TABLE `produktecomb` (
  `id` int(11) NOT NULL auto_increment,
  `contentid` int(11) NOT NULL default '0',
  `fileid` int(11) NOT NULL default '0',
  `prioritaet` int(11) NOT NULL default '0',
  PRIMARY KEY  (`id`)
) TYPE=MyISAM AUTO_INCREMENT=1 ;

--
-- Daten für Tabelle `produktecomb`
--


-- --------------------------------------------------------

--
-- Tabellenstruktur für Tabelle `profilecomb`
--

CREATE TABLE `profilecomb` (
  `id` int(11) NOT NULL auto_increment,
  `contentid` int(11) NOT NULL default '0',
  `fileid` int(11) NOT NULL default '0',
  `prioritaet` int(11) NOT NULL default '0',
  PRIMARY KEY  (`id`)
) TYPE=MyISAM AUTO_INCREMENT=1 ;

--
-- Daten für Tabelle `profilecomb`
--


-- --------------------------------------------------------

--
-- Tabellenstruktur für Tabelle `referenzencomb`
--

CREATE TABLE `referenzencomb` (
  `id` int(11) NOT NULL auto_increment,
  `contentid` int(11) NOT NULL default '0',
  `fileid` int(11) NOT NULL default '0',
  `prioritaet` int(11) NOT NULL default '0',
  PRIMARY KEY  (`id`)
) TYPE=MyISAM AUTO_INCREMENT=71 ;

--
-- Daten für Tabelle `referenzencomb`
--

INSERT INTO `referenzencomb` VALUES(14, 4, 17, 0);
INSERT INTO `referenzencomb` VALUES(68, 15, 68, 2);
INSERT INTO `referenzencomb` VALUES(8, 15, 67, 0);
INSERT INTO `referenzencomb` VALUES(10, 15, 69, 3);
INSERT INTO `referenzencomb` VALUES(11, 15, 70, 4);
INSERT INTO `referenzencomb` VALUES(12, 15, 72, 5);
INSERT INTO `referenzencomb` VALUES(13, 15, 71, 6);
INSERT INTO `referenzencomb` VALUES(15, 4, 24, 0);
INSERT INTO `referenzencomb` VALUES(16, 4, 25, 0);
INSERT INTO `referenzencomb` VALUES(17, 4, 26, 0);
INSERT INTO `referenzencomb` VALUES(18, 4, 27, 0);
INSERT INTO `referenzencomb` VALUES(59, 4, 29, 0);
INSERT INTO `referenzencomb` VALUES(20, 5, 19, 0);
INSERT INTO `referenzencomb` VALUES(21, 5, 30, 0);
INSERT INTO `referenzencomb` VALUES(22, 5, 31, 0);
INSERT INTO `referenzencomb` VALUES(23, 5, 32, 0);
INSERT INTO `referenzencomb` VALUES(24, 5, 33, 0);
INSERT INTO `referenzencomb` VALUES(25, 5, 34, 0);
INSERT INTO `referenzencomb` VALUES(26, 5, 35, 0);
INSERT INTO `referenzencomb` VALUES(27, 5, 36, 0);
INSERT INTO `referenzencomb` VALUES(28, 5, 37, 0);
INSERT INTO `referenzencomb` VALUES(29, 5, 38, 0);
INSERT INTO `referenzencomb` VALUES(30, 5, 39, 0);
INSERT INTO `referenzencomb` VALUES(31, 5, 40, 0);
INSERT INTO `referenzencomb` VALUES(32, 5, 42, 0);
INSERT INTO `referenzencomb` VALUES(33, 5, 43, 0);
INSERT INTO `referenzencomb` VALUES(34, 5, 44, 0);
INSERT INTO `referenzencomb` VALUES(35, 5, 45, 0);
INSERT INTO `referenzencomb` VALUES(36, 5, 46, 0);
INSERT INTO `referenzencomb` VALUES(37, 5, 47, 0);
INSERT INTO `referenzencomb` VALUES(38, 5, 48, 0);
INSERT INTO `referenzencomb` VALUES(39, 5, 49, 0);
INSERT INTO `referenzencomb` VALUES(40, 5, 50, 0);
INSERT INTO `referenzencomb` VALUES(41, 5, 51, 0);
INSERT INTO `referenzencomb` VALUES(42, 5, 52, 0);
INSERT INTO `referenzencomb` VALUES(43, 5, 53, 0);
INSERT INTO `referenzencomb` VALUES(44, 5, 54, 0);
INSERT INTO `referenzencomb` VALUES(45, 5, 55, 0);
INSERT INTO `referenzencomb` VALUES(46, 5, 56, 0);
INSERT INTO `referenzencomb` VALUES(47, 5, 57, 0);
INSERT INTO `referenzencomb` VALUES(48, 5, 58, 0);
INSERT INTO `referenzencomb` VALUES(49, 5, 59, 0);
INSERT INTO `referenzencomb` VALUES(50, 5, 60, 0);
INSERT INTO `referenzencomb` VALUES(51, 7, 73, 0);
INSERT INTO `referenzencomb` VALUES(52, 7, 74, 0);
INSERT INTO `referenzencomb` VALUES(53, 7, 75, 0);
INSERT INTO `referenzencomb` VALUES(60, 7, 76, 0);
INSERT INTO `referenzencomb` VALUES(57, 15, 80, 7);
INSERT INTO `referenzencomb` VALUES(58, 4, 28, 0);
INSERT INTO `referenzencomb` VALUES(61, 17, 17, 0);
INSERT INTO `referenzencomb` VALUES(62, 17, 24, 0);
INSERT INTO `referenzencomb` VALUES(63, 17, 25, 0);
INSERT INTO `referenzencomb` VALUES(64, 17, 28, 0);
INSERT INTO `referenzencomb` VALUES(65, 17, 29, 0);
INSERT INTO `referenzencomb` VALUES(66, 28, 28, 0);
INSERT INTO `referenzencomb` VALUES(70, 4, 81, 0);

-- --------------------------------------------------------

--
-- Tabellenstruktur für Tabelle `rewriting`
--

CREATE TABLE `rewriting` (
  `rewriting_ID` int(3) unsigned NOT NULL auto_increment,
  `rewriting` varchar(255) NOT NULL default '',
  `seite` varchar(255) NOT NULL default '',
  `lan` char(3) NOT NULL default '',
  ` hauptkatid` int(5) NOT NULL default '0',
  ` unterkatid` int(5) NOT NULL default '0',
  PRIMARY KEY  (`rewriting_ID`)
) TYPE=MyISAM AUTO_INCREMENT=1 ;

--
-- Daten für Tabelle `rewriting`
--


-- --------------------------------------------------------

--
-- Tabellenstruktur für Tabelle `tabellecomb`
--

CREATE TABLE `tabellecomb` (
  `id` int(11) NOT NULL auto_increment,
  `contentid` int(11) NOT NULL default '0',
  `tabelleid` int(11) NOT NULL default '0',
  PRIMARY KEY  (`id`)
) TYPE=MyISAM AUTO_INCREMENT=1 ;

--
-- Daten für Tabelle `tabellecomb`
--


-- --------------------------------------------------------

--
-- Tabellenstruktur für Tabelle `tabellecontent`
--

CREATE TABLE `tabellecontent` (
  `id` int(11) NOT NULL auto_increment,
  `feld1de` int(11) NOT NULL default '0',
  `feld2de` text NOT NULL,
  `feld3de` text NOT NULL,
  `feld4de` text NOT NULL,
  `feld5de` text NOT NULL,
  `feld6de` text NOT NULL,
  `feld7de` text NOT NULL,
  `artikel` int(11) NOT NULL default '0',
  `tabelleid` int(11) NOT NULL default '0',
  `feld1it` int(11) NOT NULL default '0',
  `feld2it` text NOT NULL,
  `feld3it` text NOT NULL,
  `feld4it` text NOT NULL,
  `feld5it` text NOT NULL,
  `feld6it` text NOT NULL,
  `feld7it` text NOT NULL,
  `feld1eng` int(11) NOT NULL default '0',
  `feld2eng` text NOT NULL,
  `feld3eng` text NOT NULL,
  `feld4eng` text NOT NULL,
  `feld5eng` text NOT NULL,
  `feld6eng` text NOT NULL,
  `feld7eng` text NOT NULL,
  `datum` date NOT NULL default '0000-00-00',
  `tag` varchar(10) NOT NULL default '',
  `monat` varchar(10) NOT NULL default '',
  `jahr` varchar(10) NOT NULL default '',
  PRIMARY KEY  (`id`)
) TYPE=MyISAM AUTO_INCREMENT=1 ;

--
-- Daten für Tabelle `tabellecontent`
--


-- --------------------------------------------------------

--
-- Tabellenstruktur für Tabelle `tabellekat`
--

CREATE TABLE `tabellekat` (
  `id` int(11) NOT NULL auto_increment,
  `tabellekatde` varchar(50) NOT NULL default '',
  `tabellekatit` varchar(50) NOT NULL default '',
  `tabellekateng` varchar(50) NOT NULL default '',
  `prioritaet` int(11) NOT NULL default '0',
  `online` int(1) NOT NULL default '0',
  `datum` varchar(100) NOT NULL default '',
  `feld1de` varchar(100) NOT NULL default '',
  `feld2de` varchar(100) NOT NULL default '',
  `feld3de` varchar(100) NOT NULL default '',
  `feld4de` varchar(100) NOT NULL default '',
  `feld5de` varchar(100) NOT NULL default '',
  `feld6de` varchar(100) NOT NULL default '',
  `feld7de` varchar(100) NOT NULL default '',
  `feld1it` varchar(100) NOT NULL default '',
  `feld2it` varchar(100) NOT NULL default '',
  `feld3it` varchar(100) NOT NULL default '',
  `feld4it` varchar(100) NOT NULL default '',
  `feld5it` varchar(100) NOT NULL default '',
  `feld6it` varchar(100) NOT NULL default '',
  `feld7it` varchar(100) NOT NULL default '',
  `feld1eng` varchar(100) NOT NULL default '',
  `feld2eng` varchar(100) NOT NULL default '',
  `feld3eng` varchar(100) NOT NULL default '',
  `feld4eng` varchar(100) NOT NULL default '',
  `feld5eng` varchar(100) NOT NULL default '',
  `feld6eng` varchar(100) NOT NULL default '',
  `feld7eng` varchar(100) NOT NULL default '',
  `artikel` varchar(100) NOT NULL default '',
  `sortieren` varchar(10) NOT NULL default '',
  `steigend` varchar(10) NOT NULL default '',
  PRIMARY KEY  (`id`)
) TYPE=MyISAM AUTO_INCREMENT=1 ;

--
-- Daten für Tabelle `tabellekat`
--


-- --------------------------------------------------------

--
-- Tabellenstruktur für Tabelle `unterkat`
--

CREATE TABLE `unterkat` (
  `id` int(11) NOT NULL auto_increment,
  `unterkatde` text NOT NULL,
  `unterkatit` text NOT NULL,
  `unterkateng` text NOT NULL,
  `hauptkatid` int(11) NOT NULL default '0',
  `prioritaet` int(11) NOT NULL default '0',
  `punkt` varchar(10) NOT NULL default '',
  `vorschau` varchar(10) NOT NULL default '',
  `shopbez1` int(11) NOT NULL default '0',
  `shopbez2` int(11) NOT NULL default '0',
  `textde` text NOT NULL,
  `textit` text NOT NULL,
  `texteng` text NOT NULL,
  `unterkatfr` varchar(100) NOT NULL default '',
  `textfr` text NOT NULL,
  `owner_id` int(3) NOT NULL default '0',
  `ip` varchar(15) NOT NULL default '',
  `date` datetime NOT NULL default '0000-00-00 00:00:00',
  PRIMARY KEY  (`id`)
) TYPE=MyISAM AUTO_INCREMENT=1 ;

--
-- Daten für Tabelle `unterkat`
--


-- --------------------------------------------------------

--
-- Tabellenstruktur für Tabelle `verschcomb`
--

CREATE TABLE `verschcomb` (
  `id` int(11) NOT NULL auto_increment,
  `contentid` int(11) NOT NULL default '0',
  `fileid` int(11) NOT NULL default '0',
  `prioritaet` int(11) NOT NULL default '0',
  PRIMARY KEY  (`id`)
) TYPE=MyISAM AUTO_INCREMENT=1 ;

--
-- Daten für Tabelle `verschcomb`
--

