-- http://www.phpmyadmin.net
-- 
-- Erstellungszeit: 11. Oktober 2006 um 18:41
-- Server Version: 4.1.13
-- PHP-Version: 5.0.4
-- 
-- Datenbank: `cdcol`
-- 
CREATE DATABASE `cdcol` DEFAULT CHARACTER SET latin1 COLLATE latin1_general_ci;
USE cdcol;

-- --------------------------------------------------------

-- 
-- Tabellenstruktur für Tabelle `cds`
-- 

CREATE TABLE `cds` (
  `titel` varchar(200) collate latin1_general_ci default NULL,
  `interpret` varchar(200) collate latin1_general_ci default NULL,
  `jahr` int(11) default NULL,
  `id` bigint(20) unsigned NOT NULL auto_increment,
  PRIMARY KEY  (`id`)
) ENGINE=MyISAM DEFAULT CHARSET=latin1 COLLATE=latin1_general_ci AUTO_INCREMENT=6 ;

-- 
-- Daten für Tabelle `cds`
-- 

INSERT INTO `cds` VALUES ('Beauty', 'Ryuichi Sakamoto', 1990, 1);
INSERT INTO `cds` VALUES ('Goodbye Country (Hello Nightclub)', 'Groove Armada', 2001, 4);
INSERT INTO `cds` VALUES ('Glee', 'Bran Van 3000', 1997, 5);
-- 
-- Datenbank: `mysql`
-- 
CREATE DATABASE `mysql` DEFAULT CHARACTER SET latin1 COLLATE latin1_general_ci;
USE mysql;

-- --------------------------------------------------------

-- 
-- Tabellenstruktur für Tabelle `columns_priv`
-- 

CREATE TABLE `columns_priv` (
  `Host` char(60) collate utf8_bin NOT NULL default '',
  `Db` char(64) collate utf8_bin NOT NULL default '',
  `User` char(16) collate utf8_bin NOT NULL default '',
  `Table_name` char(64) collate utf8_bin NOT NULL default '',
  `Column_name` char(64) collate utf8_bin NOT NULL default '',
  `Timestamp` timestamp NOT NULL default CURRENT_TIMESTAMP on update CURRENT_TIMESTAMP,
  `Column_priv` set('Select','Insert','Update','References') collate utf8_bin NOT NULL default '',
  PRIMARY KEY  (`Host`,`Db`,`User`,`Table_name`,`Column_name`)
) ENGINE=MyISAM DEFAULT CHARSET=utf8 COLLATE=utf8_bin COMMENT='Column privileges';

-- 
-- Daten für Tabelle `columns_priv`
-- 


-- --------------------------------------------------------

-- 
-- Tabellenstruktur für Tabelle `db`
-- 

CREATE TABLE `db` (
  `Host` char(60) collate utf8_bin NOT NULL default '',
  `Db` char(64) collate utf8_bin NOT NULL default '',
  `User` char(16) collate utf8_bin NOT NULL default '',
  `Select_priv` enum('N','Y') collate utf8_bin NOT NULL default 'N',
  `Insert_priv` enum('N','Y') collate utf8_bin NOT NULL default 'N',
  `Update_priv` enum('N','Y') collate utf8_bin NOT NULL default 'N',
  `Delete_priv` enum('N','Y') collate utf8_bin NOT NULL default 'N',
  `Create_priv` enum('N','Y') collate utf8_bin NOT NULL default 'N',
  `Drop_priv` enum('N','Y') collate utf8_bin NOT NULL default 'N',
  `Grant_priv` enum('N','Y') collate utf8_bin NOT NULL default 'N',
  `References_priv` enum('N','Y') collate utf8_bin NOT NULL default 'N',
  `Index_priv` enum('N','Y') collate utf8_bin NOT NULL default 'N',
  `Alter_priv` enum('N','Y') collate utf8_bin NOT NULL default 'N',
  `Create_tmp_table_priv` enum('N','Y') collate utf8_bin NOT NULL default 'N',
  `Lock_tables_priv` enum('N','Y') collate utf8_bin NOT NULL default 'N',
  PRIMARY KEY  (`Host`,`Db`,`User`),
  KEY `User` (`User`)
) ENGINE=MyISAM DEFAULT CHARSET=utf8 COLLATE=utf8_bin COMMENT='Database privileges';

-- 
-- Daten für Tabelle `db`
-- 

INSERT INTO `db` VALUES (0x6c6f63616c686f7374, 0x7068706d7961646d696e, 0x706d61, 0x59, 0x59, 0x59, 0x59, 0x4e, 0x4e, 0x4e, 0x4e, 0x4e, 0x4e, 0x4e, 0x4e);

-- --------------------------------------------------------

-- 
-- Tabellenstruktur für Tabelle `func`
-- 

CREATE TABLE `func` (
  `name` char(64) collate utf8_bin NOT NULL default '',
  `ret` tinyint(1) NOT NULL default '0',
  `dl` char(128) collate utf8_bin NOT NULL default '',
  `type` enum('function','aggregate') character set utf8 NOT NULL default 'function',
  PRIMARY KEY  (`name`)
) ENGINE=MyISAM DEFAULT CHARSET=utf8 COLLATE=utf8_bin COMMENT='User defined functions';

-- 
-- Daten für Tabelle `func`
-- 


-- --------------------------------------------------------

-- 
-- Tabellenstruktur für Tabelle `help_category`
-- 

CREATE TABLE `help_category` (
  `help_category_id` smallint(5) unsigned NOT NULL default '0',
  `name` varchar(64) NOT NULL default '',
  `parent_category_id` smallint(5) unsigned default NULL,
  `url` varchar(128) NOT NULL default '',
  PRIMARY KEY  (`help_category_id`),
  UNIQUE KEY `name` (`name`)
) ENGINE=MyISAM DEFAULT CHARSET=utf8 COMMENT='help categories';

-- 
-- Daten für Tabelle `help_category`
-- 

INSERT INTO `help_category` VALUES (0, 'Polygon properties', 24, '');
INSERT INTO `help_category` VALUES (1, 'Column Types', 15, '');
INSERT INTO `help_category` VALUES (2, 'Geometry constructors', 24, '');
INSERT INTO `help_category` VALUES (3, 'WKT', 24, '');
INSERT INTO `help_category` VALUES (4, 'Numeric Functions', 22, '');
INSERT INTO `help_category` VALUES (5, 'GeometryCollection properties', 24, '');
INSERT INTO `help_category` VALUES (6, 'Data Manipulation', 15, '');
INSERT INTO `help_category` VALUES (7, 'Administration', 15, '');
INSERT INTO `help_category` VALUES (8, 'MBR', 24, '');
INSERT INTO `help_category` VALUES (9, 'Control flow functions', 22, '');
INSERT INTO `help_category` VALUES (10, 'Transactions', 15, '');
INSERT INTO `help_category` VALUES (11, 'Geometry relations', 24, '');
INSERT INTO `help_category` VALUES (12, 'Functions and Modifiers for Use with GROUP BY Clauses', 22, '');
INSERT INTO `help_category` VALUES (13, 'WKB', 24, '');
INSERT INTO `help_category` VALUES (14, 'Date and Time Functions', 22, '');
INSERT INTO `help_category` VALUES (15, 'Contents', 0, '');
INSERT INTO `help_category` VALUES (16, 'Point properties', 24, '');
INSERT INTO `help_category` VALUES (17, 'Encryption Functions', 22, '');
INSERT INTO `help_category` VALUES (18, 'LineString properties', 24, '');
INSERT INTO `help_category` VALUES (19, 'Geometry properties', 24, '');
INSERT INTO `help_category` VALUES (20, 'Logical operators', 22, '');
INSERT INTO `help_category` VALUES (21, 'Miscellaneous Functions', 22, '');
INSERT INTO `help_category` VALUES (22, 'Functions', 15, '');
INSERT INTO `help_category` VALUES (23, 'String Functions', 22, '');
INSERT INTO `help_category` VALUES (24, 'Geographic features', 15, '');
INSERT INTO `help_category` VALUES (25, 'Information Functions', 22, '');
INSERT INTO `help_category` VALUES (26, 'Comparison operators', 22, '');
INSERT INTO `help_category` VALUES (27, 'Bit Functions', 22, '');
INSERT INTO `help_category` VALUES (28, 'Data Definition', 15, '');

-- --------------------------------------------------------

-- 
-- Tabellenstruktur für Tabelle `help_keyword`
-- 

CREATE TABLE `help_keyword` (
  `help_keyword_id` int(10) unsigned NOT NULL default '0',
  `name` varchar(64) NOT NULL default '',
  PRIMARY KEY  (`help_keyword_id`),
  UNIQUE KEY `name` (`name`)
) ENGINE=MyISAM DEFAULT CHARSET=utf8 COMMENT='help keywords';

-- 
-- Daten für Tabelle `help_keyword`
-- 

INSERT INTO `help_keyword` VALUES (0, 'MIN');
INSERT INTO `help_keyword` VALUES (1, 'JOIN');
INSERT INTO `help_keyword` VALUES (2, 'SERIALIZABLE');
INSERT INTO `help_keyword` VALUES (3, 'REPLACE');
INSERT INTO `help_keyword` VALUES (4, 'RETURNS');
INSERT INTO `help_keyword` VALUES (5, 'MASTER_SSL_CA');
INSERT INTO `help_keyword` VALUES (6, 'NCHAR');
INSERT INTO `help_keyword` VALUES (7, 'COLUMNS');
INSERT INTO `help_keyword` VALUES (8, 'WORK');
INSERT INTO `help_keyword` VALUES (9, 'DATETIME');
INSERT INTO `help_keyword` VALUES (10, 'MODE');
INSERT INTO `help_keyword` VALUES (11, 'OPEN');
INSERT INTO `help_keyword` VALUES (12, 'INTEGER');
INSERT INTO `help_keyword` VALUES (13, 'ESCAPE');
INSERT INTO `help_keyword` VALUES (14, 'VALUE');
INSERT INTO `help_keyword` VALUES (15, 'GEOMETRYCOLLECTIONFROMWKB');
INSERT INTO `help_keyword` VALUES (16, 'DROP');
INSERT INTO `help_keyword` VALUES (17, 'SQL_BIG_RESULT');
INSERT INTO `help_keyword` VALUES (18, 'EVENTS');
INSERT INTO `help_keyword` VALUES (19, 'MONTH');
INSERT INTO `help_keyword` VALUES (20, 'REGEXP');
INSERT INTO `help_keyword` VALUES (21, 'DUPLICATE');
INSERT INTO `help_keyword` VALUES (22, 'LINESTRINGFROMTEXT.');
INSERT INTO `help_keyword` VALUES (23, 'UNLOCK');
INSERT INTO `help_keyword` VALUES (24, 'INNODB');
INSERT INTO `help_keyword` VALUES (25, 'YEAR_MONTH');
INSERT INTO `help_keyword` VALUES (26, 'LOCK');
INSERT INTO `help_keyword` VALUES (27, 'NDB');
INSERT INTO `help_keyword` VALUES (28, 'CHECK');
INSERT INTO `help_keyword` VALUES (29, 'FULL');
INSERT INTO `help_keyword` VALUES (30, 'INT4');
INSERT INTO `help_keyword` VALUES (31, 'BY');
INSERT INTO `help_keyword` VALUES (32, 'NO');
INSERT INTO `help_keyword` VALUES (33, 'MINUTE');
INSERT INTO `help_keyword` VALUES (34, 'DATA');
INSERT INTO `help_keyword` VALUES (35, 'DAY');
INSERT INTO `help_keyword` VALUES (36, 'RAID_CHUNKSIZE');
INSERT INTO `help_keyword` VALUES (37, 'SHARE');
INSERT INTO `help_keyword` VALUES (38, 'REAL');
INSERT INTO `help_keyword` VALUES (39, 'SEPARATOR');
INSERT INTO `help_keyword` VALUES (40, 'DELETE');
INSERT INTO `help_keyword` VALUES (41, 'ON');
INSERT INTO `help_keyword` VALUES (42, 'CHANGED');
INSERT INTO `help_keyword` VALUES (43, 'CLOSE');
INSERT INTO `help_keyword` VALUES (44, 'USE');
INSERT INTO `help_keyword` VALUES (45, 'WHERE');
INSERT INTO `help_keyword` VALUES (46, 'SPATIAL');
INSERT INTO `help_keyword` VALUES (47, 'SQL_BUFFER_RESULT');
INSERT INTO `help_keyword` VALUES (48, 'IGNORE');
INSERT INTO `help_keyword` VALUES (49, 'QUICK');
INSERT INTO `help_keyword` VALUES (50, 'SIGNED');
INSERT INTO `help_keyword` VALUES (51, 'FALSE');
INSERT INTO `help_keyword` VALUES (52, 'POLYGONFROMWKB');
INSERT INTO `help_keyword` VALUES (53, 'NDBCLUSTER');
INSERT INTO `help_keyword` VALUES (54, 'LEVEL');
INSERT INTO `help_keyword` VALUES (55, 'FORCE');
INSERT INTO `help_keyword` VALUES (56, 'BINARY');
INSERT INTO `help_keyword` VALUES (57, 'TO');
INSERT INTO `help_keyword` VALUES (58, 'CHANGE');
INSERT INTO `help_keyword` VALUES (59, 'HOUR_MINUTE');
INSERT INTO `help_keyword` VALUES (60, 'UPDATE');
INSERT INTO `help_keyword` VALUES (61, 'INTO');
INSERT INTO `help_keyword` VALUES (62, 'FEDERATED');
INSERT INTO `help_keyword` VALUES (63, 'VARYING');
INSERT INTO `help_keyword` VALUES (64, 'HOUR_SECOND');
INSERT INTO `help_keyword` VALUES (65, 'VARIABLE');
INSERT INTO `help_keyword` VALUES (66, 'ROLLBACK');
INSERT INTO `help_keyword` VALUES (67, 'MAX');
INSERT INTO `help_keyword` VALUES (68, 'RTREE');
INSERT INTO `help_keyword` VALUES (69, 'PROCEDURE');
INSERT INTO `help_keyword` VALUES (70, 'TIMESTAMP');
INSERT INTO `help_keyword` VALUES (71, 'IMPORT');
INSERT INTO `help_keyword` VALUES (72, 'AGAINST');
INSERT INTO `help_keyword` VALUES (73, 'CHECKSUM');
INSERT INTO `help_keyword` VALUES (74, 'INSERT');
INSERT INTO `help_keyword` VALUES (75, 'COUNT');
INSERT INTO `help_keyword` VALUES (76, 'LONGBINARY');
INSERT INTO `help_keyword` VALUES (77, 'THEN');
INSERT INTO `help_keyword` VALUES (78, 'ENGINES');
INSERT INTO `help_keyword` VALUES (79, 'DAY_SECOND');
INSERT INTO `help_keyword` VALUES (80, 'EXISTS');
INSERT INTO `help_keyword` VALUES (81, 'BOOLEAN');
INSERT INTO `help_keyword` VALUES (82, 'DEFAULT');
INSERT INTO `help_keyword` VALUES (83, 'MOD');
INSERT INTO `help_keyword` VALUES (84, 'TYPE');
INSERT INTO `help_keyword` VALUES (85, 'NO_WRITE_TO_BINLOG');
INSERT INTO `help_keyword` VALUES (86, 'RESET');
INSERT INTO `help_keyword` VALUES (87, 'BIGINT');
INSERT INTO `help_keyword` VALUES (88, 'SET');
INSERT INTO `help_keyword` VALUES (89, 'DATE');
INSERT INTO `help_keyword` VALUES (90, 'STATUS');
INSERT INTO `help_keyword` VALUES (91, 'FULLTEXT');
INSERT INTO `help_keyword` VALUES (92, 'COMMENT');
INSERT INTO `help_keyword` VALUES (93, 'MASTER_CONNECT_RETRY');
INSERT INTO `help_keyword` VALUES (94, 'INNER');
INSERT INTO `help_keyword` VALUES (95, 'STOP');
INSERT INTO `help_keyword` VALUES (96, 'MASTER_LOG_FILE');
INSERT INTO `help_keyword` VALUES (97, 'MRG_MYISAM');
INSERT INTO `help_keyword` VALUES (98, 'PRECISION');
INSERT INTO `help_keyword` VALUES (99, 'TRAILING');
INSERT INTO `help_keyword` VALUES (100, 'LONG');
INSERT INTO `help_keyword` VALUES (101, 'ELSE');
INSERT INTO `help_keyword` VALUES (102, 'IO_THREAD');
INSERT INTO `help_keyword` VALUES (103, 'FROM');
INSERT INTO `help_keyword` VALUES (104, 'READ');
INSERT INTO `help_keyword` VALUES (105, 'LEFT');
INSERT INTO `help_keyword` VALUES (106, 'MINUTE_SECOND');
INSERT INTO `help_keyword` VALUES (107, 'COMPACT');
INSERT INTO `help_keyword` VALUES (108, 'DEC');
INSERT INTO `help_keyword` VALUES (109, 'FOR');
INSERT INTO `help_keyword` VALUES (110, 'WARNINGS');
INSERT INTO `help_keyword` VALUES (111, 'MIN_ROWS');
INSERT INTO `help_keyword` VALUES (112, 'STRING');
INSERT INTO `help_keyword` VALUES (113, 'FUNCTION');
INSERT INTO `help_keyword` VALUES (114, 'ENCLOSED');
INSERT INTO `help_keyword` VALUES (115, 'AGGREGATE');
INSERT INTO `help_keyword` VALUES (116, 'FIELDS');
INSERT INTO `help_keyword` VALUES (117, 'INT3');
INSERT INTO `help_keyword` VALUES (118, 'ARCHIVE');
INSERT INTO `help_keyword` VALUES (119, 'AVG_ROW_LENGTH');
INSERT INTO `help_keyword` VALUES (120, 'ADD');
INSERT INTO `help_keyword` VALUES (121, 'FLOAT4');
INSERT INTO `help_keyword` VALUES (122, 'STRIPED');
INSERT INTO `help_keyword` VALUES (123, 'VIEW');
INSERT INTO `help_keyword` VALUES (124, 'REPEATABLE');
INSERT INTO `help_keyword` VALUES (125, 'INFILE');
INSERT INTO `help_keyword` VALUES (126, 'ORDER');
INSERT INTO `help_keyword` VALUES (127, 'USING');
INSERT INTO `help_keyword` VALUES (128, 'MIDDLEINT');
INSERT INTO `help_keyword` VALUES (129, 'UNSIGNED');
INSERT INTO `help_keyword` VALUES (130, 'GEOMETRYFROMTEXT');
INSERT INTO `help_keyword` VALUES (131, 'INDEXES');
INSERT INTO `help_keyword` VALUES (132, 'FOREIGN');
INSERT INTO `help_keyword` VALUES (133, 'CACHE');
INSERT INTO `help_keyword` VALUES (134, 'HOSTS');
INSERT INTO `help_keyword` VALUES (135, 'COMMIT');
INSERT INTO `help_keyword` VALUES (136, 'SCHEMAS');
INSERT INTO `help_keyword` VALUES (137, 'LEADING');
INSERT INTO `help_keyword` VALUES (138, 'LOAD');
INSERT INTO `help_keyword` VALUES (139, 'SQL_CACHE');
INSERT INTO `help_keyword` VALUES (140, 'CONVERT');
INSERT INTO `help_keyword` VALUES (141, 'DYNAMIC');
INSERT INTO `help_keyword` VALUES (142, 'POLYGONFROMTEXT');
INSERT INTO `help_keyword` VALUES (143, 'BYTE');
INSERT INTO `help_keyword` VALUES (144, 'LINESTRINGFROMWKB');
INSERT INTO `help_keyword` VALUES (145, 'GLOBAL');
INSERT INTO `help_keyword` VALUES (146, 'BERKELEYDB');
INSERT INTO `help_keyword` VALUES (147, 'WHEN');
INSERT INTO `help_keyword` VALUES (148, 'HAVING');
INSERT INTO `help_keyword` VALUES (149, 'AS');
INSERT INTO `help_keyword` VALUES (150, 'STARTING');
INSERT INTO `help_keyword` VALUES (151, 'AUTOCOMMIT');
INSERT INTO `help_keyword` VALUES (152, 'GRANTS');
INSERT INTO `help_keyword` VALUES (153, 'OUTER');
INSERT INTO `help_keyword` VALUES (154, 'FLOOR');
INSERT INTO `help_keyword` VALUES (155, 'AFTER');
INSERT INTO `help_keyword` VALUES (156, 'STD');
INSERT INTO `help_keyword` VALUES (157, 'DISABLE');
INSERT INTO `help_keyword` VALUES (158, 'CSV');
INSERT INTO `help_keyword` VALUES (159, 'OUTFILE');
INSERT INTO `help_keyword` VALUES (160, 'LOW_PRIORITY');
INSERT INTO `help_keyword` VALUES (161, 'BDB');
INSERT INTO `help_keyword` VALUES (162, 'SCHEMA');
INSERT INTO `help_keyword` VALUES (163, 'SONAME');
INSERT INTO `help_keyword` VALUES (164, 'POW');
INSERT INTO `help_keyword` VALUES (165, 'MULTIPOINTFROMWKB');
INSERT INTO `help_keyword` VALUES (166, 'INDEX');
INSERT INTO `help_keyword` VALUES (167, 'MULTIPOINTFROMTEXT');
INSERT INTO `help_keyword` VALUES (168, 'BACKUP');
INSERT INTO `help_keyword` VALUES (169, 'MULTILINESTRINGFROMWKB');
INSERT INTO `help_keyword` VALUES (170, 'EXTENDED');
INSERT INTO `help_keyword` VALUES (171, 'CROSS');
INSERT INTO `help_keyword` VALUES (172, 'NATIONAL');
INSERT INTO `help_keyword` VALUES (173, 'GROUP');
INSERT INTO `help_keyword` VALUES (174, 'ZEROFILL');
INSERT INTO `help_keyword` VALUES (175, 'MASTER_PASSWORD');
INSERT INTO `help_keyword` VALUES (176, 'RELAY_LOG_FILE');
INSERT INTO `help_keyword` VALUES (177, 'TRUE');
INSERT INTO `help_keyword` VALUES (178, 'CHARACTER');
INSERT INTO `help_keyword` VALUES (179, 'MASTER_USER');
INSERT INTO `help_keyword` VALUES (180, 'ENGINE');
INSERT INTO `help_keyword` VALUES (181, 'TABLE');
INSERT INTO `help_keyword` VALUES (182, 'INSERT_METHOD');
INSERT INTO `help_keyword` VALUES (183, 'CASCADE');
INSERT INTO `help_keyword` VALUES (184, 'RELAY_LOG_POS');
INSERT INTO `help_keyword` VALUES (185, 'SQL_CALC_FOUND_ROWS');
INSERT INTO `help_keyword` VALUES (186, 'MYISAM');
INSERT INTO `help_keyword` VALUES (187, 'MODIFY');
INSERT INTO `help_keyword` VALUES (188, 'MATCH');
INSERT INTO `help_keyword` VALUES (189, 'MASTER_LOG_POS');
INSERT INTO `help_keyword` VALUES (190, 'DESC');
INSERT INTO `help_keyword` VALUES (191, 'DISTINCTROW');
INSERT INTO `help_keyword` VALUES (192, 'TIME');
INSERT INTO `help_keyword` VALUES (193, 'NUMERIC');
INSERT INTO `help_keyword` VALUES (194, 'GEOMETRYCOLLECTIONFROMTEXT');
INSERT INTO `help_keyword` VALUES (195, 'RAID_CHUNKS');
INSERT INTO `help_keyword` VALUES (196, 'FLUSH');
INSERT INTO `help_keyword` VALUES (197, 'CREATE');
INSERT INTO `help_keyword` VALUES (198, 'ISAM');
INSERT INTO `help_keyword` VALUES (199, 'INT2');
INSERT INTO `help_keyword` VALUES (200, 'PROCESSLIST');
INSERT INTO `help_keyword` VALUES (201, 'LOGS');
INSERT INTO `help_keyword` VALUES (202, 'HEAP');
INSERT INTO `help_keyword` VALUES (203, 'SOUNDS');
INSERT INTO `help_keyword` VALUES (204, 'BETWEEN');
INSERT INTO `help_keyword` VALUES (205, 'MULTILINESTRINGFROMTEXT');
INSERT INTO `help_keyword` VALUES (206, 'PACK_KEYS');
INSERT INTO `help_keyword` VALUES (207, 'VALUES');
INSERT INTO `help_keyword` VALUES (208, 'FAST');
INSERT INTO `help_keyword` VALUES (209, 'VARCHARACTER');
INSERT INTO `help_keyword` VALUES (210, 'SHOW');
INSERT INTO `help_keyword` VALUES (211, 'ALL');
INSERT INTO `help_keyword` VALUES (212, 'REDUNDANT');
INSERT INTO `help_keyword` VALUES (213, 'USER_RESOURCES');
INSERT INTO `help_keyword` VALUES (214, 'PARTIAL');
INSERT INTO `help_keyword` VALUES (215, 'BINLOG');
INSERT INTO `help_keyword` VALUES (216, 'END');
INSERT INTO `help_keyword` VALUES (217, 'SECOND');
INSERT INTO `help_keyword` VALUES (218, 'AND');
INSERT INTO `help_keyword` VALUES (219, 'FLOAT8');
INSERT INTO `help_keyword` VALUES (220, 'PREV');
INSERT INTO `help_keyword` VALUES (221, 'HOUR');
INSERT INTO `help_keyword` VALUES (222, 'SELECT');
INSERT INTO `help_keyword` VALUES (223, 'DATABASES');
INSERT INTO `help_keyword` VALUES (224, 'OR');
INSERT INTO `help_keyword` VALUES (225, 'MASTER_SSL_CIPHER');
INSERT INTO `help_keyword` VALUES (226, 'SQL_SLAVE_SKIP_COUNTER');
INSERT INTO `help_keyword` VALUES (227, 'BOTH');
INSERT INTO `help_keyword` VALUES (228, 'BOOL');
INSERT INTO `help_keyword` VALUES (229, 'YEAR');
INSERT INTO `help_keyword` VALUES (230, 'MASTER_PORT');
INSERT INTO `help_keyword` VALUES (231, 'CONCURRENT');
INSERT INTO `help_keyword` VALUES (232, 'UNIQUE');
INSERT INTO `help_keyword` VALUES (233, 'MASTER_SSL');
INSERT INTO `help_keyword` VALUES (234, 'DATE_ADD');
INSERT INTO `help_keyword` VALUES (235, 'LIKE');
INSERT INTO `help_keyword` VALUES (236, 'IN');
INSERT INTO `help_keyword` VALUES (237, 'COLUMN');
INSERT INTO `help_keyword` VALUES (238, 'DUMPFILE');
INSERT INTO `help_keyword` VALUES (239, 'MEMORY');
INSERT INTO `help_keyword` VALUES (240, 'CEIL');
INSERT INTO `help_keyword` VALUES (241, 'QUERY');
INSERT INTO `help_keyword` VALUES (242, 'MASTER_HOST');
INSERT INTO `help_keyword` VALUES (243, 'LINES');
INSERT INTO `help_keyword` VALUES (244, 'SQL_THREAD');
INSERT INTO `help_keyword` VALUES (245, 'MULTIPOLYGONFROMWKB');
INSERT INTO `help_keyword` VALUES (246, 'MASTER_SSL_CERT');
INSERT INTO `help_keyword` VALUES (247, 'DAY_MINUTE');
INSERT INTO `help_keyword` VALUES (248, 'TRANSACTION');
INSERT INTO `help_keyword` VALUES (249, 'DATE_SUB');
INSERT INTO `help_keyword` VALUES (250, 'GEOMETRYFROMWKB');
INSERT INTO `help_keyword` VALUES (251, 'INT1');
INSERT INTO `help_keyword` VALUES (252, 'RENAME');
INSERT INTO `help_keyword` VALUES (253, 'RIGHT');
INSERT INTO `help_keyword` VALUES (254, 'ALTER');
INSERT INTO `help_keyword` VALUES (255, 'MAX_ROWS');
INSERT INTO `help_keyword` VALUES (256, 'STRAIGHT_JOIN');
INSERT INTO `help_keyword` VALUES (257, 'NATURAL');
INSERT INTO `help_keyword` VALUES (258, 'VARIABLES');
INSERT INTO `help_keyword` VALUES (259, 'ESCAPED');
INSERT INTO `help_keyword` VALUES (260, 'SHA1');
INSERT INTO `help_keyword` VALUES (261, 'RAID_TYPE');
INSERT INTO `help_keyword` VALUES (262, 'CHAR');
INSERT INTO `help_keyword` VALUES (263, 'OFFSET');
INSERT INTO `help_keyword` VALUES (264, 'NEXT');
INSERT INTO `help_keyword` VALUES (265, 'SQL_LOG_BIN');
INSERT INTO `help_keyword` VALUES (266, 'ERRORS');
INSERT INTO `help_keyword` VALUES (267, 'TEMPORARY');
INSERT INTO `help_keyword` VALUES (268, 'SQL_SMALL_RESULT');
INSERT INTO `help_keyword` VALUES (269, 'COMMITTED');
INSERT INTO `help_keyword` VALUES (270, 'DELAY_KEY_WRITE');
INSERT INTO `help_keyword` VALUES (271, 'BEGIN');
INSERT INTO `help_keyword` VALUES (272, 'MEDIUM');
INSERT INTO `help_keyword` VALUES (273, 'INTERVAL');
INSERT INTO `help_keyword` VALUES (274, 'DAY_HOUR');
INSERT INTO `help_keyword` VALUES (275, 'REFERENCES');
INSERT INTO `help_keyword` VALUES (276, 'AES_ENCRYPT');
INSERT INTO `help_keyword` VALUES (277, 'ISOLATION');
INSERT INTO `help_keyword` VALUES (278, 'INT8');
INSERT INTO `help_keyword` VALUES (279, 'RESTRICT');
INSERT INTO `help_keyword` VALUES (280, 'IS');
INSERT INTO `help_keyword` VALUES (281, 'UNCOMMITTED');
INSERT INTO `help_keyword` VALUES (282, 'NOT');
INSERT INTO `help_keyword` VALUES (283, 'DES_KEY_FILE');
INSERT INTO `help_keyword` VALUES (284, 'COMPRESSED');
INSERT INTO `help_keyword` VALUES (285, 'START');
INSERT INTO `help_keyword` VALUES (286, 'IF');
INSERT INTO `help_keyword` VALUES (287, 'SAVEPOINT');
INSERT INTO `help_keyword` VALUES (288, 'PRIMARY');
INSERT INTO `help_keyword` VALUES (289, 'LAST');
INSERT INTO `help_keyword` VALUES (290, 'INNOBASE');
INSERT INTO `help_keyword` VALUES (291, 'LIMIT');
INSERT INTO `help_keyword` VALUES (292, 'KEYS');
INSERT INTO `help_keyword` VALUES (293, 'KEY');
INSERT INTO `help_keyword` VALUES (294, 'MERGE');
INSERT INTO `help_keyword` VALUES (295, 'SQL_NO_CACHE');
INSERT INTO `help_keyword` VALUES (296, 'DELAYED');
INSERT INTO `help_keyword` VALUES (297, 'CONSTRAINT');
INSERT INTO `help_keyword` VALUES (298, 'SERIAL');
INSERT INTO `help_keyword` VALUES (299, 'ACTION');
INSERT INTO `help_keyword` VALUES (300, 'WRITE');
INSERT INTO `help_keyword` VALUES (301, 'SESSION');
INSERT INTO `help_keyword` VALUES (302, 'DATABASE');
INSERT INTO `help_keyword` VALUES (303, 'NULL');
INSERT INTO `help_keyword` VALUES (304, 'USE_FRM');
INSERT INTO `help_keyword` VALUES (305, 'SLAVE');
INSERT INTO `help_keyword` VALUES (306, 'TERMINATED');
INSERT INTO `help_keyword` VALUES (307, 'ASC');
INSERT INTO `help_keyword` VALUES (308, 'OPTIONALLY');
INSERT INTO `help_keyword` VALUES (309, 'ENABLE');
INSERT INTO `help_keyword` VALUES (310, 'DIRECTORY');
INSERT INTO `help_keyword` VALUES (311, 'LOCAL');
INSERT INTO `help_keyword` VALUES (312, 'DISTINCT');
INSERT INTO `help_keyword` VALUES (313, 'MASTER_SSL_KEY');
INSERT INTO `help_keyword` VALUES (314, 'TABLES');
INSERT INTO `help_keyword` VALUES (315, '<>');
INSERT INTO `help_keyword` VALUES (316, 'HIGH_PRIORITY');
INSERT INTO `help_keyword` VALUES (317, 'BTREE');
INSERT INTO `help_keyword` VALUES (318, 'FIRST');
INSERT INTO `help_keyword` VALUES (319, 'TYPES');
INSERT INTO `help_keyword` VALUES (320, 'MASTER');
INSERT INTO `help_keyword` VALUES (321, 'FIXED');
INSERT INTO `help_keyword` VALUES (322, 'RAID0');
INSERT INTO `help_keyword` VALUES (323, 'MULTIPOLYGONFROMTEXT');
INSERT INTO `help_keyword` VALUES (324, 'ROW_FORMAT');

-- --------------------------------------------------------

-- 
-- Tabellenstruktur für Tabelle `help_relation`
-- 

CREATE TABLE `help_relation` (
  `help_topic_id` int(10) unsigned NOT NULL default '0',
  `help_keyword_id` int(10) unsigned NOT NULL default '0',
  PRIMARY KEY  (`help_keyword_id`,`help_topic_id`)
) ENGINE=MyISAM DEFAULT CHARSET=utf8 COMMENT='keyword-topic relation';

-- 
-- Daten für Tabelle `help_relation`
-- 

INSERT INTO `help_relation` VALUES (378, 0);
INSERT INTO `help_relation` VALUES (281, 1);
INSERT INTO `help_relation` VALUES (350, 2);
INSERT INTO `help_relation` VALUES (330, 3);
INSERT INTO `help_relation` VALUES (127, 4);
INSERT INTO `help_relation` VALUES (148, 5);
INSERT INTO `help_relation` VALUES (336, 6);
INSERT INTO `help_relation` VALUES (272, 7);
INSERT INTO `help_relation` VALUES (109, 8);
INSERT INTO `help_relation` VALUES (298, 9);
INSERT INTO `help_relation` VALUES (62, 10);
INSERT INTO `help_relation` VALUES (281, 10);
INSERT INTO `help_relation` VALUES (78, 11);
INSERT INTO `help_relation` VALUES (272, 11);
INSERT INTO `help_relation` VALUES (127, 12);
INSERT INTO `help_relation` VALUES (395, 12);
INSERT INTO `help_relation` VALUES (301, 13);
INSERT INTO `help_relation` VALUES (190, 14);
INSERT INTO `help_relation` VALUES (80, 15);
INSERT INTO `help_relation` VALUES (19, 16);
INSERT INTO `help_relation` VALUES (61, 16);
INSERT INTO `help_relation` VALUES (127, 16);
INSERT INTO `help_relation` VALUES (149, 16);
INSERT INTO `help_relation` VALUES (219, 16);
INSERT INTO `help_relation` VALUES (367, 16);
INSERT INTO `help_relation` VALUES (281, 17);
INSERT INTO `help_relation` VALUES (186, 18);
INSERT INTO `help_relation` VALUES (20, 19);
INSERT INTO `help_relation` VALUES (396, 20);
INSERT INTO `help_relation` VALUES (117, 21);
INSERT INTO `help_relation` VALUES (40, 22);
INSERT INTO `help_relation` VALUES (23, 23);
INSERT INTO `help_relation` VALUES (272, 24);
INSERT INTO `help_relation` VALUES (370, 24);
INSERT INTO `help_relation` VALUES (20, 25);
INSERT INTO `help_relation` VALUES (23, 26);
INSERT INTO `help_relation` VALUES (281, 26);
INSERT INTO `help_relation` VALUES (370, 27);
INSERT INTO `help_relation` VALUES (370, 28);
INSERT INTO `help_relation` VALUES (272, 29);
INSERT INTO `help_relation` VALUES (370, 29);
INSERT INTO `help_relation` VALUES (395, 30);
INSERT INTO `help_relation` VALUES (34, 31);
INSERT INTO `help_relation` VALUES (60, 31);
INSERT INTO `help_relation` VALUES (281, 31);
INSERT INTO `help_relation` VALUES (287, 31);
INSERT INTO `help_relation` VALUES (330, 31);
INSERT INTO `help_relation` VALUES (367, 31);
INSERT INTO `help_relation` VALUES (370, 31);
INSERT INTO `help_relation` VALUES (370, 32);
INSERT INTO `help_relation` VALUES (374, 32);
INSERT INTO `help_relation` VALUES (20, 33);
INSERT INTO `help_relation` VALUES (87, 34);
INSERT INTO `help_relation` VALUES (330, 34);
INSERT INTO `help_relation` VALUES (370, 34);
INSERT INTO `help_relation` VALUES (20, 35);
INSERT INTO `help_relation` VALUES (370, 36);
INSERT INTO `help_relation` VALUES (281, 37);
INSERT INTO `help_relation` VALUES (127, 38);
INSERT INTO `help_relation` VALUES (247, 38);
INSERT INTO `help_relation` VALUES (287, 39);
INSERT INTO `help_relation` VALUES (370, 40);
INSERT INTO `help_relation` VALUES (374, 40);
INSERT INTO `help_relation` VALUES (0, 41);
INSERT INTO `help_relation` VALUES (374, 41);
INSERT INTO `help_relation` VALUES (24, 42);
INSERT INTO `help_relation` VALUES (78, 43);
INSERT INTO `help_relation` VALUES (0, 44);
INSERT INTO `help_relation` VALUES (34, 45);
INSERT INTO `help_relation` VALUES (60, 45);
INSERT INTO `help_relation` VALUES (78, 45);
INSERT INTO `help_relation` VALUES (166, 46);
INSERT INTO `help_relation` VALUES (367, 46);
INSERT INTO `help_relation` VALUES (281, 47);
INSERT INTO `help_relation` VALUES (0, 48);
INSERT INTO `help_relation` VALUES (60, 48);
INSERT INTO `help_relation` VALUES (117, 48);
INSERT INTO `help_relation` VALUES (281, 48);
INSERT INTO `help_relation` VALUES (330, 48);
INSERT INTO `help_relation` VALUES (367, 48);
INSERT INTO `help_relation` VALUES (24, 49);
INSERT INTO `help_relation` VALUES (34, 49);
INSERT INTO `help_relation` VALUES (265, 49);
INSERT INTO `help_relation` VALUES (298, 50);
INSERT INTO `help_relation` VALUES (304, 51);
INSERT INTO `help_relation` VALUES (64, 52);
INSERT INTO `help_relation` VALUES (370, 53);
INSERT INTO `help_relation` VALUES (350, 54);
INSERT INTO `help_relation` VALUES (0, 55);
INSERT INTO `help_relation` VALUES (204, 56);
INSERT INTO `help_relation` VALUES (236, 56);
INSERT INTO `help_relation` VALUES (298, 56);
INSERT INTO `help_relation` VALUES (336, 56);
INSERT INTO `help_relation` VALUES (148, 57);
INSERT INTO `help_relation` VALUES (362, 57);
INSERT INTO `help_relation` VALUES (148, 58);
INSERT INTO `help_relation` VALUES (367, 58);
INSERT INTO `help_relation` VALUES (20, 59);
INSERT INTO `help_relation` VALUES (117, 60);
INSERT INTO `help_relation` VALUES (281, 60);
INSERT INTO `help_relation` VALUES (374, 60);
INSERT INTO `help_relation` VALUES (30, 61);
INSERT INTO `help_relation` VALUES (117, 61);
INSERT INTO `help_relation` VALUES (281, 61);
INSERT INTO `help_relation` VALUES (370, 62);
INSERT INTO `help_relation` VALUES (204, 63);
INSERT INTO `help_relation` VALUES (20, 64);
INSERT INTO `help_relation` VALUES (96, 65);
INSERT INTO `help_relation` VALUES (109, 66);
INSERT INTO `help_relation` VALUES (362, 66);
INSERT INTO `help_relation` VALUES (378, 67);
INSERT INTO `help_relation` VALUES (166, 68);
INSERT INTO `help_relation` VALUES (281, 69);
INSERT INTO `help_relation` VALUES (70, 70);
INSERT INTO `help_relation` VALUES (150, 70);
INSERT INTO `help_relation` VALUES (330, 71);
INSERT INTO `help_relation` VALUES (62, 72);
INSERT INTO `help_relation` VALUES (370, 73);
INSERT INTO `help_relation` VALUES (117, 74);
INSERT INTO `help_relation` VALUES (386, 74);
INSERT INTO `help_relation` VALUES (339, 75);
INSERT INTO `help_relation` VALUES (226, 76);
INSERT INTO `help_relation` VALUES (104, 77);
INSERT INTO `help_relation` VALUES (272, 78);
INSERT INTO `help_relation` VALUES (20, 79);
INSERT INTO `help_relation` VALUES (19, 80);
INSERT INTO `help_relation` VALUES (119, 80);
INSERT INTO `help_relation` VALUES (149, 80);
INSERT INTO `help_relation` VALUES (219, 80);
INSERT INTO `help_relation` VALUES (15, 81);
INSERT INTO `help_relation` VALUES (62, 81);
INSERT INTO `help_relation` VALUES (117, 82);
INSERT INTO `help_relation` VALUES (190, 82);
INSERT INTO `help_relation` VALUES (367, 82);
INSERT INTO `help_relation` VALUES (370, 82);
INSERT INTO `help_relation` VALUES (137, 83);
INSERT INTO `help_relation` VALUES (367, 84);
INSERT INTO `help_relation` VALUES (370, 84);
INSERT INTO `help_relation` VALUES (259, 85);
INSERT INTO `help_relation` VALUES (265, 85);
INSERT INTO `help_relation` VALUES (373, 85);
INSERT INTO `help_relation` VALUES (25, 86);
INSERT INTO `help_relation` VALUES (114, 86);
INSERT INTO `help_relation` VALUES (209, 86);
INSERT INTO `help_relation` VALUES (174, 87);
INSERT INTO `help_relation` VALUES (30, 88);
INSERT INTO `help_relation` VALUES (60, 88);
INSERT INTO `help_relation` VALUES (109, 88);
INSERT INTO `help_relation` VALUES (145, 88);
INSERT INTO `help_relation` VALUES (167, 88);
INSERT INTO `help_relation` VALUES (367, 88);
INSERT INTO `help_relation` VALUES (374, 88);
INSERT INTO `help_relation` VALUES (390, 88);
INSERT INTO `help_relation` VALUES (20, 89);
INSERT INTO `help_relation` VALUES (97, 89);
INSERT INTO `help_relation` VALUES (208, 89);
INSERT INTO `help_relation` VALUES (298, 89);
INSERT INTO `help_relation` VALUES (41, 90);
INSERT INTO `help_relation` VALUES (176, 90);
INSERT INTO `help_relation` VALUES (272, 90);
INSERT INTO `help_relation` VALUES (166, 91);
INSERT INTO `help_relation` VALUES (367, 91);
INSERT INTO `help_relation` VALUES (370, 91);
INSERT INTO `help_relation` VALUES (370, 92);
INSERT INTO `help_relation` VALUES (148, 93);
INSERT INTO `help_relation` VALUES (0, 94);
INSERT INTO `help_relation` VALUES (37, 95);
INSERT INTO `help_relation` VALUES (148, 96);
INSERT INTO `help_relation` VALUES (370, 97);
INSERT INTO `help_relation` VALUES (247, 98);
INSERT INTO `help_relation` VALUES (358, 99);
INSERT INTO `help_relation` VALUES (226, 100);
INSERT INTO `help_relation` VALUES (104, 101);
INSERT INTO `help_relation` VALUES (37, 102);
INSERT INTO `help_relation` VALUES (258, 102);
INSERT INTO `help_relation` VALUES (34, 103);
INSERT INTO `help_relation` VALUES (87, 103);
INSERT INTO `help_relation` VALUES (186, 103);
INSERT INTO `help_relation` VALUES (272, 103);
INSERT INTO `help_relation` VALUES (281, 103);
INSERT INTO `help_relation` VALUES (286, 103);
INSERT INTO `help_relation` VALUES (358, 103);
INSERT INTO `help_relation` VALUES (23, 104);
INSERT INTO `help_relation` VALUES (78, 104);
INSERT INTO `help_relation` VALUES (350, 104);
INSERT INTO `help_relation` VALUES (0, 105);
INSERT INTO `help_relation` VALUES (20, 106);
INSERT INTO `help_relation` VALUES (370, 107);
INSERT INTO `help_relation` VALUES (164, 108);
INSERT INTO `help_relation` VALUES (272, 109);
INSERT INTO `help_relation` VALUES (281, 109);
INSERT INTO `help_relation` VALUES (272, 110);
INSERT INTO `help_relation` VALUES (370, 111);
INSERT INTO `help_relation` VALUES (127, 112);
INSERT INTO `help_relation` VALUES (127, 113);
INSERT INTO `help_relation` VALUES (330, 114);
INSERT INTO `help_relation` VALUES (127, 115);
INSERT INTO `help_relation` VALUES (272, 116);
INSERT INTO `help_relation` VALUES (330, 116);
INSERT INTO `help_relation` VALUES (199, 117);
INSERT INTO `help_relation` VALUES (370, 118);
INSERT INTO `help_relation` VALUES (367, 119);
INSERT INTO `help_relation` VALUES (370, 119);
INSERT INTO `help_relation` VALUES (43, 120);
INSERT INTO `help_relation` VALUES (367, 120);
INSERT INTO `help_relation` VALUES (131, 121);
INSERT INTO `help_relation` VALUES (370, 122);
INSERT INTO `help_relation` VALUES (19, 123);
INSERT INTO `help_relation` VALUES (122, 123);
INSERT INTO `help_relation` VALUES (350, 124);
INSERT INTO `help_relation` VALUES (330, 125);
INSERT INTO `help_relation` VALUES (34, 126);
INSERT INTO `help_relation` VALUES (60, 126);
INSERT INTO `help_relation` VALUES (281, 126);
INSERT INTO `help_relation` VALUES (287, 126);
INSERT INTO `help_relation` VALUES (367, 126);
INSERT INTO `help_relation` VALUES (0, 127);
INSERT INTO `help_relation` VALUES (34, 127);
INSERT INTO `help_relation` VALUES (199, 128);
INSERT INTO `help_relation` VALUES (15, 129);
INSERT INTO `help_relation` VALUES (94, 129);
INSERT INTO `help_relation` VALUES (131, 129);
INSERT INTO `help_relation` VALUES (164, 129);
INSERT INTO `help_relation` VALUES (247, 129);
INSERT INTO `help_relation` VALUES (298, 129);
INSERT INTO `help_relation` VALUES (395, 129);
INSERT INTO `help_relation` VALUES (325, 130);
INSERT INTO `help_relation` VALUES (272, 131);
INSERT INTO `help_relation` VALUES (367, 132);
INSERT INTO `help_relation` VALUES (370, 132);
INSERT INTO `help_relation` VALUES (374, 132);
INSERT INTO `help_relation` VALUES (114, 133);
INSERT INTO `help_relation` VALUES (108, 134);
INSERT INTO `help_relation` VALUES (272, 134);
INSERT INTO `help_relation` VALUES (109, 135);
INSERT INTO `help_relation` VALUES (272, 136);
INSERT INTO `help_relation` VALUES (358, 137);
INSERT INTO `help_relation` VALUES (87, 138);
INSERT INTO `help_relation` VALUES (286, 138);
INSERT INTO `help_relation` VALUES (330, 138);
INSERT INTO `help_relation` VALUES (281, 139);
INSERT INTO `help_relation` VALUES (298, 140);
INSERT INTO `help_relation` VALUES (370, 141);
INSERT INTO `help_relation` VALUES (313, 142);
INSERT INTO `help_relation` VALUES (368, 143);
INSERT INTO `help_relation` VALUES (354, 144);
INSERT INTO `help_relation` VALUES (96, 145);
INSERT INTO `help_relation` VALUES (145, 145);
INSERT INTO `help_relation` VALUES (350, 145);
INSERT INTO `help_relation` VALUES (370, 146);
INSERT INTO `help_relation` VALUES (104, 147);
INSERT INTO `help_relation` VALUES (281, 148);
INSERT INTO `help_relation` VALUES (0, 149);
INSERT INTO `help_relation` VALUES (23, 149);
INSERT INTO `help_relation` VALUES (281, 149);
INSERT INTO `help_relation` VALUES (330, 150);
INSERT INTO `help_relation` VALUES (109, 151);
INSERT INTO `help_relation` VALUES (272, 152);
INSERT INTO `help_relation` VALUES (0, 153);
INSERT INTO `help_relation` VALUES (174, 154);
INSERT INTO `help_relation` VALUES (367, 155);
INSERT INTO `help_relation` VALUES (322, 156);
INSERT INTO `help_relation` VALUES (367, 157);
INSERT INTO `help_relation` VALUES (330, 158);
INSERT INTO `help_relation` VALUES (370, 158);
INSERT INTO `help_relation` VALUES (281, 159);
INSERT INTO `help_relation` VALUES (23, 160);
INSERT INTO `help_relation` VALUES (30, 160);
INSERT INTO `help_relation` VALUES (34, 160);
INSERT INTO `help_relation` VALUES (60, 160);
INSERT INTO `help_relation` VALUES (117, 160);
INSERT INTO `help_relation` VALUES (330, 160);
INSERT INTO `help_relation` VALUES (370, 161);
INSERT INTO `help_relation` VALUES (119, 162);
INSERT INTO `help_relation` VALUES (149, 162);
INSERT INTO `help_relation` VALUES (167, 162);
INSERT INTO `help_relation` VALUES (272, 162);
INSERT INTO `help_relation` VALUES (127, 163);
INSERT INTO `help_relation` VALUES (383, 164);
INSERT INTO `help_relation` VALUES (366, 165);
INSERT INTO `help_relation` VALUES (0, 166);
INSERT INTO `help_relation` VALUES (43, 166);
INSERT INTO `help_relation` VALUES (61, 166);
INSERT INTO `help_relation` VALUES (166, 166);
INSERT INTO `help_relation` VALUES (272, 166);
INSERT INTO `help_relation` VALUES (367, 166);
INSERT INTO `help_relation` VALUES (370, 166);
INSERT INTO `help_relation` VALUES (333, 167);
INSERT INTO `help_relation` VALUES (283, 168);
INSERT INTO `help_relation` VALUES (215, 169);
INSERT INTO `help_relation` VALUES (24, 170);
INSERT INTO `help_relation` VALUES (265, 170);
INSERT INTO `help_relation` VALUES (0, 171);
INSERT INTO `help_relation` VALUES (204, 172);
INSERT INTO `help_relation` VALUES (336, 172);
INSERT INTO `help_relation` VALUES (281, 173);
INSERT INTO `help_relation` VALUES (15, 174);
INSERT INTO `help_relation` VALUES (94, 174);
INSERT INTO `help_relation` VALUES (131, 174);
INSERT INTO `help_relation` VALUES (164, 174);
INSERT INTO `help_relation` VALUES (247, 174);
INSERT INTO `help_relation` VALUES (395, 174);
INSERT INTO `help_relation` VALUES (148, 175);
INSERT INTO `help_relation` VALUES (148, 176);
INSERT INTO `help_relation` VALUES (304, 177);
INSERT INTO `help_relation` VALUES (167, 178);
INSERT INTO `help_relation` VALUES (204, 178);
INSERT INTO `help_relation` VALUES (336, 178);
INSERT INTO `help_relation` VALUES (148, 179);
INSERT INTO `help_relation` VALUES (367, 180);
INSERT INTO `help_relation` VALUES (370, 180);
INSERT INTO `help_relation` VALUES (24, 181);
INSERT INTO `help_relation` VALUES (43, 181);
INSERT INTO `help_relation` VALUES (118, 181);
INSERT INTO `help_relation` VALUES (219, 181);
INSERT INTO `help_relation` VALUES (265, 181);
INSERT INTO `help_relation` VALUES (272, 181);
INSERT INTO `help_relation` VALUES (283, 181);
INSERT INTO `help_relation` VALUES (286, 181);
INSERT INTO `help_relation` VALUES (373, 181);
INSERT INTO `help_relation` VALUES (370, 182);
INSERT INTO `help_relation` VALUES (19, 183);
INSERT INTO `help_relation` VALUES (219, 183);
INSERT INTO `help_relation` VALUES (370, 183);
INSERT INTO `help_relation` VALUES (374, 183);
INSERT INTO `help_relation` VALUES (148, 184);
INSERT INTO `help_relation` VALUES (281, 185);
INSERT INTO `help_relation` VALUES (370, 186);
INSERT INTO `help_relation` VALUES (367, 187);
INSERT INTO `help_relation` VALUES (62, 188);
INSERT INTO `help_relation` VALUES (148, 189);
INSERT INTO `help_relation` VALUES (260, 190);
INSERT INTO `help_relation` VALUES (281, 190);
INSERT INTO `help_relation` VALUES (287, 190);
INSERT INTO `help_relation` VALUES (281, 191);
INSERT INTO `help_relation` VALUES (248, 192);
INSERT INTO `help_relation` VALUES (297, 192);
INSERT INTO `help_relation` VALUES (298, 192);
INSERT INTO `help_relation` VALUES (164, 193);
INSERT INTO `help_relation` VALUES (194, 194);
INSERT INTO `help_relation` VALUES (370, 195);
INSERT INTO `help_relation` VALUES (114, 196);
INSERT INTO `help_relation` VALUES (43, 197);
INSERT INTO `help_relation` VALUES (119, 197);
INSERT INTO `help_relation` VALUES (127, 197);
INSERT INTO `help_relation` VALUES (166, 197);
INSERT INTO `help_relation` VALUES (272, 197);
INSERT INTO `help_relation` VALUES (370, 197);
INSERT INTO `help_relation` VALUES (370, 198);
INSERT INTO `help_relation` VALUES (182, 199);
INSERT INTO `help_relation` VALUES (272, 200);
INSERT INTO `help_relation` VALUES (236, 201);
INSERT INTO `help_relation` VALUES (272, 201);
INSERT INTO `help_relation` VALUES (370, 202);
INSERT INTO `help_relation` VALUES (299, 203);
INSERT INTO `help_relation` VALUES (110, 204);
INSERT INTO `help_relation` VALUES (79, 205);
INSERT INTO `help_relation` VALUES (370, 206);
INSERT INTO `help_relation` VALUES (30, 207);
INSERT INTO `help_relation` VALUES (24, 208);
INSERT INTO `help_relation` VALUES (204, 209);
INSERT INTO `help_relation` VALUES (41, 210);
INSERT INTO `help_relation` VALUES (108, 210);
INSERT INTO `help_relation` VALUES (176, 210);
INSERT INTO `help_relation` VALUES (186, 210);
INSERT INTO `help_relation` VALUES (236, 210);
INSERT INTO `help_relation` VALUES (241, 211);
INSERT INTO `help_relation` VALUES (281, 211);
INSERT INTO `help_relation` VALUES (370, 212);
INSERT INTO `help_relation` VALUES (259, 213);
INSERT INTO `help_relation` VALUES (370, 214);
INSERT INTO `help_relation` VALUES (186, 215);
INSERT INTO `help_relation` VALUES (104, 216);
INSERT INTO `help_relation` VALUES (20, 217);
INSERT INTO `help_relation` VALUES (110, 218);
INSERT INTO `help_relation` VALUES (249, 218);
INSERT INTO `help_relation` VALUES (247, 219);
INSERT INTO `help_relation` VALUES (78, 220);
INSERT INTO `help_relation` VALUES (20, 221);
INSERT INTO `help_relation` VALUES (30, 222);
INSERT INTO `help_relation` VALUES (203, 222);
INSERT INTO `help_relation` VALUES (272, 223);
INSERT INTO `help_relation` VALUES (103, 224);
INSERT INTO `help_relation` VALUES (148, 225);
INSERT INTO `help_relation` VALUES (145, 226);
INSERT INTO `help_relation` VALUES (358, 227);
INSERT INTO `help_relation` VALUES (15, 228);
INSERT INTO `help_relation` VALUES (82, 228);
INSERT INTO `help_relation` VALUES (20, 229);
INSERT INTO `help_relation` VALUES (148, 230);
INSERT INTO `help_relation` VALUES (330, 231);
INSERT INTO `help_relation` VALUES (367, 232);
INSERT INTO `help_relation` VALUES (148, 233);
INSERT INTO `help_relation` VALUES (20, 234);
INSERT INTO `help_relation` VALUES (272, 235);
INSERT INTO `help_relation` VALUES (299, 235);
INSERT INTO `help_relation` VALUES (62, 236);
INSERT INTO `help_relation` VALUES (186, 236);
INSERT INTO `help_relation` VALUES (281, 236);
INSERT INTO `help_relation` VALUES (367, 237);
INSERT INTO `help_relation` VALUES (281, 238);
INSERT INTO `help_relation` VALUES (281, 239);
INSERT INTO `help_relation` VALUES (351, 240);
INSERT INTO `help_relation` VALUES (114, 241);
INSERT INTO `help_relation` VALUES (148, 242);
INSERT INTO `help_relation` VALUES (330, 243);
INSERT INTO `help_relation` VALUES (37, 244);
INSERT INTO `help_relation` VALUES (258, 244);
INSERT INTO `help_relation` VALUES (91, 245);
INSERT INTO `help_relation` VALUES (148, 246);
INSERT INTO `help_relation` VALUES (20, 247);
INSERT INTO `help_relation` VALUES (109, 248);
INSERT INTO `help_relation` VALUES (350, 248);
INSERT INTO `help_relation` VALUES (20, 249);
INSERT INTO `help_relation` VALUES (107, 250);
INSERT INTO `help_relation` VALUES (15, 251);
INSERT INTO `help_relation` VALUES (367, 252);
INSERT INTO `help_relation` VALUES (0, 253);
INSERT INTO `help_relation` VALUES (43, 254);
INSERT INTO `help_relation` VALUES (122, 254);
INSERT INTO `help_relation` VALUES (367, 254);
INSERT INTO `help_relation` VALUES (370, 255);
INSERT INTO `help_relation` VALUES (0, 256);
INSERT INTO `help_relation` VALUES (281, 256);
INSERT INTO `help_relation` VALUES (0, 257);
INSERT INTO `help_relation` VALUES (272, 258);
INSERT INTO `help_relation` VALUES (330, 259);
INSERT INTO `help_relation` VALUES (225, 260);
INSERT INTO `help_relation` VALUES (370, 261);
INSERT INTO `help_relation` VALUES (298, 262);
INSERT INTO `help_relation` VALUES (368, 262);
INSERT INTO `help_relation` VALUES (281, 263);
INSERT INTO `help_relation` VALUES (78, 264);
INSERT INTO `help_relation` VALUES (390, 265);
INSERT INTO `help_relation` VALUES (272, 266);
INSERT INTO `help_relation` VALUES (219, 267);
INSERT INTO `help_relation` VALUES (281, 268);
INSERT INTO `help_relation` VALUES (350, 269);
INSERT INTO `help_relation` VALUES (370, 270);
INSERT INTO `help_relation` VALUES (109, 271);
INSERT INTO `help_relation` VALUES (24, 272);
INSERT INTO `help_relation` VALUES (20, 273);
INSERT INTO `help_relation` VALUES (20, 274);
INSERT INTO `help_relation` VALUES (370, 275);
INSERT INTO `help_relation` VALUES (374, 275);
INSERT INTO `help_relation` VALUES (392, 276);
INSERT INTO `help_relation` VALUES (350, 277);
INSERT INTO `help_relation` VALUES (94, 278);
INSERT INTO `help_relation` VALUES (19, 279);
INSERT INTO `help_relation` VALUES (219, 279);
INSERT INTO `help_relation` VALUES (374, 279);
INSERT INTO `help_relation` VALUES (292, 280);
INSERT INTO `help_relation` VALUES (350, 281);
INSERT INTO `help_relation` VALUES (119, 282);
INSERT INTO `help_relation` VALUES (245, 282);
INSERT INTO `help_relation` VALUES (259, 283);
INSERT INTO `help_relation` VALUES (370, 284);
INSERT INTO `help_relation` VALUES (109, 285);
INSERT INTO `help_relation` VALUES (258, 285);
INSERT INTO `help_relation` VALUES (19, 286);
INSERT INTO `help_relation` VALUES (119, 286);
INSERT INTO `help_relation` VALUES (149, 286);
INSERT INTO `help_relation` VALUES (219, 286);
INSERT INTO `help_relation` VALUES (362, 287);
INSERT INTO `help_relation` VALUES (367, 288);
INSERT INTO `help_relation` VALUES (78, 289);
INSERT INTO `help_relation` VALUES (370, 290);
INSERT INTO `help_relation` VALUES (34, 291);
INSERT INTO `help_relation` VALUES (60, 291);
INSERT INTO `help_relation` VALUES (78, 291);
INSERT INTO `help_relation` VALUES (186, 291);
INSERT INTO `help_relation` VALUES (281, 291);
INSERT INTO `help_relation` VALUES (272, 292);
INSERT INTO `help_relation` VALUES (367, 292);
INSERT INTO `help_relation` VALUES (43, 293);
INSERT INTO `help_relation` VALUES (117, 293);
INSERT INTO `help_relation` VALUES (367, 293);
INSERT INTO `help_relation` VALUES (370, 293);
INSERT INTO `help_relation` VALUES (374, 293);
INSERT INTO `help_relation` VALUES (370, 294);
INSERT INTO `help_relation` VALUES (281, 295);
INSERT INTO `help_relation` VALUES (30, 296);
INSERT INTO `help_relation` VALUES (117, 296);
INSERT INTO `help_relation` VALUES (386, 296);
INSERT INTO `help_relation` VALUES (367, 297);
INSERT INTO `help_relation` VALUES (370, 297);
INSERT INTO `help_relation` VALUES (190, 298);
INSERT INTO `help_relation` VALUES (370, 298);
INSERT INTO `help_relation` VALUES (370, 299);
INSERT INTO `help_relation` VALUES (374, 299);
INSERT INTO `help_relation` VALUES (23, 300);
INSERT INTO `help_relation` VALUES (96, 301);
INSERT INTO `help_relation` VALUES (350, 301);
INSERT INTO `help_relation` VALUES (119, 302);
INSERT INTO `help_relation` VALUES (149, 302);
INSERT INTO `help_relation` VALUES (272, 302);
INSERT INTO `help_relation` VALUES (292, 303);
INSERT INTO `help_relation` VALUES (374, 303);
INSERT INTO `help_relation` VALUES (265, 304);
INSERT INTO `help_relation` VALUES (25, 305);
INSERT INTO `help_relation` VALUES (37, 305);
INSERT INTO `help_relation` VALUES (108, 305);
INSERT INTO `help_relation` VALUES (176, 305);
INSERT INTO `help_relation` VALUES (258, 305);
INSERT INTO `help_relation` VALUES (330, 306);
INSERT INTO `help_relation` VALUES (281, 307);
INSERT INTO `help_relation` VALUES (287, 307);
INSERT INTO `help_relation` VALUES (330, 308);
INSERT INTO `help_relation` VALUES (367, 309);
INSERT INTO `help_relation` VALUES (370, 310);
INSERT INTO `help_relation` VALUES (23, 311);
INSERT INTO `help_relation` VALUES (259, 311);
INSERT INTO `help_relation` VALUES (265, 311);
INSERT INTO `help_relation` VALUES (330, 311);
INSERT INTO `help_relation` VALUES (373, 311);
INSERT INTO `help_relation` VALUES (228, 312);
INSERT INTO `help_relation` VALUES (281, 312);
INSERT INTO `help_relation` VALUES (287, 312);
INSERT INTO `help_relation` VALUES (305, 312);
INSERT INTO `help_relation` VALUES (339, 312);
INSERT INTO `help_relation` VALUES (378, 312);
INSERT INTO `help_relation` VALUES (148, 313);
INSERT INTO `help_relation` VALUES (23, 314);
INSERT INTO `help_relation` VALUES (272, 314);
INSERT INTO `help_relation` VALUES (391, 315);
INSERT INTO `help_relation` VALUES (117, 316);
INSERT INTO `help_relation` VALUES (281, 316);
INSERT INTO `help_relation` VALUES (166, 317);
INSERT INTO `help_relation` VALUES (78, 318);
INSERT INTO `help_relation` VALUES (367, 318);
INSERT INTO `help_relation` VALUES (370, 318);
INSERT INTO `help_relation` VALUES (272, 319);
INSERT INTO `help_relation` VALUES (41, 320);
INSERT INTO `help_relation` VALUES (87, 320);
INSERT INTO `help_relation` VALUES (148, 320);
INSERT INTO `help_relation` VALUES (209, 320);
INSERT INTO `help_relation` VALUES (236, 320);
INSERT INTO `help_relation` VALUES (286, 320);
INSERT INTO `help_relation` VALUES (164, 321);
INSERT INTO `help_relation` VALUES (370, 321);
INSERT INTO `help_relation` VALUES (370, 322);
INSERT INTO `help_relation` VALUES (157, 323);
INSERT INTO `help_relation` VALUES (370, 324);

-- --------------------------------------------------------

-- 
-- Tabellenstruktur für Tabelle `help_topic`
-- 

CREATE TABLE `help_topic` (
  `help_topic_id` int(10) unsigned NOT NULL default '0',
  `name` varchar(64) NOT NULL default '',
  `help_category_id` smallint(5) unsigned NOT NULL default '0',
  `description` text NOT NULL,
  `example` text NOT NULL,
  `url` varchar(128) NOT NULL default '',
  PRIMARY KEY  (`help_topic_id`),
  UNIQUE KEY `name` (`name`)
) ENGINE=MyISAM DEFAULT CHARSET=utf8 COMMENT='help topics';

-- 
-- Daten für Tabelle `help_topic`
-- 

INSERT INTO `help_topic` VALUES (0, 'JOIN', 6, 'MySQL supports the following JOIN syntaxes for the\ntable_references part of SELECT statements and multiple-table\nDELETE and UPDATE statements:\n\ntable_reference, table_reference\ntable_reference [INNER | CROSS] JOIN table_reference [join_condition]\ntable_reference STRAIGHT_JOIN table_reference\ntable_reference LEFT [OUTER] JOIN table_reference join_condition\ntable_reference NATURAL [LEFT [OUTER]] JOIN table_reference\n{ OJ table_reference LEFT OUTER JOIN table_reference\n    ON conditional_expr }\ntable_reference RIGHT [OUTER] JOIN table_reference join_condition\ntable_reference NATURAL [RIGHT [OUTER]] JOIN table_reference\n\ntable_reference is defined as:\n\ntbl_name [[AS] alias]\n    [[USE INDEX (key_list)]\n      | [IGNORE INDEX (key_list)]\n      | [FORCE INDEX (key_list)]]\n\njoin_condition is defined as:\n\nON conditional_expr | USING (column_list)\n', 'mysql> SELECT table1.* FROM table1\n    ->        LEFT JOIN table2 ON table1.id=table2.id\n    ->        WHERE table2.id IS NULL;', '');
INSERT INTO `help_topic` VALUES (1, 'HEX', 23, '   HEX(N_or_S)\n\nIf N_OR_S is a number, returns a string representation of the hexadecimal\nvalue of N, where N is a longlong (BIGINT) number.\nThis is equivalent to CONV(N,10,16).\n\nFrom MySQL 4.0.1 and up,\nif N_OR_S is a string, returns a hexadecimal string of N_OR_S\nwhere each character in N_OR_S is converted to two hexadecimal digits.\n', 'mysql> SELECT HEX(255);\n        -> ''FF''\nmysql> SELECT 0x616263;\n        -> ''abc''\nmysql> SELECT HEX(''abc'');\n        -> 616263', '');
INSERT INTO `help_topic` VALUES (2, 'REPLACE', 23, '   REPLACE(str,from_str,to_str)\nReturns the string str with all occurrences of the string\nfrom_str replaced by the string to_str.\n', 'mysql> SELECT REPLACE(''www.mysql.com'', ''w'', ''Ww'');\n        -> ''WwWwWw.mysql.com''', '');
INSERT INTO `help_topic` VALUES (3, 'REPEAT', 23, '   REPEAT(str,count)\nReturns a string consisting of the string str repeated count\ntimes. If count <= 0, returns an empty string. Returns NULL if\nstr or count are NULL.\n', 'mysql> SELECT REPEAT(''MySQL'', 3);\n        -> ''MySQLMySQLMySQL''', '');
INSERT INTO `help_topic` VALUES (4, 'CONTAINS', 11, '   Contains(g1,g2)\nReturns 1 or 0 to indicate whether or not g1 completely contains\ng2.\n', '', '');
INSERT INTO `help_topic` VALUES (5, 'SRID', 19, '   SRID(g)\nReturns an integer indicating the Spatial Reference System ID for the geometry\nvalue g.\n\nIn MySQL, the SRID value is just an integer associated with the geometry\nvalue. All calculations are done assuming Euclidean (planar) geometry.\n', 'mysql> SELECT SRID(GeomFromText(''LineString(1 1,2 2)'',101));\n+-----------------------------------------------+\n| SRID(GeomFromText(''LineString(1 1,2 2)'',101)) |\n+-----------------------------------------------+\n|                                           101 |\n+-----------------------------------------------+', '');
INSERT INTO `help_topic` VALUES (6, 'CURRENT_TIMESTAMP', 14, '   CURRENT_TIMESTAMP\n   CURRENT_TIMESTAMP()\n\nCURRENT_TIMESTAMP and CURRENT_TIMESTAMP() are synonyms for\nNOW().\n', '', '');
INSERT INTO `help_topic` VALUES (7, 'VARIANCE', 12, '   VARIANCE(expr)\nReturns the population standard variance of expr.  This is an\nextension to standard SQL, available in MySQL 4.1 or later.  As of MySQL\n5.0.3, the standard SQL function VAR_POP() can be used instead.\n', '', '');
INSERT INTO `help_topic` VALUES (8, 'VAR_SAMP', 12, '   VAR_SAMP(expr)\nReturns the sample variance of expr.  That is, the denominator is the\nnumber of rows minus one.  This function was added in MySQL 5.0.3.\n', '', '');
INSERT INTO `help_topic` VALUES (9, 'CONCAT', 23, '   CONCAT(str1,str2,...)\nReturns the string that results from concatenating the arguments.  Returns\nNULL if any argument is NULL.  May have one or more arguments.\nIf all arguments are non-binary strings, the result is a non-binary string.\nIf the arguments include any binary strings, the result is a binary string.\nA numeric argument is converted to its equivalent binary string form.\n', 'mysql> SELECT CONCAT(''My'', ''S'', ''QL'');\n        -> ''MySQL''\nmysql> SELECT CONCAT(''My'', NULL, ''QL'');\n        -> NULL\nmysql> SELECT CONCAT(14.3);\n        -> ''14.3''', '');
INSERT INTO `help_topic` VALUES (10, 'GEOMETRY HIERARCHY', 24, 'Geometry is the base class. It''s an abstract class.\nThe instantiable subclasses of Geometry are restricted to zero-, one-,\nand two-dimensional geometric objects that exist in\ntwo-dimensional coordinate space. All instantiable geometry classes are\ndefined so that valid instances of a geometry class are topologically closed\n(that is, all defined geometries include their boundary).\n\nThe base Geometry class has subclasses for Point,\nCurve, Surface, and GeometryCollection:\n\n\n --- Point represents zero-dimensional objects.\n\n --- Curve represents one-dimensional objects, and has subclass\nLineString, with sub-subclasses Line and LinearRing.\n\n --- Surface is designed for two-dimensional objects and\nhas subclass Polygon.\n\n --- GeometryCollection\nhas specialized zero-, one-, and two-dimensional collection classes named\nMultiPoint, MultiLineString, and MultiPolygon\nfor modeling geometries corresponding to collections of\nPoints, LineStrings, and Polygons, respectively.\nMultiCurve and MultiSurface are introduced as abstract superclasses\nthat generalize the collection interfaces to handle Curves and Surfaces.\n\n\nGeometry, Curve, Surface, MultiCurve,\nand MultiSurface are defined as non-instantiable classes.\nThey define a common set of methods for their subclasses and\nare included for extensibility.\n\nPoint, LineString, Polygon, GeometryCollection,\nMultiPoint, MultiLineString, and\nMultiPolygon are instantiable classes.\n', '', '');
INSERT INTO `help_topic` VALUES (11, 'CHAR FUNCTION', 23, '   CHAR(N,...)\nCHAR() interprets the arguments as integers and returns a string\nconsisting of the characters given by the code values of those\nintegers. NULL values are skipped.\n', 'mysql> SELECT CHAR(77,121,83,81,''76'');\n        -> ''MySQL''\nmysql> SELECT CHAR(77,77.3,''77.3'');\n        -> ''MMM''', '');
INSERT INTO `help_topic` VALUES (12, 'DATETIME', 1, 'A date and time combination.  The supported range is ''1000-01-01\n00:00:00'' to ''9999-12-31 23:59:59''.  MySQL displays\nDATETIME values in ''YYYY-MM-DD HH:MM:SS'' format, but allows you\nto assign values to DATETIME columns using either strings or numbers.\n', '', '');
INSERT INTO `help_topic` VALUES (13, 'LOWER', 23, '   LOWER(str)\nReturns the string str with all characters changed to lowercase\naccording to the current character set mapping (the default is ISO-8859-1\nLatin1).\n', 'mysql> SELECT LOWER(''QUADRATICALLY'');\n        -> ''quadratically''', '');
INSERT INTO `help_topic` VALUES (14, 'MONTH', 14, '   MONTH(date)\nReturns the month for date, in the range 1 to 12.\n', 'mysql> SELECT MONTH(''1998-02-03'');\n        -> 2', '');
INSERT INTO `help_topic` VALUES (15, 'TINYINT', 1, '   TINYINT[(M)] [UNSIGNED] [ZEROFILL]\n\nA very small integer. The signed range is -128 to 127. The\nunsigned range is 0 to 255.\n', '', '');
INSERT INTO `help_topic` VALUES (16, 'ISCLOSED', 18, '   IsClosed(ls)\nReturns 1 if the LineString value ls is closed\n(that is, its StartPoint() and EndPoint() values are the same).\nReturns 0 if ls is not closed, and -1 if it is NULL.\n', 'mysql> SET @ls = ''LineString(1 1,2 2,3 3)'';\nmysql> SELECT IsClosed(GeomFromText(@ls));\n+-----------------------------+\n| IsClosed(GeomFromText(@ls)) |\n+-----------------------------+\n|                           0 |\n+-----------------------------+', '');
INSERT INTO `help_topic` VALUES (17, 'MASTER_POS_WAIT', 21, '   MASTER_POS_WAIT(log_name,log_pos[,timeout])\n\nThis function is useful for control of master/slave synchronization.\nIt blocks until the slave has read and applied all updates up to the specified\nposition in the master log.\nThe return value is the number of log events it had to wait for to get to\nthe specified position.  The function returns NULL if the slave SQL thread\nis not started, the slave''s master information is not initialized, the\narguments are incorrect, or an error occurs. It returns -1 if the\ntimeout has been exceeded. If the slave SQL thread stops while\nMASTER_POS_WAIT() is waiting, the function returns NULL.\nIf the slave is past the specified position, the function returns\nimmediately.\n', 'SELECT MASTER_POS_WAIT(''master_log_file'', master_log_pos)', '');
INSERT INTO `help_topic` VALUES (18, '^', 27, '   ^\nBitwise XOR:\n', 'mysql> SELECT 1 ^ 1;\n        -> 0\nmysql> SELECT 1 ^ 0;\n        -> 1\nmysql> SELECT 11 ^ 3;\n        -> 8', '');
INSERT INTO `help_topic` VALUES (19, 'DROP VIEW', 24, 'DROP VIEW removes one or more views. You must have the DROP\nprivilege for each view.\n\nYou can use the keywords IF EXISTS to prevent an error from occurring\nfor views that don''t exist.  When this clause is given, a NOTE is\ngenerated for each non-existent view.\nSee also : [SHOW WARNINGS,  , SHOW WARNINGS].\n\nRESTRICT and CASCADE, if given, are parsed and ignored.\n', 'DROP VIEW [IF EXISTS]\n    view_name [, view_name] ...\n    [RESTRICT | CASCADE]', '');
INSERT INTO `help_topic` VALUES (20, 'DATE OPERATIONS', 14, '   DATE_ADD(date,INTERVAL expr type)\n   DATE_SUB(date,INTERVAL expr type)\n\nThese functions perform date arithmetic.\ndate is a DATETIME or DATE value specifying the starting\ndate.  expr is an expression specifying the interval value to be added\nor subtracted from the starting date.  expr is a string; it may start\nwith a ''-'' for negative intervals.  type is a keyword indicating\nhow the expression should be interpreted.\n', 'mysql> SELECT ''1997-12-31 23:59:59'' + INTERVAL 1 SECOND;\n        -> ''1998-01-01 00:00:00''\nmysql> SELECT INTERVAL 1 DAY + ''1997-12-31'';\n        -> ''1998-01-01''\nmysql> SELECT ''1998-01-01'' - INTERVAL 1 SECOND;\n        -> ''1997-12-31 23:59:59''\nmysql> SELECT DATE_ADD(''1997-12-31 23:59:59'',\n    ->                 INTERVAL 1 SECOND);\n        -> ''1998-01-01 00:00:00''\nmysql> SELECT DATE_ADD(''1997-12-31 23:59:59'',\n    ->                 INTERVAL 1 DAY);\n        -> ''1998-01-01 23:59:59''\nmysql> SELECT DATE_ADD(''1997-12-31 23:59:59'',\n    ->                 INTERVAL ''1:1'' MINUTE_SECOND);\n        -> ''1998-01-01 00:01:00''\nmysql> SELECT DATE_SUB(''1998-01-01 00:00:00'',\n    ->                 INTERVAL ''1 1:1:1'' DAY_SECOND);\n        -> ''1997-12-30 22:58:59''\nmysql> SELECT DATE_ADD(''1998-01-01 00:00:00'',\n    ->                 INTERVAL ''-1 10'' DAY_HOUR);\n        -> ''1997-12-30 14:00:00''\nmysql> SELECT DATE_SUB(''1998-01-02'', INTERVAL 31 DAY);\n        -> ''1997-12-02''\nmysql> SELECT DATE_ADD(''1992-12-31 23:59:59.000002'',\n    ->            INTERVAL ''1.999999'' SECOND_MICROSECOND);\n        -> ''1993-01-01 00:00:01.000001''', '');
INSERT INTO `help_topic` VALUES (21, 'WITHIN', 11, '   Within(g1,g2)\nReturns 1 or 0 to indicate whether or not g1 is spatially within\ng2.\n', '', '');
INSERT INTO `help_topic` VALUES (22, 'WEEK', 14, '   WEEK(date[,mode])\nThe function returns the week number for date.  The two-argument form\nof WEEK() allows you to specify whether the week starts on Sunday or\nMonday and whether the return value should be in the range from 0 to\n53 or from 1 to 53. If the mode argument is\nomitted, the value of the default_week_format system variable is\nused (or 0 before MySQL 4.0.14).\nSee also : [Server system variables].\n\nThe following table describes how the mode argument works:\n\n     	 First day 	 	\n   Mode 	 of week 	 Range 	 Week 1 is the first week...\n   0 	 Sunday 	 0-53 	 with a Sunday in this year\n   1 	 Monday 	 0-53 	 with more than 3 days this year\n   2 	 Sunday 	 1-53 	 with a Sunday in this year\n   3 	 Monday 	 1-53 	 with more than 3 days this year\n   4 	 Sunday 	 0-53 	 with more than 3 days this year\n   5 	 Monday 	 0-53 	 with a Monday in this year\n   6 	 Sunday 	 1-53 	 with more than 3 days this year\n   7 	 Monday 	 1-53 	 with a Monday in this year\n  \n\nA mode value of 3 can be used as of MySQL 4.0.5.\nValues of 4 and above can be used as of MySQL 4.0.17.\n', 'mysql> SELECT WEEK(''1998-02-20'');\n        -> 7\nmysql> SELECT WEEK(''1998-02-20'',0);\n        -> 7\nmysql> SELECT WEEK(''1998-02-20'',1);\n        -> 8\nmysql> SELECT WEEK(''1998-12-31'',1);\n        -> 53', '');
INSERT INTO `help_topic` VALUES (23, 'LOCK', 10, 'LOCK TABLES locks tables for the current thread.  If any of the tables\nare locked by other threads, it blocks until all locks can be acquired.\nUNLOCK TABLES releases any locks held by the current thread.\nAll tables that are locked by the current thread are implicitly unlocked\nwhen the thread issues another LOCK TABLES, or when the connection\nto the server is closed.\n', 'LOCK TABLES\n    tbl_name [AS alias] {READ [LOCAL] | [LOW_PRIORITY] WRITE}\n    [, tbl_name [AS alias] {READ [LOCAL] | [LOW_PRIORITY] WRITE}] ...\nUNLOCK TABLES', '');
INSERT INTO `help_topic` VALUES (24, 'CHECK', 7, 'Checks a table or tables for errors.  CHECK TABLE works for\nMyISAM and InnoDB tables.  For MyISAM tables, the key statistics are updated.\n\nAs of MySQL 5.0.2, CHECK TABLE also can check views for problems, such\nas tables that are referenced in the view definition that no longer exist.\n', 'CHECK TABLE tbl_name [, tbl_name] ... [option] ...\n\noption = {QUICK | FAST | MEDIUM | EXTENDED | CHANGED}', '');
INSERT INTO `help_topic` VALUES (25, 'RESET SLAVE', 7, 'RESET SLAVE\n\nMakes the slave forget its replication position in the master''s binary logs.\nThis statement is meant to be used for a clean start: It deletes the\n*master.info and *relay-log.info files, all the relay logs,\nand starts a new relay log.\n\nNote: All relay logs are deleted, even if they have not been\ntotally executed by the slave SQL thread.  (This is a condition likely to\nexist on a replication slave if you have issued a STOP SLAVE\nstatement or if the slave is highly loaded.)\n\nConnection information stored in the *master.info file is immediately\nreset using any values specified in the corresponding startup options.\nThis information includes values such as master host, master port, master\nuser, and master password.  If the slave SQL thread was in the middle of\nreplicating temporary tables when it was stopped, and RESET SLAVE\nis issued, these replicated temporary tables are deleted on the slave.\n\nThis statement was named FLUSH SLAVE before MySQL 3.23.26.\n', '', '');
INSERT INTO `help_topic` VALUES (26, 'POLYGON', 2, '   Polygon(ls1,ls2,...)\nConstructs a WKB Polygon value from a number of WKB LineString\narguments. If any argument does not represent the WKB of a LinearRing\n(that is, not a closed and simple LineString) the return value\nis NULL.\n', '', '');
INSERT INTO `help_topic` VALUES (27, 'MINUTE', 14, '   MINUTE(time)\nReturns the minute for time, in the range 0 to 59.\n', 'mysql> SELECT MINUTE(''98-02-03 10:05:03'');\n        -> 5', '');
INSERT INTO `help_topic` VALUES (28, 'DAY', 14, '   DAY(date)\n\nDAY() is a synonym for DAYOFMONTH().\nIt is available as of MySQL 4.1.1.\n', '', '');
INSERT INTO `help_topic` VALUES (29, 'MID', 23, '   MID(str,pos,len)\n\nMID(str,pos,len) is a synonym for\nSUBSTRING(str,pos,len).\n', '', '');
INSERT INTO `help_topic` VALUES (30, 'REPLACE INTO', 6, 'REPLACE works exactly like INSERT, except that if an old\nrecord in the table has the same value as a new record for a PRIMARY\nKEY or a UNIQUE index, the old record is deleted before the new\nrecord is inserted.\nSee also : [INSERT, ,INSERT].\n\nNote that unless the table has a PRIMARY KEY or UNIQUE index,\nusing a REPLACE statement makes no sense. It becomes equivalent to\nINSERT, because there is no index to be used to determine whether a new\nrow duplicates another.\n\nValues for all columns are taken from the values specified in the\nREPLACE statement.  Any missing columns are set to their default\nvalues, just as happens for INSERT.  You can''t refer to values from\nthe current row and use them in the new row.  If you use an assignment such\nas SET col_name = col_name + 1, the reference to the\ncolumn name on the right hand side is treated as\nDEFAULT(col_name), so the assignment is equivalent to SET\ncol_name = DEFAULT(col_name) + 1.\n\nTo be able to use REPLACE, you must have INSERT and\nDELETE privileges for the table.\n', 'REPLACE [LOW_PRIORITY | DELAYED]\n    [INTO] tbl_name [(col_name,...)]\n    VALUES ({expr | DEFAULT},...),(...),...', '');
INSERT INTO `help_topic` VALUES (31, 'UUID', 21, '   UUID()\n\nReturns a Universal Unique Identifier (UUID) generated\naccording to ``DCE 1.1: Remote Procedure Call'''' (Appendix A)\nCAE (Common Applications Environment) Specifications\npublished by The Open Group in October 1997 (Document Number C706).\n\nA UUID is designed as a number that is globally unique in space and\ntime. Two calls to UUID() are expected to generate two different\nvalues, even if these calls are performed on two separate computers that are\nnot connected to each other.\n\nA UUID is a 128-bit number represented by a string\nof five hexadecimal numbers in aaaaaaaa-bbbb-cccc-dddd-eeeeeeeeeeee\nformat:\n\n\n --- The first three numbers are generated from a timestamp.\n\n --- The fourth number preserves temporal uniqueness in case the timestamp value loses\nmonotonicity (for example, due to daylight saving time).\n\n --- The fifth number is an IEEE 802 node number that provides spatial uniqueness.  A\nrandom number is substituted if the latter is not available (for example,\nbecause the host computer has no Ethernet card, or we do not know how to\nfind the hardware address of an interface on your operating system).  In\nthis case, spatial uniqueness cannot be guaranteed. Nevertheless, a\ncollision should have /very/ low probability.\n\nCurrently, the MAC address of an interface is taken into account only on\nFreeBSD and Linux. On other operating systems, MySQL uses a randomly generated\n48-bit number.\n', 'mysql> SELECT UUID();\n        -> ''6ccd780c-baba-1026-9564-0040f4311e29''', '');
INSERT INTO `help_topic` VALUES (32, 'LINESTRING', 2, '   LineString(pt1,pt2,...)\nConstructs a WKB LineString value from a number of WKB Point\narguments.  If any argument is not a WKB Point, the return value\nis NULL.  If the number of Point arguments is less than two,\nthe return value is NULL.\n', '', '');
INSERT INTO `help_topic` VALUES (33, 'CONNECTION_ID', 25, '   CONNECTION_ID()\nReturns the connection ID (thread ID) for the connection.\nEvery connection has its own unique ID.\n', 'mysql> SELECT CONNECTION_ID();\n        -> 23786', '');
INSERT INTO `help_topic` VALUES (34, 'DELETE', 6, 'DELETE deletes rows from tbl_name that satisfy the condition\ngiven by where_definition, and returns the number of records deleted.\n\nIf you issue a DELETE statement with no WHERE clause, all\nrows are deleted.  A faster way to do this, when you don''t want to know\nthe number of deleted rows, is to use TRUNCATE TABLE.\nSee also : [TRUNCATE,  , TRUNCATE].\n', 'DELETE [LOW_PRIORITY] [QUICK] [IGNORE] FROM tbl_name\n       [WHERE where_definition]\n       [ORDER BY ...]\n       [LIMIT row_count]', '');
INSERT INTO `help_topic` VALUES (35, 'ROUND', 4, '   ROUND(X)\n   ROUND(X,D)\nReturns the argument X, rounded to the nearest integer.\nWith two arguments, returns X rounded to D decimals.\nD can be negative to round D digits left of the decimal\npoint of the value X.\n', 'mysql> SELECT ROUND(-1.23);\n        -> -1\nmysql> SELECT ROUND(-1.58);\n        -> -2\nmysql> SELECT ROUND(1.58);\n        -> 2\nmysql> SELECT ROUND(1.298, 1);\n        -> 1.3\nmysql> SELECT ROUND(1.298, 0);\n        -> 1\nmysql> SELECT ROUND(23.298, -1);\n        -> 20', '');
INSERT INTO `help_topic` VALUES (36, 'NULLIF', 9, '   NULLIF(expr1,expr2)\nReturns NULL if expr1 = expr2 is true, else returns expr1.\nThis is the same as CASE WHEN expr1 = expr2 THEN NULL ELSE expr1 END.\n', 'mysql> SELECT NULLIF(1,1);\n        -> NULL\nmysql> SELECT NULLIF(1,2);\n        -> 1', '');
INSERT INTO `help_topic` VALUES (37, 'STOP SLAVE', 7, 'STOP SLAVE [thread_type [, thread_type] ... ]\n\nthread_type: IO_THREAD | SQL_THREAD\n\nStops the slave threads.\nSTOP SLAVE requires the SUPER privilege.\n\nLike START SLAVE, as of MySQL 4.0.2, this statement\nmay be used with the IO_THREAD and SQL_THREAD options to name\nthe thread or threads to stop.\n', '', '');
INSERT INTO `help_topic` VALUES (38, 'TIMEDIFF', 14, '   TIMEDIFF(expr,expr2)\n\n\nTIMEDIFF() returns the time between the start time\nexpr and the end time expr2.\nexpr and expr2 are time or date-and-time expressions, but both\nmust be of the same type.\n', 'mysql> SELECT TIMEDIFF(''2000:01:01 00:00:00'',\n    ->                 ''2000:01:01 00:00:00.000001'');\n        -> ''-00:00:00.000001''\nmysql> SELECT TIMEDIFF(''1997-12-31 23:59:59.000001'',\n    ->                 ''1997-12-30 01:01:01.000002'');\n        -> ''46:58:57.999999''', '');
INSERT INTO `help_topic` VALUES (39, 'RELATED', 11, '   Related(g1,g2,pattern_matrix)\nReturns 1 or 0 to indicate whether or not the spatial relationship specified\nby pattern_matrix exists between g1 and g2.\nReturns -1 if the arguments are NULL.\nThe pattern matrix is a string. Its specification will be noted here if this\nfunction is implemented.\n', '', '');
INSERT INTO `help_topic` VALUES (40, 'LINEFROMTEXT', 3, '   LineFromText(wkt[,srid])\n   LineStringFromText(wkt[,srid])\nConstructs a LINESTRING value using its WKT representation and SRID.\n', '', '');
INSERT INTO `help_topic` VALUES (41, 'SHOW MASTER STATUS', 6, 'SHOW MASTER STATUS\n\nProvides status information on the binary log files of the master.\n', '', '');
INSERT INTO `help_topic` VALUES (42, 'ADDTIME', 14, '   ADDTIME(expr,expr2)\n\n\nADDTIME() adds expr2 to expr and returns the result.\nexpr is a time or datetime expression, and expr2 is a time\nexpression.\n', 'mysql> SELECT ADDTIME(''1997-12-31 23:59:59.999999'',\n    ->                ''1 1:1:1.000002'');\n        -> ''1998-01-02 01:01:01.000001''\nmysql> SELECT ADDTIME(''01:00:00.999999'', ''02:00:00.999998'');\n        -> ''03:00:01.999997''', '');
INSERT INTO `help_topic` VALUES (43, 'SPATIAL', 24, 'MySQL can create spatial indexes using syntax similar to that for creating\nregular indexes, but extended with the SPATIAL keyword.\nSpatial columns that are indexed currently must be declared NOT NULL.\nThe following examples demonstrate how to create spatial indexes.\n\n\n   With CREATE TABLE:\n\nmysql> CREATE TABLE geom (g GEOMETRY NOT NULL, SPATIAL INDEX(g));\n\n   With ALTER TABLE:\n\nmysql> ALTER TABLE geom ADD SPATIAL INDEX(g);\n\n   With CREATE INDEX:\n\nmysql> CREATE SPATIAL INDEX sp_index ON geom (g);\n\n\nTo drop spatial indexes, use ALTER TABLE or DROP INDEX:\n\n\n   With ALTER TABLE:\n\nmysql> ALTER TABLE geom DROP INDEX g;\n\n   With DROP INDEX:\n\nmysql> DROP INDEX sp_index ON geom;\n\n\nExample: Suppose that a table geom contains more than 32,000 geometries,\nwhich are stored in the column g of type GEOMETRY.\nThe table also has an AUTO_INCREMENT column fid for storing\nobject ID values.\n', '', '');
INSERT INTO `help_topic` VALUES (44, 'TIMESTAMPDIFF', 14, '   TIMESTAMPDIFF(interval,datetime_expr1,datetime_expr2)\n\nReturns the integer difference between the date or datetime expressions\ndatetime_expr1 and\ndatetime_expr2. The unit for the result is given by the\ninterval argument. The legal values for interval are the same as\nthose listed in the description of the TIMESTAMPADD() function.\n', '', '');
INSERT INTO `help_topic` VALUES (45, 'UPPER', 23, '   UPPER(str)\nReturns the string str with all characters changed to uppercase\naccording to the current character set mapping (the default is ISO-8859-1\nLatin1).\n', 'mysql> SELECT UPPER(''Hej'');\n        -> ''HEJ''', '');
INSERT INTO `help_topic` VALUES (46, 'FROM_UNIXTIME', 14, '   FROM_UNIXTIME(unix_timestamp)\n   FROM_UNIXTIME(unix_timestamp,format)\nReturns a representation of the unix_timestamp argument as a value in\n''YYYY-MM-DD HH:MM:SS'' or YYYYMMDDHHMMSS format, depending on\nwhether the function is used in a string or numeric context.\n\nmysql> SELECT FROM_UNIXTIME(875996580);\n        -> ''1997-10-04 22:23:00''\nmysql> SELECT FROM_UNIXTIME(875996580) + 0;\n        -> 19971004222300\n\nIf format is given, the result is formatted according to the\nformat string. format may contain the same specifiers as\nthose listed in the entry for the DATE_FORMAT() function.\n', 'mysql> SELECT FROM_UNIXTIME(UNIX_TIMESTAMP(),\n    ->                      ''%Y %D %M %h:%i:%s %x'');\n        -> ''2003 6th August 06:22:58 2003''', '');
INSERT INTO `help_topic` VALUES (47, 'MEDIUMBLOB', 1, '   MEDIUMBLOB\n\nA BLOB column with a maximum length of 16,777,215\n(2^24 - 1) bytes.\n', '', '');
INSERT INTO `help_topic` VALUES (48, 'IFNULL', 9, '   IFNULL(expr1,expr2)\nIf expr1 is not NULL, IFNULL() returns expr1,\nelse it returns expr2.  IFNULL() returns a numeric or string\nvalue, depending on the context in which it is used.\n', 'mysql> SELECT IFNULL(1,0);\n        -> 1\nmysql> SELECT IFNULL(NULL,10);\n        -> 10\nmysql> SELECT IFNULL(1/0,10);\n        -> 10\nmysql> SELECT IFNULL(1/0,''yes'');\n        -> ''yes''', '');
INSERT INTO `help_topic` VALUES (49, 'LEAST', 26, '   LEAST(value1,value2,...)\nWith two or more arguments, returns the smallest (minimum-valued) argument.\nThe arguments are compared using the following rules.\n\n --- If the return value is used in an INTEGER context or all arguments\nare integer-valued, they are compared as integers.\n\n --- If the return value is used in a REAL context or all arguments are\nreal-valued, they are compared as reals.\n\n --- If any argument is a case-sensitive string, the arguments are compared\nas case-sensitive strings.\n\n --- In other cases, the arguments are compared as case-insensitive strings.\n', 'mysql> SELECT LEAST(2,0);\n        -> 0\nmysql> SELECT LEAST(34.0,3.0,5.0,767.0);\n        -> 3.0\nmysql> SELECT LEAST(''B'',''A'',''C'');\n        -> ''A''', '');
INSERT INTO `help_topic` VALUES (50, '=', 26, '   =\nEqual:\n', 'mysql> SELECT 1 = 0;\n        -> 0\nmysql> SELECT ''0'' = 0;\n        -> 1\nmysql> SELECT ''0.0'' = 0;\n        -> 1\nmysql> SELECT ''0.01'' = 0;\n        -> 0\nmysql> SELECT ''.01'' = 0.01;\n        -> 1', '');
INSERT INTO `help_topic` VALUES (51, 'REVERSE', 23, '   REVERSE(str)\nReturns the string str with the order of the characters reversed.\n', 'mysql> SELECT REVERSE(''abc'');\n        -> ''cba''', '');
INSERT INTO `help_topic` VALUES (52, 'ISNULL', 26, '   ISNULL(expr)\nIf expr is NULL, ISNULL() returns 1, otherwise\nit returns 0.\n', 'mysql> SELECT ISNULL(1+1);\n        -> 0\nmysql> SELECT ISNULL(1/0);\n        -> 1', '');
INSERT INTO `help_topic` VALUES (53, 'BINARY', 1, '   BINARY(M)\n\nThe BINARY type is similar to the CHAR type, but stores\nbinary byte strings rather than non-binary character strings.\n\nThis type was added in MySQL 4.1.2.\n', '', '');
INSERT INTO `help_topic` VALUES (54, 'BOUNDARY', 19, '   Boundary(g)\nReturns a geometry that is the closure of the combinatorial boundary of the\ngeometry value g.\n', '', '');
INSERT INTO `help_topic` VALUES (55, 'CREATE USER', 7, 'The CREATE USER statement creates new MySQL accounts.  To use it, you\nmust have the global CREATE USER privilege or the INSERT\nprivilege for the mysql database.\nFor each account, CREATE USER creates a new record in the\nmysql.user table that has no privileges. An error occurs if the\naccount already exists.\n\nThe account can be given a password with the optional IDENTIFIED\nBY clause.  The user value and the password are given the same way\nas for the GRANT statement.  In particular, to specify the password\nin plain text, omit the PASSWORD keyword. To specify the password\nas the hashed value as returned by the PASSWORD() function, include\nthe keyword PASSWORD.\nSee also : [GRANT,  , GRANT].\n\nThe CREATE USER statement was added in MySQL 5.0.2.\n\n\n  @subsubsection DROP USER Syntax\n\n\n\nDROP USER user [, user] ...\n\nThe DROP USER statement deletes one or more MySQL accounts.\nTo use it, you\nmust have the global CREATE USER privilege or the DELETE\nprivilege for the mysql database.\nEach account is named using the same format as for GRANT\nor REVOKE; for example, ''jeffrey''@@''localhost''.  The user and\nhost parts of the account name correspond to the User and Host\ncolumn values of the user table record for the account.\n\nDROP USER was added in MySQL 4.1.1 and originally removed only\naccounts that have no privileges.  In MySQL 5.0.2, it was modified to also\nremove account privileges.  This means that the procedure for removing an\naccount depends on your version of MySQL.\n\nAs of MySQL 5.0.2, remove an account and its privileges as follows:\n\nDROP USER user;\n\nThe statement removes privilege records for the account from all grant tables.\n\nFrom MySQL 4.1.1 to 5.0.1, DROP USER deletes only MySQL accounts that\ndon''t have any privileges. In these MySQL versions, it serves only to remove\neach account record from the user table. To remove a MySQL account, you\nshould use the following procedure, performing the steps in the order shown:\n\n@enumerate\n --- Use SHOW GRANTS to determine what privileges the account has.\nSee also : [SHOW GRANTS,  , SHOW GRANTS].\n --- Use REVOKE to revoke the privileges displayed by SHOW GRANTS.\nThis removes records for the account from all the grant tables except the\nuser table, and revokes any global privileges listed in the user\ntable.\nSee also : [GRANT,  , GRANT].\n --- Delete the account by using DROP USER to remove the user table\nrecord.\n@end enumerate\n\nDROP USER does not automatically close any open user sessions. Rather, in\nthe event that a user with an open session is dropped, the command does not take\neffect until that user''s session is closed. Once the session is closed, the user\nis dropped, and that user''s next attempt to log in will fail. This is by design.\n\nBefore MySQL 4.1.1, DROP USER is not available.  You should first\nrevoke the account privileges as just described. Then delete the user\ntable record and flush the grant tables like this:\n\nmysql> DELETE FROM mysql.user\n    -> WHERE User=''user_name'' and Host=''host_name'';\nmysql> FLUSH PRIVILEGES;\n\n\n  @subsubsection GRANT and REVOKE Syntax\n\n\n\n\nGRANT priv_type [(column_list)] [, priv_type [(column_list)]] ...\n    ON {tbl_name | * | *.* | db_name.*}\n    TO user [IDENTIFIED BY [PASSWORD] ''password'']\n        [, user [IDENTIFIED BY [PASSWORD] ''password'']] ...\n    [REQUIRE\n        NONE |\n        [{SSL| X509}]\n        [CIPHER ''cipher'' [AND]]\n        [ISSUER ''issuer'' [AND]]\n        [SUBJECT ''subject'']]\n    [WITH with_option [with_option] ...]\n\nwith_option =\n    GRANT OPTION\n  | MAX_QUERIES_PER_HOUR count\n  | MAX_UPDATES_PER_HOUR count\n  | MAX_CONNECTIONS_PER_HOUR count\n  | MAX_USER_CONNECTIONS count\n\nREVOKE priv_type [(column_list)] [, priv_type [(column_list)]] ...\n    ON {tbl_name | * | *.* | db_name.*}\n    FROM user [, user] ...\n\nREVOKE ALL PRIVILEGES, GRANT OPTION FROM user [, user] ...\n\n\nThe GRANT and REVOKE statements allow system administrators to\ncreate MySQL user accounts and to grant rights to and revoke them from\naccounts.  GRANT and REVOKE are implemented in MySQL 3.22.11\nor later. For earlier MySQL versions, these statements do nothing.\n\nMySQL account information is stored in the tables of the mysql\ndatabase. This database and the access control system are discussed\nextensively in [MySQL Database Administration], which you should consult\nfor additional details.\n\nIf the grant tables contain privilege records that contain mixed-case\ndatabase or table names and the lower_case_table_names system\nvariable is set, REVOKE cannot be used to revoke the privileges. It\nwill be necessary to manipulate the grant tables directly. (GRANT\nwill not create such records when lower_case_table_names is set,\nbut such records might have been created prior to setting the variable.)\n\nPrivileges can be granted at several levels:\n\n   Global level\nGlobal privileges apply to all databases on a given server. These privileges\nare stored in the mysql.user table.\nGRANT ALL ON *.* and\nREVOKE ALL ON *.* grant and revoke only global privileges.\n\n   Database level\nDatabase privileges apply to all objects in a given database. These privileges\nare stored in the mysql.db and mysql.host tables.\nGRANT ALL ON db_name.* and\nREVOKE ALL ON db_name.* grant and revoke only database privileges.\n\n   Table level\nTable privileges apply to all columns in a given table. These privileges are\nstored in the mysql.tables_priv table.\nGRANT ALL ON db_name.tbl_name and\nREVOKE ALL ON db_name.tbl_name grant and revoke only table privileges.\n\n   Column level\nColumn privileges apply to single columns in a given table. These privileges are\nstored in the mysql.columns_priv table.\nWhen using REVOKE, you must specify the same columns that were granted.\n\n   Routine level\nThe CREATE ROUTINE, ALTER ROUTINE, EXECUTE, and\nGRANT privileges apply to stored routines. They can be granted at the\nglobal and database levels. Also, except for CREATE ROUTINE, these\nprivileges can be granted at the routine level for individual routines and\nare stored in the mysql.procs_priv table.\n\n  \n', 'CREATE USER user [IDENTIFIED BY [PASSWORD] ''password'']\n    [, user [IDENTIFIED BY [PASSWORD] ''password'']] ...', '');
INSERT INTO `help_topic` VALUES (56, 'POINT', 2, '   Point(x,y)\nConstructs a WKB Point using its coordinates.\n', '', '');
INSERT INTO `help_topic` VALUES (57, 'CURRENT_USER', 25, '   CURRENT_USER()\nReturns the username and hostname combination that the current session was\nauthenticated as. This value corresponds to the MySQL account that\ndetermines your access privileges. It can be different from the value of\nUSER().\n', 'mysql> SELECT USER();\n        -> ''davida@localhost''\nmysql> SELECT * FROM mysql.user;\nERROR 1044: Access denied for user ''''@''localhost'' to\ndatabase ''mysql''\nmysql> SELECT CURRENT_USER();\n        -> ''@localhost''', '');
INSERT INTO `help_topic` VALUES (58, 'LCASE', 23, '   LCASE(str)\n\nLCASE() is a synonym for LOWER().\n', '', '');
INSERT INTO `help_topic` VALUES (59, '<=', 26, '   <=\nLess than or equal:\n', 'mysql> SELECT 0.1 <= 2;\n        -> 1', '');
INSERT INTO `help_topic` VALUES (60, 'UPDATE', 6, 'The UPDATE statement updates columns in existing table rows with\nnew values.  The SET clause indicates which columns to modify\nand the values they should be given.  The WHERE clause, if given,\nspecifies which rows should be updated.  Otherwise, all rows are updated. If\nthe ORDER BY clause is specified, the rows are updated in the\norder that is specified. The LIMIT clause places a limit on the\nnumber of rows that can be updated.\n\nThe UPDATE statement supports the following modifiers:\n\n\n --- If you specify the LOW_PRIORITY keyword, execution of the\nUPDATE is delayed until no other clients are reading from the table.\n\n --- If you specify the IGNORE keyword, the update statement does not\nabort even if errors occur during the update.  Rows for which duplicate-key\nconflicts occur are not updated. Rows for which columns are updated to\nvalues that would cause data conversion errors are updated to the closet\nvalid values instead.\n', 'UPDATE [LOW_PRIORITY] [IGNORE] tbl_name\n    SET col_name1=expr1 [, col_name2=expr2 ...]\n    [WHERE where_definition]\n    [ORDER BY ...]\n    [LIMIT row_count]', '');
INSERT INTO `help_topic` VALUES (61, 'DROP INDEX', 28, 'DROP INDEX drops the index named index_name from the table\ntbl_name.  In MySQL 3.22 or later, DROP INDEX is mapped to an\nALTER TABLE statement to drop the index.  See also : [ALTER TABLE, ,\nALTER TABLE].  DROP INDEX doesn''t do anything prior to MySQL\n3.22.\n', 'DROP INDEX index_name ON tbl_name', '');
INSERT INTO `help_topic` VALUES (62, 'MATCH AGAINST', 23, 'As of MySQL 3.23.23, MySQL has support for full-text indexing\nand searching.  A full-text index in MySQL is an index of type\nFULLTEXT.  FULLTEXT indexes are used with MyISAM tables\nonly and can be created from CHAR, VARCHAR,\nor TEXT columns at CREATE TABLE time or added later with\nALTER TABLE or CREATE INDEX.  For large datasets, it is\nmuch faster to load your data into a table that has no FULLTEXT\nindex, then create the index with ALTER TABLE (or\nCREATE INDEX).  Loading data into a table that has an existing\nFULLTEXT index could be significantly slower.\n', 'mysql> SELECT id, body, MATCH (title,body) AGAINST\n    -> (''Security implications of running MySQL as root'') AS score\n    -> FROM articles WHERE MATCH (title,body) AGAINST\n    -> (''Security implications of running MySQL as root'');\n+----+-------------------------------------+-----------------+\n| id | body                                | score           |\n+----+-------------------------------------+-----------------+\n|  4 | 1. Never run mysqld as root. 2. ... | 1.5219271183014 |\n|  6 | When configured properly, MySQL ... | 1.3114095926285 |\n+----+-------------------------------------+-----------------+\n2 rows in set (0.00 sec)', '');
INSERT INTO `help_topic` VALUES (63, 'ABS', 4, '   ABS(X)\nReturns the absolute value of X.\n', 'mysql> SELECT ABS(2);\n        -> 2\nmysql> SELECT ABS(-32);\n        -> 32', '');
INSERT INTO `help_topic` VALUES (64, 'POLYFROMWKB', 13, '   PolyFromWKB(wkb[,srid])\n   PolygonFromWKB(wkb[,srid])\nConstructs a POLYGON value using its WKB representation and SRID.\n', '', '');
INSERT INTO `help_topic` VALUES (65, 'NOT LIKE', 23, '   expr NOT LIKE pat [ESCAPE ''escape-char'']\n\nThis is the same as NOT (expr LIKE pat [ESCAPE ''escape-char'']).\n', '', '');
INSERT INTO `help_topic` VALUES (66, 'SPACE', 23, '   SPACE(N)\nReturns a string consisting of N space characters.\n', 'mysql> SELECT SPACE(6);\n        -> ''      ''', '');
INSERT INTO `help_topic` VALUES (67, 'MBR DEFINITION', 8, 'Every geometry occupies some position in space. The exterior of\na geometry is all space not occupied by the geometry. The interior\nis the space occupied by the geometry. The boundary is the\ninterface between the geometry''s interior and exterior.\n\n --- Its MBR (Minimum Bounding Rectangle), or Envelope.\nThis is the bounding geometry, formed by the minimum and maximum (X,Y)\ncoordinates:\n', '((MINX MINY, MAXX MINY, MAXX MAXY, MINX MAXY, MINX MINY))', '');
INSERT INTO `help_topic` VALUES (68, 'GEOMETRYCOLLECTION', 2, '   GeometryCollection(g1,g2,...)\nConstructs a WKB GeometryCollection. If any argument is not a\nwell-formed WKB representation of a geometry, the return value is\nNULL.\n', '', '');
INSERT INTO `help_topic` VALUES (69, '*', 4, '   *\nMultiplication:\n', 'mysql> SELECT 3*5;\n        -> 15\nmysql> SELECT 18014398509481984*18014398509481984.0;\n        -> 324518553658426726783156020576256.0\nmysql> SELECT 18014398509481984*18014398509481984;\n        -> 0', '');
INSERT INTO `help_topic` VALUES (70, 'TIMESTAMP', 1, '   TIMESTAMP[(M)]\n\nA timestamp.  The range is ''1970-01-01 00:00:00'' to partway through the\nyear 2037.\n\nA TIMESTAMP column is useful for recording the date and time of an\nINSERT or UPDATE operation. The first TIMESTAMP column\nin a table is automatically set to the date and time of the most recent\noperation if you don''t assign it a value yourself.  You can also set any\nTIMESTAMP column to the current date and time by assigning it a\nNULL value.\n\nFrom MySQL 4.1 on, TIMESTAMP is returned as a string with the format\n''YYYY-MM-DD HH:MM:SS''. If you want to obtain the value as a number,\nyou should add +0 to the timestamp column. Different timestamp\ndisplay widths are not supported.\n\nIn MySQL 4.0 and earlier, TIMESTAMP values are displayed in\nYYYYMMDDHHMMSS, YYMMDDHHMMSS, YYYYMMDD, or YYMMDD\nformat, depending on whether M is 14 (or missing), 12,\n8, or 6, but allows you to assign values to TIMESTAMP\ncolumns using either strings or numbers.\nThe M argument affects only how a TIMESTAMP column is displayed,\nnot storage.  Its values always are stored using four bytes each.\nFrom MySQL 4.0.12, the --new option can be used\nto make the server behave as in MySQL 4.1.\n\nNote that TIMESTAMP(M) columns where M is 8 or 14 are reported to\nbe numbers, whereas other TIMESTAMP(M) columns are reported to be\nstrings.  This is just to ensure that you can reliably dump and restore\nthe table with these types.\n', '', '');
INSERT INTO `help_topic` VALUES (71, 'DES_DECRYPT', 17, '   DES_DECRYPT(crypt_str[,key_str])\n\nDecrypts a string encrypted with DES_ENCRYPT().\nOn error, this function returns NULL.\n\nNote that this function works only if MySQL has been configured with\nSSL support. See also : [Secure connections].\n\nIf no key_str argument is given, DES_DECRYPT() examines\nthe first byte of the encrypted string to determine the DES key number\nthat was used to encrypt the original string, and then reads the key\nfrom the DES key file to decrypt the message.  For this to work,\nthe user must have the SUPER privilege. The key file can be specified\nwith the --des-key-file server option.\n\nIf you pass this function a key_str argument, that string\nis used as the key for decrypting the message.\n\nIf the crypt_str argument doesn''t look like an encrypted string,\nMySQL returns the given crypt_str.\n', '', '');
INSERT INTO `help_topic` VALUES (72, 'CHECKSUM', 7, '\nReports a table checksum.\n\nIf QUICK is specified, the live table checksum is reported if it is\navailable, or NULL otherwise.  This is very fast.  A live checksum\nis enabled by specifying the CHECKSUM=1 table option, currently\nsupported only for MyISAM tables.\nSee also : [CREATE TABLE,  , CREATE TABLE].\n\nIn EXTENDED mode the whole table is read row by row and the checksum\nis calculated. This can be very slow for large tables.\n\nBy default, if neither QUICK nor EXTENDED is specified, MySQL\nreturns a live checksum if the table storage engine supports it and scans\nthe table otherwise.\n\nCHECKSUM TABLE returns NULL for non-existent tables.\nAs of MySQL 5.0.3, a warning is generated for this condition.\n\nThis statement is implemented in MySQL 4.1.1.\n\n\n  @subsubsection OPTIMIZE TABLE Syntax\n\n\n\n\nOPTIMIZE [LOCAL | NO_WRITE_TO_BINLOG] TABLE tbl_name [, tbl_name] ...\n\nOPTIMIZE TABLE should be used if you have deleted a large part of a\ntable or if you have made many changes to a table with variable-length rows\n(tables that have VARCHAR, BLOB, or TEXT columns).\nDeleted records are maintained in a linked list and subsequent INSERT\noperations reuse old record positions. You can use OPTIMIZE TABLE to\nreclaim the unused space and to defragment the data file.\n', 'CHECKSUM TABLE tbl_name [, tbl_name] ... [ QUICK | EXTENDED ]', '');
INSERT INTO `help_topic` VALUES (73, 'ENDPOINT', 18, '   EndPoint(ls)\nReturns the Point that is the end point of the LineString value\nls.\n', 'mysql> SET @ls = ''LineString(1 1,2 2,3 3)'';\nmysql> SELECT AsText(EndPoint(GeomFromText(@ls)));\n+-------------------------------------+\n| AsText(EndPoint(GeomFromText(@ls))) |\n+-------------------------------------+\n| POINT(3 3)                          |\n+-------------------------------------+', '');
INSERT INTO `help_topic` VALUES (74, 'CACHE INDEX', 6, 'The CACHE INDEX statement assigns table indexes to a specific key\ncache. It is used only for MyISAM tables.\n\nThe following statement assigns indexes from the tables t1,\nt2, and t3 to the key cache named hot_cache:\n\nmysql> CACHE INDEX t1, t2, t3 IN hot_cache;\n+---------+--------------------+----------+----------+\n| Table   | Op                 | Msg_type | Msg_text |\n+---------+--------------------+----------+----------+\n| test.t1 | assign_to_keycache | status   | OK       |\n| test.t2 | assign_to_keycache | status   | OK       |\n| test.t3 | assign_to_keycache | status   | OK       |\n+---------+--------------------+----------+----------+\n', 'CACHE INDEX\n  tbl_index_list [, tbl_index_list] ...\n  IN key_cache_name\n\ntbl_index_list:\n  tbl_name [[INDEX|KEY] (index_name[, index_name] ...)]', '');
INSERT INTO `help_topic` VALUES (75, 'COMPRESS', 23, '   COMPRESS(string_to_compress)\nCompresses a string. This function requires MySQL to have been compiled\nwith a compression library such as zlib. Otherwise, the return\nvalue is always NULL. The compressed string can be uncompressed with\nUNCOMPRESS().\n', 'mysql> SELECT LENGTH(COMPRESS(REPEAT(''a'',1000)));\n        -> 21\nmysql> SELECT LENGTH(COMPRESS(''''));\n        -> 0\nmysql> SELECT LENGTH(COMPRESS(''a''));\n        -> 13\nmysql> SELECT LENGTH(COMPRESS(REPEAT(''a'',16)));\n        -> 15', '');
INSERT INTO `help_topic` VALUES (76, 'COUNT', 12, '   COUNT(expr)\nReturns a count of the number of non-NULL values in the rows\nretrieved by a SELECT statement.\n', 'mysql> SELECT student.student_name,COUNT(*)\n    ->        FROM student,course\n    ->        WHERE student.student_id=course.student_id\n    ->        GROUP BY student_name;', '');
INSERT INTO `help_topic` VALUES (77, 'INSERT', 23, '   INSERT(str,pos,len,newstr)\nReturns the string str, with the substring beginning at position\npos and len characters long replaced by the string\nnewstr.  Returns the original string if pos is not within\nthe length of the string.  Replaces the rest of the string from position\npos is len is not within the length of the rest of the string.\nReturns NULL if any argument is null.\n', 'mysql> SELECT INSERT(''Quadratic'', 3, 4, ''What'');\n        -> ''QuWhattic''\nmysql> SELECT INSERT(''Quadratic'', -1, 4, ''What'');\n        -> ''Quadratic''\nmysql> SELECT INSERT(''Quadratic'', 3, 100, ''What'');\n        -> ''QuWhat''', '');
INSERT INTO `help_topic` VALUES (78, 'HANDLER', 6, 'The HANDLER statement provides direct access to table storage engine\ninterfaces.  It is available for MyISAM tables as MySQL 4.0.0 and\nInnoDB tables as of MySQL 4.0.3.\n', 'HANDLER tbl_name OPEN [ AS alias ]\nHANDLER tbl_name READ index_name { = | >= | <= | < } (value1,value2,...)\n    [ WHERE where_condition ] [LIMIT ... ]\nHANDLER tbl_name READ index_name { FIRST | NEXT | PREV | LAST }\n    [ WHERE where_condition ] [LIMIT ... ]\nHANDLER tbl_name READ { FIRST | NEXT }\n    [ WHERE where_condition ] [LIMIT ... ]\nHANDLER tbl_name CLOSE', '');
INSERT INTO `help_topic` VALUES (79, 'MLINEFROMTEXT', 3, '   MLineFromText(wkt[,srid])\n   MultiLineStringFromText(wkt[,srid])\nConstructs a MULTILINESTRING value using its WKT representation and SRID.\n', '', '');
INSERT INTO `help_topic` VALUES (80, 'GEOMCOLLFROMWKB', 13, '   GeomCollFromWKB(wkb[,srid])\n   GeometryCollectionFromWKB(wkb[,srid])\nConstructs a GEOMETRYCOLLECTION value using its WKB representation and SRID.\n', '', '');
INSERT INTO `help_topic` VALUES (81, 'RENAME TABLE', 28, 'RENAME TABLE tbl_name TO new_tbl_name\n    [, tbl_name2 TO new_tbl_name2] ...\n\nThis statement renames one or more tables.  It was added in MySQL 3.23.23.\n\nThe rename operation is done atomically, which means that no other thread\ncan access any of the tables while the rename is running. For example,\nif you have an existing table old_table, you can create another\ntable new_table that has the same structure but is empty, and then\nreplace the existing table with the empty one as follows:\n', 'CREATE TABLE new_table (...);\nRENAME TABLE old_table TO backup_table, new_table TO old_table;', '');
INSERT INTO `help_topic` VALUES (82, 'BOOLEAN', 1, '   BOOL\n   BOOLEAN\nThese are synonyms for TINYINT(1).\nThe BOOLEAN synonym was added in MySQL 4.1.0.\nA value of zero is considered false. Non-zero values are considered true.\n\nIn the future,\nfull boolean type handling will be introduced in accordance with standard SQL.\n', '', '');
INSERT INTO `help_topic` VALUES (83, 'DEFAULT', 21, '   DEFAULT(col_name)\nReturns the default value for a table column.\nStarting from MySQL 5.0.2, you get an error if the column doesn''t have\na default value.\n', 'mysql> UPDATE t SET i = DEFAULT(i)+1 WHERE id < 100;', '');
INSERT INTO `help_topic` VALUES (84, 'TINYTEXT', 1, '   TINYTEXT\n\nA TEXT column with a maximum length of 255\n(2^8 - 1) characters.\n', '', '');
INSERT INTO `help_topic` VALUES (85, 'DECODE', 17, '   DECODE(crypt_str,pass_str)\nDecrypts the encrypted string crypt_str using pass_str as the\npassword.  crypt_str should be a string returned from\nENCODE().\n', '', '');
INSERT INTO `help_topic` VALUES (86, '<=>', 26, '   <=>\nNULL-safe equal.\nThis operator performs an equality comparison like the = operator, but\nreturns 1 rather than NULL if both operands are NULL,\nand 0 rather than NULL if one operand is NULL.\n', 'mysql> SELECT 1 <=> 1, NULL <=> NULL, 1 <=> NULL;\n        -> 1, 1, 0\nmysql> SELECT 1 = 1, NULL = NULL, 1 = NULL;\n        -> 1, NULL, NULL', '');
INSERT INTO `help_topic` VALUES (87, 'LOAD DATA FROM MASTER', 6, 'LOAD DATA FROM MASTER\n\nTakes a snapshot of the master and copies it to the slave.  It updates the\nvalues of MASTER_LOG_FILE and MASTER_LOG_POS so that the slave\nstarts replicating from the correct position. Any table and database\nexclusion rules specified with the --replicate-*-do-* and\n--replicate-*-ignore-* options are honored.\n--replicate-rewrite-db is /not/ taken into account (because one user\ncould, with this option, set up a non-unique mapping such as\n--replicate-rewrite-db=db1->db3 and\n--replicate-rewrite-db=db2->db3, which would confuse the slave when\nit loads the master''s tables).\n\nUse of this statement is subject to the following conditions:\n\n\n --- It works only with MyISAM tables.\n\n --- It acquires a global read lock on the master while taking the snapshot,\nwhich prevents updates on the master during the load operation.\n\n\nIn the future, it is planned to make this statement work with\nInnoDB tables and to remove the need for a global read lock by using\nnon-blocking online backup.\n\nIf you are loading big tables, you might have to increase the values\nof net_read_timeout and net_write_timeout\non both your master and slave servers.\nSee also : [Server system variables].\n\nNote that LOAD DATA FROM MASTER does /not/ copy any\ntables from the mysql database.  This makes it easy to have\ndifferent users and privileges on the master and the slave.\n\nThe LOAD DATA FROM MASTER statement\nrequires the replication account that is used to connect to the master\nto have the RELOAD and SUPER privileges on the master and the\nSELECT privilege for all master tables you want to load. All\nmaster tables for which the user does not have the SELECT privilege are\nignored by LOAD DATA FROM MASTER. This is because the\nmaster hides them from the user: LOAD DATA FROM MASTER calls\nSHOW DATABASES to know the master databases to load, but\nSHOW DATABASES returns only databases for which the user has\nsome privilege.\nSee [SHOW DATABASES,  , SHOW DATABASES].\nOn the slave''s side, the user that issues LOAD DATA FROM MASTER should\nhave grants to drop and create the databases and tables that are copied.\n', '', '');
INSERT INTO `help_topic` VALUES (88, 'RESET', 6, 'The RESET statement is used to clear the state of various server\noperations. It also acts as a stronger\nversion of the FLUSH statement.  See also : [FLUSH, , FLUSH].\n', 'RESET reset_option [, reset_option] ...', '');
INSERT INTO `help_topic` VALUES (89, 'GET_LOCK', 21, '   GET_LOCK(str,timeout)\nTries to obtain a lock with a name given by the string str, with a\ntimeout of timeout seconds.  Returns 1 if the lock was obtained\nsuccessfully, 0 if the attempt timed out (for example, because another\nclient has previously locked the name), or NULL if an error\noccurred (such as running out of memory or the thread was killed with\nmysqladmin kill).  If you have a lock obtained with GET_LOCK(),\nit is released when you execute\nRELEASE_LOCK(), execute a new GET_LOCK(), or your connection\nterminates (either normally or abnormally).\n\nThis function can be used to implement application locks or to\nsimulate record locks.  Names are locked on a server-wide basis.\nIf a name has been locked by one client, GET_LOCK() blocks\nany request by another client for a lock with the same name. This\nallows clients that agree on a given lock name to use the name to\nperform cooperative advisory locking.\n', 'mysql> SELECT GET_LOCK(''lock1'',10);\n        -> 1\nmysql> SELECT IS_FREE_LOCK(''lock2'');\n        -> 1\nmysql> SELECT GET_LOCK(''lock2'',10);\n        -> 1\nmysql> SELECT RELEASE_LOCK(''lock2'');\n        -> 1\nmysql> SELECT RELEASE_LOCK(''lock1'');\n        -> NULL', '');
INSERT INTO `help_topic` VALUES (90, 'UCASE', 23, '   UCASE(str)\n\nUCASE() is a synonym for UPPER().\n', '', '');
INSERT INTO `help_topic` VALUES (91, 'MPOLYFROMWKB', 13, '   MPolyFromWKB(wkb[,srid])\n   MultiPolygonFromWKB(wkb[,srid])\nConstructs a MULTIPOLYGON value using its WKB representation and SRID.\n', '', '');
INSERT INTO `help_topic` VALUES (92, 'DO', 6, 'DO executes the expressions but doesn''t return any results.  This is\nshorthand for SELECT expr, ..., but has the advantage that it''s\nslightly faster when you don''t care about the result.\n\nDO is useful mainly with functions that have side effects, such as\nRELEASE_LOCK().\n', 'DO expr [, expr] ...', '');
INSERT INTO `help_topic` VALUES (93, 'CURTIME', 14, '   CURTIME()\n\nReturns the current time as a value in ''HH:MM:SS'' or HHMMSS\nformat, depending on whether the function is used in a string or numeric\ncontext.\n', 'mysql> SELECT CURTIME();\n        -> ''23:50:26''\nmysql> SELECT CURTIME() + 0;\n        -> 235026', '');
INSERT INTO `help_topic` VALUES (94, 'BIGINT', 1, '   BIGINT[(M)] [UNSIGNED] [ZEROFILL]\nA large integer. The signed range is -9223372036854775808 to\n9223372036854775807. The unsigned range is 0 to\n18446744073709551615.\n', '', '');
INSERT INTO `help_topic` VALUES (95, 'CHAR_LENGTH', 23, '   CHAR_LENGTH(str)\n\nReturns the length of the string str, measured in characters.\nA multi-byte character counts as a single character.\nThis means that for a string containing five two-byte characters,\nLENGTH() returns 10, whereas CHAR_LENGTH() returns\n5.\n', '', '');
INSERT INTO `help_topic` VALUES (96, 'SET', 6, 'SET sets different types of variables that affect the operation of the\nserver or your client. It can be used to assign values to user variables or\nsystem variables.\n', 'SET variable_assignment [, variable_assignment] ...\n\nvariable_assignment:\n      user_var_name = expr\n    | [GLOBAL | SESSION] system_var_name = expr\n    | @@[global. | session.]system_var_name = expr', '');
INSERT INTO `help_topic` VALUES (97, 'DATE', 1, 'A date.  The supported range is ''1000-01-01'' to ''9999-12-31''.\nMySQL displays DATE values in ''YYYY-MM-DD'' format, but\nallows you to assign values to DATE columns using either strings or\nnumbers.\n', '', '');
INSERT INTO `help_topic` VALUES (98, 'CONV', 23, '   CONV(N,from_base,to_base)\nConverts numbers between different number bases.  Returns a string\nrepresentation of the number N, converted from base from_base\nto base to_base.  Returns NULL if any argument is NULL.\nThe argument N is interpreted as an integer, but may be specified as\nan integer or a string.  The minimum base is 2 and the maximum base is\n36.  If to_base is a negative number, N is regarded as a\nsigned number.  Otherwise, N is treated as unsigned.  CONV() works\nwith 64-bit precision.\n', 'mysql> SELECT CONV(''a'',16,2);\n        -> ''1010''\nmysql> SELECT CONV(''6E'',18,8);\n        -> ''172''\nmysql> SELECT CONV(-17,10,-18);\n        -> ''-H''\nmysql> SELECT CONV(10+''10''+''10''+0xa,10,10);\n        -> ''40''', '');
INSERT INTO `help_topic` VALUES (99, 'EXTRACT', 14, '   EXTRACT(type FROM date)\n\nThe EXTRACT() function uses the same kinds of interval type\nspecifiers as DATE_ADD() or DATE_SUB(), but extracts parts\nfrom the date rather than performing date arithmetic.\n', 'mysql> SELECT EXTRACT(YEAR FROM ''1999-07-02'');\n       -> 1999\nmysql> SELECT EXTRACT(YEAR_MONTH FROM ''1999-07-02 01:02:03'');\n       -> 199907\nmysql> SELECT EXTRACT(DAY_MINUTE FROM ''1999-07-02 01:02:03'');\n       -> 20102\nmysql> SELECT EXTRACT(MICROSECOND\n    ->                FROM ''2003-01-02 10:30:00.00123'');\n        -> 123', '');
INSERT INTO `help_topic` VALUES (100, 'ENCRYPT', 17, '   ENCRYPT(str[,salt])\nEncrypt str using the Unix crypt() system call. The\nsalt argument should be a string with two characters.\n(As of MySQL 3.22.16, salt may be longer than two characters.)\nIf no salt argument is given, a random value is used.\n', 'mysql> SELECT ENCRYPT(''hello'');\n        -> ''VxuFAJXVARROc''', '');
INSERT INTO `help_topic` VALUES (101, 'OLD_PASSWORD', 17, '   OLD_PASSWORD(str)\n\nOLD_PASSWORD() is available as of MySQL 4.1, when the implementation of\nPASSWORD() was changed to improve security. OLD_PASSWORD()\nreturns the value of the pre-4.1 implementation of PASSWORD().\n[Password hashing].\n\n   PASSWORD(str)\nCalculates and returns a password string from the plaintext password\nstr, or NULL if the argument was NULL. This is\nthe function that is used for encrypting MySQL passwords for storage\nin the Password column of the user grant table.\n', '', '');
INSERT INTO `help_topic` VALUES (102, 'FORMAT', 21, '   FORMAT(X,D)\nFormats the number X to a format like ''#,###,###.##'', rounded\nto D decimals, and returns the result as a string.\nIf D is 0, the result has no\ndecimal point or fractional part.\n', 'mysql> SELECT FORMAT(12332.123456, 4);\n        -> ''12,332.1235''\nmysql> SELECT FORMAT(12332.1,4);\n        -> ''12,332.1000''\nmysql> SELECT FORMAT(12332.2,0);\n        -> ''12,332''', '');
INSERT INTO `help_topic` VALUES (103, '||', 20, '   OR\n   ||\nLogical OR.\nWhen both operands are non-NULL, the result is 1 if any\noperand is non-zero, and 0 otherwise.  With a NULL operand,\nthe result is 1 if the other operand is non-zero, and NULL\notherwise.  If both operands are NULL, the result is NULL.\n', 'mysql> SELECT 1 || 1;\n        -> 1\nmysql> SELECT 1 || 0;\n        -> 1\nmysql> SELECT 0 || 0;\n        -> 0\nmysql> SELECT 0 || NULL;\n        -> NULL\nmysql> SELECT 1 || NULL;\n        -> 1', '');
INSERT INTO `help_topic` VALUES (104, 'CASE', 9, '   CASE value WHEN [compare-value] THEN result [WHEN [compare-value] THEN result ...] [ELSE result] END\n   CASE WHEN [condition] THEN result [WHEN [condition] THEN result ...] [ELSE result] END\n\nThe first version returns the result where\nvalue=compare-value. The second version returns the result for\nthe first condition that is true. If there was no matching result\nvalue, the result after ELSE is returned, or NULL if there is no\nELSE part.\n', 'mysql> SELECT CASE 1 WHEN 1 THEN ''one''\n    ->     WHEN 2 THEN ''two'' ELSE ''more'' END;\n        -> ''one''\nmysql> SELECT CASE WHEN 1>0 THEN ''true'' ELSE ''false'' END;\n        -> ''true''\nmysql> SELECT CASE BINARY ''B''\n    ->     WHEN ''a'' THEN 1 WHEN ''b'' THEN 2 END;\n        -> NULL', '');
INSERT INTO `help_topic` VALUES (105, 'BIT_LENGTH', 23, '   BIT_LENGTH(str)\nReturns the length of the string str in bits.\n', 'mysql> SELECT BIT_LENGTH(''text'');\n        -> 32', '');
INSERT INTO `help_topic` VALUES (106, 'EXTERIORRING', 0, '   ExteriorRing(poly)\nReturns the exterior ring of the Polygon value poly\nas a LineString.\n', 'mysql> SET @poly =\n    -> ''Polygon((0 0,0 3,3 3,3 0,0 0),(1 1,1 2,2 2,2 1,1 1))'';\nmysql> SELECT AsText(ExteriorRing(GeomFromText(@poly)));\n+-------------------------------------------+\n| AsText(ExteriorRing(GeomFromText(@poly))) |\n+-------------------------------------------+\n| LINESTRING(0 0,0 3,3 3,3 0,0 0)           |\n+-------------------------------------------+', '');
INSERT INTO `help_topic` VALUES (107, 'GEOMFROMWKB', 13, '   GeomFromWKB(wkb[,srid])\n   GeometryFromWKB(wkb[,srid])\nConstructs a geometry value of any type using its WKB representation and SRID.\n', '', '');
INSERT INTO `help_topic` VALUES (108, 'SHOW SLAVE HOSTS', 6, 'SHOW SLAVE HOSTS\n\nDisplays a list of slaves currently registered with the master.\nAny slave not started with the --report-host=slave_name\noption is not visible in that list.\n', '', '');
INSERT INTO `help_topic` VALUES (109, 'START TRANSACTION', 10, 'By default, MySQL runs with autocommit mode enabled. This means that\nas soon as you execute a statement that updates (modifies) a table,\nMySQL stores the update on disk.\n\nIf you are using transaction-safe tables (like InnoDB or BDB),\nyou can disable autocommit mode with the following statement:\n\nSET AUTOCOMMIT=0;\n\nAfter disabling autocommit mode by setting the AUTOCOMMIT variable to\nzero, you must use COMMIT to store your changes to disk or\nROLLBACK if you want to ignore the changes you have made since\nthe beginning of your transaction.\n\nIf you want to disable autocommit mode for a single series of\nstatements, you can use the START TRANSACTION statement:\n', 'START TRANSACTION;\nSELECT @A:=SUM(salary) FROM table1 WHERE type=1;\nUPDATE table2 SET summary=@A WHERE type=1;\nCOMMIT;', '');
INSERT INTO `help_topic` VALUES (110, 'BETWEEN AND', 26, '   expr BETWEEN min AND max\nIf expr is greater than or equal to min and expr is\nless than or equal to max, BETWEEN returns 1,\notherwise it returns 0.  This is equivalent to the expression\n(min <= expr AND expr <= max) if all the arguments are of the\nsame type. Otherwise type conversion takes place according to the rules\ndescribed at the beginning of this section, but applied to all the three\narguments. Note: Before MySQL\n4.0.5, arguments were converted to the type of expr instead.\n', 'mysql> SELECT 1 BETWEEN 2 AND 3;\n        -> 0\nmysql> SELECT ''b'' BETWEEN ''a'' AND ''c'';\n        -> 1\nmysql> SELECT 2 BETWEEN 2 AND ''3'';\n        -> 1\nmysql> SELECT 2 BETWEEN 2 AND ''x-3'';\n        -> 0', '');
INSERT INTO `help_topic` VALUES (111, 'MULTIPOLYGON', 2, '   MultiPolygon(poly1,poly2,...)\nConstructs a WKB MultiPolygon value from a set of WKB Polygon\narguments.\nIf any argument is not a WKB Polygon, the return value is NULL.\n', '', '');
INSERT INTO `help_topic` VALUES (112, 'TIME_FORMAT', 14, '   TIME_FORMAT(time,format)\nThis is used like the DATE_FORMAT() function, but the\nformat string may contain only those format specifiers that handle\nhours, minutes, and seconds.  Other specifiers produce a NULL value or\n0.\n', '', '');
INSERT INTO `help_topic` VALUES (113, 'LEFT', 23, '   LEFT(str,len)\nReturns the leftmost len characters from the string str.\n', 'mysql> SELECT LEFT(''foobarbar'', 5);\n        -> ''fooba''', '');
INSERT INTO `help_topic` VALUES (114, 'FLUSH QUERY CACHE', 7, 'You can defragment the query cache to better utilize its memory\nwith the FLUSH QUERY CACHE statement.\nThe statement does not remove any queries from the cache.\n\nThe RESET QUERY CACHE statement removes all query results from the\nquery cache.  The FLUSH TABLES statement also does this.\n', '', '');
INSERT INTO `help_topic` VALUES (115, 'RAND', 4, '   RAND()\n   RAND(N)\nReturns a random floating-point value in the range from 0 to 1.0.\nIf an integer argument N is specified, it is used as the seed value\n(producing a repeatable sequence).\n', 'mysql> SELECT RAND();\n        -> 0.9233482386203\nmysql> SELECT RAND(20);\n        -> 0.15888261251047\nmysql> SELECT RAND(20);\n        -> 0.15888261251047\nmysql> SELECT RAND();\n        -> 0.63553050033332\nmysql> SELECT RAND();\n        -> 0.70100469486881', '');
INSERT INTO `help_topic` VALUES (116, 'RPAD', 23, '   RPAD(str,len,padstr)\nReturns the string str, right-padded with the string padstr\nto a length of len characters. If str is longer\nthan len, the return value is shortened to len characters.\n', 'mysql> SELECT RPAD(''hi'',5,''?'');\n        -> ''hi???''\nmysql> SELECT RPAD(''hi'',1,''?'');\n        -> ''h''', '');
INSERT INTO `help_topic` VALUES (117, 'INSERT INTO', 6, 'INSERT inserts new rows into an existing table.  The INSERT ...\nVALUES and INSERT ... SET forms of the statement insert rows based\non explicitly specified values.  The INSERT ... SELECT form inserts\nrows selected from another table or tables.  The INSERT ... VALUES\nform with multiple value lists is supported in MySQL 3.22.5 or\nlater.  The INSERT ... SET syntax is supported in MySQL\n3.22.10 or later.\nINSERT ... SELECT is discussed further in\nSee also : [INSERT SELECT,  , INSERT SELECT].\n', 'INSERT [LOW_PRIORITY | DELAYED | HIGH_PRIORITY] [IGNORE]\n    [INTO] tbl_name [(col_name,...)]\n    VALUES ({expr | DEFAULT},...),(...),...\n    [ ON DUPLICATE KEY UPDATE col_name=expr, ... ]', '');
INSERT INTO `help_topic` VALUES (118, 'RESTORE', 7, '\nRESTORE TABLE tbl_name [, tbl_name] ... FROM ''/path/to/backup/directory''\n\nRestores the table or tables from a backup that was made with BACKUP\nTABLE. Existing tables are not overwritten; if you try to restore over\nan existing table, you get an error.  Just as BACKUP TABLE,\nRESTORE TABLE currently works only for MyISAM tables.\nThe directory should be specified as a full pathname.\n\nThe backup for each table consists of its *.frm format file and\n*.MYD data file. The restore operation restores those files, then\nuses them to rebuild the *.MYI index file.  Restoring takes longer\nthan backing up due to the need to rebuild the indexes. The more indexes the\ntable has, the longer it takes.\n', '', '');
INSERT INTO `help_topic` VALUES (119, 'CREATE DATABASE', 28, 'CREATE DATABASE creates a database with the given name.  To use\nCREATE DATABASE, you need the CREATE privilege on the database.\n', 'CREATE {DATABASE | SCHEMA} [IF NOT EXISTS] db_name\n    [create_specification [, create_specification] ...]\n\ncreate_specification:\n    [DEFAULT] CHARACTER SET charset_name\n  | [DEFAULT] COLLATE collation_name', '');
INSERT INTO `help_topic` VALUES (120, 'VAR_POP', 12, '   VAR_POP(expr)\nReturns the population standard variance of expr.  It considers rows\nas the whole population, not as a sample, so it has the number of rows as\nthe denominator.  This function was added in MySQL 5.0.3.  Before 5.0.3, you\ncan use VARIANCE(), which is equivalent but not standard SQL.\n', '', '');
INSERT INTO `help_topic` VALUES (121, 'ELT', 23, '   ELT(N,str1,str2,str3,...)\nReturns str1 if N = 1, str2 if N =\n2, and so on.  Returns NULL if N is less than 1\nor greater than the number of arguments.  ELT() is the complement of\nFIELD().\n', 'mysql> SELECT ELT(1, ''ej'', ''Heja'', ''hej'', ''foo'');\n        -> ''ej''\nmysql> SELECT ELT(4, ''ej'', ''Heja'', ''hej'', ''foo'');\n        -> ''foo''', '');
INSERT INTO `help_topic` VALUES (122, 'ALTER VIEW', 24, 'This statement changes the definition of an existing view.\nThe syntax is similar to that for CREATE VIEW.\nSee also : [CREATE VIEW,  , CREATE VIEW].\nThis statement requires the CREATE VIEW and DELETE privileges\nfor the view, and some privilege for each column referred to in the\nSELECT statement.\n', 'ALTER [ALGORITHM = {UNDEFINED | MERGE | TEMPTABLE}]\n    VIEW view_name [(column_list)]\n    AS select_statement\n    [WITH [CASCADED | LOCAL] CHECK OPTION]', '');
INSERT INTO `help_topic` VALUES (123, '~', 27, '   ~\nInvert all bits.\n', 'mysql> SELECT 5 & ~1;\n        -> 4', '');
INSERT INTO `help_topic` VALUES (124, 'CONCAT_WS', 23, '   CONCAT_WS(separator,str1,str2,...)\n\nCONCAT_WS() stands for CONCAT With Separator and is a special form of\nCONCAT().  The first argument is the separator for the rest of the\narguments.\nThe separator is added between the strings to be concatenated.\nThe separator can be a string as can the rest of the\narguments. If the separator is NULL, the result is NULL.\nThe function skips any NULL values after the\nseparator argument.\n', 'mysql> SELECT CONCAT_WS('','',''First name'',''Second name'',''Last Name'');\n        -> ''First name,Second name,Last Name''\nmysql> SELECT CONCAT_WS('','',''First name'',NULL,''Last Name'');\n        -> ''First name,Last Name''', '');
INSERT INTO `help_topic` VALUES (125, 'ROW_COUNT', 25, '   ROW_COUNT()\n\nROW_COUNT() returns the number of rows updated, inserted, or deleted\nby the preceding statement.  This is the same as the row count that the\nmysql client displays and the value from the\nmysql_affected_rows() C API function.\n', 'mysql> INSERT INTO t VALUES(1),(2),(3);\nQuery OK, 3 rows affected (0.00 sec)\nRecords: 3  Duplicates: 0  Warnings: 0\n\nmysql> SELECT ROW_COUNT();\n+-------------+\n| ROW_COUNT() |\n+-------------+\n|           3 |\n+-------------+\n1 row in set (0.00 sec)\n\nmysql> DELETE FROM t WHERE i IN(1,2);\nQuery OK, 2 rows affected (0.00 sec)\n\nmysql> SELECT ROW_COUNT();\n+-------------+\n| ROW_COUNT() |\n+-------------+\n|           2 |\n+-------------+\n1 row in set (0.00 sec)', '');
INSERT INTO `help_topic` VALUES (126, 'ASIN', 4, '   ASIN(X)\nReturns the arc sine of X, that is, the value whose sine is\nX. Returns NULL if X is not in the range -1 to\n1.\n', 'mysql> SELECT ASIN(0.2);\n        -> 0.201358\nmysql> SELECT ASIN(''foo'');\n        -> 0.000000', '');
INSERT INTO `help_topic` VALUES (127, 'FUNCTION', 22, 'A user-defined function (UDF) is a way to extend MySQL with a new\nfunction that works like a native (built-in) MySQL function such as\nABS() or CONCAT().\n\nfunction_name is the name that should be used in SQL statements to\ninvoke the function.  The RETURNS clause indicates the type of the\nfunction''s return value.  shared_library_name is the basename of the\nshared object file that contains the code that implements the function. The\nfile must be located in a directory that is searched by your system''s\ndynamic linker.\n\nTo create a function, you must have the INSERT and privilege for the\nmysql database.  To drop a function, you must have the DELETE\nprivilege for the mysql database.  This is because CREATE\nFUNCTION adds a row to the mysql.func system table that records the\nfunction''s name, type, and shared library name, and DROP FUNCTION\ndeletes the function''s row from that table.  If you do not have this table,\nyou should run the mysql_fix_privilege_tables script to create it.\nSee also : [Upgrading-grant-tables].\n', 'CREATE [AGGREGATE] FUNCTION function_name RETURNS {STRING|INTEGER|REAL}\n       SONAME shared_library_name\n\nDROP FUNCTION function_name', '');
INSERT INTO `help_topic` VALUES (128, 'SIGN', 4, '   SIGN(X)\nReturns the sign of the argument as -1, 0, or 1, depending\non whether X is negative, zero, or positive.\n', 'mysql> SELECT SIGN(-32);\n        -> -1\nmysql> SELECT SIGN(0);\n        -> 0\nmysql> SELECT SIGN(234);\n        -> 1', '');
INSERT INTO `help_topic` VALUES (129, 'SEC_TO_TIME', 14, '   SEC_TO_TIME(seconds)\nReturns the seconds argument, converted to hours, minutes, and seconds,\nas a value in ''HH:MM:SS'' or HHMMSS format, depending on whether\nthe function is used in a string or numeric context.\n', 'mysql> SELECT SEC_TO_TIME(2378);\n        -> ''00:39:38''\nmysql> SELECT SEC_TO_TIME(2378) + 0;\n        -> 3938', '');
INSERT INTO `help_topic` VALUES (130, 'YEAR TYPE', 1, '   YEAR[(2|4)]\n\nA year in two-digit or four-digit format. The default is four-digit format.\nIn four-digit format, the\nallowable values are 1901 to 2155, and 0000.\nIn two-digit format, the allowable values are\n70 to 69, representing years from\n1970 to 2069.  MySQL displays YEAR values in\nYYYY format, but allows you to assign values to YEAR columns\nusing either strings or numbers. The YEAR type is unavailable prior\nto MySQL 3.22.\n', '', '');
INSERT INTO `help_topic` VALUES (131, 'FLOAT', 1, '   FLOAT(p) [UNSIGNED] [ZEROFILL]\n\nA floating-point number.  p represents the precision. It can be from\n0 to 24 for a single-precision floating-point number and from 25 to 53 for a\ndouble-precision floating-point number. These types are like the FLOAT\nand DOUBLE types described immediately following.  FLOAT(p)\nhas the same range as the corresponding FLOAT and DOUBLE\ntypes, but the display width and number of decimals are undefined.\n\nAs of MySQL 3.23, this is a true floating-point value.  In\nearlier MySQL versions, FLOAT(p) always has two decimals.\n\nThis syntax is provided for ODBC compatibility.\n\nUsing FLOAT might give you some unexpected problems because\nall calculations in MySQL are done with double precision.\nSee also : [No matching rows].\n\n   FLOAT[(M,D)] [UNSIGNED] [ZEROFILL]\n\nA small (single-precision) floating-point number.  Allowable values are\n-3.402823466E+38 to -1.175494351E-38, 0,\nand 1.175494351E-38 to 3.402823466E+38.  If UNSIGNED is\nspecified, negative values are disallowed.  M is the display width and\nD is the number of significant digits. FLOAT without arguments or\nFLOAT(p) (where p is in the range from 0 to 24) stands for a\nsingle-precision floating-point number.\n', '', '');
INSERT INTO `help_topic` VALUES (132, 'LOCATE', 23, '   LOCATE(substr,str)\n   LOCATE(substr,str,pos)\n\nThe first syntax\nreturns the position of the first occurrence of substring substr\nin string str.\nThe second syntax\nreturns the position of the first occurrence of substring substr in\nstring str, starting at position pos.\nReturns 0 if substr is not in str.\n', '', '');
INSERT INTO `help_topic` VALUES (133, 'CHARSET', 25, '   CHARSET(str)\nReturns the character set of the string argument.\n', 'mysql> SELECT CHARSET(''abc'');\n        -> ''latin1''\nmysql> SELECT CHARSET(CONVERT(''abc'' USING utf8));\n        -> ''utf8''\nmysql> SELECT CHARSET(USER());\n        -> ''utf8''', '');
INSERT INTO `help_topic` VALUES (134, 'PURGE MASTER LOGS BEFORE TO', 6, 'PURGE {MASTER | BINARY} LOGS TO ''log_name''\nPURGE {MASTER | BINARY} LOGS BEFORE ''date''\n\nDeletes all the binary logs listed in the log\nindex that are strictly prior to the specified log or date.\nThe logs also are removed from the list recorded in the log index file,\nso that the given log becomes the first.\n', '', '');
INSERT INTO `help_topic` VALUES (135, 'SUBDATE', 14, '   SUBDATE(date,INTERVAL expr type)\n   SUBDATE(expr,days)\n\nWhen invoked with the INTERVAL form of the second argument,\nSUBDATE() is a synonym for DATE_SUB().\nFor information on the INTERVAL argument, see the\ndiscussion for DATE_ADD().\n\nmysql> SELECT DATE_SUB(''1998-01-02'', INTERVAL 31 DAY);\n        -> ''1997-12-02''\nmysql> SELECT SUBDATE(''1998-01-02'', INTERVAL 31 DAY);\n        -> ''1997-12-02''\n\nAs of MySQL 4.1.1, the second syntax is allowed, where expr is a date\nor datetime expression and days is the number of days to be\nsubtracted from expr.\n\nmysql> SELECT SUBDATE(''1998-01-02 12:00:00'', 31);\n        -> ''1997-12-02 12:00:00''\n', '', '');
INSERT INTO `help_topic` VALUES (136, 'DAYOFYEAR', 14, '   DAYOFYEAR(date)\nReturns the day of the year for date, in the range 1 to\n366.\n', 'mysql> SELECT DAYOFYEAR(''1998-02-03'');\n        -> 34', '');
INSERT INTO `help_topic` VALUES (137, '%', 4, '   MOD(N,M)\n   N % M\n   N MOD M\nModulo operation.\nReturns the remainder of N divided by M.\n', 'mysql> SELECT MOD(234, 10);\n        -> 4\nmysql> SELECT 253 % 7;\n        -> 1\nmysql> SELECT MOD(29,9);\n        -> 2\nmysql> SELECT 29 MOD 9;\n        -> 2', '');
INSERT INTO `help_topic` VALUES (138, 'LONGTEXT', 1, '   LONGTEXT\n\nA TEXT column with a maximum length of 4,294,967,295 or\n4GB (2^32 - 1) characters.  Up to MySQL\n3.23, the client/server protocol and MyISAM tables had a limit\nof 16MB per communication packet / table row. From MySQL 4.0, the maximum\nallowed length of LONGTEXT columns depends on the\nconfigured maximum packet size in the client/server protocol and available\nmemory.\n', '', '');
INSERT INTO `help_topic` VALUES (139, 'DISJOINT', 11, '   Disjoint(g1,g2)\nReturns 1 or 0 to indicate whether or not g1 is spatially disjoint\nfrom (does not intersect) g2.\n', '', '');
INSERT INTO `help_topic` VALUES (140, 'KILL', 6, 'Each connection to mysqld runs in a separate thread.  You can see\nwhich threads are running with the SHOW PROCESSLIST statement and kill\na thread with the KILL thread_id statement.\n\nAs of MySQL 5.0.0, KILL allows the optional CONNECTION or\nQUERY modifiers:\n\n\n --- KILL CONNECTION is the same as KILL with no modifier:\nIt terminates the connection associated with the given thread_id.\n\n --- KILL QUERY terminates the statement that the connection currently\nis executing, but leaves the connection intact.\n\n\nIf you have the PROCESS privilege, you can see all threads.\nIf you have the SUPER privilege, you can kill all threads and\nstatements.  Otherwise, you can see and kill only your own threads and\nstatements.\n\nYou can also use the mysqladmin processlist and mysqladmin kill\ncommands to examine and kill threads.\n\nNote: You currently cannot use KILL with the Embedded MySQL\nServer library, because the embedded server merely runs inside the threads\nof the host application, it does not create connection threads of its own.\n', 'KILL [CONNECTION | QUERY] thread_id', '');
INSERT INTO `help_topic` VALUES (141, 'ASTEXT', 3, '   AsText(g)\nConverts a value in internal geometry format to its WKT representation\nand returns the string result.\n', 'mysql> SELECT AsText(g) FROM geom;\n+-------------------------+\n| AsText(p1)              |\n+-------------------------+\n| POINT(1 1)              |\n| LINESTRING(0 0,1 1,2 2) |\n+-------------------------+', '');
INSERT INTO `help_topic` VALUES (142, 'LPAD', 23, '   LPAD(str,len,padstr)\nReturns the string str, left-padded with the string padstr\nto a length of len characters. If str is longer\nthan len, the return value is shortened to len characters.\n', 'mysql> SELECT LPAD(''hi'',4,''??'');\n        -> ''??hi''\nmysql> SELECT LPAD(''hi'',1,''??'');\n        -> ''h''', '');
INSERT INTO `help_topic` VALUES (143, 'OVERLAPS', 11, '   Overlaps(g1,g2)\nReturns 1 or 0 to indicate whether or not g1 spatially overlaps\ng2.\nThe term /spatially overlaps/ is used if two\ngeometries intersect and their intersection results in a geometry of the\nsame dimension but not equal to either of the given geometries.\n', '', '');
INSERT INTO `help_topic` VALUES (144, 'NUMGEOMETRIES', 5, '   NumGeometries(gc)\nReturns the number of geometries in the GeometryCollection value\ngc.\n', 'mysql> SET @gc = ''GeometryCollection(Point(1 1),LineString(2 2, 3 3))'';\nmysql> SELECT NumGeometries(GeomFromText(@gc));\n+----------------------------------+\n| NumGeometries(GeomFromText(@gc)) |\n+----------------------------------+\n|                                2 |\n+----------------------------------+', '');
INSERT INTO `help_topic` VALUES (145, 'SET GLOBAL SQL_SLAVE_SKIP_COUNTER', 7, 'SET GLOBAL SQL_SLAVE_SKIP_COUNTER = n\n\nSkip the next n events from the master. This is\nuseful for recovering from replication stops caused by a statement.\n\nThis statement is valid only when the slave thread is not running.\nOtherwise, it produces an error.\n\nBefore MySQL 4.0, omit the GLOBAL keyword from the statement.\n', '', '');
INSERT INTO `help_topic` VALUES (146, 'MONTHNAME', 14, '   MONTHNAME(date)\nReturns the full name of the month for date.\n', 'mysql> SELECT MONTHNAME(''1998-02-05'');\n        -> ''February''', '');
INSERT INTO `help_topic` VALUES (147, 'MBREQUAL', 8, '   MBREqual(g1,g2)\nReturns 1 or 0 to indicate whether or not the Minimum Bounding Rectangles of\nthe two geometries g1 and g2 are the same.\n', '', '');
INSERT INTO `help_topic` VALUES (148, 'CHANGE MASTER TO', 6, '\nCHANGE MASTER TO master_def [, master_def] ...\n\nmaster_def:\n      MASTER_HOST = ''host_name''\n    | MASTER_USER = ''user_name''\n    | MASTER_PASSWORD = ''password''\n    | MASTER_PORT = port_num\n    | MASTER_CONNECT_RETRY = count\n    | MASTER_LOG_FILE = ''master_log_name''\n    | MASTER_LOG_POS = master_log_pos\n    | RELAY_LOG_FILE = ''relay_log_name''\n    | RELAY_LOG_POS = relay_log_pos\n    | MASTER_SSL = {0|1}\n    | MASTER_SSL_CA = ''ca_file_name''\n    | MASTER_SSL_CAPATH = ''ca_directory_name''\n    | MASTER_SSL_CERT = ''cert_file_name''\n    | MASTER_SSL_KEY = ''key_file_name''\n    | MASTER_SSL_CIPHER = ''cipher_list''\n\nChanges the parameters that the slave server uses for connecting to and\ncommunicating with the master server.\n\nMASTER_USER, MASTER_PASSWORD, MASTER_SSL,\nMASTER_SSL_CA, MASTER_SSL_CAPATH, MASTER_SSL_CERT,\nMASTER_SSL_KEY, and MASTER_SSL_CIPHER provide information for\nthe slave about how to connect to its master.\n\nThe relay log options (RELAY_LOG_FILE and RELAY_LOG_POS) are\navailable beginning with MySQL 4.0.\n\nThe SSL options\n(MASTER_SSL,\nMASTER_SSL_CA,\nMASTER_SSL_CAPATH,\nMASTER_SSL_CERT,\nMASTER_SSL_KEY,\nand\nMASTER_SSL_CIPHER)\nare available beginning with MySQL 4.1.1.\nYou can change these options even on slaves that are compiled without SSL\nsupport. They are saved to the *master.info file, but are ignored\nuntil you use a server that has SSL support enabled.\n\nIf you don''t specify a given parameter, it keeps its old\nvalue, except as indicated in the following discussion. For example, if the password to connect to your MySQL master has\nchanged, you just need to issue these statements\nto tell the slave about the new password:\n\nmysql> STOP SLAVE; -- if replication was running\nmysql> CHANGE MASTER TO MASTER_PASSWORD=''new3cret'';\nmysql> START SLAVE; -- if you want to restart replication\n\nThere is no need to specify the parameters that do\nnot change (host, port, user, and so forth).\n\nMASTER_HOST and MASTER_PORT are the hostname (or IP address) of\nthe master host and its TCP/IP port. Note that if MASTER_HOST is\nequal to localhost, then, like in other parts of MySQL, the port\nmay be ignored (if Unix socket files can be used, for example).\n\nIf you specify MASTER_HOST or MASTER_PORT,\nthe slave assumes that the master server is different than\nbefore (even if you specify a host or port value that is\nthe same as the current value.) In this case, the old values for the master\nbinary log name and position are considered no longer applicable, so if you\ndo not specify MASTER_LOG_FILE and MASTER_LOG_POS in the\nstatement, MASTER_LOG_FILE='''' and MASTER_LOG_POS=4 are\nsilently appended to it.\n\nMASTER_LOG_FILE and MASTER_LOG_POS are the coordinates\nat which the slave I/O thread should begin reading from the master the\nnext time the thread starts.\nIf you specify either of them, you can''t specify RELAY_LOG_FILE or\nRELAY_LOG_POS.\nIf neither of MASTER_LOG_FILE or MASTER_LOG_POS are\nspecified, the slave uses the last coordinates of the /slave SQL thread/\nbefore CHANGE MASTER was issued. This ensures that\nreplication has no discontinuity, even if the slave SQL thread was late\ncompared to the slave I/O thread, when you just want to change, say, the\npassword to use. This safe behavior was introduced starting from MySQL\n4.0.17 and 4.1.1. (Before these versions, the coordinates used were\nthe last coordinates of the slave I/O thread before CHANGE MASTER\nwas issued. This caused the SQL thread to possibly lose some events\nfrom the master, thus breaking replication.)\n\nCHANGE MASTER /deletes all relay log files/ and starts\na new one, unless you specify RELAY_LOG_FILE or\nRELAY_LOG_POS. In that case, relay logs are kept;\nas of MySQL 4.1.1 the relay_log_purge global variable\nis set silently to 0.\n\nCHANGE MASTER TO updates the contents of the *master.info and\n*relay-log.info files.\n\nCHANGE MASTER is useful for setting up a slave when you have\nthe snapshot of the master and have recorded the log and the offset\ncorresponding to it.  After loading the snapshot into the slave, you\ncan run CHANGE MASTER TO MASTER_LOG_FILE=''log_name_on_master'',\nMASTER_LOG_POS=log_offset_on_master on the slave.\n\nExamples:\n\nmysql> CHANGE MASTER TO\n    ->     MASTER_HOST=''master2.mycompany.com'',\n    ->     MASTER_USER=''replication'',\n    ->     MASTER_PASSWORD=''bigs3cret'',\n    ->     MASTER_PORT=3306,\n    ->     MASTER_LOG_FILE=''master2-bin.001'',\n    ->     MASTER_LOG_POS=4,\n    ->     MASTER_CONNECT_RETRY=10;\n\nmysql> CHANGE MASTER TO\n    ->     RELAY_LOG_FILE=''slave-relay-bin.006'',\n    ->     RELAY_LOG_POS=4025;\n', '', '');
INSERT INTO `help_topic` VALUES (149, 'DROP DATABASE', 28, 'DROP DATABASE drops all tables in the database and deletes the\ndatabase.  Be /very/ careful with this statement!\nTo use DROP DATABASE, you need the DROP privilege on the\ndatabase.\n\nIn MySQL 3.22 or later, you can use the keywords IF EXISTS\nto prevent an error from occurring if the database doesn''t exist.\n\nDROP SCHEMA can be used as of MySQL 5.0.2.\n', 'DROP {DATABASE | SCHEMA} [IF EXISTS] db_name', '');
INSERT INTO `help_topic` VALUES (150, 'TIMESTAMP FUNCTION', 14, '   TIMESTAMP(expr)\n   TIMESTAMP(expr,expr2)\n\nWith one argument, returns the date or datetime expression expr\nas a datetime value.\nWith two arguments, adds the time expression expr2 to the\ndate or datetime expression expr and returns a datetime value.\n', 'mysql> SELECT TIMESTAMP(''2003-12-31'');\n        -> ''2003-12-31 00:00:00''\nmysql> SELECT TIMESTAMP(''2003-12-31 12:00:00'',''12:00:00'');\n        -> ''2004-01-01 00:00:00''', '');
INSERT INTO `help_topic` VALUES (151, 'CHARACTER_LENGTH', 23, '   CHARACTER_LENGTH(str)\n\nCHARACTER_LENGTH() is a synonym for CHAR_LENGTH().\n', '', '');
INSERT INTO `help_topic` VALUES (152, 'CREATE VIEW  ALGORITHM MERGE TEMPTABLE WITH CHECK OPTION', 24, '', 'CREATE [OR REPLACE] [ALGORITHM = {UNDEFINED | MERGE | TEMPTABLE}]\n    VIEW view_name [(column_list)]\n    AS select_statement\n    [WITH [CASCADED | LOCAL] CHECK OPTION]', '');
INSERT INTO `help_topic` VALUES (153, 'TIMESTAMPDIFF FUNCTION', 14, '', 'mysql> SELECT TIMESTAMPDIFF(MONTH,''2003-02-01'',''2003-05-01'');\n        -> 3\nmysql> SELECT TIMESTAMPDIFF(YEAR,''2002-05-01'',''2001-01-01'');\n        -> -1', '');
INSERT INTO `help_topic` VALUES (154, 'CRC32', 4, '   CRC32(expr)\nComputes a cyclic redundancy check value and returns a 32-bit unsigned value.\nThe result is NULL if the argument is NULL.\nThe argument is expected be a string and is treated as one if it is not.\n', 'mysql> SELECT CRC32(''MySQL'');\n        -> 3259397556', '');
INSERT INTO `help_topic` VALUES (155, 'XOR', 20, '   XOR\nLogical XOR.\nReturns NULL if either operand is NULL.\nFor non-NULL operands, evaluates to 1 if an odd number\nof operands is non-zero,\notherwise 0 is returned.\n', 'mysql> SELECT 1 XOR 1;\n        -> 0\nmysql> SELECT 1 XOR 0;\n        -> 1\nmysql> SELECT 1 XOR NULL;\n        -> NULL\nmysql> SELECT 1 XOR 1 XOR 1;\n        -> 1', '');
INSERT INTO `help_topic` VALUES (156, 'STARTPOINT', 18, '   StartPoint(ls)\nReturns the Point that is the start point of the LineString value\nls.\n', 'mysql> SET @ls = ''LineString(1 1,2 2,3 3)'';\nmysql> SELECT AsText(StartPoint(GeomFromText(@ls)));\n+---------------------------------------+\n| AsText(StartPoint(GeomFromText(@ls))) |\n+---------------------------------------+\n| POINT(1 1)                            |\n+---------------------------------------+', '');
INSERT INTO `help_topic` VALUES (157, 'MPOLYFROMTEXT', 3, '   MPolyFromText(wkt[,srid])\n   MultiPolygonFromText(wkt[,srid])\nConstructs a MULTIPOLYGON value using its WKT representation and SRID.\n', '', '');
INSERT INTO `help_topic` VALUES (158, 'MBRINTERSECTS', 8, '   MBRIntersects(g1,g2)\nReturns 1 or 0 to indicate whether or not the Minimum Bounding Rectangles of\nthe two geometries g1 and g2 intersect.\n', '', '');
INSERT INTO `help_topic` VALUES (159, 'BIT_OR', 12, '   BIT_OR(expr)\nReturns the bitwise OR of all bits in expr. The calculation is\nperformed with 64-bit (BIGINT) precision.\n', '', '');
INSERT INTO `help_topic` VALUES (160, 'YEARWEEK', 14, '   YEARWEEK(date)\n   YEARWEEK(date,start)\nReturns year and week for a date.  The start argument works exactly\nlike the start argument to WEEK().  The year in the\nresult may be\ndifferent from the year in the date argument for the first and the last\nweek of the year.\n', 'mysql> SELECT YEARWEEK(''1987-01-01'');\n        -> 198653', '');
INSERT INTO `help_topic` VALUES (161, 'NOT BETWEEN', 26, '   expr NOT BETWEEN min AND max\nThis is the same as NOT (expr BETWEEN min AND max).\n', '', '');
INSERT INTO `help_topic` VALUES (162, 'LOG10', 4, '   LOG10(X)\nReturns the base-10 logarithm of X.\n', 'mysql> SELECT LOG10(2);\n        -> 0.301030\nmysql> SELECT LOG10(100);\n        -> 2.000000\nmysql> SELECT LOG10(-100);\n        -> NULL', '');
INSERT INTO `help_topic` VALUES (163, 'SQRT', 4, '   SQRT(X)\nReturns the non-negative square root of X.\n', 'mysql> SELECT SQRT(4);\n        -> 2.000000\nmysql> SELECT SQRT(20);\n        -> 4.472136', '');
INSERT INTO `help_topic` VALUES (164, 'DECIMAL', 1, '   DECIMAL[(M[,D])] [UNSIGNED] [ZEROFILL]\n\n\nFor MySQL 5.0.3 and above:\n\nA packed ``exact'''' fixed-point number. M is the total number of\ndigits and D is the number of decimals.  The decimal point and\n(for negative numbers) the ''-'' sign are not counted in M.\nIf D is 0, values have no\ndecimal point or fractional part.  The maximum number of digits\n(M) for DECIMAL is 64. The maximum number of supported\ndecimals (D) is 30.  If UNSIGNED is specified, negative\nvalues are disallowed.\n\nIf D is omitted, the default is 0.  If M is omitted, the\ndefault is 10.\n\nAll basic calculations (+, -, *, /) with DECIMAL columns are\ndone with a precision of 64 decimal digits.\n\nBefore MySQL 5.0.3:\n\nAn unpacked fixed-point number.  Behaves like a CHAR column;\n``unpacked'''' means the number is stored as a string, using one character for\neach digit of the value.  M is the total number of digits and\nD is the number of decimals.  The decimal point and (for negative\nnumbers) the ''-'' sign are not counted in M, although space for\nthem is reserved. If D is 0, values have no decimal point or\nfractional part.  The maximum range of DECIMAL values is the same as\nfor DOUBLE, but the actual range for a given DECIMAL column\nmay be constrained by the choice of M and D.  If\nUNSIGNED is specified, negative values are disallowed.\n\nIf D is omitted, the default is 0.  If M is omitted, the\ndefault is 10.\n\nBefore MySQL 3.23:\n\nAs just described, with the exception that the M value must be large\nenough to include the space needed for the sign and the decimal point\ncharacters.\n\n   DEC[(M[,D])] [UNSIGNED] [ZEROFILL]\n   NUMERIC[(M[,D])] [UNSIGNED] [ZEROFILL]\n   FIXED[(M[,D])] [UNSIGNED] [ZEROFILL]\n\nThese are synonyms for DECIMAL.  The FIXED synonym was added\nin MySQL 4.1.0 for compatibility with other servers.\n', '', '');
INSERT INTO `help_topic` VALUES (165, 'GEOMETRYN', 5, '   GeometryN(gc,n)\nReturns the n-th geometry in the GeometryCollection value\ngc.  Geometry numbers begin at 1.\n', 'mysql> SET @gc = ''GeometryCollection(Point(1 1),LineString(2 2, 3 3))'';\nmysql> SELECT AsText(GeometryN(GeomFromText(@gc),1));\n+----------------------------------------+\n| AsText(GeometryN(GeomFromText(@gc),1)) |\n+----------------------------------------+\n| POINT(1 1)                             |\n+----------------------------------------+', '');
INSERT INTO `help_topic` VALUES (166, 'CREATE INDEX', 28, 'In MySQL 3.22 or later, CREATE INDEX is mapped to an\nALTER TABLE statement to create indexes.\nSee also : [ALTER TABLE, , ALTER TABLE].\nThe CREATE INDEX statement doesn''t do anything prior\nto MySQL 3.22.\n', 'CREATE [UNIQUE|FULLTEXT|SPATIAL] INDEX index_name\n    [USING index_type]\n    ON tbl_name (index_col_name,...)\n\nindex_col_name:\n    col_name [(length)] [ASC | DESC]', '');
INSERT INTO `help_topic` VALUES (167, 'ALTER DATABASE', 28, '\nALTER DATABASE allows you to change the overall characteristics of a\ndatabase.  These characteristics are stored in the *db.opt file in the\ndatabase directory.\nTo use ALTER DATABASE, you need the ALTER privilege on the\ndatabase.\n', 'ALTER {DATABASE | SCHEMA} [db_name]\n    alter_specification [, alter_specification] ...\n\nalter_specification:\n    [DEFAULT] CHARACTER SET charset_name\n  | [DEFAULT] COLLATE collation_name', '');
INSERT INTO `help_topic` VALUES (168, '<<', 27, 'Shifts a longlong (BIGINT) number to the left.\n   <<\n', 'mysql> SELECT 1 << 2;\n        -> 4', '');
INSERT INTO `help_topic` VALUES (169, 'MD5', 17, '   MD5(str)\nCalculates an MD5 128-bit checksum for the string. The value is returned\nas a binary string of 32 hex digits,\nor NULL if the argument was NULL.\nThe return value can, for example, be used as a hash key.\n', 'mysql> SELECT MD5(''testing'');\n        -> ''ae2b1fca515949e5d54fb22b8ed95575''', '');
INSERT INTO `help_topic` VALUES (170, '<', 26, '   <\nLess than:\n', 'mysql> SELECT 2 < 2;\n        -> 0', '');
INSERT INTO `help_topic` VALUES (171, 'UNIX_TIMESTAMP', 14, '   UNIX_TIMESTAMP()\n   UNIX_TIMESTAMP(date)\nIf called with no argument, returns a Unix timestamp (seconds since\n''1970-01-01 00:00:00'' GMT) as an unsigned integer. If\nUNIX_TIMESTAMP() is called with a date argument, it\nreturns the value of the argument as seconds since ''1970-01-01\n00:00:00'' GMT.  date may be a DATE string, a\nDATETIME string, a TIMESTAMP, or a number in the format\nYYMMDD or YYYYMMDD in local time.\n', 'mysql> SELECT UNIX_TIMESTAMP();\n        -> 882226357\nmysql> SELECT UNIX_TIMESTAMP(''1997-10-04 22:23:00'');\n        -> 875996580', '');
INSERT INTO `help_topic` VALUES (172, 'DAYOFMONTH', 14, '   DAYOFMONTH(date)\nReturns the day of the month for date, in the range 1 to\n31.\n', 'mysql> SELECT DAYOFMONTH(''1998-02-03'');\n        -> 3', '');
INSERT INTO `help_topic` VALUES (173, 'ASCII', 23, '   ASCII(str)\nReturns the numeric value of the leftmost character of the string\nstr. Returns 0 if str is the empty string.  Returns\nNULL if str is NULL.\nASCII() works for characters with numeric values from 0 to\n255.\n', 'mysql> SELECT ASCII(''2'');\n        -> 50\nmysql> SELECT ASCII(2);\n        -> 50\nmysql> SELECT ASCII(''dx'');\n        -> 100', '');
INSERT INTO `help_topic` VALUES (174, 'DIV', 4, 'Integer division.\nSimilar to FLOOR() but safe with BIGINT values.\n', 'mysql> SELECT 5 DIV 2;\n        -> 2', '');
INSERT INTO `help_topic` VALUES (175, 'RENAME USER', 7, 'The RENAME USER statement renames existing MySQL accounts.\nTo use it, you must have the global CREATE USER privilege or\nthe UPDATE privilege for the mysql database.\nAn error occurs if any old account does not exist or any new\naccount exists.  The old_user and new_user values are given the\nsame way as for the GRANT statement.\n', 'RENAME USER old_user TO new_user\n    [, old_user TO new_user] ...', '');
INSERT INTO `help_topic` VALUES (176, 'SHOW SLAVE STATUS', 7, 'SHOW SLAVE STATUS\n\nProvides status information on\nessential parameters of the slave threads. If you issue this statement using\nthe\nmysql client, you can use a \\G statement terminator rather than\nsemicolon to get a more readable vertical layout:\n\nmysql> SHOW SLAVE STATUS\\G\n*************************** 1. row ***************************\n       Slave_IO_State: Waiting for master to send event\n          Master_Host: localhost\n          Master_User: root\n          Master_Port: 3306\n        Connect_Retry: 3\n      Master_Log_File: gbichot-bin.005\n  Read_Master_Log_Pos: 79\n       Relay_Log_File: gbichot-relay-bin.005\n        Relay_Log_Pos: 548\nRelay_Master_Log_File: gbichot-bin.005\n     Slave_IO_Running: Yes\n    Slave_SQL_Running: Yes\n      Replicate_Do_DB:\n  Replicate_Ignore_DB:\n           Last_Errno: 0\n           Last_Error:\n         Skip_Counter: 0\n  Exec_Master_Log_Pos: 79\n      Relay_Log_Space: 552\n      Until_Condition: None\n       Until_Log_File:\n        Until_Log_Pos: 0\n   Master_SSL_Allowed: No\n   Master_SSL_CA_File:\n   Master_SSL_CA_Path:\n      Master_SSL_Cert:\n    Master_SSL_Cipher:\n       Master_SSL_Key:\nSeconds_Behind_Master: 8\n', '', '');
INSERT INTO `help_topic` VALUES (177, 'GEOMETRY', 24, 'MySQL provides a standard way of creating spatial columns for\ngeometry types, for example, with CREATE TABLE or ALTER TABLE.\nCurrently, spatial columns are supported only for MyISAM tables.\n', 'mysql> CREATE TABLE geom (g GEOMETRY);\nQuery OK, 0 rows affected (0.02 sec)', '');
INSERT INTO `help_topic` VALUES (178, 'NUMPOINTS', 18, '   NumPoints(ls)\nReturns the number of points in the LineString value ls.\n', 'mysql> SET @ls = ''LineString(1 1,2 2,3 3)'';\nmysql> SELECT NumPoints(GeomFromText(@ls));\n+------------------------------+\n| NumPoints(GeomFromText(@ls)) |\n+------------------------------+\n|                            3 |\n+------------------------------+', '');
INSERT INTO `help_topic` VALUES (179, '&', 27, '   &\nBitwise AND:\n', 'mysql> SELECT 29 & 15;\n        -> 13', '');
INSERT INTO `help_topic` VALUES (180, 'LOCALTIMESTAMP', 14, '   LOCALTIMESTAMP\n   LOCALTIMESTAMP()\n\nLOCALTIMESTAMP and LOCALTIMESTAMP() are synonyms for\nNOW().\n', '', '');
INSERT INTO `help_topic` VALUES (181, 'ADDDATE', 14, '   ADDDATE(date,INTERVAL expr type)\n   ADDDATE(expr,days)\n\nWhen invoked with the INTERVAL form of the second argument,\nADDDATE() is a synonym for DATE_ADD().  The related\nfunction SUBDATE() is a synonym for DATE_SUB().\nFor information on the INTERVAL argument, see the\ndiscussion for DATE_ADD().\n\nmysql> SELECT DATE_ADD(''1998-01-02'', INTERVAL 31 DAY);\n        -> ''1998-02-02''\nmysql> SELECT ADDDATE(''1998-01-02'', INTERVAL 31 DAY);\n        -> ''1998-02-02''\n\nAs of MySQL 4.1.1, the second syntax is allowed, where expr is a date\nor datetime expression and days is the number of days to be added to\nexpr.\n\nmysql> SELECT ADDDATE(''1998-01-02'', 31);\n        -> ''1998-02-02''\n', '', '');
INSERT INTO `help_topic` VALUES (182, 'SMALLINT', 1, '   SMALLINT[(M)] [UNSIGNED] [ZEROFILL]\n\nA small integer. The signed range is -32768 to 32767. The\nunsigned range is 0 to 65535.\n', '', '');
INSERT INTO `help_topic` VALUES (183, 'ORD', 23, '   ORD(str)\nIf the leftmost character of the string str is a multi-byte character,\nreturns the code for that character, calculated from the numeric values\nof its constituent bytes using this formula:\n\n  (1st byte code)\n+ (2nd byte code * 256)\n+ (3rd byte code * 256^2) ...\n\nIf the leftmost character is not a multi-byte character, ORD()\nreturns the same value as the ASCII() function.\n', 'mysql> SELECT ORD(''2'');\n        -> 50', '');
INSERT INTO `help_topic` VALUES (184, 'ENVELOPE', 19, '   Envelope(g)\nReturns the Minimum Bounding Rectangle (MBR) for the geometry value g.\nThe result is returned as a Polygon value.\n\nmysql> SELECT AsText(Envelope(GeomFromText(''LineString(1 1,2 2)'')));\n+-------------------------------------------------------+\n| AsText(Envelope(GeomFromText(''LineString(1 1,2 2)''))) |\n+-------------------------------------------------------+\n| POLYGON((1 1,2 1,2 2,1 2,1 1))                        |\n+-------------------------------------------------------+\n\nThe polygon is defined by the corner points of the bounding box:\n\nPOLYGON((MINX MINY, MAXX MINY, MAXX MAXY, MINX MAXY, MINX MINY))\n', '', '');
INSERT INTO `help_topic` VALUES (185, 'IS_FREE_LOCK', 21, '   IS_FREE_LOCK(str)\nChecks whether the lock named str is free to use (that is, not locked).\nReturns 1 if the lock is free (no one is using the lock),\n0 if the lock is in use, and\nNULL on errors (such as incorrect arguments).\n', '', '');
INSERT INTO `help_topic` VALUES (186, 'SHOW BINLOG', 6, 'SHOW BINLOG EVENTS\n   [IN ''log_name''] [FROM pos] [LIMIT [offset,] row_count]\n\nShows the events in the binary log.\nIf you do not specify ''log_name'', the first binary log is displayed.\n', '', '');
INSERT INTO `help_topic` VALUES (187, 'TOUCHES', 11, '   Touches(g1,g2)\nReturns 1 or 0 to indicate whether or not g1 spatially touches\ng2. Two geometries /spatially touch/ if the interiors of\nthe geometries do not intersect, but the boundary of one of the geometries\nintersects either the boundary or the interior of the other.\n', '', '');
INSERT INTO `help_topic` VALUES (188, 'TIMESTAMPADD FUNCTION', 14, '', 'mysql> SELECT TIMESTAMPADD(MINUTE,1,''2003-01-02'');\n        -> ''2003-01-02 00:01:00''\nmysql> SELECT TIMESTAMPADD(WEEK,1,''2003-01-02'');\n        -> ''2003-01-09''', '');
INSERT INTO `help_topic` VALUES (189, 'INET_ATON', 21, '   INET_ATON(expr)\nGiven the dotted-quad representation of a network address as a string,\nreturns an integer that represents the numeric value of the address.\nAddresses may be 4- or 8-byte addresses.\n', 'mysql> SELECT INET_ATON(''209.207.224.40'');\n        -> 3520061480', '');
INSERT INTO `help_topic` VALUES (190, 'AUTO_INCREMENT', 1, 'The AUTO_INCREMENT attribute can be used to generate a unique\nidentity for new rows:\n', 'CREATE TABLE animals (\n             id MEDIUMINT NOT NULL AUTO_INCREMENT,\n             name CHAR(30) NOT NULL,\n             PRIMARY KEY (id)\n             );\nINSERT INTO animals (name) VALUES (''dog''),(''cat''),(''penguin''),\n                                  (''lax''),(''whale''),(''ostrich'');\nSELECT * FROM animals;', '');
INSERT INTO `help_topic` VALUES (191, 'UNCOMPRESS', 23, '   UNCOMPRESS(string_to_uncompress)\nUncompresses a string compressed by the COMPRESS() function.\nIf the argument is not a compressed value, the result is NULL.\nThis function requires MySQL to have been compiled with a compression library\nsuch as zlib. Otherwise, the return value is always NULL.\n', 'mysql> SELECT UNCOMPRESS(COMPRESS(''any string''));\n        -> ''any string''\nmysql> SELECT UNCOMPRESS(''any string'');\n        -> NULL', '');
INSERT INTO `help_topic` VALUES (192, 'ISSIMPLE', 19, '   IsSimple(g)\n\nCurrently, this function is a placeholder and should not be used.\nIf implemented, its behavior will be as described in the next paragraph.\n\nReturns 1 if the geometry value g has no anomalous geometric points,\nsuch as self-intersection or self-tangency. IsSimple() returns 0 if the\nargument is not simple, and -1 if it is NULL.\n\nThe description of each instantiable geometric class given earlier in\nthe chapter includes the specific conditions that cause an instance of\nthat class to be classified as not simple.\n', '', '');
INSERT INTO `help_topic` VALUES (193, '- BINARY', 4, '   -\nSubtraction:\n', 'mysql> SELECT 3-5;\n        -> -2', '');
INSERT INTO `help_topic` VALUES (194, 'GEOMCOLLFROMTEXT', 3, '   GeomCollFromText(wkt[,srid])\n   GeometryCollectionFromText(wkt[,srid])\nConstructs a GEOMETRYCOLLECTION value using its WKT representation and SRID.\n', '', '');
INSERT INTO `help_topic` VALUES (195, 'WKT DEFINITION', 3, 'The Well-Known Text (WKT) representation of Geometry is designed to\nexchange geometry data in ASCII form.\n', '', '');
INSERT INTO `help_topic` VALUES (196, 'CURRENT_TIME', 14, '   CURRENT_TIME\n   CURRENT_TIME()\n\nCURRENT_TIME and CURRENT_TIME() are synonyms for\nCURTIME().\n', '', '');
INSERT INTO `help_topic` VALUES (197, 'LAST_INSERT_ID', 25, '   LAST_INSERT_ID()\n   LAST_INSERT_ID(expr)\nReturns the last automatically generated value that was inserted into\nan AUTO_INCREMENT column.\n', 'mysql> SELECT LAST_INSERT_ID();\n        -> 195', '');
INSERT INTO `help_topic` VALUES (198, 'LAST_DAY', 14, '   LAST_DAY(date)\n\nTakes a date or datetime value and returns the corresponding value for the\nlast day of the month.  Returns NULL if the argument is invalid.\n', 'mysql> SELECT LAST_DAY(''2003-02-05'');\n        -> ''2003-02-28''\nmysql> SELECT LAST_DAY(''2004-02-05'');\n        -> ''2004-02-29''\nmysql> SELECT LAST_DAY(''2004-01-01 01:01:01'');\n        -> ''2004-01-31''\nmysql> SELECT LAST_DAY(''2003-03-32'');\n        -> NULL', '');
INSERT INTO `help_topic` VALUES (199, 'MEDIUMINT', 1, '   MEDIUMINT[(M)] [UNSIGNED] [ZEROFILL]\n\nA medium-size integer. The signed range is -8388608 to\n8388607. The unsigned range is 0 to 16777215.\n', '', '');
INSERT INTO `help_topic` VALUES (200, 'FLOOR', 4, '   FLOOR(X)\nReturns the largest integer value not greater than X.\n', 'mysql> SELECT FLOOR(1.23);\n        -> 1\nmysql> SELECT FLOOR(-1.23);\n        -> -2', '');
INSERT INTO `help_topic` VALUES (201, 'RTRIM', 23, '   RTRIM(str)\nReturns the string str with trailing space characters removed.\n', 'mysql> SELECT RTRIM(''barbar   '');\n        -> ''barbar''', '');
INSERT INTO `help_topic` VALUES (202, 'DEGREES', 4, '   DEGREES(X)\nReturns the argument X, converted from radians to degrees.\n', 'mysql> SELECT DEGREES(PI());\n        -> 180.000000', '');
INSERT INTO `help_topic` VALUES (203, 'EXPLAIN', 6, 'The EXPLAIN statement can be used either as a synonym for\nDESCRIBE or as a way to obtain information about how MySQL executes\na SELECT statement:\n\n --- The EXPLAIN tbl_name syntax is synonymous with DESCRIBE tbl_name\nor\nSHOW COLUMNS FROM tbl_name.\n --- When you precede a SELECT statement with the keyword EXPLAIN,\nMySQL explains how it would process the SELECT, providing\ninformation about how tables are joined and in which order.\n', 'EXPLAIN tbl_name', '');
INSERT INTO `help_topic` VALUES (204, 'VARCHAR', 1, '   [NATIONAL] VARCHAR(M) [BINARY]\n\nA variable-length string.  M represents the maximum column length.\nThe range of M is 1 to 255 before MySQL 4.0.2, 0 to 255 as of MySQL\n4.0.2, and 0 to 65,535 as of MySQL 5.0.3. (The maximum actual length of a\nVARCHAR in MySQL 5.0 is determined by the maximum row size and the\ncharacter set you use. The maximum effective length is 65,532 bytes.)\n\nNote: Before 5.0.3, trailing spaces were removed when\nVARCHAR values were stored, which differs from the standard SQL\nspecification.\n\nFrom MySQL 4.1.0 to 5.0.2, a VARCHAR column with a length\nspecification greater than 255 is converted to the smallest TEXT\ntype that can hold values of the given length.  For example,\nVARCHAR(500) is converted to TEXT, and\nVARCHAR(200000) is converted to MEDIUMTEXT.  This is a\ncompatibility feature.  However, this conversion affects trailing-space\nremoval.\n\nVARCHAR is shorthand for CHARACTER VARYING.\n\nAs of MySQL 4.1.2, the BINARY attribute is shorthand for specifying\nthe binary collation of the column character set.  Sorting and comparison is\nbased on numeric character values.  Before 4.1.2, BINARY attribute\ncauses the column to be treated as a binary string.  Sorting and comparison\nis based on numeric byte values.\n\nStarting from MySQL 5.0.3, VARCHAR is stored with a one-byte or\ntwo-byte length prefix + data.  The length prefix is two bytes if the\nVARCHAR column is declared with a length greater than 255.\n', '', '');
INSERT INTO `help_topic` VALUES (205, 'UNHEX', 23, '   UNHEX(str)\n\nDoes the opposite of HEX(str). That is, it interprets each pair of\nhexadecimal digits in the argument as a number and converts it to the\ncharacter represented by the number. The resulting characters are returned as\na binary string.\n', 'mysql> SELECT UNHEX(''4D7953514C'');\n        -> ''MySQL''\nmysql> SELECT 0x4D7953514C;\n        -> ''MySQL''\nmysql> SELECT UNHEX(HEX(''string''));\n        -> ''string''\nmysql> SELECT HEX(UNHEX(''1267''));\n        -> ''1267''', '');
INSERT INTO `help_topic` VALUES (206, '- UNARY', 4, '   -\nUnary minus. Changes the sign of the argument.\n', 'mysql> SELECT - 2;\n        -> -2', '');
INSERT INTO `help_topic` VALUES (207, 'COS', 4, '   COS(X)\nReturns the cosine of X, where X is given in radians.\n', 'mysql> SELECT COS(PI());\n        -> -1.000000', '');
INSERT INTO `help_topic` VALUES (208, 'DATE FUNCTION', 14, '   DATE(expr)\n\nExtracts the date part of the date or datetime expression expr.\n', 'mysql> SELECT DATE(''2003-12-31 01:02:03'');\n        -> ''2003-12-31''', '');
INSERT INTO `help_topic` VALUES (209, 'RESET MASTER', 6, 'RESET MASTER\n\nDeletes all binary logs listed in the index file,\nresets the binary log index file to be empty, and creates a new binary log\nfile.\n\nThis statement was named FLUSH MASTER before MySQL 3.23.26.\n', '', '');
INSERT INTO `help_topic` VALUES (210, 'TAN', 4, '   TAN(X)\nReturns the tangent of X, where X is given in radians.\n', 'mysql> SELECT TAN(PI()+1);\n        -> 1.557408', '');
INSERT INTO `help_topic` VALUES (211, 'PI', 4, '   PI()\nReturns the value of PI. The default number of decimals displayed is five, but\nMySQL internally uses the full double-precision value for PI.\n', 'mysql> SELECT PI();\n        -> 3.141593\nmysql> SELECT PI()+0.000000000000000000;\n        -> 3.141592653589793116', '');
INSERT INTO `help_topic` VALUES (212, 'WEEKOFYEAR', 14, '   WEEKOFYEAR(date)\n\nReturns the calendar week of the date as a number in the\nrange from 1 to 53. It is a compatibility function\nthat is equivalent to WEEK(date,3).\n', 'mysql> SELECT WEEKOFYEAR(''1998-02-20'');\n        -> 8', '');
INSERT INTO `help_topic` VALUES (213, '/', 4, '   /\nDivision:\n', 'mysql> SELECT 3/5;\n        -> 0.60', '');
INSERT INTO `help_topic` VALUES (214, 'STDDEV_SAMP', 12, '   STDDEV_SAMP(expr)\nReturns the sample standard deviation of expr (the square root of\nVAR_SAMP().  This function was added in MySQL 5.0.3.\n', '', '');
INSERT INTO `help_topic` VALUES (215, 'MLINEFROMWKB', 13, '   MLineFromWKB(wkb[,srid])\n   MultiLineStringFromWKB(wkb[,srid])\nConstructs a MULTILINESTRING value using its WKB representation and SRID.\n', '', '');
INSERT INTO `help_topic` VALUES (216, 'UNCOMPRESSED_LENGTH', 23, '   UNCOMPRESSED_LENGTH(compressed_string)\nReturns the length of a compressed string before compression.\n', 'mysql> SELECT UNCOMPRESSED_LENGTH(COMPRESS(REPEAT(''a'',30)));\n        -> 30', '');
INSERT INTO `help_topic` VALUES (217, 'LOG2', 4, '   LOG2(X)\nReturns the base-2 logarithm of X.\n', 'mysql> SELECT LOG2(65536);\n        -> 16.000000\nmysql> SELECT LOG2(-100);\n        -> NULL', '');
INSERT INTO `help_topic` VALUES (218, 'SUBTIME', 14, '   SUBTIME(expr,expr2)\n\n\nSUBTIME() subtracts expr2 from expr and returns the result.\nexpr is a time or datetime expression, and expr2 is a time\nexpression.\n', 'mysql> SELECT SUBTIME(''1997-12-31 23:59:59.999999'',\n    ->                ''1 1:1:1.000002'');\n        -> ''1997-12-30 22:58:58.999997''\nmysql> SELECT SUBTIME(''01:00:00.999999'', ''02:00:00.999998'');\n        -> ''-00:59:59.999999''', '');
INSERT INTO `help_topic` VALUES (219, 'DROP TABLE', 28, 'DROP TABLE removes one or more tables. You must have the DROP\nprivilege for each table. All table data and the table\ndefinition are /removed/, so /be careful/ with this statement!\n\nIn MySQL 3.22 or later, you can use the keywords IF EXISTS\nto prevent an error from occurring for tables that don''t exist.  As of\nMySQL 4.1, a NOTE is generated for each non-existent table when\nusing IF EXISTS.\nSee also : [SHOW WARNINGS,  , SHOW WARNINGS].\n\nRESTRICT and CASCADE are allowed to make porting easier.\nFor the moment, they do nothing.\n\nNote: DROP TABLE automatically commits the current\nactive transaction, unless you are using MySQL 4.1 or higher and the\nTEMPORARY keyword.\n', 'DROP [TEMPORARY] TABLE [IF EXISTS]\n    tbl_name [, tbl_name] ...\n    [RESTRICT | CASCADE]', '');
INSERT INTO `help_topic` VALUES (220, 'DUAL', 22, 'SELECT ... FROM DUAL is an alias for SELECT ....\n(To be compatible with some other databases).\n', '', '');
INSERT INTO `help_topic` VALUES (221, 'INSTR', 23, '   INSTR(str,substr)\nReturns the position of the first occurrence of substring substr in\nstring str. This is the same as the two-argument form of\nLOCATE(), except that the arguments are swapped.\n', 'mysql> SELECT INSTR(''foobarbar'', ''bar'');\n        -> 4\nmysql> SELECT INSTR(''xbar'', ''foobar'');\n        -> 0', '');
INSERT INTO `help_topic` VALUES (222, 'NOW', 14, '   NOW()\n\nReturns the current date and time as a value in ''YYYY-MM-DD HH:MM:SS''\nor YYYYMMDDHHMMSS format, depending on whether the function is used in\na string or numeric context.\n', 'mysql> SELECT NOW();\n        -> ''1997-12-15 23:50:26''\nmysql> SELECT NOW() + 0;\n        -> 19971215235026', '');
INSERT INTO `help_topic` VALUES (223, '>=', 26, '   >=\nGreater than or equal:\n', 'mysql> SELECT 2 >= 2;\n        -> 1', '');
INSERT INTO `help_topic` VALUES (224, 'EXP', 4, '   EXP(X)\nReturns the value of e (the base of natural logarithms) raised to\nthe power of X.\n', 'mysql> SELECT EXP(2);\n        -> 7.389056\nmysql> SELECT EXP(-2);\n        -> 0.135335', '');
INSERT INTO `help_topic` VALUES (225, 'SHA', 17, '   SHA1(str)\n   SHA(str)\nCalculates an SHA1 160-bit checksum for the string, as described in\nRFC 3174 (Secure Hash Algorithm). The value is returned as a string of 40 hex\ndigits, or NULL if the argument was NULL.\nOne of the possible uses for this function is as a hash key. You can\nalso use it as a cryptographically safe function for storing passwords.\n', 'mysql> SELECT SHA1(''abc'');\n        -> ''a9993e364706816aba3e25717850c26c9cd0d89d''', '');
INSERT INTO `help_topic` VALUES (226, 'LONGBLOB', 1, '   LONGBLOB\n\nA BLOB column with a maximum length of 4,294,967,295 or\n4GB (2^32 - 1) bytes.  Up to MySQL\n3.23, the client/server protocol and MyISAM tables had a limit\nof 16MB per communication packet / table row. From MySQL 4.0, the maximum\nallowed length of LONGBLOB columns depends on the\nconfigured maximum packet size in the client/server protocol and available\nmemory.\n', '', '');
INSERT INTO `help_topic` VALUES (227, 'POINTN', 18, '   PointN(ls,n)\nReturns the n-th point in the Linestring value ls.\nPoint numbers begin at 1.\n', 'mysql> SET @ls = ''LineString(1 1,2 2,3 3)'';\nmysql> SELECT AsText(PointN(GeomFromText(@ls),2));\n+-------------------------------------+\n| AsText(PointN(GeomFromText(@ls),2)) |\n+-------------------------------------+\n| POINT(2 2)                          |\n+-------------------------------------+', '');
INSERT INTO `help_topic` VALUES (228, 'SUM', 12, '   SUM([DISTINCT] expr)\nReturns the sum of expr.  If the return set has no rows,\nSUM() returns NULL.\nThe DISTINCT keyword can be used as of MySQL 5.0.0 to sum only the\ndistinct values of expr.\n', '', '');
INSERT INTO `help_topic` VALUES (229, 'OCT', 23, '   OCT(N)\nReturns a string representation of the octal value of N, where\nN is a longlong (BIGINT)number.  This is equivalent to\nCONV(N,10,8).\nReturns NULL if N is NULL.\n', 'mysql> SELECT OCT(12);\n        -> ''14''', '');
INSERT INTO `help_topic` VALUES (230, 'SYSDATE', 14, '   SYSDATE()\n\nSYSDATE() is a synonym for NOW().\n', '', '');
INSERT INTO `help_topic` VALUES (231, 'ASBINARY', 13, '   AsBinary(g)\nConverts a value in internal geometry format to its WKB representation\nand returns the binary result.\n', 'SELECT AsBinary(g) FROM geom;', '');
INSERT INTO `help_topic` VALUES (232, 'MAKEDATE', 14, '   MAKEDATE(year,dayofyear)\n\nReturns a date, given year and day-of-year values.\ndayofyear must be greater than 0 or the result is NULL.\n', 'mysql> SELECT MAKEDATE(2001,31), MAKEDATE(2001,32);\n        -> ''2001-01-31'', ''2001-02-01''\nmysql> SELECT MAKEDATE(2001,365), MAKEDATE(2004,365);\n        -> ''2001-12-31'', ''2004-12-30''\nmysql> SELECT MAKEDATE(2001,0);\n        -> NULL', '');
INSERT INTO `help_topic` VALUES (233, 'BINARY OPERATOR', 23, '   BINARY\nThe BINARY operator casts the string following it to a binary string.\nThis is an easy way to force a column comparison to be done byte by byte\nrather than character by character. This causes the comparison to be\ncase sensitive even\nif the column isn''t defined as BINARY or BLOB.\nBINARY also causes trailing spaces to be significant.\n', 'mysql> SELECT ''a'' = ''A'';\n        -> 1\nmysql> SELECT BINARY ''a'' = ''A'';\n        -> 0\nmysql> SELECT ''a'' = ''a '';\n        -> 1\nmysql> SELECT BINARY ''a'' = ''a '';\n        -> 0', '');
INSERT INTO `help_topic` VALUES (234, 'MBROVERLAPS', 8, '   MBROverlaps(g1,g2)\nReturns 1 or 0 to indicate whether or not the Minimum Bounding Rectangles of\nthe two geometries g1 and g2 overlap.\n', '', '');
INSERT INTO `help_topic` VALUES (235, 'SOUNDEX', 23, '   SOUNDEX(str)\nReturns a soundex string from str. Two strings that sound almost the\nsame should have identical soundex strings. A standard soundex string\nis four characters long, but the SOUNDEX() function returns an\narbitrarily long string. You can use SUBSTRING() on the result to get\na standard soundex string.  All non-alphabetic characters are ignored in the\ngiven string. All international alphabetic characters outside the A-Z range\nare treated as vowels.\n', 'mysql> SELECT SOUNDEX(''Hello'');\n        -> ''H400''\nmysql> SELECT SOUNDEX(''Quadratically'');\n        -> ''Q36324''', '');
INSERT INTO `help_topic` VALUES (236, 'SHOW MASTER LOGS', 6, 'SHOW MASTER LOGS\nSHOW BINARY LOGS\n\nLists the binary log files on the server. This statement is used as part of\nthe procedure described in [PURGE MASTER LOGS,  , PURGE MASTER LOGS]\nfor determining which logs can be purged.\n', '', '');
INSERT INTO `help_topic` VALUES (237, 'MBRTOUCHES', 8, '   MBRTouches(g1,g2)\nReturns 1 or 0 to indicate whether or not the Minimum Bounding Rectangles of\nthe two geometries g1 and g2 touch.\n', '', '');
INSERT INTO `help_topic` VALUES (238, 'INSERT SELECT', 6, 'INSERT [LOW_PRIORITY | HIGH_PRIORITY] [IGNORE]\n    [INTO] tbl_name [(col_name,...)]\n    SELECT ...\n    [ ON DUPLICATE KEY UPDATE col_name=expr, ... ]\n\nWith INSERT ... SELECT, you can quickly insert many rows\ninto a table from one or many tables.\n', 'INSERT INTO tbl_temp2 (fld_id)\n    SELECT tbl_temp1.fld_order_id\n    FROM tbl_temp1 WHERE tbl_temp1.fld_order_id > 100;', '');
INSERT INTO `help_topic` VALUES (239, 'VARBINARY', 1, '   VARBINARY(M)\n\nThe VARBINARY type is similar to the VARCHAR type, but stores\nbinary byte strings rather than non-binary character strings.\n\nThis type was added in MySQL 4.1.2.\n', '', '');
INSERT INTO `help_topic` VALUES (240, 'LOAD INDEX', 6, 'The LOAD INDEX INTO CACHE statement preloads a table index into the\nkey cache to which it has been assigned by an explicit CACHE INDEX\nstatement, or into the default key cache otherwise.  LOAD INDEX INTO\nCACHE is used only for MyISAM tables.\n\nThe IGNORE LEAVES modifier causes only blocks for the non-leaf\nnodes of the index to be preloaded.\n', 'LOAD INDEX INTO CACHE\n  tbl_index_list [, tbl_index_list] ...\n\ntbl_index_list:\n  tbl_name\n    [[INDEX|KEY] (index_name[, index_name] ...)]\n    [IGNORE LEAVES]', '');
INSERT INTO `help_topic` VALUES (241, 'UNION', 6, 'UNION is used to combine the result from many SELECT\nstatements into one result set.  UNION is available from MySQL 4.0.0\non.\n\nSelected columns listed in corresponding positions of each SELECT\nstatement should have the same type. (For example, the first column selected\nby the first statement should have the same type as the first column selected\nby the other statements.) The column names used in\nthe first SELECT statement are used as the column names for the\nresults returned.\n', 'SELECT ...\nUNION [ALL | DISTINCT]\nSELECT ...\n  [UNION [ALL | DISTINCT]\n   SELECT ...]', '');
INSERT INTO `help_topic` VALUES (242, 'TO_DAYS', 14, '   TO_DAYS(date)\nGiven a date date, returns a daynumber (the number of days since year\n0).\n', 'mysql> SELECT TO_DAYS(950501);\n        -> 728779\nmysql> SELECT TO_DAYS(''1997-10-07'');\n        -> 729669', '');
INSERT INTO `help_topic` VALUES (243, 'NOT REGEXP', 23, '   expr NOT REGEXP pat\n   expr NOT RLIKE pat\n\nThis is the same as NOT (expr REGEXP pat).\n', '', '');
INSERT INTO `help_topic` VALUES (244, 'NOT IN', 26, '   expr NOT IN (value,...)\nThis is the same as NOT (expr IN (value,...)).\n', '', '');
INSERT INTO `help_topic` VALUES (245, '!', 20, '   NOT\n   !\nLogical NOT.\nEvaluates to 1 if the operand is 0,\nto 0 if the operand is non-zero,\nand NOT NULL returns NULL.\n', 'mysql> SELECT NOT 10;\n        -> 0\nmysql> SELECT NOT 0;\n        -> 1\nmysql> SELECT NOT NULL;\n        -> NULL\nmysql> SELECT ! (1+1);\n        -> 0\nmysql> SELECT ! 1+1;\n        -> 1', '');
INSERT INTO `help_topic` VALUES (246, 'TEXT TYPE', 1, '   TEXT[(M)]\n\nA TEXT column with a maximum length of 65,535\n(2^16 - 1) characters.\n\nBeginning with MySQL 4.1, an optional length M can be given.\nMySQL will create the column as the smallest TEXT type largest\nenough to hold values M characters long.\n', '', '');
INSERT INTO `help_topic` VALUES (247, 'DOUBLE', 1, '   DOUBLE[(M,B)] [UNSIGNED] [ZEROFILL]\n\nA normal-size (double-precision) floating-point number. Allowable values are\n-1.7976931348623157E+308 to -2.2250738585072014E-308,\n0, and 2.2250738585072014E-308 to 1.7976931348623157E+308.\nIf UNSIGNED is specified, negative values are disallowed. M is the\ndisplay width and B is the number of bits of precision. DOUBLE\nwithout arguments or FLOAT(p) (where p is in the range from\n25 to 53) stands for a double-precision floating-point number. A\nsingle-precision floating-point number is accurate to approximately 7 decimal\nplaces; a double-precision floating-point number is accurate to approximately 15\ndecimal places.\n\n   DOUBLE PRECISION[(M,D)] [UNSIGNED] [ZEROFILL]\n   REAL[(M,D)] [UNSIGNED] [ZEROFILL]\n\nThese are synonyms for DOUBLE.\nException: If the server SQL mode includes the REAL_AS_FLOAT option,\nREAL is a synonym for FLOAT rather than DOUBLE.\n', '', '');
INSERT INTO `help_topic` VALUES (248, 'TIME', 1, '   TIME\n\nA time.  The range is ''-838:59:59'' to ''838:59:59''.\nMySQL displays TIME values in ''HH:MM:SS'' format, but\nallows you to assign values to TIME columns using either strings or\nnumbers.\n', '', '');
INSERT INTO `help_topic` VALUES (249, '&&', 20, '   AND\n   &&\nLogical AND.\nEvaluates to 1 if all operands are non-zero and not NULL,\nto 0 if one or more operands are 0,\notherwise NULL is returned.\n', 'mysql> SELECT 1 && 1;\n        -> 1\nmysql> SELECT 1 && 0;\n        -> 0\nmysql> SELECT 1 && NULL;\n        -> NULL\nmysql> SELECT 0 && NULL;\n        -> 0\nmysql> SELECT NULL && 0;\n        -> 0', '');
INSERT INTO `help_topic` VALUES (250, 'X', 16, '   X(p)\nReturns the X-coordinate value for the point p as a double-precision\nnumber.\n', 'mysql> SELECT X(GeomFromText(''Point(56.7 53.34)''));\n+--------------------------------------+\n| X(GeomFromText(''Point(56.7 53.34)'')) |\n+--------------------------------------+\n|                                 56.7 |\n+--------------------------------------+', '');
INSERT INTO `help_topic` VALUES (251, 'FOUND_ROWS', 25, '\nA SELECT statement may include a LIMIT clause to restrict the\nnumber of rows the server returns to the client.\nIn some cases, it is desirable to know how many rows the statement would have\nreturned without the LIMIT, but without running the statement again.\nTo get this row count, include a SQL_CALC_FOUND_ROWS option in the\nSELECT statement, then invoke FOUND_ROWS() afterward:\n', 'mysql> SELECT SQL_CALC_FOUND_ROWS * FROM tbl_name\n    -> WHERE id > 100 LIMIT 10;\nmysql> SELECT FOUND_ROWS();', '');
INSERT INTO `help_topic` VALUES (252, 'SYSTEM_USER', 25, '   SYSTEM_USER()\n\nSYSTEM_USER() is a synonym for USER().\n', '', '');
INSERT INTO `help_topic` VALUES (253, 'CROSSES', 11, '   Crosses(g1,g2)\nReturns 1 if g1 spatially crosses g2.\nReturns NULL if g1 is a Polygon or a MultiPolygon,\nor if g2 is a Point or a MultiPoint.\nOtherwise, returns 0.\n\nThe term /spatially crosses/ denotes a spatial relation between two given\ngeometries that has the following properties:\n\n\n --- The two geometries intersect\n\n --- Their intersection results in a geometry that has\na dimension that is one less than the maximum dimension of the two given\ngeometries\n\n --- Their intersection is not equal to either of the two given geometries\n', '', '');
INSERT INTO `help_topic` VALUES (254, 'TRUNCATE TABLE', 6, 'TRUNCATE TABLE empties a table completely.\nLogically, this is equivalent to a DELETE statement that deletes all\nrows, but there are practical differences under some circumstances.\n\nFor InnoDB before version 5.0.3, TRUNCATE TABLE is\nmapped to DELETE, so there is no difference.  Starting with\nMySQL/InnoDB-5.0.3, fast TRUNCATE TABLE is available.  The\noperation is still mapped to DELETE if there are foreign\nkey constraints that reference the table.\n\nFor other storage engines, TRUNCATE TABLE differs from\nDELETE FROM in the following ways from MySQL 4.0 and up:\n\n --- Truncate operations drop and re-create the table, which is much faster\nthan deleting rows one by one.\n --- Truncate operations are not transaction-safe; you get an error if\nyou have an active transaction or an active table lock.\n --- The number of deleted rows is not returned.\n --- As long as the table definition file *tbl_name.frm is\nvalid, the table can be re-created as an empty table with TRUNCATE\nTABLE, even if the data or index files have become corrupted.\n --- The table handler does not remember the last used AUTO_INCREMENT\nvalue, but starts counting from the beginning.  This is true even for\nMyISAM and InnoDB, which normally does not reuse sequence values.\n\nIn MySQL 3.23, TRUNCATE TABLE is mapped to\nCOMMIT; DELETE FROM tbl_name, so it behaves like DELETE.\nSee also : [DELETE,  , DELETE].\n\nTRUNCATE TABLE is an Oracle SQL extension.\nThis statement was added in MySQL 3.23.28, although from 3.23.28\nto 3.23.32, the keyword TABLE must be omitted.\n', 'TRUNCATE TABLE tbl_name', '');
INSERT INTO `help_topic` VALUES (255, 'CURRENT_DATE', 14, '   CURRENT_DATE\n   CURRENT_DATE()\n\nCURRENT_DATE and CURRENT_DATE() are synonyms for\nCURDATE().\n', '', '');
INSERT INTO `help_topic` VALUES (256, 'BIT_XOR', 12, '   BIT_XOR(expr)\nReturns the bitwise XOR of all bits in expr. The calculation is\nperformed with 64-bit (BIGINT) precision.\n', '', '');
INSERT INTO `help_topic` VALUES (257, 'AREA', 0, '   Area(poly)\nReturns as a double-precision number the area of the Polygon value\npoly, as measured in its spatial reference system.\n', 'mysql> SET @poly = ''Polygon((0 0,0 3,3 0,0 0),(1 1,1 2,2 1,1 1))'';\nmysql> SELECT Area(GeomFromText(@poly));\n+---------------------------+\n| Area(GeomFromText(@poly)) |\n+---------------------------+\n|                         4 |\n+---------------------------+', '');
INSERT INTO `help_topic` VALUES (258, 'START SLAVE', 7, 'START SLAVE [thread_type [, thread_type] ... ]\nSTART SLAVE [SQL_THREAD] UNTIL\n    MASTER_LOG_FILE = ''log_name'', MASTER_LOG_POS = log_pos\nSTART SLAVE [SQL_THREAD] UNTIL\n    RELAY_LOG_FILE = ''log_name'', RELAY_LOG_POS = log_pos\n\nthread_type: IO_THREAD | SQL_THREAD\n\nSTART SLAVE with no options starts both of the slave threads.\nThe I/O thread reads queries from the master server and stores them in the\nrelay log.  The SQL thread reads the relay log and executes the\nqueries.\nSTART SLAVE requires the SUPER privilege.\n\nIf START SLAVE succeeds in starting the slave threads, it\nreturns without any error. However, even in that case, it might be that the slave\nthreads start and then later stop (for example, because they don''t manage to\nconnect to the master or read its binary logs, or some other\nproblem). START SLAVE does not warn you about this. You must\ncheck your slave''s error log for error messages generated by\nthe slave threads, or check that they are running fine with SHOW\nSLAVE STATUS.\n', '', '');
INSERT INTO `help_topic` VALUES (259, 'FLUSH', 6, 'You should use the FLUSH statement if you want to clear some of the\ninternal caches MySQL uses.  To execute FLUSH, you must have\nthe RELOAD privilege.\n', 'FLUSH [LOCAL | NO_WRITE_TO_BINLOG] flush_option [, flush_option] ...', '');
INSERT INTO `help_topic` VALUES (260, 'DESCRIBE', 7, '{DESCRIBE | DESC} tbl_name [col_name | wild]\n\nDESCRIBE provides information about the columns in a table.  It is a\nshortcut for SHOW COLUMNS FROM. As of MySQL 5.0.1, these statements\nalso display information for views.\n', '', '');
INSERT INTO `help_topic` VALUES (261, 'STDDEV_POP', 12, '   STDDEV_POP(expr)\nReturns the population standard deviation of expr (the square root of\nVAR_POP()).  This function was added in MySQL 5.0.3.  Before 5.0.3,\nyou can use STD() or STDDEV(), which are equivalent but not\nstandard SQL.\n', '', '');
INSERT INTO `help_topic` VALUES (262, 'SUBSTRING', 23, '   SUBSTRING(str,pos)\n   SUBSTRING(str FROM pos)\n   SUBSTRING(str,pos,len)\n   SUBSTRING(str FROM pos FOR len)\n\nThe forms without a len argument\nreturn a substring from string str starting at position pos.\nThe forms with a len argument\nreturn a substring len characters long from string str,\nstarting at position pos.\nThe forms that use FROM are standard SQL syntax.\n', 'mysql> SELECT SUBSTRING(''Quadratically'',5);\n        -> ''ratically''\nmysql> SELECT SUBSTRING(''foobarbar'' FROM 4);\n        -> ''barbar''\nmysql> SELECT SUBSTRING(''Quadratically'',5,6);\n        -> ''ratica''', '');
INSERT INTO `help_topic` VALUES (263, 'ISEMPTY', 19, '   IsEmpty(g)\nReturns 1 if the geometry value g is the empty geometry, 0 if it is not\nempty, and -1 if the argument is NULL.\nIf the geometry is empty, it represents the empty point set.\n', '', '');
INSERT INTO `help_topic` VALUES (264, 'LTRIM', 23, '   LTRIM(str)\nReturns the string str with leading space characters removed.\n', 'mysql> SELECT LTRIM(''  barbar'');\n        -> ''barbar''', '');
INSERT INTO `help_topic` VALUES (265, 'REPAIR', 7, 'REPAIR TABLE repairs a possibly corrupted table.\nBy default,\nit has the same effect as myisamchk --recover tbl_name.\nREPAIR TABLE works only on MyISAM tables.\n', 'REPAIR [LOCAL | NO_WRITE_TO_BINLOG] TABLE\n    tbl_name [, tbl_name] ... [QUICK] [EXTENDED] [USE_FRM]', '');
INSERT INTO `help_topic` VALUES (266, 'INTERSECTS', 11, '   Intersects(g1,g2)\nReturns 1 or 0 to indicate whether or not g1 spatially intersects\ng2.\n', '', '');
INSERT INTO `help_topic` VALUES (267, 'MBRDISJOINT', 8, '   MBRDisjoint(g1,g2)\nReturns 1 or 0 to indicate whether or not the Minimum Bounding Rectangles of\nthe two geometries g1 and g2 are disjoint (do not intersect).\n', '', '');
INSERT INTO `help_topic` VALUES (268, 'SUBSTRING_INDEX', 23, '   SUBSTRING_INDEX(str,delim,count)\nReturns the substring from string str before count\noccurrences of the delimiter delim.\nIf count is positive, everything to the left of the final delimiter\n(counting from the left) is returned.\nIf count is negative, everything to the right of the final delimiter\n(counting from the right) is returned.\n', 'mysql> SELECT SUBSTRING_INDEX(''www.mysql.com'', ''.'', 2);\n        -> ''www.mysql''\nmysql> SELECT SUBSTRING_INDEX(''www.mysql.com'', ''.'', -2);\n        -> ''mysql.com''', '');
INSERT INTO `help_topic` VALUES (269, 'ENCODE', 17, '   ENCODE(str,pass_str)\nEncrypt str using pass_str as the password.\nTo decrypt the result, use DECODE().\n\nThe result is a binary string of the same length as str.\nIf you want to save it in a column, use a BLOB column type.\n', '', '');
INSERT INTO `help_topic` VALUES (270, 'TRUNCATE', 4, '   TRUNCATE(X,D)\nReturns the number X, truncated to D decimals.  If D\nis 0, the result has no decimal point or fractional part.\nD can be negative to truncate (make zero) D digits left of the\ndecimal point of the value X.\n', 'mysql> SELECT TRUNCATE(1.223,1);\n        -> 1.2\nmysql> SELECT TRUNCATE(1.999,1);\n        -> 1.9\nmysql> SELECT TRUNCATE(1.999,0);\n        -> 1\nmysql> SELECT TRUNCATE(-1.999,1);\n        -> -1.9\nmysql> SELECT TRUNCATE(122,-2);\n       -> 100', '');
INSERT INTO `help_topic` VALUES (271, 'TIMESTAMPADD', 14, '   TIMESTAMPADD(interval,int_expr,datetime_expr)\n\nAdds the integer expression int_expr to the date or datetime expression\ndatetime_expr. The unit for int_expr is given by the\ninterval argument, which should be one of the following values:\nFRAC_SECOND,\nSECOND,\nMINUTE,\nHOUR,\nDAY,\nWEEK,\nMONTH,\nQUARTER,\nor\nYEAR.\n\nThe interval value may be specified using one of keywords as shown,\nor with a prefix of SQL_TSI_. For example, DAY or\nSQL_TSI_DAY both are legal.\n', '', '');
INSERT INTO `help_topic` VALUES (272, 'SHOW', 6, '\nSHOW has many forms that provide information about databases,\ntables, columns, or status information about the server.\nThis section describes those following:\n\nSHOW [FULL] COLUMNS FROM tbl_name [FROM db_name] [LIKE ''pattern'']\nSHOW CREATE DATABASE db_name\nSHOW CREATE TABLE tbl_name\nSHOW DATABASES [LIKE ''pattern'']\nSHOW [STORAGE] ENGINES\nSHOW ERRORS [LIMIT [offset,] row_count]\nSHOW GRANTS FOR user\nSHOW INDEX FROM tbl_name [FROM db_name]\nSHOW INNODB STATUS\nSHOW [BDB] LOGS\nSHOW PRIVILEGES\nSHOW [FULL] PROCESSLIST\nSHOW STATUS [LIKE ''pattern'']\nSHOW TABLE STATUS [FROM db_name] [LIKE ''pattern'']\nSHOW [OPEN] TABLES [FROM db_name] [LIKE ''pattern'']\nSHOW [GLOBAL | SESSION] VARIABLES [LIKE ''pattern'']\nSHOW WARNINGS [LIMIT [offset,] row_count]\n\n\nThe SHOW statement also has forms that provide information about\nreplication master and slave servers and are described in [Replication\nSQL]:\n\nSHOW BINLOG EVENTS\nSHOW MASTER LOGS\nSHOW MASTER STATUS\nSHOW SLAVE HOSTS\nSHOW SLAVE STATUS\n\nIf the syntax for a given SHOW statement includes a LIKE\n''pattern'' part, ''pattern'' is a string that can contain the SQL ''%''\nand ''_'' wildcard characters.\nThe pattern is useful for restricting statement output to matching values.\n', '', '');
INSERT INTO `help_topic` VALUES (273, 'GREATEST', 26, '   GREATEST(value1,value2,...)\nWith two or more arguments, returns the largest (maximum-valued) argument.\nThe arguments are compared using the same rules as for LEAST().\n', 'mysql> SELECT GREATEST(2,0);\n        -> 2\nmysql> SELECT GREATEST(34.0,3.0,5.0,767.0);\n        -> 767.0\nmysql> SELECT GREATEST(''B'',''A'',''C'');\n        -> ''C''', '');
INSERT INTO `help_topic` VALUES (274, 'OCTETLENGTH', 23, '   OCTET_LENGTH(str)\n\nOCTET_LENGTH() is a synonym for LENGTH().\n', '', '');
INSERT INTO `help_topic` VALUES (275, 'SECOND', 14, '   SECOND(time)\nReturns the second for time, in the range 0 to 59.\n', 'mysql> SELECT SECOND(''10:05:03'');\n        -> 3', '');
INSERT INTO `help_topic` VALUES (276, 'BIT_AND', 12, '   BIT_AND(expr)\nReturns the bitwise AND of all bits in expr. The calculation is\nperformed with 64-bit (BIGINT) precision.\n', 'mysql> SELECT order.custid, customer.name, MAX(payments)\n    ->        FROM order,customer\n    ->        WHERE order.custid = customer.custid\n    ->        GROUP BY order.custid;', '');
INSERT INTO `help_topic` VALUES (277, 'ATAN2', 4, '   ATAN(Y,X)\n   ATAN2(Y,X)\nReturns the arc tangent of the two variables X and Y. It is\nsimilar to calculating the arc tangent of Y / X, except that the\nsigns of both arguments are used to determine the quadrant of the\nresult.\n', 'mysql> SELECT ATAN(-2,2);\n        -> -0.785398\nmysql> SELECT ATAN2(PI(),0);\n        -> 1.570796', '');
INSERT INTO `help_topic` VALUES (278, 'MBRCONTAINS', 8, '   MBRContains(g1,g2)\nReturns 1 or 0 to indicate whether or not the Minimum Bounding Rectangle of\ng1 contains the Minimum Bounding Rectangle of g2.\n', 'mysql> SET @g1 = GeomFromText(''Polygon((0 0,0 3,3 3,3 0,0 0))'');\nmysql> SET @g2 = GeomFromText(''Point(1 1)'');\nmysql> SELECT MBRContains(@g1,@g2), MBRContains(@g2,@g1);\n----------------------+----------------------+\n| MBRContains(@g1,@g2) | MBRContains(@g2,@g1) |\n+----------------------+----------------------+\n|                    1 |                    0 |\n+----------------------+----------------------+', '');
INSERT INTO `help_topic` VALUES (279, 'HOUR', 14, '   HOUR(time)\nReturns the hour for time. The range of the return value is\n0 to 23 for time-of-day values.\n', 'mysql> SELECT HOUR(''10:05:03'');\n        -> 10', '');
INSERT INTO `help_topic` VALUES (280, 'TYPE SET', 1, '   SET(''value1'',''value2'',...)\n\nA set.  A string object that can have zero or more values, each of which must\nbe chosen from the list of values ''value1'', ''value2'',\n... A SET column can have a maximum of 64 members.\nSET values are represented internally as integers.\n  \n', '', '');
INSERT INTO `help_topic` VALUES (281, 'SELECT', 6, 'SELECT is used to retrieve rows selected from one or more tables.\nSupport for UNION statements and subqueries is available as of MySQL\n4.0 and 4.1, respectively.\nSee [UNION,  , UNION] and [Subqueries].\n\n --- Each select_expr indicates a column you want to retrieve.\n\n --- table_references indicates the table or tables from which to retrieve rows.\nIts syntax is described in [JOIN,  , JOIN].\n\n --- where_definition consists of the keyword WHERE followed by\nan expression that indicates the condition or conditions that rows\nmust satisfy to be selected.\n\n\nSELECT can also be used to retrieve rows computed without reference to\nany table.\n', 'SELECT\n    [ALL | DISTINCT | DISTINCTROW ]\n      [HIGH_PRIORITY]\n      [STRAIGHT_JOIN]\n      [SQL_SMALL_RESULT] [SQL_BIG_RESULT] [SQL_BUFFER_RESULT]\n      [SQL_CACHE | SQL_NO_CACHE] [SQL_CALC_FOUND_ROWS]\n    select_expr, ...\n    [INTO OUTFILE ''file_name'' export_options\n      | INTO DUMPFILE ''file_name'']\n    [FROM table_references\n      [WHERE where_definition]\n      [GROUP BY {col_name | expr | position}\n        [ASC | DESC], ... [WITH ROLLUP]]\n      [HAVING where_definition]\n      [ORDER BY {col_name | expr | position}\n        [ASC | DESC] , ...]\n      [LIMIT {[offset,] row_count | row_count OFFSET offset}]\n      [PROCEDURE procedure_name(argument_list)]\n      [FOR UPDATE | LOCK IN SHARE MODE]]', '');
INSERT INTO `help_topic` VALUES (282, 'COT', 4, '   COT(X)\nReturns the cotangent of X.\n', 'mysql> SELECT COT(12);\n        -> -1.57267341\nmysql> SELECT COT(0);\n        -> NULL', '');
INSERT INTO `help_topic` VALUES (283, 'BACKUP TABLE', 7, 'Note: This statement is deprecated. We are working on a better\nreplacement for it that will provide online backup capabilities.\nIn the meantime, the mysqlhotcopy script can be used instead.\n\nBACKUP TABLE copies to the backup directory the minimum number of\ntable files needed to restore the table, after flushing any buffered changes\nto disk. The statement works only for MyISAM tables.  It copies the\n*.frm definition  and *.MYD data files. The *.MYI\nindex file can be rebuilt from those two files.\nThe directory should be specified as a full pathname.\n', 'BACKUP TABLE tbl_name [, tbl_name] ... TO ''/path/to/backup/directory''', '');
INSERT INTO `help_topic` VALUES (284, 'LOAD_FILE', 23, '   LOAD_FILE(file_name)\nReads the file and returns the file contents as a string.  The file\nmust be located on the server, you must specify the full pathname to the\nfile, and you must have the FILE privilege.  The file must\nbe readable by all and be smaller than max_allowed_packet bytes.\n\nIf the file doesn''t exist or cannot be read because one of the preceding\nconditions is not satisfied, the function returns NULL.\n', 'mysql> UPDATE tbl_name\n           SET blob_column=LOAD_FILE(''/tmp/picture'')\n           WHERE id=1;', '');
INSERT INTO `help_topic` VALUES (285, 'POINTFROMTEXT', 3, '   PointFromText(wkt[,srid])\nConstructs a POINT value using its WKT representation and SRID.\n', '', '');
INSERT INTO `help_topic` VALUES (286, 'LOAD TABLE FROM MASTER', 6, 'LOAD TABLE tbl_name FROM MASTER\n\nTransfers a copy of the table from master to the slave. This statement is\nimplemented mainly for debugging of LOAD DATA FROM MASTER.\nIt requires that the account used for connecting to the master server has the\nRELOAD and SUPER privileges on the master and the\nSELECT privilege on the master table to load.\nOn the slave side, the user that issues LOAD TABLE FROM MASTER should\nhave privileges to drop and create the table.\n\nThe conditions for LOAD DATA FROM MASTER apply here, too. For\nexample, LOAD TABLE FROM MASTER works only for MyISAM tables.\nThe timeout notes for LOAD DATA FROM MASTER apply as well.\n', '', '');
INSERT INTO `help_topic` VALUES (287, 'GROUP_CONCAT', 12, '   GROUP_CONCAT(expr)\nThis function returns a string result with the concatenated non-NULL\nvalues from a group.  It returns NULL if there are no non-NULL\nvalues. The full syntax is as follows:\n\nGROUP_CONCAT([DISTINCT] expr [,expr ...]\n             [ORDER BY {unsigned_integer | col_name | expr}\n                 [ASC | DESC] [,col_name ...]]\n             [SEPARATOR str_val])\n', 'mysql> SELECT student_name,\n    ->     GROUP_CONCAT(test_score)\n    ->     FROM student\n    ->     GROUP BY student_name;', '');
INSERT INTO `help_topic` VALUES (288, 'DATE_FORMAT', 14, '   DATE_FORMAT(date,format)\nFormats the date value according to the format string. The\nfollowing specifiers may be used in the format string:\n\n     Specifier 	 Description\n   %a 	 Abbreviated weekday name (Sun..Sat)\n   %b 	 Abbreviated month name (Jan..Dec)\n   %c 	 Month, numeric (0..12)\n   %D 	 Day of the month with English suffix (0th, 1st, 2nd, 3rd, ...)\n   %d 	 Day of the month, numeric (00..31)\n   %e 	 Day of the month, numeric (0..31)\n   %f 	 Microseconds (000000..999999)\n   %H 	 Hour (00..23)\n   %h 	 Hour (01..12)\n   %I 	 Hour (01..12)\n   %i 	 Minutes, numeric (00..59)\n   %j 	 Day of year (001..366)\n   %k 	 Hour (0..23)\n   %l 	 Hour (1..12)\n   %M 	 Month name (January..December)\n   %m 	 Month, numeric (00..12)\n   %p 	 AM or PM\n   %r 	 Time, 12-hour (hh:mm:ss followed by AM or PM)\n   %S 	 Seconds (00..59)\n   %s 	 Seconds (00..59)\n   %T 	 Time, 24-hour (hh:mm:ss)\n   %U 	 Week (00..53), where Sunday is the first day of the week\n   %u 	 Week (00..53), where Monday is the first day of the week\n   %V 	 Week (01..53), where Sunday is the first day of the week; used with %X\n   %v 	 Week (01..53), where Monday is the first day of the week; used with %x\n   %W 	 Weekday name (Sunday..Saturday)\n   %w 	 Day of the week (0=Sunday..6=Saturday)\n   %X 	 Year for the week where Sunday is the first day of the week, numeric, four digits; used with %V\n   %x 	 Year for the week, where Monday is the first day of the week, numeric, four digits; used with %v\n   %Y 	 Year, numeric, four digits\n   %y 	 Year, numeric, two digits\n   %% 	 A literal ''%''.\n  \n\nAll other characters are copied to the result without interpretation.\n\nThe %v, %V, %x, and %X format specifiers are\navailable as of MySQL 3.23.8.  %f is available as of MySQL 4.1.1.\n\nAs of MySQL 3.23, the ''%'' character is required before\nformat specifier characters.  In earlier versions of MySQL,\n''%'' was optional.\n\nThe reason the ranges for the month and day specifiers begin with zero\nis that MySQL allows incomplete dates such as ''2004-00-00'' to be\nstored as of MySQL 3.23.\n', 'mysql> SELECT DATE_FORMAT(''1997-10-04 22:23:00'', ''%W %M %Y'');\n        -> ''Saturday October 1997''\nmysql> SELECT DATE_FORMAT(''1997-10-04 22:23:00'', ''%H:%i:%s'');\n        -> ''22:23:00''\nmysql> SELECT DATE_FORMAT(''1997-10-04 22:23:00'',\n                          ''%D %y %a %d %m %b %j'');\n        -> ''4th 97 Sat 04 10 Oct 277''\nmysql> SELECT DATE_FORMAT(''1997-10-04 22:23:00'',\n                          ''%H %k %I %r %T %S %w'');\n        -> ''22 22 10 10:23:00 PM 22:23:00 00 6''\nmysql> SELECT DATE_FORMAT(''1999-01-01'', ''%X %V'');\n        -> ''1998 52''', '');
INSERT INTO `help_topic` VALUES (289, 'BENCHMARK', 25, '   BENCHMARK(count,expr)\nThe BENCHMARK() function executes the expression expr\nrepeatedly count times.  It may be used to time how fast MySQL\nprocesses the expression.  The result value is always 0.  The intended\nuse is from within the mysql client, which reports query execution times:\n', 'mysql> SELECT BENCHMARK(1000000,ENCODE(''hello'',''goodbye''));\n+----------------------------------------------+\n| BENCHMARK(1000000,ENCODE(''hello'',''goodbye'')) |\n+----------------------------------------------+\n|                                            0 |\n+----------------------------------------------+\n1 row in set (4.74 sec)', '');
INSERT INTO `help_topic` VALUES (290, 'YEAR', 14, '   YEAR(date)\nReturns the year for date, in the range 1000 to 9999.\n', 'mysql> SELECT YEAR(''98-02-03'');\n        -> 1998', '');
INSERT INTO `help_topic` VALUES (291, 'RELEASE_LOCK', 21, '   RELEASE_LOCK(str)\nReleases the lock named by the string str that was obtained with\nGET_LOCK(). Returns 1 if the lock was released, 0 if the\nlock wasn''t locked by this thread (in which case the lock is not released),\nand NULL if the named lock didn''t exist.  The lock does not exist if\nit was never obtained by a call to GET_LOCK() or if it has previously\nbeen released.\n\nThe DO statement is convenient to use with RELEASE_LOCK().\nSee also : [DO,  , DO].\n', '', '');
INSERT INTO `help_topic` VALUES (292, 'IS NULL', 26, '   IS NULL\n   IS NOT NULL\nTests whether a value is or is not NULL.\n', 'mysql> SELECT 1 IS NULL, 0 IS NULL, NULL IS NULL;\n        -> 0, 0, 1\nmysql> SELECT 1 IS NOT NULL, 0 IS NOT NULL, NULL IS NOT NULL;\n        -> 1, 1, 0', '');
INSERT INTO `help_topic` VALUES (293, 'CONVERT_TZ', 14, '   CONVERT_TZ(dt,from_tz,to_tz)\n\nCONVERT_TZ()\nconverts a datetime value dt from time zone given by from_tz\nto the time zone given by to_tz and returns the resulting value.\nTime zones may be specified as described in [Time zone support].\nThis function returns NULL if the arguments are invalid.\n', 'mysql> SELECT CONVERT_TZ(''2004-01-01 12:00:00'',''GMT'',''MET'');\n        -> ''2004-01-01 13:00:00''\nmysql> SELECT CONVERT_TZ(''2004-01-01 12:00:00'',''+00:00'',''-07:00'');\n        -> ''2004-01-01 05:00:00''', '');
INSERT INTO `help_topic` VALUES (294, 'TIME_TO_SEC', 14, '   TIME_TO_SEC(time)\nReturns the time argument, converted to seconds.\n', 'mysql> SELECT TIME_TO_SEC(''22:23:00'');\n        -> 80580\nmysql> SELECT TIME_TO_SEC(''00:39:38'');\n        -> 2378', '');
INSERT INTO `help_topic` VALUES (295, 'WEEKDAY', 14, '   WEEKDAY(date)\nReturns the weekday index for\ndate (0 = Monday, 1 = Tuesday, ... 6 = Sunday).\n', 'mysql> SELECT WEEKDAY(''1998-02-03 22:23:00'');\n        -> 1\nmysql> SELECT WEEKDAY(''1997-11-05'');\n        -> 2', '');
INSERT INTO `help_topic` VALUES (296, 'EXPORT_SET', 23, '   EXPORT_SET(bits,on,off[,separator[,number_of_bits]])\nReturns a string in which for every bit set in the value bits, you\nget an on string and for every reset bit you get an off\nstring.  Bits in bits are examined from right to left (from low-order\nto high-order bits). Strings are added to the result from left to right,\nseparated by the separator string (default '',''). The number of\nbits examined is given by number_of_bits (default 64).\n', 'mysql> SELECT EXPORT_SET(5,''Y'',''N'','','',4);\n        -> ''Y,N,Y,N''\nmysql> SELECT EXPORT_SET(6,''1'',''0'','','',10);\n        -> ''0,1,1,0,0,0,0,0,0,0''', '');
INSERT INTO `help_topic` VALUES (297, 'TIME FUNCTION', 14, '   TIME(expr)\n\nExtracts the time part of the time or datetime expression expr.\n', 'mysql> SELECT TIME(''2003-12-31 01:02:03'');\n        -> ''01:02:03''\nmysql> SELECT TIME(''2003-12-31 01:02:03.000123'');\n        -> ''01:02:03.000123''', '');
INSERT INTO `help_topic` VALUES (298, 'CAST', 23, 'The CAST() and CONVERT() functions can be used to take a\nvalue of one type and produce a value of another type.\n\nThe type can be one of the following values:\n\n --- BINARY\n --- CHAR\n --- DATE\n --- DATETIME\n --- SIGNED [INTEGER]\n --- TIME\n --- UNSIGNED [INTEGER]\n\nBINARY produces a binary string. See the entry for the BINARY\noperator in this section for a description of how this affects comparisons.\n\nCAST() and CONVERT() are available as of MySQL 4.0.2.\nThe CHAR conversion type is available as of 4.0.6.\nThe USING form of CONVERT() is available as of 4.1.0.\n\nCAST() and CONVERT(... USING ...) are standard SQL syntax.\nThe non-USING form of CONVERT() is ODBC syntax.\n\nCONVERT() with USING is used to convert data between different\ncharacter sets.  In MySQL, transcoding names are the same as the\ncorresponding character set names.  For example, this statement converts\nthe string ''abc'' in the server''s default character set to the\ncorresponding string in the utf8 character set:\n\nSELECT CONVERT(''abc'' USING utf8);\n\n  \n\nThe cast functions are useful when you want to create a column with\na specific type in a CREATE ... SELECT statement:\n', 'SELECT enum_col FROM tbl_name ORDER BY CAST(enum_col AS CHAR);', '');
INSERT INTO `help_topic` VALUES (299, 'SOUNDS LIKE', 23, '   expr1 SOUNDS LIKE expr2\n\nThis is the same as SOUNDEX(expr1) = SOUNDEX(expr2). It is\navailable only in MySQL 4.1 or later.\n', '', '');
INSERT INTO `help_topic` VALUES (300, 'PERIOD_DIFF', 14, '   PERIOD_DIFF(P1,P2)\nReturns the number of months between periods P1 and P2.\nP1 and P2 should be in the format YYMM or YYYYMM.\nNote that the period arguments P1 and P2 are /not/\ndate values.\n', 'mysql> SELECT PERIOD_DIFF(9802,199703);\n        -> 11', '');
INSERT INTO `help_topic` VALUES (301, 'LIKE', 23, '   expr LIKE pat [ESCAPE ''escape-char'']\nPattern matching using\nSQL simple regular expression comparison. Returns 1 (TRUE) or 0\n(FALSE).  If either expr or pat is NULL, the result is\nNULL.\n\nThe pattern need not be a literal string. For example, it can be specified\nas a string expression or table column.\n\nWith LIKE you can use the following two wildcard characters\nin the pattern:\n\n     Character 	 Description\n   % 	 Matches any number of characters, even zero characters\n   _ 	 Matches exactly one character\n  \n', 'mysql> SELECT ''David!'' LIKE ''David_'';\n        -> 1\nmysql> SELECT ''David!'' LIKE ''%D%v%'';\n        -> 1', '');
INSERT INTO `help_topic` VALUES (302, 'MULTIPOINT', 2, '   MultiPoint(pt1,pt2,...)\nConstructs a WKB MultiPoint value using WKB Point arguments.\nIf any argument is not a WKB Point, the return value is NULL.\n', '', '');
INSERT INTO `help_topic` VALUES (303, '>>', 27, '   >>\nShifts a longlong (BIGINT) number to the right.\n', 'mysql> SELECT 4 >> 2;\n        -> 1', '');
INSERT INTO `help_topic` VALUES (304, 'TRUE FALSE', 22, 'TRUE and FALSE added as alias for 1 and 0, respectively.\n', '', '');
INSERT INTO `help_topic` VALUES (305, 'AVG', 12, '   AVG([DISTINCT] expr)\nReturns the average value of expr.\nThe DISTINCT option can be used as of MySQL 5.0.3 to return the averge\nof the distinct values of expr.\n', 'mysql> SELECT student_name, AVG(test_score)\n    ->        FROM student\n    ->        GROUP BY student_name;', '');
INSERT INTO `help_topic` VALUES (306, 'MBRWITHIN', 8, '   MBRWithin(g1,g2)\nReturns 1 or 0 to indicate whether or not the Minimum Bounding Rectangle\nof g1 is within the Minimum Bounding Rectangle of g2.\n', 'mysql> SET @g1 = GeomFromText(''Polygon((0 0,0 3,3 3,3 0,0 0))'');\nmysql> SET @g2 = GeomFromText(''Polygon((0 0,0 5,5 5,5 0,0 0))'');\nmysql> SELECT MBRWithin(@g1,@g2), MBRWithin(@g2,@g1);\n+--------------------+--------------------+\n| MBRWithin(@g1,@g2) | MBRWithin(@g2,@g1) |\n+--------------------+--------------------+\n|                  1 |                  0 |\n+--------------------+--------------------+', '');
INSERT INTO `help_topic` VALUES (307, 'IN', 26, '   expr IN (value,...)\nReturns 1 if expr is any of the values in the IN list,\nelse returns 0.  If all values are constants, they are\nevaluated according to the type of expr and sorted. The search for the\nitem then is done using a binary search. This means IN is very quick\nif the IN value list consists entirely of constants.  If expr\nis a case-sensitive string expression, the string comparison is performed in\ncase-sensitive fashion.\n', 'mysql> SELECT 2 IN (0,3,5,''wefwf'');\n        -> 0\nmysql> SELECT ''wefwf'' IN (0,3,5,''wefwf'');\n        -> 1', '');
INSERT INTO `help_topic` VALUES (308, 'QUOTE', 23, '   QUOTE(str)\nQuotes a string to produce a result that can be used as a properly escaped\ndata value in an SQL statement.  The string is returned surrounded by single\nquotes and with each instance of single quote (''''''), backslash (''\\''),\nASCII NUL, and Control-Z preceded by a backslash.  If the argument is\nNULL, the return value is the word ``NULL'''' without surrounding\nsingle quotes.\nThe QUOTE() function was added in MySQL 4.0.3.\n', 'mysql> SELECT QUOTE(''Don\\''t!'');\n        -> ''Don\\''t!''\nmysql> SELECT QUOTE(NULL);\n        -> NULL', '');
INSERT INTO `help_topic` VALUES (309, 'SESSION_USER', 25, '   SESSION_USER()\n\nSESSION_USER() is a synonym for USER().\n', '', '');
INSERT INTO `help_topic` VALUES (310, 'QUARTER', 14, '   QUARTER(date)\nReturns the quarter of the year for date, in the range 1\nto 4.\n', 'mysql> SELECT QUARTER(''98-04-01'');\n        -> 2', '');
INSERT INTO `help_topic` VALUES (311, 'POSITION', 23, '   POSITION(substr IN str)\n\nPOSITION(substr IN str) is a synonym for LOCATE(substr,str).\n', 'mysql> SELECT LOCATE(''bar'', ''foobarbar'');\n        -> 4\nmysql> SELECT LOCATE(''xbar'', ''foobar'');\n        -> 0\nmysql> SELECT LOCATE(''bar'', ''foobarbar'',5);\n        -> 7', '');
INSERT INTO `help_topic` VALUES (312, 'IS_USED_LOCK', 21, '   IS_USED_LOCK(str)\nChecks whether the lock named str is in use (that is, locked).\nIf so, it returns the connection identifier of the client that holds\nthe lock.\nOtherwise, it returns NULL.\n', '', '');
INSERT INTO `help_topic` VALUES (313, 'POLYFROMTEXT', 3, '   PolyFromText(wkt[,srid])\n   PolygonFromText(wkt[,srid])\nConstructs a POLYGON value using its WKT representation and SRID.\n', '', '');
INSERT INTO `help_topic` VALUES (314, 'DES_ENCRYPT', 17, '   DES_ENCRYPT(str[,(key_num|key_str)])\n\nEncrypts the string with the given key using the Triple-DES algorithm.\nOn error, this function returns NULL.\n\nNote that this function works only if MySQL has been configured with\nSSL support. See also : [Secure connections].\n\nThe encryption key to use is chosen based on the second argument to\nDES_ENCRYPT(), if one was given:\n\n     Argument 	 Description\n   No argument 	\nThe first key from the DES key file is used.\n   key_num 	\nThe given key number (0-9) from the DES key file is used.\n   key_str 	\nThe given key string is used to encrypt str.\n  \n\nThe key file can be specified with the --des-key-file server option.\n\nThe return string is a binary string where the first character\nis CHAR(128 | key_num).\n\nThe 128 is added to make it easier to recognize an encrypted key.\nIf you use a string key, key_num is 127.\n\nThe string length for the result is\nnew_len = orig_len + (8-(orig_len % 8))+1.\n', 'key_num des_key_str', '');
INSERT INTO `help_topic` VALUES (315, 'LENGTH', 23, '   LENGTH(str)\nReturns the length of the string str, measured in bytes.\nA multi-byte character counts as multiple bytes.\nThis means that for a string containing five two-byte characters,\nLENGTH() returns 10, whereas CHAR_LENGTH() returns\n5.\n', 'mysql> SELECT LENGTH(''text'');\n        -> 4', '');
INSERT INTO `help_topic` VALUES (316, 'DISTANCE', 11, '   Distance(g1,g2)\nReturns as a double-precision number\nthe shortest distance between any two points in the two geometries.\n', '', '');
INSERT INTO `help_topic` VALUES (317, 'STR_TO_DATE', 14, '   STR_TO_DATE(str,format)\nThis is the reverse function of the DATE_FORMAT() function. It takes a\nstring str and a format string format.\nSTR_TO_DATE() returns a DATETIME value if the format\nstring contains both date and time parts, or a DATE or TIME\nvalue if the string contains only date or time parts.\n\nThe date, time, or datetime values contained in str should be given\nin the format indicated by format. For the specifiers that can be\nused in format, see the table in the DATE_FORMAT() function\ndescription. All other characters are just taken verbatim, thus not being\ninterpreted.\nIf str contains an illegal date, time, or datetime value,\nSTR_TO_DATE() returns NULL.  Starting from MySQL 5.0.3, an\nillegal value also produces a warning.\n', '@c next example commented out until format string becomes optional\n@c mysql> SELECT STR_TO_DATE(''2003-10-03'');\n@c         -> 2003-10-03 00:00:00\nmysql> SELECT STR_TO_DATE(''03.10.2003 09.20'',\n    ->                    ''%d.%m.%Y %H.%i'');\n        -> ''2003-10-03 09:20:00''\nmysql> SELECT STR_TO_DATE(''10arp'', ''%carp'');\n        -> ''0000-10-00 00:00:00''\nmysql> SELECT STR_TO_DATE(''2003-15-10 00:00:00'',\n    ->                    ''%Y-%m-%d %H:%i:%s'');\n        -> NULL', '');
INSERT INTO `help_topic` VALUES (318, 'Y', 16, '   Y(p)\nReturns the Y-coordinate value for the point p as a double-precision\nnumber.\n', 'mysql> SELECT Y(GeomFromText(''Point(56.7 53.34)''));\n+--------------------------------------+\n| Y(GeomFromText(''Point(56.7 53.34)'')) |\n+--------------------------------------+\n|                                53.34 |\n+--------------------------------------+', '');
INSERT INTO `help_topic` VALUES (319, 'NUMINTERIORRINGS', 0, '   NumInteriorRings(poly)\nReturns the number of interior rings in the Polygon value poly.\n', 'mysql> SET @poly =\n    -> ''Polygon((0 0,0 3,3 3,3 0,0 0),(1 1,1 2,2 2,2 1,1 1))'';\nmysql> SELECT NumInteriorRings(GeomFromText(@poly));\n+---------------------------------------+\n| NumInteriorRings(GeomFromText(@poly)) |\n+---------------------------------------+\n|                                     1 |\n+---------------------------------------+', '');
INSERT INTO `help_topic` VALUES (320, 'INTERIORRINGN', 0, '   InteriorRingN(poly,n)\nReturns the n-th interior ring for the Polygon value\npoly as a LineString.\nRing numbers begin at 1.\n', 'mysql> SET @poly =\n    -> ''Polygon((0 0,0 3,3 3,3 0,0 0),(1 1,1 2,2 2,2 1,1 1))'';\nmysql> SELECT AsText(InteriorRingN(GeomFromText(@poly),1));\n+----------------------------------------------+\n| AsText(InteriorRingN(GeomFromText(@poly),1)) |\n+----------------------------------------------+\n| LINESTRING(1 1,1 2,2 2,2 1,1 1)              |\n+----------------------------------------------+', '');
INSERT INTO `help_topic` VALUES (321, 'UTC_TIME', 14, '   UTC_TIME\n   UTC_TIME()\nReturns the current UTC time as a value in ''HH:MM:SS'' or HHMMSS\nformat, depending on whether the function is used in a string or numeric\ncontext.\n', 'mysql> SELECT UTC_TIME(), UTC_TIME() + 0;\n        -> ''18:07:53'', 180753', '');
INSERT INTO `help_topic` VALUES (322, 'STDDEV', 12, '   STD(expr)\n   STDDEV(expr)\nReturns the population standard deviation of expr.  This is an\nextension to standard SQL. The STDDEV() form of this function is\nprovided for Oracle compatibility. As of MySQL 5.0.3, the standard SQL\nfunction STDDEV_POP() can be used instead.\n', '', '');
INSERT INTO `help_topic` VALUES (323, 'PERIOD_ADD', 14, '   PERIOD_ADD(P,N)\nAdds N months to period P (in the format YYMM or\nYYYYMM). Returns a value in the format YYYYMM.\nNote that the period argument P is /not/ a date value.\n', 'mysql> SELECT PERIOD_ADD(9801,2);\n        -> 199803', '');
INSERT INTO `help_topic` VALUES (324, '|', 27, '   |\nBitwise OR:\n', 'mysql> SELECT 29 | 15;\n        -> 31', '');
INSERT INTO `help_topic` VALUES (325, 'GEOMFROMTEXT', 3, '   GeomFromText(wkt[,srid])\n   GeometryFromText(wkt[,srid])\nConstructs a geometry value of any type using its WKT representation and SRID.\n', '', '');
INSERT INTO `help_topic` VALUES (326, 'RIGHT', 23, '   RIGHT(str,len)\nReturns the rightmost len characters from the string str.\n', 'mysql> SELECT RIGHT(''foobarbar'', 4);\n        -> ''rbar''', '');
INSERT INTO `help_topic` VALUES (327, 'DATEDIFF', 14, '   DATEDIFF(expr,expr2)\n\n\nDATEDIFF() returns the number of days between the start date\nexpr and the end date expr2.\nexpr and expr2 are date or date-and-time expressions.\nOnly the date parts of the values are used in the calculation.\n', 'mysql> SELECT DATEDIFF(''1997-12-31 23:59:59'',''1997-12-30'');\n        -> 1\nmysql> SELECT DATEDIFF(''1997-11-30 23:59:59'',''1997-12-31'');\n        -> -31', '');
INSERT INTO `help_topic` VALUES (328, 'BIN', 23, '   BIN(N)\nReturns a string representation of the binary value of N, where\nN is a longlong (BIGINT) number.  This is equivalent to\nCONV(N,10,2).  Returns NULL if N is NULL.\n', 'mysql> SELECT BIN(12);\n        -> ''1100''', '');
INSERT INTO `help_topic` VALUES (329, 'MULTILINESTRING', 2, '   MultiLineString(ls1,ls2,...)\nConstructs a WKB MultiLineString value using WKB LineString\narguments.  If any argument is not a WKB LineString, the return\nvalue is NULL.\n', '', '');
INSERT INTO `help_topic` VALUES (330, 'LOAD DATA', 6, 'The LOAD DATA INFILE statement reads rows from a text file into a\ntable at a very high speed.\nFor more information about the efficiency of INSERT versus\nLOAD DATA INFILE and speeding up LOAD DATA INFILE,\n[Insert speed].\n\nAs of MySQL 4.1, the character set indicated by the\ncharacter_set_database system variable is used to interpret the\ninformation in the file.  SET NAMES and the setting of\ncharacter_set_client do not affect input interpretation.\n\nYou can also load data files by using the mysqlimport utility; it\noperates by sending a LOAD DATA INFILE statement to the server.  The\n--local option causes mysqlimport to read data files from the\nclient host.  You can specify the --compress option to get better\nperformance over slow networks if the client and server support the\ncompressed protocol.\nSee also : [mysqlimport,  , mysqlimport].\n\nIf you specify the LOW_PRIORITY keyword, execution of the\nLOAD DATA statement is delayed until no other clients are reading\nfrom the table.\n\nIf you specify the CONCURRENT keyword with a MyISAM table that\nsatisfies the condition for concurrent inserts (that is, it contains no free\nblocks in the middle),\nthen other threads can retrieve data from the table while LOAD DATA\nis executing. Using this option affects the performance of LOAD DATA\na bit, even if no other thread is using the table at the same time.\n\nIf the LOCAL keyword is specified, it is\ninterpreted with respect to the client end of the connection:\n\n\n --- If LOCAL is specified, the file is read by the client program on the\nclient host and sent to the server. The file can be given as a full pathname\nto specify its exact location. If given as a relative pathname, the name is\ninterpreted relative to the directory in which the client program was started.\n\n --- If LOCAL is not specified, the\nfile must be located on the server host and is read directly by the server.\n\n\nLOCAL is available in MySQL 3.22.6 or later.\n\nWhen locating files on the server host, the server uses the following rules:\n\n --- If an absolute pathname is given, the server uses the pathname as is.\n\n --- If a relative pathname with one or more leading components is given,\nthe server searches for the file relative to the server''s data directory.\n\n --- If a filename with no leading components is given, the server looks for\nthe file in the database directory of the default database.\n\nNote that these rules mean that a file named as *./myfile.txt is read from\nthe server''s data directory, whereas the same file named as *myfile.txt is\nread from the database directory of the default database.  For example,\nthe following LOAD DATA statement reads the file *data.txt\nfrom the database directory for db1 because db1 is the current\ndatabase, even though the statement explicitly loads the file into a\ntable in the db2 database:\n\nmysql> USE db1;\nmysql> LOAD DATA INFILE ''data.txt'' INTO TABLE db2.my_table;\n\nNote that Windows pathnames are specified using forward slashes rather than\nbackslashes.  If you do use backslashes, you must double them.\n\nFor security reasons, when reading text files located on the server, the\nfiles must either reside in the database directory or be readable by all.\nAlso, to use LOAD DATA INFILE on server files, you must have the\nFILE privilege.\n', 'LOAD DATA [LOW_PRIORITY | CONCURRENT] [LOCAL] INFILE ''file_name.txt''\n    [REPLACE | IGNORE]\n    INTO TABLE tbl_name\n    [FIELDS\n        [TERMINATED BY ''\\t'']\n        [[OPTIONALLY] ENCLOSED BY '''']\n        [ESCAPED BY ''\\\\'' ]\n    ]\n    [LINES\n        [STARTING BY '''']\n        [TERMINATED BY ''\\n'']\n    ]\n    [IGNORE number LINES]\n    [(col_name,...)]', '');
INSERT INTO `help_topic` VALUES (331, 'BLOB TYPE', 1, '   BLOB[(M)]\n\nA BLOB column with a maximum length of 65,535\n(2^16 - 1) bytes.\n\nBeginning with MySQL 4.1, an optional length M can be given.\nMySQL will create the column as the smallest BLOB type largest\nenough to hold values M bytes long.\n', '', '');
INSERT INTO `help_topic` VALUES (332, 'LOCALTIME', 14, '   LOCALTIME\n   LOCALTIME()\n\nLOCALTIME and LOCALTIME() are synonyms for\nNOW().\n', '', '');
INSERT INTO `help_topic` VALUES (333, 'MPOINTFROMTEXT', 3, '   MPointFromText(wkt[,srid])\n   MultiPointFromText(wkt[,srid])\nConstructs a MULTIPOINT value using its WKT representation and SRID.\n', '', '');
INSERT INTO `help_topic` VALUES (334, 'BLOB', 1, 'A BLOB is a binary large object that can hold a variable amount of\ndata.  The four BLOB types, TINYBLOB, BLOB,\nMEDIUMBLOB, and LONGBLOB, differ only in the maximum length of\nthe values they can hold.\n', '', '');
INSERT INTO `help_topic` VALUES (335, 'PASSWORD', 17, '', 'mysql> SELECT PASSWORD(''badpwd'');\n        -> ''7f84554057dd964b''', '');
INSERT INTO `help_topic` VALUES (336, 'CHAR', 1, '   [NATIONAL] CHAR(M) [BINARY | ASCII | UNICODE]\n\nA fixed-length string that is always right-padded with spaces to the\nspecified length when stored.  M represents the column length.  The\nrange of M is 0 to 255 characters (1 to 255 prior to MySQL 3.23).\n\nNote: Trailing spaces are removed when CHAR values are\nretrieved.\n\nFrom MySQL 4.1.0 to 5.0.2, a CHAR column with a length specification\ngreater than 255 is converted to the smallest TEXT type that can hold\nvalues of the given length.  For example, CHAR(500) is converted to\nTEXT, and CHAR(200000) is converted to MEDIUMTEXT.\nThis is a compatibility feature.  However, this conversion causes the column\nto become a variable-length column, and also affects trailing-space removal.\n\nCHAR is shorthand for CHARACTER.\nNATIONAL CHAR (or its equivalent short form, NCHAR) is the\nstandard SQL way to define that a CHAR column should use the default\ncharacter set.  This is the default in MySQL.\n\nAs of MySQL 4.1.2, the BINARY attribute is shorthand for specifying\nthe binary collation of the column character set.  Sorting and comparison is\nbased on numeric character values.  Before 4.1.2, BINARY attribute\ncauses the column to be treated as a binary string.  Sorting and comparison\nis based on numeric byte values.\n\nFrom MySQL 4.1.0 on, column type CHAR BYTE is an alias for\nCHAR BINARY. This is a compatibility feature.\n\nFrom MySQL 4.1.0 on, the ASCII attribute can be specified for\nCHAR. It assigns the latin1 character set.\n\nFrom MySQL 4.1.1 on, the UNICODE attribute can be specified for\nCHAR. It assigns the ucs2 character set.\n\nMySQL allows you to create a column of type CHAR(0). This is mainly\nuseful when you have to be compliant with some old applications that depend\non the existence of a column but that do not actually use the value.  This\nis also quite nice when you need a column that can take only two values: A\nCHAR(0) column that is not defined as NOT NULL occupies only\none bit and can take only the values NULL and '''' (the empty\nstring).\n\n   CHAR\nThis is a synonym for CHAR(1).\n', '', '');
INSERT INTO `help_topic` VALUES (337, 'UTC_DATE', 14, '   UTC_DATE\n   UTC_DATE()\nReturns the current UTC date as a value in ''YYYY-MM-DD'' or\nYYYYMMDD format, depending on whether the function is used in a\nstring or numeric context.\n', 'mysql> SELECT UTC_DATE(), UTC_DATE() + 0;\n        -> ''2003-08-14'', 20030814', '');
INSERT INTO `help_topic` VALUES (338, 'DIMENSION', 19, '   Dimension(g)\nReturns the inherent dimension of the geometry value g. The result\ncan be -1, 0, 1, or 2. (The meaning of these values is given in\n[GIS class geometry].)\n', 'mysql> SELECT Dimension(GeomFromText(''LineString(1 1,2 2)''));\n+------------------------------------------------+\n| Dimension(GeomFromText(''LineString(1 1,2 2)'')) |\n+------------------------------------------------+\n|                                              1 |\n+------------------------------------------------+', '');
INSERT INTO `help_topic` VALUES (339, 'COUNT DISTINCT', 12, '   COUNT(DISTINCT expr,[expr...])\nReturns a count of the number of different non-NULL values.\n', 'mysql> SELECT COUNT(DISTINCT results) FROM student;', '');
INSERT INTO `help_topic` VALUES (340, 'BIT', 1, '   BIT[(M)]\n\nA bit-field type. M indicates the number of bits per value, from 1 to\n64. The default is 1 if M is omitted.\n\nThis data type was added in MySQL 5.0.3 for MyISAM, and extended\nin 5.0.5 to MEMORY, InnoDB, and BDB.  Before 5.0.3,\nBIT is a synonym for TINYINT(1).\n', '', '');
INSERT INTO `help_topic` VALUES (341, 'EQUALS', 11, '   Equals(g1,g2)\nReturns 1 or 0 to indicate whether or not g1 is spatially equal to\ng2.\n', '', '');
INSERT INTO `help_topic` VALUES (342, 'SHOW CREATE VIEW', 24, 'This statement shows a CREATE VIEW statement that creates\nthe given view.\n', 'SHOW CREATE VIEW view_name', '');
INSERT INTO `help_topic` VALUES (343, 'INTERVAL', 26, '   INTERVAL(N,N1,N2,N3,...)\nReturns 0 if N < N1, 1 if N < N2\nand so on or -1 if N is NULL. All arguments are treated\nas integers.  It is required that N1 < N2 < N3 <\n... < Nn for this function to work correctly. This is because\na binary search is used (very fast).\n', 'mysql> SELECT INTERVAL(23, 1, 15, 17, 30, 44, 200);\n        -> 3\nmysql> SELECT INTERVAL(10, 1, 10, 100, 1000);\n        -> 2\nmysql> SELECT INTERVAL(22, 23, 30, 44, 200);\n        -> 0', '');
INSERT INTO `help_topic` VALUES (344, 'FROM_DAYS', 14, '   FROM_DAYS(N)\nGiven a daynumber N, returns a DATE value.\n', 'mysql> SELECT FROM_DAYS(729669);\n        -> ''1997-10-07''', '');
INSERT INTO `help_topic` VALUES (345, 'BIT_COUNT', 27, '   BIT_COUNT(N)\nReturns the number of bits that are set in the argument N.\n', 'mysql> SELECT BIT_COUNT(29);\n        -> 4', '');
INSERT INTO `help_topic` VALUES (346, 'UTC_TIMESTAMP', 14, '   UTC_TIMESTAMP\n   UTC_TIMESTAMP()\nReturns the current UTC date and time as a value in ''YYYY-MM-DD HH:MM:SS''\nor YYYYMMDDHHMMSS format, depending on whether the function is used in\na string or numeric context.\n', 'mysql> SELECT UTC_TIMESTAMP(), UTC_TIMESTAMP() + 0;\n        -> ''2003-08-14 18:08:04'', 20030814180804', '');
INSERT INTO `help_topic` VALUES (347, '+', 4, '   +\nAddition:\n', 'mysql> SELECT 3+5;\n        -> 8', '');
INSERT INTO `help_topic` VALUES (348, 'INET_NTOA', 21, '   INET_NTOA(expr)\nGiven a numeric network address (4 or 8 byte), returns the dotted-quad\nrepresentation of the address as a string.\n', 'mysql> SELECT INET_NTOA(3520061480);\n        -> ''209.207.224.40''', '');
INSERT INTO `help_topic` VALUES (349, 'ACOS', 4, '   ACOS(X)\nReturns the arc cosine of X, that is, the value whose cosine is\nX. Returns NULL if X is not in the range -1 to\n1.\n', 'mysql> SELECT ACOS(1);\n        -> 0.000000\nmysql> SELECT ACOS(1.0001);\n        -> NULL\nmysql> SELECT ACOS(0);\n        -> 1.570796', '');
INSERT INTO `help_topic` VALUES (350, 'ISOLATION', 10, 'SET [GLOBAL | SESSION] TRANSACTION ISOLATION LEVEL\n{ READ UNCOMMITTED | READ COMMITTED | REPEATABLE READ | SERIALIZABLE }\n\nThis statement\nsets the transaction isolation level for the next transaction, globally, or\nfor the current session.\n\nThe default behavior of SET TRANSACTION is to set the isolation level\nfor the next (not yet\nstarted) transaction.  If you use the GLOBAL keyword, the statement\nsets the default transaction level globally for all new connections\ncreated from that point on. Existing connections are unaffected.\nYou need the SUPER\nprivilege to do this.  Using the SESSION keyword sets the\ndefault transaction level for all future transactions performed on the\ncurrent connection.\n\nFor descriptions of each InnoDB transaction isolation level, see\n[InnoDB transaction isolation, InnoDB transaction isolation].\nInnoDB supports each of these levels\nfrom MySQL 4.0.5 on. The default level is REPEATABLE READ.\n\nYou can set the initial default global isolation level for mysqld with\nthe --transaction-isolation option.\nSee also : [Server options].\n', '', '');
INSERT INTO `help_topic` VALUES (351, 'CEILING', 4, '   CEILING(X)\n   CEIL(X)\nReturns the smallest integer value not less than X.\n', 'mysql> SELECT CEILING(1.23);\n        -> 2\nmysql> SELECT CEIL(-1.23);\n        -> -1', '');
INSERT INTO `help_topic` VALUES (352, 'SIN', 4, '   SIN(X)\nReturns the sine of X, where X is given in radians.\n', 'mysql> SELECT SIN(PI());\n        -> 0.000000', '');
INSERT INTO `help_topic` VALUES (353, 'DAYOFWEEK', 14, '   DAYOFWEEK(date)\nReturns the weekday index\nfor date (1 = Sunday, 2 = Monday, ..., 7 =\nSaturday).  These index values correspond to the ODBC standard.\n', 'mysql> SELECT DAYOFWEEK(''1998-02-03'');\n        -> 3', '');
INSERT INTO `help_topic` VALUES (354, 'LINEFROMWKB', 13, '   LineFromWKB(wkb[,srid])\n   LineStringFromWKB(wkb[,srid])\nConstructs a LINESTRING value using its WKB representation and SRID.\n', '', '');
INSERT INTO `help_topic` VALUES (355, 'GEOMETRYTYPE', 19, '   GeometryType(g)\nReturns as a string the name of the geometry type of which\nthe geometry instance g is a member.\nThe name corresponds to one of the instantiable Geometry subclasses.\n', 'mysql> SELECT GeometryType(GeomFromText(''POINT(1 1)''));\n+------------------------------------------+\n| GeometryType(GeomFromText(''POINT(1 1)'')) |\n+------------------------------------------+\n| POINT                                    |\n+------------------------------------------+', '');
INSERT INTO `help_topic` VALUES (356, 'GRANT TYPES', 7, 'For the GRANT and REVOKE statements, priv_type can be\nspecified as any of the following:\n\n     Privilege 	 Meaning\n   ALL [PRIVILEGES] 	 Sets all simple privileges except GRANT OPTION\n   ALTER  	 Allows use of ALTER TABLE\n   ALTER ROUTINE  	 Alter or drop stored routines\n   CREATE 	 Allows use of CREATE TABLE\n   CREATE ROUTINE 	 Create stored routines\n   CREATE TEMPORARY TABLES 	 Allows use of CREATE TEMPORARY TABLE\n   CREATE USER 	 Allows use of CREATE USER, DROP USER, RENAME USER, and REVOKE ALL PRIVILEGES.\n   CREATE VIEW 	 Allows use of CREATE VIEW\n   DELETE 	 Allows use of DELETE\n   DROP 	 Allows use of DROP TABLE\n   EXECUTE 	 Allows the user to run stored routines\n   FILE 	 Allows use of SELECT ... INTO OUTFILE and LOAD DATA INFILE\n   INDEX 	 Allows use of CREATE INDEX and DROP INDEX\n   INSERT 	 Allows use of INSERT\n   LOCK TABLES 	 Allows use of LOCK TABLES on tables for which you have the SELECT privilege\n   PROCESS 	 Allows use of SHOW FULL PROCESSLIST\n   REFERENCES 	 Not implemented\n   RELOAD 	 Allows use of FLUSH\n   REPLICATION CLIENT 	 Allows the user to ask where slave or master servers are\n   REPLICATION SLAVE 	 Needed for replication slaves (to read binary log events from the master)\n   SELECT 	 Allows use of SELECT\n   SHOW DATABASES 	 SHOW DATABASES shows all databases\n   SHOW VIEW 	 Allows use of SHOW CREATE VIEW\n   SHUTDOWN 	 Allows use of mysqladmin shutdown\n   SUPER 	 Allows use of CHANGE MASTER, KILL,\nPURGE MASTER LOGS, and SET GLOBAL statements, the mysqladmin debug command; allows you to connect (once) even if max_connections is reached\n   UPDATE 	 Allows use of UPDATE\n   USAGE 	 Synonym for ``no privileges''''\n   GRANT OPTION 	 Allows privileges to be granted\n  \n', '', '');
INSERT INTO `help_topic` VALUES (357, 'CREATE VIEW', 24, 'This statement creates a new view, or replaces an existing one if the\nOR REPLACE clause is given. The select_statement is a\nSELECT statement that provides the definition of the view.\nThe statement can select from base tables or other views.\n\nThis statement requires the CREATE VIEW privilege for the view, and\nsome privilege for each column selected by the SELECT statement.\nFor columns used elsewhere in the SELECT statement you must have\nthe SELECT privilege.  If the OR REPLACE clause is present,\nyou must also have the DELETE privilege for the view.\n\nA view belongs to a database.  By default, a new view is created in the\ncurrent database.  To create the view explicitly in a given database,\nspecify the name as db_name.view_name when you create it.\n\nmysql> CREATE VIEW test.v AS SELECT * FROM t;\n\nTables and views share the same namespace within a database, so a database\ncannot contain a table and a view that have the same name.\n\nViews must have unique column names with no duplicates, just like base\ntables.  By default, the names of the columns retrieved by the SELECT\nstatement are used for the view column names.  To define explicit names for\nthe view columns, the optional column_list clause can be given as a\nlist of comma-separated identifiers.  The number of names in\ncolumn_list must be the same as the number of columns retrieved by the\nSELECT statement.\n\nColumns retrieved by the SELECT statement can be simple references to\ntable columns. They can also be expressions that use functions, constant\nvalues, operators, and so forth.\n\nUnqualified table or view names in the SELECT statement are\ninterpreted with respect to the default database.  A view can refer to\ntables or views in other databases by qualifying the table or view name with\nthe proper database name.\n\nA view can be created from many kinds of SELECT statements.  It can\nrefer to base tables or other views.  It can use joins, UNION, and\nsubqueries.  The SELECT need not even refer to any tables. The\nfollowing example defines a view that selects two columns from another\ntable, as well as an expression calculated from those columns:\n\nmysql> CREATE TABLE t (qty INT, price INT);\nmysql> INSERT INTO t VALUES(3, 50);\nmysql> CREATE VIEW v AS SELECT qty, price, qty*price AS value FROM t;\nmysql> SELECT * FROM v;\n+------+-------+-------+\n| qty  | price | value |\n+------+-------+-------+\n|    3 |    50 |   150 |\n+------+-------+-------+\n\nA view definition is subject to the following restrictions:\n\n\n --- The SELECT statement cannot contain a subquery in the FROM\nclause.\n\n --- The SELECT statement cannot refer to system or user variables.\n\n --- The SELECT statement cannot refer to prepared statement parameters.\n\n --- Within a stored routine, the definition cannot refer to routine\nparameters or local variables.\n\n --- Any table or view referred to in the definition must exist.  However, after\na view has been created, it is possible to drop a table or view that the\ndefinition refers to.  To check a view definition for problems of this kind,\nuse the CHECK TABLE statement.\n\n --- The definition cannot refer to a TEMPORARY table, and you cannot\ncreate a TEMPORARY view.\n\n --- The tables named in the view definition must already exist.\n\n --- You cannot associate a trigger with a view.\n\n\nORDER BY is allowed in a view definition, but it is ignored if you\nselect from a view using a statement that has its own ORDER BY.\n\nFor other options or clauses in the definition, they are added to the\noptions or clauses of the statement that references the view, but the effect\nis undefined.  For example, if a view definition includes a LIMIT\nclause, and you select from the view using a statement that has its own\nLIMIT clause, it is undefined which limit applies.  This same\nprinciple applies to options such as ALL, DISTINCT, or\nSQL_SMALL_RESULT that follow the SELECT keyword, and to\nclauses such as INTO, FOR UPDATE, LOCK IN SHARE MODE,\nand PROCEDURE.\n\nIf you create a view and then change the query processing environment by\nchanging system variables, that may affect the results you get from the\nview:\n\nmysql> CREATE VIEW v AS SELECT CHARSET(CHAR(65)), COLLATION(CHAR(65));\nQuery OK, 0 rows affected (0.00 sec)\n\nmysql> SET NAMES ''latin1'';\nQuery OK, 0 rows affected (0.00 sec)\n\nmysql> SELECT * FROM v;\n+-------------------+---------------------+\n| CHARSET(CHAR(65)) | COLLATION(CHAR(65)) |\n+-------------------+---------------------+\n| latin1            | latin1_swedish_ci   |\n+-------------------+---------------------+\n1 row in set (0.00 sec)\n\nmysql> SET NAMES ''utf8'';\nQuery OK, 0 rows affected (0.00 sec)\n\nmysql> SELECT * FROM v;\n+-------------------+---------------------+\n| CHARSET(CHAR(65)) | COLLATION(CHAR(65)) |\n+-------------------+---------------------+\n| utf8              | utf8_general_ci     |\n+-------------------+---------------------+\n1 row in set (0.00 sec)\n\nThe optional ALGORITHM clause is a MySQL extension to standard SQL.\nALGORITHM takes three values: MERGE, TEMPTABLE, or\nUNDEFINED. The default algorithm is UNDEFINED if no\nALGORITHM clause is present.  The algorithm affects how MySQL\nprocesses the view.\n\nFor MERGE, the text of a statement that refers to the view and the view\ndefinition are merged such that parts of the view definition replace\ncorresponding parts of the statement.\n\nFor TEMPTABLE, the results from the view are retrieved into a\ntemporary table, which then is used to execute the statement.\n\nFor UNDEFINED, MySQL chooses which algorithm to use.  It prefers\nMERGE over TEMPTABLE if possible, because MERGE is\nusually more efficient and because a view cannot be updatable if a temporary\ntable is used.\n\nA reason to choose TEMPTABLE explicitly is that locks can be released\non underlying tables after the temporary table has been created and before\nit is used to finish processing the statement.  This might result in quicker\nlock release than the MERGE algorithm so that other clients that use\nthe view are not blocked as long.\n\nA view algorithm can be UNDEFINED three ways:\n\n\n --- No ALGORITHM clause is present in the CREATE VIEW statement.\n\n --- The CREATE VIEW statement has an explicit ALGORITHM = UNDEFINED\nclause.\n\n --- ALGORITHM = MERGE is specified for a view that can be processed only\nwith a temporary table.  In this case, MySQL generates a warning and sets\nthe algorithm to UNDEFINED.\n\n\n\nAs mentioned earlier, MERGE is handled by merging corresponding parts\nof a view definition into the statement that refers to the view.  The\nfollowing examples briefly illustrate how the MERGE algorithm works.\nThe examples assume that there is a view v_merge that has this\ndefinition:\n\nCREATE ALGORITHM = MERGE VIEW v_merge (vc1, vc2) AS\nSELECT c1, c2 FROM t WHERE c3 > 100;\n\nExample 1: Suppose that we issue this statement:\n\nSELECT * FROM v_merge;\n\nMySQL handles the statement as follows:\n\n\n --- v_merge becomes t\n\n --- * becomes vc1, vc2, which corresponds to c1, c2\n\n --- The view WHERE clause is added\n\n\nThe resulting statement to be executed becomes:\n\nSELECT c1, c2 FROM t WHERE c3 > 100;\n\nExample 2: Suppose that we issue this statement:\n\nSELECT * FROM v_merge WHERE vc1 < 100;\n\nThis statement is handled similarly to the previous one, except that\nvc1 < 100 becomes c1 < 100 and the view WHERE clause is\nadded to the statement WHERE clause using an AND connective\n(and parentheses are added to make sure the parts of the clause are executed\nwith correct precedence).  The resulting statement to be executed becomes:\n\nSELECT c1, c2 FROM t WHERE (c3 > 100) AND (c1 < 100);\n\nEffectively, the statement to be executed has a WHERE clause of this\nform:\n\nWHERE (select WHERE) AND (view WHERE)\n\nThe MERGE algorithm requires a one-to relationship between the rows\nin the view and the rows in the underlying table. If this relationship does\nnot hold, a temporary table must be used instead.  Lack of a one-to-one\nrelationship occurs if the view contains any of a number of constructs:\n\n\n --- Aggregate functions (SUM(), MIN(), MAX(),\nCOUNT(), and so forth)\n\n --- DISTINCT\n\n --- GROUP BY\n\n --- HAVING\n\n --- UNION or UNION ALL\n\n --- Refers only to literal values (in this case, there is no underlying table)\n\n\nSome views are updatable. That is, you can use them in statements such as\nUPDATE, DELETE, or INSERT to update the contents of the\nunderlying table.  For a view to be updatable, there must be a one-to\nrelationship between the rows in the view and the rows in the underlying\ntable.  There are also certain other constructs that make a view\nnon-updatable. To be more specific, a view is not updatable if it contains\nany of the following:\n\n\n --- Aggregate functions (SUM(), MIN(), MAX(),\nCOUNT(), and so forth)\n\n --- DISTINCT\n\n --- GROUP BY\n\n --- HAVING\n\n --- UNION or UNION ALL\n\n --- Subquery in the select list\n\n --- Join\n\n --- Non-updatable view in the FROM clause\n\n --- A subquery in the WHERE clause that refers to a table in the\nFROM clause\n\n --- Refers only to literal values (in this case, there is no underlying table to\nupdate)\n\n --- ALGORITHM = TEMPTABLE (use of a temporary table always makes a view\nnon-updatable)\n\n\nWith respect to insertability (being updatable with INSERT\nstatements), an updatable view is insertable if it also satisfies these\nadditional requirements for the view columns:\n\n\n --- There must be no duplicate view column names.\n\n --- The view must contain all columns in the base table that do not have a\ndefault value.\n\n --- The view columns must be simple column references and not derived columns.\nA derived column is one that is not a simple column reference but is derived\nfrom an expression.  These are examples of derived columns:\n\n3.14159\ncol1 + 3\nUPPER(col2)\ncol3 / col4\n(subquery)\n\n\nA view that has a mix of simple column references and derived columns is not\ninsertable, but it can be updatable if you update only those columns that\nare not derived.  Consider this view:\n\nCREATE VIEW v AS SELECT col1, 1 AS col2 FROM t;\n\nThis view is not insertable because col2 is derived from an\nexpression. But it is updatable if the update does not try to update\ncol2.  This update is allowable:\n\nUPDATE v SET col1 = 0;\n\nThis update is not allowable because it attempts to update a derived column:\n\nUPDATE v SET col2 = 0;\n\nIt is sometimes possible for a multiple-table view to be updatable, assuming\nthat it can be processed with the MERGE algorithm.  For this to work,\nthe view must use an inner join (not an outer join or a UNION). Also,\nonly a single table in the view definition can be updated, so the SET\nclause must name only columns from one of the tables in the view.  Views\nthat use UNION ALL are disallowed even though they might be\ntheoretically updatable, because the implementation uses temporary tables to\nprocess them.\n\n\nFor a multiple-table updatable view, INSERT can work if it inserts into a\nsingle table.  DELETE is not supported.\n\nThe WITH CHECK OPTION clause can be given for an updatable view to\nprevent inserts or updates to rows except those for which the WHERE\nclause in the select_statement is true.\n', '', '');
INSERT INTO `help_topic` VALUES (358, 'TRIM', 23, '   TRIM([{BOTH | LEADING | TRAILING} [remstr] FROM] str)\n   TRIM(remstr FROM] str)\nReturns the string str with all remstr prefixes and/or suffixes\nremoved. If none of the specifiers BOTH, LEADING, or\nTRAILING is given, BOTH is assumed. If remstr is optional\nand not specified, spaces are removed.\n', 'mysql> SELECT TRIM(''  bar   '');\n        -> ''bar''\nmysql> SELECT TRIM(LEADING ''x'' FROM ''xxxbarxxx'');\n        -> ''barxxx''\nmysql> SELECT TRIM(BOTH ''x'' FROM ''xxxbarxxx'');\n        -> ''bar''\nmysql> SELECT TRIM(TRAILING ''xyz'' FROM ''barxxyz'');\n        -> ''barx''', '');
INSERT INTO `help_topic` VALUES (359, 'IS', 26, '   IS boolean_value\n   IS NOT boolean_value\nTests whether a value against a boolean value, where boolean_value can\nbe TRUE, FALSE, or UNKNOWN.\n', 'mysql> SELECT 1 IS TRUE, 0 IS FALSE, NULL IS UNKNOWN;\n        -> 1, 1, 1\nmysql> SELECT 1 IS NOT UNKNOWN, 0 IS NOT UNKNOWN, NULL IS NOT UNKNOWN;\n        -> 1, 1, 0', '');
INSERT INTO `help_topic` VALUES (360, 'GET_FORMAT', 14, '   GET_FORMAT(DATE|TIME|DATETIME, ''EUR''|''USA''|''JIS''|''ISO''|''INTERNAL'')\nReturns a format string. This function is useful in combination with the\nDATE_FORMAT() and the STR_TO_DATE() functions.\nThe three possible values for the first argument\nand the five possible values for the second argument result in 15 possible\nformat strings (for the specifiers used, see the table in the\nDATE_FORMAT() function description).\n     Function Call 	 Result\n   GET_FORMAT(DATE,''USA'') 	 ''%m.%d.%Y''\n   GET_FORMAT(DATE,''JIS'') 	 ''%Y-%m-%d''\n   GET_FORMAT(DATE,''ISO'') 	 ''%Y-%m-%d''\n   GET_FORMAT(DATE,''EUR'') 	 ''%d.%m.%Y''\n   GET_FORMAT(DATE,''INTERNAL'') 	 ''%Y%m%d''\n   GET_FORMAT(DATETIME,''USA'') 	 ''%Y-%m-%d-%H.%i.%s''\n   GET_FORMAT(DATETIME,''JIS'') 	 ''%Y-%m-%d %H:%i:%s''\n   GET_FORMAT(DATETIME,''ISO'') 	 ''%Y-%m-%d %H:%i:%s''\n   GET_FORMAT(DATETIME,''EUR'') 	 ''%Y-%m-%d-%H.%i.%s''\n   GET_FORMAT(DATETIME,''INTERNAL'') 	 ''%Y%m%d%H%i%s''\n   GET_FORMAT(TIME,''USA'') 	 ''%h:%i:%s %p''\n   GET_FORMAT(TIME,''JIS'') 	 ''%H:%i:%s''\n   GET_FORMAT(TIME,''ISO'') 	 ''%H:%i:%s''\n   GET_FORMAT(TIME,''EUR'') 	 ''%H.%i.%S''\n   GET_FORMAT(TIME,''INTERNAL'') 	 ''%H%i%s''\n  \nISO format is ISO 9075, not ISO 8601.\n\nAs of MySQL 4.1.4, TIMESTAMP can also be used;\nGET_FORMAT() returns the same values as for DATETIME.\n', 'mysql> SELECT DATE_FORMAT(''2003-10-03'',GET_FORMAT(DATE,''EUR''));\n        -> ''03.10.2003''\nmysql> SELECT STR_TO_DATE(''10.31.2003'',GET_FORMAT(DATE,''USA''));\n        -> 2003-10-31\n@c Following is commented out because not yet implemented\n@c mysql> SET DATE_FORMAT=GET_FORMAT(DATE, ''USA''); SELECT ''2003-10-31'';\n@c         -> 10-31-2003', '');
INSERT INTO `help_topic` VALUES (361, 'TINYBLOB', 1, '   TINYBLOB\n\nA BLOB column with a maximum length of 255\n(2^8 - 1) bytes.\n', '', '');
INSERT INTO `help_topic` VALUES (362, 'SAVEPOINT', 10, 'SAVEPOINT identifier\nROLLBACK TO SAVEPOINT identifier\n\nStarting from MySQL 4.0.14 and 4.1.1, InnoDB supports the SQL statements\nSAVEPOINT and ROLLBACK TO SAVEPOINT.\n', '', '');
INSERT INTO `help_topic` VALUES (363, 'IF', 9, '   IF(expr1,expr2,expr3)\nIf expr1 is TRUE (expr1 <> 0 and expr1 <> NULL) then\nIF() returns expr2, else it returns expr3.\nIF() returns a numeric or string value, depending on the context\nin which it is used.\n', 'mysql> SELECT IF(1>2,2,3);\n        -> 3\nmysql> SELECT IF(1<2,''yes'',''no'');\n        -> ''yes''\nmysql> SELECT IF(STRCMP(''test'',''test1''),''no'',''yes'');\n        -> ''no''', '');
INSERT INTO `help_topic` VALUES (364, 'PURGE', 6, '', 'PURGE MASTER LOGS TO ''mysql-bin.010'';\nPURGE MASTER LOGS BEFORE ''2003-04-02 22:46:26'';', '');
INSERT INTO `help_topic` VALUES (365, 'USER', 25, '   USER()\n\nReturns the current MySQL username and hostname.\n', 'mysql> SELECT USER();\n        -> ''davida@localhost''', '');
INSERT INTO `help_topic` VALUES (366, 'MPOINTFROMWKB', 13, '   MPointFromWKB(wkb[,srid])\n   MultiPointFromWKB(wkb[,srid])\nConstructs a MULTIPOINT value using its WKB representation and SRID.\n', '', '');
INSERT INTO `help_topic` VALUES (367, 'ALTER TABLE', 28, 'ALTER TABLE allows you to change the structure of an existing table.\nFor example, you can add or delete columns, create or destroy indexes, change\nthe type of existing columns, or rename columns or the table itself.  You can\nalso change the comment for the table and type of the table.\n', 'ALTER [IGNORE] TABLE tbl_name\n    alter_specification [, alter_specification] ...\n\nalter_specification:\n    ADD [COLUMN] column_definition [FIRST | AFTER col_name ]\n  | ADD [COLUMN] (column_definition,...)\n  | ADD INDEX [index_name] [index_type] (index_col_name,...)\n  | ADD [CONSTRAINT [symbol]]\n        PRIMARY KEY [index_type] (index_col_name,...)\n  | ADD [CONSTRAINT [symbol]]\n        UNIQUE [index_name] [index_type] (index_col_name,...)\n  | ADD [FULLTEXT|SPATIAL] [index_name] (index_col_name,...)\n  | ADD [CONSTRAINT [symbol]]\n        FOREIGN KEY [index_name] (index_col_name,...)\n        [reference_definition]\n  | ALTER [COLUMN] col_name {SET DEFAULT literal | DROP DEFAULT}\n  | CHANGE [COLUMN] old_col_name column_definition\n        [FIRST|AFTER col_name]\n  | MODIFY [COLUMN] column_definition [FIRST | AFTER col_name]\n  | DROP [COLUMN] col_name\n  | DROP PRIMARY KEY\n  | DROP INDEX index_name\n  | DROP FOREIGN KEY fk_symbol\n  | DISABLE KEYS\n  | ENABLE KEYS\n  | RENAME [TO] new_tbl_name\n  | ORDER BY col_name\n  | CONVERT TO CHARACTER SET charset_name [COLLATE collation_name]\n  | [DEFAULT] CHARACTER SET charset_name [COLLATE collation_name]\n  | DISCARD TABLESPACE\n  | IMPORT TABLESPACE\n  | table_options', '');
INSERT INTO `help_topic` VALUES (368, 'CHAR BYTE', 22, 'CHAR BYTE is an alias for CHAR BINARY.\n', '', '');
INSERT INTO `help_topic` VALUES (369, 'MERGE', 7, '\n@menu\n* MERGE table problems::        MERGE Table Problems\n@end menu\n\nThe MERGE storage engine was introduced in MySQL 3.23.25. It\nis also known as the MRG_MyISAM engine.\n\nA MERGE table is a collection of identical MyISAM tables that\ncan be used as one.  ``Identical'''' means that all tables have\nidentical column and index information.  You can''t merge tables in which the\ncolumns are listed in a different order, don''t have exactly the same columns, or\nhave the indexes in different order.  However, any or all of the tables can be\ncompressed with myisampack.\nSee also : [myisampack, , myisampack].\nDifferences in table options such as AVG_ROW_LENGTH, MAX_ROWS,\nor PACK_KEYS do not matter.\n', 'mysql> CREATE TABLE t1 (\n    ->    a INT NOT NULL AUTO_INCREMENT PRIMARY KEY,\n    ->    message CHAR(20));\nmysql> CREATE TABLE t2 (\n    ->    a INT NOT NULL AUTO_INCREMENT PRIMARY KEY,\n    ->    message CHAR(20));\nmysql> INSERT INTO t1 (message) VALUES (''Testing''),(''table''),(''t1'');\nmysql> INSERT INTO t2 (message) VALUES (''Testing''),(''table''),(''t2'');\nmysql> CREATE TABLE total (\n    ->    a INT NOT NULL AUTO_INCREMENT,\n    ->    message CHAR(20), INDEX(a))\n    ->    TYPE=MERGE UNION=(t1,t2) INSERT_METHOD=LAST;', '');
INSERT INTO `help_topic` VALUES (370, 'CREATE TABLE', 28, 'CREATE TABLE creates a table with the given name.\nYou must have the CREATE privilege for the table.\n\nRules for allowable table names are given in [Legal names].\nBy default, the table is created in the current database.\nAn error occurs if the table exists, if there is no current database,\nor if the database does not exist.\n', 'CREATE [TEMPORARY] TABLE [IF NOT EXISTS] tbl_name\n    [(create_definition,...)]\n    [table_options] [select_statement]', '');
INSERT INTO `help_topic` VALUES (371, '>', 26, '   >\nGreater than:\n', 'mysql> SELECT 2 > 2;\n        -> 0', '');
INSERT INTO `help_topic` VALUES (372, 'MICROSECOND', 14, '   MICROSECOND(expr)\n\nReturns the microseconds from the time or datetime expression expr as a\nnumber in the range from 0 to 999999.\n', 'mysql> SELECT MICROSECOND(''12:00:00.123456'');\n        -> 123456\nmysql> SELECT MICROSECOND(''1997-12-31 23:59:59.000010'');\n        -> 10', '');
INSERT INTO `help_topic` VALUES (373, 'ANALYZE', 7, 'This statement analyzes and stores the key distribution for a table.\nDuring the analysis, the table is locked with a read lock.  This works on\nMyISAM and BDB tables and (as of MySQL 4.0.13) InnoDB\ntables. For MyISAM tables, this\nstatement is equivalent to using myisamchk -a.\n\nMySQL uses the stored key distribution to decide the order in which\ntables should be joined when you perform a join on something other than a\nconstant.\n', 'ANALYZE [LOCAL | NO_WRITE_TO_BINLOG] TABLE tbl_name [, tbl_name] ...', '');
INSERT INTO `help_topic` VALUES (374, 'CONSTRAINT', 7, 'The syntax of a foreign key constraint definition in InnoDB looks like\nthis:\n\n[CONSTRAINT symbol] FOREIGN KEY [id] (index_col_name, ...)\n    REFERENCES tbl_name (index_col_name, ...)\n    [ON DELETE {RESTRICT | CASCADE | SET NULL | NO ACTION | SET DEFAULT}]\n    [ON UPDATE {RESTRICT | CASCADE | SET NULL | NO ACTION | SET DEFAULT}]\n', 'CREATE TABLE product (category INT NOT NULL, id INT NOT NULL,\n                      price DECIMAL,\n                      PRIMARY KEY(category, id)) TYPE=INNODB;\nCREATE TABLE customer (id INT NOT NULL,\n                      PRIMARY KEY (id)) TYPE=INNODB;\nCREATE TABLE product_order (no INT NOT NULL AUTO_INCREMENT,\n                      product_category INT NOT NULL,\n                      product_id INT NOT NULL,\n                      customer_id INT NOT NULL,\n                      PRIMARY KEY(no),\n                      INDEX (product_category, product_id),\n                      FOREIGN KEY (product_category, product_id)\n                        REFERENCES product(category, id)\n                        ON UPDATE CASCADE ON DELETE RESTRICT,\n                      INDEX (customer_id),\n                      FOREIGN KEY (customer_id)\n                        REFERENCES customer(id)) TYPE=INNODB;', '');
INSERT INTO `help_topic` VALUES (375, 'FIELD', 23, '   FIELD(str,str1,str2,str3,...)\nReturns the index of str in the str1, str2,\nstr3, ... list.\nReturns 0 if str is not found.\n\nIf all arguments to FIELD() are strings, all arguments are compared\nas strings. If all arguments are numbers, they are compared as\nnumbers.  Otherwise, the arguments are compared as double.\n\nIf str is NULL, the return value is 0 because\nNULL fails equality comparison with any value.\nFIELD() is the complement of ELT().\n', 'mysql> SELECT FIELD(''ej'', ''Hej'', ''ej'', ''Heja'', ''hej'', ''foo'');\n        -> 2\nmysql> SELECT FIELD(''fo'', ''Hej'', ''ej'', ''Heja'', ''hej'', ''foo'');\n        -> 0', '');
INSERT INTO `help_topic` VALUES (376, 'MAKETIME', 14, '   MAKETIME(hour,minute,second)\n\nReturns a time value calculated from the hour, minute, and\nsecond arguments.\n', 'mysql> SELECT MAKETIME(12,15,30);\n        -> ''12:15:30''', '');
INSERT INTO `help_topic` VALUES (377, 'CURDATE', 14, '   CURDATE()\n\nReturns the current date as a value in ''YYYY-MM-DD'' or YYYYMMDD\nformat, depending on whether the function is used in a string or numeric\ncontext.\n', 'mysql> SELECT CURDATE();\n        -> ''1997-12-15''\nmysql> SELECT CURDATE() + 0;\n        -> 19971215', '');
INSERT INTO `help_topic` VALUES (378, 'MIN MAX', 12, '   MIN([DISTINCT] expr)\n   MAX([DISTINCT] expr)\nReturns the minimum or maximum value of expr.  MIN() and\nMAX() may take a string argument; in such cases they return the\nminimum or maximum string value. See also : [MySQL indexes].\nThe DISTINCT keyword can be used as of MySQL 5.0.0 to find the minimum\nor maximum of the distinct values of expr; this is supported, but\nproduces the same result as omitting DISTINCT.\n', 'mysql> SELECT student_name, MIN(test_score), MAX(test_score)\n    ->        FROM student\n    ->        GROUP BY student_name;', '');
INSERT INTO `help_topic` VALUES (379, 'SET PASSWORD', 7, '', 'SET PASSWORD = PASSWORD(''some password'')\nSET PASSWORD FOR user = PASSWORD(''some password'')', '');
INSERT INTO `help_topic` VALUES (380, 'ENUM', 1, '   ENUM(''value1'',''value2'',...)\n\nAn enumeration.  A string object that can have only one value, chosen\nfrom the list of values ''value1'', ''value2'', ...,\nNULL or the special '''' error value.  An ENUM column can\nhave a maximum of 65,535 distinct values.\nENUM values are represented internally as integers.\n', '', '');
INSERT INTO `help_topic` VALUES (381, 'DATABASE', 25, '   DATABASE()\nReturns the default (current) database name.\nAs of MySQL 4.1, the string has the utf8 character set.\n', 'mysql> SELECT DATABASE();\n        -> ''test''', '');
INSERT INTO `help_topic` VALUES (382, 'POINTFROMWKB', 13, '   PointFromWKB(wkb[,srid])\nConstructs a POINT value using its WKB representation and SRID.\n', '', '');
INSERT INTO `help_topic` VALUES (383, 'POWER', 4, '   POW(X,Y)\n   POWER(X,Y)\nReturns the value of X raised to the power of Y.\n', 'mysql> SELECT POW(2,2);\n        -> 4.000000\nmysql> SELECT POW(2,-2);\n        -> 0.250000', '');
INSERT INTO `help_topic` VALUES (384, 'ATAN', 4, '   ATAN(X)\nReturns the arc tangent of X, that is, the value whose tangent is\nX.\n', 'mysql> SELECT ATAN(2);\n        -> 1.107149\nmysql> SELECT ATAN(-2);\n        -> -1.107149', '');
INSERT INTO `help_topic` VALUES (385, 'STRCMP', 23, '   STRCMP(expr1,expr2)\nSTRCMP()\nreturns 0 if the strings are the same, -1 if the first\nargument is smaller than the second according to the current sort order,\nand 1 otherwise.\n', 'mysql> SELECT STRCMP(''text'', ''text2'');\n        -> -1\nmysql> SELECT STRCMP(''text2'', ''text'');\n        -> 1\nmysql> SELECT STRCMP(''text'', ''text'');\n        -> 0', '');
INSERT INTO `help_topic` VALUES (386, 'INSERT DELAYED', 6, 'The DELAYED option for the INSERT statement is a\nMySQL extension to standard SQL that is very useful if you have clients\nthat can''t wait for the INSERT to complete.  This is a common\nproblem when you use MySQL for logging and you also\nperiodically run SELECT and UPDATE statements that take a\nlong time to complete.  DELAYED was introduced in MySQL\n3.22.15.\n\nWhen a client uses INSERT DELAYED, it gets an okay from the server at\nonce, and the row is queued to be inserted when the table is not in use by\nany other thread.\n\nAnother major benefit of using INSERT DELAYED is that inserts\nfrom many clients are bundled together and written in one block. This is much\nfaster than doing many separate inserts.\n\nThere are some constraints on the use of DELAYED:\n\n\n --- INSERT DELAYED works only with MyISAM and ISAM\ntables.\nFor MyISAM tables, if there are no free blocks in the middle of the\ndata file, concurrent SELECT and INSERT statements are supported.\nUnder these circumstances, you very seldom need to use INSERT\nDELAYED with MyISAM.\nSee also : [MyISAM  storage engine,  , MyISAM storage engine].\n\n --- INSERT DELAYED should be used only for INSERT statements that\nspecify value lists. This is enforced as of MySQL 4.0.18.  The server ignores\nDELAYED for INSERT DELAYED ... SELECT statements.\n\n --- The server ignores\nDELAYED for INSERT DELAYED ... ON DUPLICATE UPDATE statements.\n\n --- Because the statement returns immediately before the rows are inserted,\nyou cannot use LAST_INSERT_ID() to get the AUTO_INCREMENT\nvalue the statement might generate.\n\n --- DELAYED rows are not visible to SELECT statements until they\nactually have been inserted.\n', 'INSERT DELAYED ...', '');
INSERT INTO `help_topic` VALUES (387, 'MEDIUMTEXT', 1, '   MEDIUMTEXT\n\nA TEXT column with a maximum length of 16,777,215\n(2^24 - 1) characters.\n', '', '');
INSERT INTO `help_topic` VALUES (388, 'LN', 4, '   LN(X)\nReturns the natural logarithm of X.\n', 'mysql> SELECT LN(2);\n        -> 0.693147\nmysql> SELECT LN(-2);\n        -> NULL', '');
INSERT INTO `help_topic` VALUES (389, 'LOG', 4, '   LOG(X)\n   LOG(B,X)\nIf called with one parameter, this function returns the natural logarithm\nof X.\n', 'mysql> SELECT LOG(2);\n        -> 0.693147\nmysql> SELECT LOG(-2);\n        -> NULL', '');
INSERT INTO `help_topic` VALUES (390, 'SET SQL_LOG_BIN', 6, 'SET SQL_LOG_BIN = {0|1}\n\nDisables or enables binary logging for the current connection\n(SQL_LOG_BIN is a session variable)\nif the client connects using an account that has the SUPER privilege.\nThe statement is refused with an error if the client does not have that\nprivilege. (Before MySQL 4.1.2, the statement was simply ignored in that case.)\n', '', '');
INSERT INTO `help_topic` VALUES (391, '!=', 26, '   <>\n   !=\nNot equal:\n', 'mysql> SELECT ''.01'' <> ''0.01'';\n        -> 1\nmysql> SELECT .01 <> ''0.01'';\n        -> 0\nmysql> SELECT ''zapp'' <> ''zappp'';\n        -> 1', '');
INSERT INTO `help_topic` VALUES (392, 'AES_DECRYPT', 17, '   AES_ENCRYPT(str,key_str)\n   AES_DECRYPT(crypt_str,key_str)\nThese functions allow encryption and decryption of data using the official\nAES (Advanced Encryption Standard) algorithm, previously known as "Rijndael."\nEncoding with a 128-bit key length is used, but you can extend it up to\n256 bits by modifying the source. We chose 128 bits because it is much\nfaster and it is usually secure enough.\n\nThe input arguments may be any length. If either argument is NULL,\nthe result of this function is also NULL.\n\nBecause AES is a block-level algorithm, padding is used to encode uneven length\nstrings and so the result string length may be calculated as\n16*(trunc(string_length/16)+1).\n\nIf AES_DECRYPT() detects invalid data or incorrect padding, it\nreturns NULL. However, it is possible for AES_DECRYPT()\nto return a non-NULL value (possibly garbage) if the input data or\nthe key is invalid.\n\nYou can use the AES functions to store data in an encrypted form by\nmodifying your queries:\n', 'INSERT INTO t VALUES (1,AES_ENCRYPT(''text'',''password''));', '');
INSERT INTO `help_topic` VALUES (393, 'DAYNAME', 14, '   DAYNAME(date)\nReturns the name of the weekday for date.\n', 'mysql> SELECT DAYNAME(''1998-02-05'');\n        -> ''Thursday''', '');
INSERT INTO `help_topic` VALUES (394, 'COERCIBILITY', 25, '   COERCIBILITY(str)\nReturns the collation coercibility value of the string argument.\n', 'mysql> SELECT COERCIBILITY(''abc'' COLLATE latin1_swedish_ci);\n        -> 0\nmysql> SELECT COERCIBILITY(USER());\n        -> 3\nmysql> SELECT COERCIBILITY(''abc'');\n        -> 4', '');
INSERT INTO `help_topic` VALUES (395, 'INT', 1, '   INT[(M)] [UNSIGNED] [ZEROFILL]\n\nA normal-size integer. The signed range is -2147483648 to\n2147483647.  The unsigned range is 0 to 4294967295.\n\n   INTEGER[(M)] [UNSIGNED] [ZEROFILL]\n\nThis is a synonym for INT.\n', '', '');
INSERT INTO `help_topic` VALUES (396, 'RLIKE', 23, '   expr REGEXP pat\n   expr RLIKE pat\n\nPerforms a pattern match of a string expression expr against a pattern\npat.  The pattern can be an extended regular expression.  The syntax\nfor regular expressions is discussed in [Regexp].  Returns 1\nif expr matches pat, otherwise returns 0.  If either\nexpr or pat is NULL, the result is NULL.\nRLIKE is a synonym for REGEXP, provided for mSQL\ncompatibility.\n\nThe pattern need not be a literal string. For example, it can be specified\nas a string expression or table column.\n\nNote: Because MySQL uses the C escape syntax in strings (for example,\n''\\n'' to represent newline), you must double any ''\\'' that you\nuse in your REGEXP strings.\n\nAs of MySQL 3.23.4, REGEXP is not case sensitive for normal (not\nbinary) strings.\n', 'mysql> SELECT ''Monty!'' REGEXP ''m%y%%'';\n        -> 0\nmysql> SELECT ''Monty!'' REGEXP ''.*'';\n        -> 1\nmysql> SELECT ''new*\\n*line'' REGEXP ''new\\\\*.\\\\*line'';\n        -> 1\nmysql> SELECT ''a'' REGEXP ''A'', ''a'' REGEXP BINARY ''A'';\n        -> 1  0\nmysql> SELECT ''a'' REGEXP ''^[a-d]'';\n        -> 1', '');
INSERT INTO `help_topic` VALUES (397, 'GLENGTH', 18, '   GLength(ls)\nReturns as a double-precision number the length of the LineString\nvalue ls in its associated spatial reference.\n', 'mysql> SET @ls = ''LineString(1 1,2 2,3 3)'';\nmysql> SELECT GLength(GeomFromText(@ls));\n+----------------------------+\n| GLength(GeomFromText(@ls)) |\n+----------------------------+\n|            2.8284271247462 |\n+----------------------------+', '');
INSERT INTO `help_topic` VALUES (398, 'RADIANS', 4, '   RADIANS(X)\nReturns the argument X, converted from degrees to radians.\n', 'mysql> SELECT RADIANS(90);\n        -> 1.570796', '');
INSERT INTO `help_topic` VALUES (399, 'COLLATION', 25, '   COLLATION(str)\nReturns the collation for the character set of the string argument.\n', 'mysql> SELECT COLLATION(''abc'');\n        -> ''latin1_swedish_ci''\nmysql> SELECT COLLATION(_utf8''abc'');\n        -> ''utf8_general_ci''', '');
INSERT INTO `help_topic` VALUES (400, 'COALESCE', 26, '   COALESCE(value,...)\nReturns the first non-NULL value in the list.\n', 'mysql> SELECT COALESCE(NULL,1);\n        -> 1\nmysql> SELECT COALESCE(NULL,NULL,NULL);\n        -> NULL', '');
INSERT INTO `help_topic` VALUES (401, 'VERSION', 25, '   VERSION()\nReturns a string that indicates the MySQL server version.\nAs of MySQL 4.1, the string has the utf8 character set.\n', 'mysql> SELECT VERSION();\n        -> ''4.1.3-beta-log''', '');
INSERT INTO `help_topic` VALUES (402, 'MAKE_SET', 23, '   MAKE_SET(bits,str1,str2,...)\nReturns a set value (a string containing substrings separated by '',''\ncharacters) consisting of the strings that have the corresponding bit in\nbits set.  str1 corresponds to bit 0, str2 to bit 1,\nand so on.  NULL values in str1, str2, ...\nare not appended to the result.\n', 'mysql> SELECT MAKE_SET(1,''a'',''b'',''c'');\n        -> ''a''\nmysql> SELECT MAKE_SET(1 | 4,''hello'',''nice'',''world'');\n        -> ''hello,world''\nmysql> SELECT MAKE_SET(1 | 4,''hello'',''nice'',NULL,''world'');\n        -> ''hello''\nmysql> SELECT MAKE_SET(0,''a'',''b'',''c'');\n        -> ''''', '');
INSERT INTO `help_topic` VALUES (403, 'FIND_IN_SET', 23, '   FIND_IN_SET(str,strlist)\nReturns a value 1 to N if the string str is in the string list\nstrlist consisting of N substrings. A string list is a string\ncomposed of substrings separated by '','' characters. If the first\nargument is a constant string and the second is a column of type SET,\nthe FIND_IN_SET() function is optimized to use bit arithmetic.\nReturns 0 if str is not in strlist or if strlist\nis the empty string.  Returns NULL if either argument is NULL.\nThis function does not work properly if the first argument contains a comma\n('','') character.\n', 'mysql> SELECT FIND_IN_SET(''b'',''a,b,c,d'');\n        -> 2', '');

-- --------------------------------------------------------

-- 
-- Tabellenstruktur für Tabelle `host`
-- 

CREATE TABLE `host` (
  `Host` char(60) collate utf8_bin NOT NULL default '',
  `Db` char(64) collate utf8_bin NOT NULL default '',
  `Select_priv` enum('N','Y') collate utf8_bin NOT NULL default 'N',
  `Insert_priv` enum('N','Y') collate utf8_bin NOT NULL default 'N',
  `Update_priv` enum('N','Y') collate utf8_bin NOT NULL default 'N',
  `Delete_priv` enum('N','Y') collate utf8_bin NOT NULL default 'N',
  `Create_priv` enum('N','Y') collate utf8_bin NOT NULL default 'N',
  `Drop_priv` enum('N','Y') collate utf8_bin NOT NULL default 'N',
  `Grant_priv` enum('N','Y') collate utf8_bin NOT NULL default 'N',
  `References_priv` enum('N','Y') collate utf8_bin NOT NULL default 'N',
  `Index_priv` enum('N','Y') collate utf8_bin NOT NULL default 'N',
  `Alter_priv` enum('N','Y') collate utf8_bin NOT NULL default 'N',
  `Create_tmp_table_priv` enum('N','Y') collate utf8_bin NOT NULL default 'N',
  `Lock_tables_priv` enum('N','Y') collate utf8_bin NOT NULL default 'N',
  PRIMARY KEY  (`Host`,`Db`)
) ENGINE=MyISAM DEFAULT CHARSET=utf8 COLLATE=utf8_bin COMMENT='Host privileges;  Merged with database privileges';

-- 
-- Daten für Tabelle `host`
-- 


-- --------------------------------------------------------

-- 
-- Tabellenstruktur für Tabelle `tables_priv`
-- 

CREATE TABLE `tables_priv` (
  `Host` char(60) collate utf8_bin NOT NULL default '',
  `Db` char(64) collate utf8_bin NOT NULL default '',
  `User` char(16) collate utf8_bin NOT NULL default '',
  `Table_name` char(64) collate utf8_bin NOT NULL default '',
  `Grantor` char(77) collate utf8_bin NOT NULL default '',
  `Timestamp` timestamp NOT NULL default CURRENT_TIMESTAMP on update CURRENT_TIMESTAMP,
  `Table_priv` set('Select','Insert','Update','Delete','Create','Drop','Grant','References','Index','Alter') collate utf8_bin NOT NULL default '',
  `Column_priv` set('Select','Insert','Update','References') collate utf8_bin NOT NULL default '',
  PRIMARY KEY  (`Host`,`Db`,`User`,`Table_name`),
  KEY `Grantor` (`Grantor`)
) ENGINE=MyISAM DEFAULT CHARSET=utf8 COLLATE=utf8_bin COMMENT='Table privileges';

-- 
-- Daten für Tabelle `tables_priv`
-- 


-- --------------------------------------------------------

-- 
-- Tabellenstruktur für Tabelle `time_zone`
-- 

CREATE TABLE `time_zone` (
  `Time_zone_id` int(10) unsigned NOT NULL auto_increment,
  `Use_leap_seconds` enum('Y','N') NOT NULL default 'N',
  PRIMARY KEY  (`Time_zone_id`)
) ENGINE=MyISAM DEFAULT CHARSET=utf8 COMMENT='Time zones' AUTO_INCREMENT=6 ;

-- 
-- Daten für Tabelle `time_zone`
-- 

INSERT INTO `time_zone` VALUES (1, 'N');
INSERT INTO `time_zone` VALUES (2, 'N');
INSERT INTO `time_zone` VALUES (3, 'N');
INSERT INTO `time_zone` VALUES (4, 'Y');
INSERT INTO `time_zone` VALUES (5, 'N');

-- --------------------------------------------------------

-- 
-- Tabellenstruktur für Tabelle `time_zone_leap_second`
-- 

CREATE TABLE `time_zone_leap_second` (
  `Transition_time` bigint(20) NOT NULL default '0',
  `Correction` int(11) NOT NULL default '0',
  PRIMARY KEY  (`Transition_time`)
) ENGINE=MyISAM DEFAULT CHARSET=utf8 COMMENT='Leap seconds information for time zones';

-- 
-- Daten für Tabelle `time_zone_leap_second`
-- 

INSERT INTO `time_zone_leap_second` VALUES (78796800, 1);
INSERT INTO `time_zone_leap_second` VALUES (94694401, 2);
INSERT INTO `time_zone_leap_second` VALUES (126230402, 3);
INSERT INTO `time_zone_leap_second` VALUES (157766403, 4);
INSERT INTO `time_zone_leap_second` VALUES (189302404, 5);
INSERT INTO `time_zone_leap_second` VALUES (220924805, 6);
INSERT INTO `time_zone_leap_second` VALUES (252460806, 7);
INSERT INTO `time_zone_leap_second` VALUES (283996807, 8);
INSERT INTO `time_zone_leap_second` VALUES (315532808, 9);
INSERT INTO `time_zone_leap_second` VALUES (362793609, 10);
INSERT INTO `time_zone_leap_second` VALUES (394329610, 11);
INSERT INTO `time_zone_leap_second` VALUES (425865611, 12);
INSERT INTO `time_zone_leap_second` VALUES (489024012, 13);
INSERT INTO `time_zone_leap_second` VALUES (567993613, 14);
INSERT INTO `time_zone_leap_second` VALUES (631152014, 15);
INSERT INTO `time_zone_leap_second` VALUES (662688015, 16);
INSERT INTO `time_zone_leap_second` VALUES (709948816, 17);
INSERT INTO `time_zone_leap_second` VALUES (741484817, 18);
INSERT INTO `time_zone_leap_second` VALUES (773020818, 19);
INSERT INTO `time_zone_leap_second` VALUES (820454419, 20);
INSERT INTO `time_zone_leap_second` VALUES (867715220, 21);
INSERT INTO `time_zone_leap_second` VALUES (915148821, 22);

-- --------------------------------------------------------

-- 
-- Tabellenstruktur für Tabelle `time_zone_name`
-- 

CREATE TABLE `time_zone_name` (
  `Name` char(64) NOT NULL default '',
  `Time_zone_id` int(10) unsigned NOT NULL default '0',
  PRIMARY KEY  (`Name`)
) ENGINE=MyISAM DEFAULT CHARSET=utf8 COMMENT='Time zone names';

-- 
-- Daten für Tabelle `time_zone_name`
-- 

INSERT INTO `time_zone_name` VALUES ('MET', 1);
INSERT INTO `time_zone_name` VALUES ('UTC', 2);
INSERT INTO `time_zone_name` VALUES ('Universal', 2);
INSERT INTO `time_zone_name` VALUES ('Europe/Moscow', 3);
INSERT INTO `time_zone_name` VALUES ('leap/Europe/Moscow', 4);
INSERT INTO `time_zone_name` VALUES ('Japan', 5);

-- --------------------------------------------------------

-- 
-- Tabellenstruktur für Tabelle `time_zone_transition`
-- 

CREATE TABLE `time_zone_transition` (
  `Time_zone_id` int(10) unsigned NOT NULL default '0',
  `Transition_time` bigint(20) NOT NULL default '0',
  `Transition_type_id` int(10) unsigned NOT NULL default '0',
  PRIMARY KEY  (`Time_zone_id`,`Transition_time`)
) ENGINE=MyISAM DEFAULT CHARSET=utf8 COMMENT='Time zone transitions';

-- 
-- Daten für Tabelle `time_zone_transition`
-- 

INSERT INTO `time_zone_transition` VALUES (1, -1693706400, 0);
INSERT INTO `time_zone_transition` VALUES (1, -1680483600, 1);
INSERT INTO `time_zone_transition` VALUES (1, -1663455600, 2);
INSERT INTO `time_zone_transition` VALUES (1, -1650150000, 3);
INSERT INTO `time_zone_transition` VALUES (1, -1632006000, 2);
INSERT INTO `time_zone_transition` VALUES (1, -1618700400, 3);
INSERT INTO `time_zone_transition` VALUES (1, -938905200, 2);
INSERT INTO `time_zone_transition` VALUES (1, -857257200, 3);
INSERT INTO `time_zone_transition` VALUES (1, -844556400, 2);
INSERT INTO `time_zone_transition` VALUES (1, -828226800, 3);
INSERT INTO `time_zone_transition` VALUES (1, -812502000, 2);
INSERT INTO `time_zone_transition` VALUES (1, -796777200, 3);
INSERT INTO `time_zone_transition` VALUES (1, 228877200, 2);
INSERT INTO `time_zone_transition` VALUES (1, 243997200, 3);
INSERT INTO `time_zone_transition` VALUES (1, 260326800, 2);
INSERT INTO `time_zone_transition` VALUES (1, 276051600, 3);
INSERT INTO `time_zone_transition` VALUES (1, 291776400, 2);
INSERT INTO `time_zone_transition` VALUES (1, 307501200, 3);
INSERT INTO `time_zone_transition` VALUES (1, 323830800, 2);
INSERT INTO `time_zone_transition` VALUES (1, 338950800, 3);
INSERT INTO `time_zone_transition` VALUES (1, 354675600, 2);
INSERT INTO `time_zone_transition` VALUES (1, 370400400, 3);
INSERT INTO `time_zone_transition` VALUES (1, 386125200, 2);
INSERT INTO `time_zone_transition` VALUES (1, 401850000, 3);
INSERT INTO `time_zone_transition` VALUES (1, 417574800, 2);
INSERT INTO `time_zone_transition` VALUES (1, 433299600, 3);
INSERT INTO `time_zone_transition` VALUES (1, 449024400, 2);
INSERT INTO `time_zone_transition` VALUES (1, 465354000, 3);
INSERT INTO `time_zone_transition` VALUES (1, 481078800, 2);
INSERT INTO `time_zone_transition` VALUES (1, 496803600, 3);
INSERT INTO `time_zone_transition` VALUES (1, 512528400, 2);
INSERT INTO `time_zone_transition` VALUES (1, 528253200, 3);
INSERT INTO `time_zone_transition` VALUES (1, 543978000, 2);
INSERT INTO `time_zone_transition` VALUES (1, 559702800, 3);
INSERT INTO `time_zone_transition` VALUES (1, 575427600, 2);
INSERT INTO `time_zone_transition` VALUES (1, 591152400, 3);
INSERT INTO `time_zone_transition` VALUES (1, 606877200, 2);
INSERT INTO `time_zone_transition` VALUES (1, 622602000, 3);
INSERT INTO `time_zone_transition` VALUES (1, 638326800, 2);
INSERT INTO `time_zone_transition` VALUES (1, 654656400, 3);
INSERT INTO `time_zone_transition` VALUES (1, 670381200, 2);
INSERT INTO `time_zone_transition` VALUES (1, 686106000, 3);
INSERT INTO `time_zone_transition` VALUES (1, 701830800, 2);
INSERT INTO `time_zone_transition` VALUES (1, 717555600, 3);
INSERT INTO `time_zone_transition` VALUES (1, 733280400, 2);
INSERT INTO `time_zone_transition` VALUES (1, 749005200, 3);
INSERT INTO `time_zone_transition` VALUES (1, 764730000, 2);
INSERT INTO `time_zone_transition` VALUES (1, 780454800, 3);
INSERT INTO `time_zone_transition` VALUES (1, 796179600, 2);
INSERT INTO `time_zone_transition` VALUES (1, 811904400, 3);
INSERT INTO `time_zone_transition` VALUES (1, 828234000, 2);
INSERT INTO `time_zone_transition` VALUES (1, 846378000, 3);
INSERT INTO `time_zone_transition` VALUES (1, 859683600, 2);
INSERT INTO `time_zone_transition` VALUES (1, 877827600, 3);
INSERT INTO `time_zone_transition` VALUES (1, 891133200, 2);
INSERT INTO `time_zone_transition` VALUES (1, 909277200, 3);
INSERT INTO `time_zone_transition` VALUES (1, 922582800, 2);
INSERT INTO `time_zone_transition` VALUES (1, 941331600, 3);
INSERT INTO `time_zone_transition` VALUES (1, 954032400, 2);
INSERT INTO `time_zone_transition` VALUES (1, 972781200, 3);
INSERT INTO `time_zone_transition` VALUES (1, 985482000, 2);
INSERT INTO `time_zone_transition` VALUES (1, 1004230800, 3);
INSERT INTO `time_zone_transition` VALUES (1, 1017536400, 2);
INSERT INTO `time_zone_transition` VALUES (1, 1035680400, 3);
INSERT INTO `time_zone_transition` VALUES (1, 1048986000, 2);
INSERT INTO `time_zone_transition` VALUES (1, 1067130000, 3);
INSERT INTO `time_zone_transition` VALUES (1, 1080435600, 2);
INSERT INTO `time_zone_transition` VALUES (1, 1099184400, 3);
INSERT INTO `time_zone_transition` VALUES (1, 1111885200, 2);
INSERT INTO `time_zone_transition` VALUES (1, 1130634000, 3);
INSERT INTO `time_zone_transition` VALUES (1, 1143334800, 2);
INSERT INTO `time_zone_transition` VALUES (1, 1162083600, 3);
INSERT INTO `time_zone_transition` VALUES (1, 1174784400, 2);
INSERT INTO `time_zone_transition` VALUES (1, 1193533200, 3);
INSERT INTO `time_zone_transition` VALUES (1, 1206838800, 2);
INSERT INTO `time_zone_transition` VALUES (1, 1224982800, 3);
INSERT INTO `time_zone_transition` VALUES (1, 1238288400, 2);
INSERT INTO `time_zone_transition` VALUES (1, 1256432400, 3);
INSERT INTO `time_zone_transition` VALUES (1, 1269738000, 2);
INSERT INTO `time_zone_transition` VALUES (1, 1288486800, 3);
INSERT INTO `time_zone_transition` VALUES (1, 1301187600, 2);
INSERT INTO `time_zone_transition` VALUES (1, 1319936400, 3);
INSERT INTO `time_zone_transition` VALUES (1, 1332637200, 2);
INSERT INTO `time_zone_transition` VALUES (1, 1351386000, 3);
INSERT INTO `time_zone_transition` VALUES (1, 1364691600, 2);
INSERT INTO `time_zone_transition` VALUES (1, 1382835600, 3);
INSERT INTO `time_zone_transition` VALUES (1, 1396141200, 2);
INSERT INTO `time_zone_transition` VALUES (1, 1414285200, 3);
INSERT INTO `time_zone_transition` VALUES (1, 1427590800, 2);
INSERT INTO `time_zone_transition` VALUES (1, 1445734800, 3);
INSERT INTO `time_zone_transition` VALUES (1, 1459040400, 2);
INSERT INTO `time_zone_transition` VALUES (1, 1477789200, 3);
INSERT INTO `time_zone_transition` VALUES (1, 1490490000, 2);
INSERT INTO `time_zone_transition` VALUES (1, 1509238800, 3);
INSERT INTO `time_zone_transition` VALUES (1, 1521939600, 2);
INSERT INTO `time_zone_transition` VALUES (1, 1540688400, 3);
INSERT INTO `time_zone_transition` VALUES (1, 1553994000, 2);
INSERT INTO `time_zone_transition` VALUES (1, 1572138000, 3);
INSERT INTO `time_zone_transition` VALUES (1, 1585443600, 2);
INSERT INTO `time_zone_transition` VALUES (1, 1603587600, 3);
INSERT INTO `time_zone_transition` VALUES (1, 1616893200, 2);
INSERT INTO `time_zone_transition` VALUES (1, 1635642000, 3);
INSERT INTO `time_zone_transition` VALUES (1, 1648342800, 2);
INSERT INTO `time_zone_transition` VALUES (1, 1667091600, 3);
INSERT INTO `time_zone_transition` VALUES (1, 1679792400, 2);
INSERT INTO `time_zone_transition` VALUES (1, 1698541200, 3);
INSERT INTO `time_zone_transition` VALUES (1, 1711846800, 2);
INSERT INTO `time_zone_transition` VALUES (1, 1729990800, 3);
INSERT INTO `time_zone_transition` VALUES (1, 1743296400, 2);
INSERT INTO `time_zone_transition` VALUES (1, 1761440400, 3);
INSERT INTO `time_zone_transition` VALUES (1, 1774746000, 2);
INSERT INTO `time_zone_transition` VALUES (1, 1792890000, 3);
INSERT INTO `time_zone_transition` VALUES (1, 1806195600, 2);
INSERT INTO `time_zone_transition` VALUES (1, 1824944400, 3);
INSERT INTO `time_zone_transition` VALUES (1, 1837645200, 2);
INSERT INTO `time_zone_transition` VALUES (1, 1856394000, 3);
INSERT INTO `time_zone_transition` VALUES (1, 1869094800, 2);
INSERT INTO `time_zone_transition` VALUES (1, 1887843600, 3);
INSERT INTO `time_zone_transition` VALUES (1, 1901149200, 2);
INSERT INTO `time_zone_transition` VALUES (1, 1919293200, 3);
INSERT INTO `time_zone_transition` VALUES (1, 1932598800, 2);
INSERT INTO `time_zone_transition` VALUES (1, 1950742800, 3);
INSERT INTO `time_zone_transition` VALUES (1, 1964048400, 2);
INSERT INTO `time_zone_transition` VALUES (1, 1982797200, 3);
INSERT INTO `time_zone_transition` VALUES (1, 1995498000, 2);
INSERT INTO `time_zone_transition` VALUES (1, 2014246800, 3);
INSERT INTO `time_zone_transition` VALUES (1, 2026947600, 2);
INSERT INTO `time_zone_transition` VALUES (1, 2045696400, 3);
INSERT INTO `time_zone_transition` VALUES (1, 2058397200, 2);
INSERT INTO `time_zone_transition` VALUES (1, 2077146000, 3);
INSERT INTO `time_zone_transition` VALUES (1, 2090451600, 2);
INSERT INTO `time_zone_transition` VALUES (1, 2108595600, 3);
INSERT INTO `time_zone_transition` VALUES (1, 2121901200, 2);
INSERT INTO `time_zone_transition` VALUES (1, 2140045200, 3);
INSERT INTO `time_zone_transition` VALUES (3, -1688265000, 2);
INSERT INTO `time_zone_transition` VALUES (3, -1656819048, 1);
INSERT INTO `time_zone_transition` VALUES (3, -1641353448, 2);
INSERT INTO `time_zone_transition` VALUES (3, -1627965048, 3);
INSERT INTO `time_zone_transition` VALUES (3, -1618716648, 1);
INSERT INTO `time_zone_transition` VALUES (3, -1596429048, 3);
INSERT INTO `time_zone_transition` VALUES (3, -1593829848, 5);
INSERT INTO `time_zone_transition` VALUES (3, -1589860800, 4);
INSERT INTO `time_zone_transition` VALUES (3, -1542427200, 5);
INSERT INTO `time_zone_transition` VALUES (3, -1539493200, 6);
INSERT INTO `time_zone_transition` VALUES (3, -1525323600, 5);
INSERT INTO `time_zone_transition` VALUES (3, -1522728000, 4);
INSERT INTO `time_zone_transition` VALUES (3, -1491188400, 7);
INSERT INTO `time_zone_transition` VALUES (3, -1247536800, 4);
INSERT INTO `time_zone_transition` VALUES (3, 354920400, 5);
INSERT INTO `time_zone_transition` VALUES (3, 370728000, 4);
INSERT INTO `time_zone_transition` VALUES (3, 386456400, 5);
INSERT INTO `time_zone_transition` VALUES (3, 402264000, 4);
INSERT INTO `time_zone_transition` VALUES (3, 417992400, 5);
INSERT INTO `time_zone_transition` VALUES (3, 433800000, 4);
INSERT INTO `time_zone_transition` VALUES (3, 449614800, 5);
INSERT INTO `time_zone_transition` VALUES (3, 465346800, 8);
INSERT INTO `time_zone_transition` VALUES (3, 481071600, 9);
INSERT INTO `time_zone_transition` VALUES (3, 496796400, 8);
INSERT INTO `time_zone_transition` VALUES (3, 512521200, 9);
INSERT INTO `time_zone_transition` VALUES (3, 528246000, 8);
INSERT INTO `time_zone_transition` VALUES (3, 543970800, 9);
INSERT INTO `time_zone_transition` VALUES (3, 559695600, 8);
INSERT INTO `time_zone_transition` VALUES (3, 575420400, 9);
INSERT INTO `time_zone_transition` VALUES (3, 591145200, 8);
INSERT INTO `time_zone_transition` VALUES (3, 606870000, 9);
INSERT INTO `time_zone_transition` VALUES (3, 622594800, 8);
INSERT INTO `time_zone_transition` VALUES (3, 638319600, 9);
INSERT INTO `time_zone_transition` VALUES (3, 654649200, 8);
INSERT INTO `time_zone_transition` VALUES (3, 670374000, 10);
INSERT INTO `time_zone_transition` VALUES (3, 686102400, 11);
INSERT INTO `time_zone_transition` VALUES (3, 695779200, 8);
INSERT INTO `time_zone_transition` VALUES (3, 701812800, 5);
INSERT INTO `time_zone_transition` VALUES (3, 717534000, 4);
INSERT INTO `time_zone_transition` VALUES (3, 733273200, 9);
INSERT INTO `time_zone_transition` VALUES (3, 748998000, 8);
INSERT INTO `time_zone_transition` VALUES (3, 764722800, 9);
INSERT INTO `time_zone_transition` VALUES (3, 780447600, 8);
INSERT INTO `time_zone_transition` VALUES (3, 796172400, 9);
INSERT INTO `time_zone_transition` VALUES (3, 811897200, 8);
INSERT INTO `time_zone_transition` VALUES (3, 828226800, 9);
INSERT INTO `time_zone_transition` VALUES (3, 846370800, 8);
INSERT INTO `time_zone_transition` VALUES (3, 859676400, 9);
INSERT INTO `time_zone_transition` VALUES (3, 877820400, 8);
INSERT INTO `time_zone_transition` VALUES (3, 891126000, 9);
INSERT INTO `time_zone_transition` VALUES (3, 909270000, 8);
INSERT INTO `time_zone_transition` VALUES (3, 922575600, 9);
INSERT INTO `time_zone_transition` VALUES (3, 941324400, 8);
INSERT INTO `time_zone_transition` VALUES (3, 954025200, 9);
INSERT INTO `time_zone_transition` VALUES (3, 972774000, 8);
INSERT INTO `time_zone_transition` VALUES (3, 985474800, 9);
INSERT INTO `time_zone_transition` VALUES (3, 1004223600, 8);
INSERT INTO `time_zone_transition` VALUES (3, 1017529200, 9);
INSERT INTO `time_zone_transition` VALUES (3, 1035673200, 8);
INSERT INTO `time_zone_transition` VALUES (3, 1048978800, 9);
INSERT INTO `time_zone_transition` VALUES (3, 1067122800, 8);
INSERT INTO `time_zone_transition` VALUES (3, 1080428400, 9);
INSERT INTO `time_zone_transition` VALUES (3, 1099177200, 8);
INSERT INTO `time_zone_transition` VALUES (3, 1111878000, 9);
INSERT INTO `time_zone_transition` VALUES (3, 1130626800, 8);
INSERT INTO `time_zone_transition` VALUES (3, 1143327600, 9);
INSERT INTO `time_zone_transition` VALUES (3, 1162076400, 8);
INSERT INTO `time_zone_transition` VALUES (3, 1174777200, 9);
INSERT INTO `time_zone_transition` VALUES (3, 1193526000, 8);
INSERT INTO `time_zone_transition` VALUES (3, 1206831600, 9);
INSERT INTO `time_zone_transition` VALUES (3, 1224975600, 8);
INSERT INTO `time_zone_transition` VALUES (3, 1238281200, 9);
INSERT INTO `time_zone_transition` VALUES (3, 1256425200, 8);
INSERT INTO `time_zone_transition` VALUES (3, 1269730800, 9);
INSERT INTO `time_zone_transition` VALUES (3, 1288479600, 8);
INSERT INTO `time_zone_transition` VALUES (3, 1301180400, 9);
INSERT INTO `time_zone_transition` VALUES (3, 1319929200, 8);
INSERT INTO `time_zone_transition` VALUES (3, 1332630000, 9);
INSERT INTO `time_zone_transition` VALUES (3, 1351378800, 8);
INSERT INTO `time_zone_transition` VALUES (3, 1364684400, 9);
INSERT INTO `time_zone_transition` VALUES (3, 1382828400, 8);
INSERT INTO `time_zone_transition` VALUES (3, 1396134000, 9);
INSERT INTO `time_zone_transition` VALUES (3, 1414278000, 8);
INSERT INTO `time_zone_transition` VALUES (3, 1427583600, 9);
INSERT INTO `time_zone_transition` VALUES (3, 1445727600, 8);
INSERT INTO `time_zone_transition` VALUES (3, 1459033200, 9);
INSERT INTO `time_zone_transition` VALUES (3, 1477782000, 8);
INSERT INTO `time_zone_transition` VALUES (3, 1490482800, 9);
INSERT INTO `time_zone_transition` VALUES (3, 1509231600, 8);
INSERT INTO `time_zone_transition` VALUES (3, 1521932400, 9);
INSERT INTO `time_zone_transition` VALUES (3, 1540681200, 8);
INSERT INTO `time_zone_transition` VALUES (3, 1553986800, 9);
INSERT INTO `time_zone_transition` VALUES (3, 1572130800, 8);
INSERT INTO `time_zone_transition` VALUES (3, 1585436400, 9);
INSERT INTO `time_zone_transition` VALUES (3, 1603580400, 8);
INSERT INTO `time_zone_transition` VALUES (3, 1616886000, 9);
INSERT INTO `time_zone_transition` VALUES (3, 1635634800, 8);
INSERT INTO `time_zone_transition` VALUES (3, 1648335600, 9);
INSERT INTO `time_zone_transition` VALUES (3, 1667084400, 8);
INSERT INTO `time_zone_transition` VALUES (3, 1679785200, 9);
INSERT INTO `time_zone_transition` VALUES (3, 1698534000, 8);
INSERT INTO `time_zone_transition` VALUES (3, 1711839600, 9);
INSERT INTO `time_zone_transition` VALUES (3, 1729983600, 8);
INSERT INTO `time_zone_transition` VALUES (3, 1743289200, 9);
INSERT INTO `time_zone_transition` VALUES (3, 1761433200, 8);
INSERT INTO `time_zone_transition` VALUES (3, 1774738800, 9);
INSERT INTO `time_zone_transition` VALUES (3, 1792882800, 8);
INSERT INTO `time_zone_transition` VALUES (3, 1806188400, 9);
INSERT INTO `time_zone_transition` VALUES (3, 1824937200, 8);
INSERT INTO `time_zone_transition` VALUES (3, 1837638000, 9);
INSERT INTO `time_zone_transition` VALUES (3, 1856386800, 8);
INSERT INTO `time_zone_transition` VALUES (3, 1869087600, 9);
INSERT INTO `time_zone_transition` VALUES (3, 1887836400, 8);
INSERT INTO `time_zone_transition` VALUES (3, 1901142000, 9);
INSERT INTO `time_zone_transition` VALUES (3, 1919286000, 8);
INSERT INTO `time_zone_transition` VALUES (3, 1932591600, 9);
INSERT INTO `time_zone_transition` VALUES (3, 1950735600, 8);
INSERT INTO `time_zone_transition` VALUES (3, 1964041200, 9);
INSERT INTO `time_zone_transition` VALUES (3, 1982790000, 8);
INSERT INTO `time_zone_transition` VALUES (3, 1995490800, 9);
INSERT INTO `time_zone_transition` VALUES (3, 2014239600, 8);
INSERT INTO `time_zone_transition` VALUES (3, 2026940400, 9);
INSERT INTO `time_zone_transition` VALUES (3, 2045689200, 8);
INSERT INTO `time_zone_transition` VALUES (3, 2058390000, 9);
INSERT INTO `time_zone_transition` VALUES (3, 2077138800, 8);
INSERT INTO `time_zone_transition` VALUES (3, 2090444400, 9);
INSERT INTO `time_zone_transition` VALUES (3, 2108588400, 8);
INSERT INTO `time_zone_transition` VALUES (3, 2121894000, 9);
INSERT INTO `time_zone_transition` VALUES (3, 2140038000, 8);
INSERT INTO `time_zone_transition` VALUES (4, -1688265000, 2);
INSERT INTO `time_zone_transition` VALUES (4, -1656819048, 1);
INSERT INTO `time_zone_transition` VALUES (4, -1641353448, 2);
INSERT INTO `time_zone_transition` VALUES (4, -1627965048, 3);
INSERT INTO `time_zone_transition` VALUES (4, -1618716648, 1);
INSERT INTO `time_zone_transition` VALUES (4, -1596429048, 3);
INSERT INTO `time_zone_transition` VALUES (4, -1593829848, 5);
INSERT INTO `time_zone_transition` VALUES (4, -1589860800, 4);
INSERT INTO `time_zone_transition` VALUES (4, -1542427200, 5);
INSERT INTO `time_zone_transition` VALUES (4, -1539493200, 6);
INSERT INTO `time_zone_transition` VALUES (4, -1525323600, 5);
INSERT INTO `time_zone_transition` VALUES (4, -1522728000, 4);
INSERT INTO `time_zone_transition` VALUES (4, -1491188400, 7);
INSERT INTO `time_zone_transition` VALUES (4, -1247536800, 4);
INSERT INTO `time_zone_transition` VALUES (4, 354920409, 5);
INSERT INTO `time_zone_transition` VALUES (4, 370728010, 4);
INSERT INTO `time_zone_transition` VALUES (4, 386456410, 5);
INSERT INTO `time_zone_transition` VALUES (4, 402264011, 4);
INSERT INTO `time_zone_transition` VALUES (4, 417992411, 5);
INSERT INTO `time_zone_transition` VALUES (4, 433800012, 4);
INSERT INTO `time_zone_transition` VALUES (4, 449614812, 5);
INSERT INTO `time_zone_transition` VALUES (4, 465346812, 8);
INSERT INTO `time_zone_transition` VALUES (4, 481071612, 9);
INSERT INTO `time_zone_transition` VALUES (4, 496796413, 8);
INSERT INTO `time_zone_transition` VALUES (4, 512521213, 9);
INSERT INTO `time_zone_transition` VALUES (4, 528246013, 8);
INSERT INTO `time_zone_transition` VALUES (4, 543970813, 9);
INSERT INTO `time_zone_transition` VALUES (4, 559695613, 8);
INSERT INTO `time_zone_transition` VALUES (4, 575420414, 9);
INSERT INTO `time_zone_transition` VALUES (4, 591145214, 8);
INSERT INTO `time_zone_transition` VALUES (4, 606870014, 9);
INSERT INTO `time_zone_transition` VALUES (4, 622594814, 8);
INSERT INTO `time_zone_transition` VALUES (4, 638319615, 9);
INSERT INTO `time_zone_transition` VALUES (4, 654649215, 8);
INSERT INTO `time_zone_transition` VALUES (4, 670374016, 10);
INSERT INTO `time_zone_transition` VALUES (4, 686102416, 11);
INSERT INTO `time_zone_transition` VALUES (4, 695779216, 8);
INSERT INTO `time_zone_transition` VALUES (4, 701812816, 5);
INSERT INTO `time_zone_transition` VALUES (4, 717534017, 4);
INSERT INTO `time_zone_transition` VALUES (4, 733273217, 9);
INSERT INTO `time_zone_transition` VALUES (4, 748998018, 8);
INSERT INTO `time_zone_transition` VALUES (4, 764722818, 9);
INSERT INTO `time_zone_transition` VALUES (4, 780447619, 8);
INSERT INTO `time_zone_transition` VALUES (4, 796172419, 9);
INSERT INTO `time_zone_transition` VALUES (4, 811897219, 8);
INSERT INTO `time_zone_transition` VALUES (4, 828226820, 9);
INSERT INTO `time_zone_transition` VALUES (4, 846370820, 8);
INSERT INTO `time_zone_transition` VALUES (4, 859676420, 9);
INSERT INTO `time_zone_transition` VALUES (4, 877820421, 8);
INSERT INTO `time_zone_transition` VALUES (4, 891126021, 9);
INSERT INTO `time_zone_transition` VALUES (4, 909270021, 8);
INSERT INTO `time_zone_transition` VALUES (4, 922575622, 9);
INSERT INTO `time_zone_transition` VALUES (4, 941324422, 8);
INSERT INTO `time_zone_transition` VALUES (4, 954025222, 9);
INSERT INTO `time_zone_transition` VALUES (4, 972774022, 8);
INSERT INTO `time_zone_transition` VALUES (4, 985474822, 9);
INSERT INTO `time_zone_transition` VALUES (4, 1004223622, 8);
INSERT INTO `time_zone_transition` VALUES (4, 1017529222, 9);
INSERT INTO `time_zone_transition` VALUES (4, 1035673222, 8);
INSERT INTO `time_zone_transition` VALUES (4, 1048978822, 9);
INSERT INTO `time_zone_transition` VALUES (4, 1067122822, 8);
INSERT INTO `time_zone_transition` VALUES (4, 1080428422, 9);
INSERT INTO `time_zone_transition` VALUES (4, 1099177222, 8);
INSERT INTO `time_zone_transition` VALUES (4, 1111878022, 9);
INSERT INTO `time_zone_transition` VALUES (4, 1130626822, 8);
INSERT INTO `time_zone_transition` VALUES (4, 1143327622, 9);
INSERT INTO `time_zone_transition` VALUES (4, 1162076422, 8);
INSERT INTO `time_zone_transition` VALUES (4, 1174777222, 9);
INSERT INTO `time_zone_transition` VALUES (4, 1193526022, 8);
INSERT INTO `time_zone_transition` VALUES (4, 1206831622, 9);
INSERT INTO `time_zone_transition` VALUES (4, 1224975622, 8);
INSERT INTO `time_zone_transition` VALUES (4, 1238281222, 9);
INSERT INTO `time_zone_transition` VALUES (4, 1256425222, 8);
INSERT INTO `time_zone_transition` VALUES (4, 1269730822, 9);
INSERT INTO `time_zone_transition` VALUES (4, 1288479622, 8);
INSERT INTO `time_zone_transition` VALUES (4, 1301180422, 9);
INSERT INTO `time_zone_transition` VALUES (4, 1319929222, 8);
INSERT INTO `time_zone_transition` VALUES (4, 1332630022, 9);
INSERT INTO `time_zone_transition` VALUES (4, 1351378822, 8);
INSERT INTO `time_zone_transition` VALUES (4, 1364684422, 9);
INSERT INTO `time_zone_transition` VALUES (4, 1382828422, 8);
INSERT INTO `time_zone_transition` VALUES (4, 1396134022, 9);
INSERT INTO `time_zone_transition` VALUES (4, 1414278022, 8);
INSERT INTO `time_zone_transition` VALUES (4, 1427583622, 9);
INSERT INTO `time_zone_transition` VALUES (4, 1445727622, 8);
INSERT INTO `time_zone_transition` VALUES (4, 1459033222, 9);
INSERT INTO `time_zone_transition` VALUES (4, 1477782022, 8);
INSERT INTO `time_zone_transition` VALUES (4, 1490482822, 9);
INSERT INTO `time_zone_transition` VALUES (4, 1509231622, 8);
INSERT INTO `time_zone_transition` VALUES (4, 1521932422, 9);
INSERT INTO `time_zone_transition` VALUES (4, 1540681222, 8);
INSERT INTO `time_zone_transition` VALUES (4, 1553986822, 9);
INSERT INTO `time_zone_transition` VALUES (4, 1572130822, 8);
INSERT INTO `time_zone_transition` VALUES (4, 1585436422, 9);
INSERT INTO `time_zone_transition` VALUES (4, 1603580422, 8);
INSERT INTO `time_zone_transition` VALUES (4, 1616886022, 9);
INSERT INTO `time_zone_transition` VALUES (4, 1635634822, 8);
INSERT INTO `time_zone_transition` VALUES (4, 1648335622, 9);
INSERT INTO `time_zone_transition` VALUES (4, 1667084422, 8);
INSERT INTO `time_zone_transition` VALUES (4, 1679785222, 9);
INSERT INTO `time_zone_transition` VALUES (4, 1698534022, 8);
INSERT INTO `time_zone_transition` VALUES (4, 1711839622, 9);
INSERT INTO `time_zone_transition` VALUES (4, 1729983622, 8);
INSERT INTO `time_zone_transition` VALUES (4, 1743289222, 9);
INSERT INTO `time_zone_transition` VALUES (4, 1761433222, 8);
INSERT INTO `time_zone_transition` VALUES (4, 1774738822, 9);
INSERT INTO `time_zone_transition` VALUES (4, 1792882822, 8);
INSERT INTO `time_zone_transition` VALUES (4, 1806188422, 9);
INSERT INTO `time_zone_transition` VALUES (4, 1824937222, 8);
INSERT INTO `time_zone_transition` VALUES (4, 1837638022, 9);
INSERT INTO `time_zone_transition` VALUES (4, 1856386822, 8);
INSERT INTO `time_zone_transition` VALUES (4, 1869087622, 9);
INSERT INTO `time_zone_transition` VALUES (4, 1887836422, 8);
INSERT INTO `time_zone_transition` VALUES (4, 1901142022, 9);
INSERT INTO `time_zone_transition` VALUES (4, 1919286022, 8);
INSERT INTO `time_zone_transition` VALUES (4, 1932591622, 9);
INSERT INTO `time_zone_transition` VALUES (4, 1950735622, 8);
INSERT INTO `time_zone_transition` VALUES (4, 1964041222, 9);
INSERT INTO `time_zone_transition` VALUES (4, 1982790022, 8);
INSERT INTO `time_zone_transition` VALUES (4, 1995490822, 9);
INSERT INTO `time_zone_transition` VALUES (4, 2014239622, 8);
INSERT INTO `time_zone_transition` VALUES (4, 2026940422, 9);
INSERT INTO `time_zone_transition` VALUES (4, 2045689222, 8);
INSERT INTO `time_zone_transition` VALUES (4, 2058390022, 9);
INSERT INTO `time_zone_transition` VALUES (4, 2077138822, 8);
INSERT INTO `time_zone_transition` VALUES (4, 2090444422, 9);
INSERT INTO `time_zone_transition` VALUES (4, 2108588422, 8);
INSERT INTO `time_zone_transition` VALUES (4, 2121894022, 9);
INSERT INTO `time_zone_transition` VALUES (4, 2140038022, 8);
INSERT INTO `time_zone_transition` VALUES (5, -1009875600, 1);

-- --------------------------------------------------------

-- 
-- Tabellenstruktur für Tabelle `time_zone_transition_type`
-- 

CREATE TABLE `time_zone_transition_type` (
  `Time_zone_id` int(10) unsigned NOT NULL default '0',
  `Transition_type_id` int(10) unsigned NOT NULL default '0',
  `Offset` int(11) NOT NULL default '0',
  `Is_DST` tinyint(3) unsigned NOT NULL default '0',
  `Abbreviation` char(8) NOT NULL default '',
  PRIMARY KEY  (`Time_zone_id`,`Transition_type_id`)
) ENGINE=MyISAM DEFAULT CHARSET=utf8 COMMENT='Time zone transition types';

-- 
-- Daten für Tabelle `time_zone_transition_type`
-- 

INSERT INTO `time_zone_transition_type` VALUES (1, 0, 7200, 1, 'MEST');
INSERT INTO `time_zone_transition_type` VALUES (1, 1, 3600, 0, 'MET');
INSERT INTO `time_zone_transition_type` VALUES (1, 2, 7200, 1, 'MEST');
INSERT INTO `time_zone_transition_type` VALUES (1, 3, 3600, 0, 'MET');
INSERT INTO `time_zone_transition_type` VALUES (2, 0, 0, 0, 'UTC');
INSERT INTO `time_zone_transition_type` VALUES (3, 0, 9000, 0, 'MMT');
INSERT INTO `time_zone_transition_type` VALUES (3, 1, 12648, 1, 'MST');
INSERT INTO `time_zone_transition_type` VALUES (3, 2, 9048, 0, 'MMT');
INSERT INTO `time_zone_transition_type` VALUES (3, 3, 16248, 1, 'MDST');
INSERT INTO `time_zone_transition_type` VALUES (3, 4, 10800, 0, 'MSK');
INSERT INTO `time_zone_transition_type` VALUES (3, 5, 14400, 1, 'MSD');
INSERT INTO `time_zone_transition_type` VALUES (3, 6, 18000, 1, 'MSD');
INSERT INTO `time_zone_transition_type` VALUES (3, 7, 7200, 0, 'EET');
INSERT INTO `time_zone_transition_type` VALUES (3, 8, 10800, 0, 'MSK');
INSERT INTO `time_zone_transition_type` VALUES (3, 9, 14400, 1, 'MSD');
INSERT INTO `time_zone_transition_type` VALUES (3, 10, 10800, 1, 'EEST');
INSERT INTO `time_zone_transition_type` VALUES (3, 11, 7200, 0, 'EET');
INSERT INTO `time_zone_transition_type` VALUES (4, 0, 9000, 0, 'MMT');
INSERT INTO `time_zone_transition_type` VALUES (4, 1, 12648, 1, 'MST');
INSERT INTO `time_zone_transition_type` VALUES (4, 2, 9048, 0, 'MMT');
INSERT INTO `time_zone_transition_type` VALUES (4, 3, 16248, 1, 'MDST');
INSERT INTO `time_zone_transition_type` VALUES (4, 4, 10800, 0, 'MSK');
INSERT INTO `time_zone_transition_type` VALUES (4, 5, 14400, 1, 'MSD');
INSERT INTO `time_zone_transition_type` VALUES (4, 6, 18000, 1, 'MSD');
INSERT INTO `time_zone_transition_type` VALUES (4, 7, 7200, 0, 'EET');
INSERT INTO `time_zone_transition_type` VALUES (4, 8, 10800, 0, 'MSK');
INSERT INTO `time_zone_transition_type` VALUES (4, 9, 14400, 1, 'MSD');
INSERT INTO `time_zone_transition_type` VALUES (4, 10, 10800, 1, 'EEST');
INSERT INTO `time_zone_transition_type` VALUES (4, 11, 7200, 0, 'EET');
INSERT INTO `time_zone_transition_type` VALUES (5, 0, 32400, 0, 'CJT');
INSERT INTO `time_zone_transition_type` VALUES (5, 1, 32400, 0, 'JST');

-- --------------------------------------------------------

-- 
-- Tabellenstruktur für Tabelle `user`
-- 

CREATE TABLE `user` (
  `Host` varchar(60) collate utf8_bin NOT NULL default '',
  `User` varchar(16) collate utf8_bin NOT NULL default '',
  `Password` varchar(16) collate utf8_bin NOT NULL default '',
  `Select_priv` enum('N','Y') collate utf8_bin NOT NULL default 'N',
  `Insert_priv` enum('N','Y') collate utf8_bin NOT NULL default 'N',
  `Update_priv` enum('N','Y') collate utf8_bin NOT NULL default 'N',
  `Delete_priv` enum('N','Y') collate utf8_bin NOT NULL default 'N',
  `Create_priv` enum('N','Y') collate utf8_bin NOT NULL default 'N',
  `Drop_priv` enum('N','Y') collate utf8_bin NOT NULL default 'N',
  `Reload_priv` enum('N','Y') collate utf8_bin NOT NULL default 'N',
  `Shutdown_priv` enum('N','Y') collate utf8_bin NOT NULL default 'N',
  `Process_priv` enum('N','Y') collate utf8_bin NOT NULL default 'N',
  `File_priv` enum('N','Y') collate utf8_bin NOT NULL default 'N',
  `Grant_priv` enum('N','Y') collate utf8_bin NOT NULL default 'N',
  `References_priv` enum('N','Y') collate utf8_bin NOT NULL default 'N',
  `Index_priv` enum('N','Y') collate utf8_bin NOT NULL default 'N',
  `Alter_priv` enum('N','Y') collate utf8_bin NOT NULL default 'N',
  `Show_db_priv` enum('N','Y') collate utf8_bin NOT NULL default 'N',
  `Super_priv` enum('N','Y') collate utf8_bin NOT NULL default 'N',
  `Create_tmp_table_priv` enum('N','Y') collate utf8_bin NOT NULL default 'N',
  `Lock_tables_priv` enum('N','Y') collate utf8_bin NOT NULL default 'N',
  `Execute_priv` enum('N','Y') collate utf8_bin NOT NULL default 'N',
  `Repl_slave_priv` enum('N','Y') collate utf8_bin NOT NULL default 'N',
  `Repl_client_priv` enum('N','Y') collate utf8_bin NOT NULL default 'N',
  `ssl_type` enum('','ANY','X509','SPECIFIED') collate utf8_bin NOT NULL default '',
  `ssl_cipher` blob NOT NULL,
  `x509_issuer` blob NOT NULL,
  `x509_subject` blob NOT NULL,
  `max_questions` int(11) unsigned NOT NULL default '0',
  `max_updates` int(11) unsigned NOT NULL default '0',
  `max_connections` int(11) unsigned NOT NULL default '0',
  PRIMARY KEY  (`Host`,`User`)
) ENGINE=MyISAM DEFAULT CHARSET=utf8 COLLATE=utf8_bin COMMENT='Users and global privileges';

-- 
-- Daten für Tabelle `user`
-- 

INSERT INTO `user` VALUES (0x6c6f63616c686f7374, 0x726f6f74, 0x36616137346331343465643266626431, 0x59, 0x59, 0x59, 0x59, 0x59, 0x59, 0x59, 0x59, 0x59, 0x59, 0x59, 0x59, 0x59, 0x59, 0x59, 0x59, 0x59, 0x59, 0x59, 0x59, 0x59, '', '', '', '', 0, 0, 0);
INSERT INTO `user` VALUES (0x6c6f63616c686f7374, 0x706d61, '', 0x4e, 0x4e, 0x4e, 0x4e, 0x4e, 0x4e, 0x4e, 0x59, 0x4e, 0x4e, 0x4e, 0x4e, 0x4e, 0x4e, 0x4e, 0x4e, 0x4e, 0x4e, 0x4e, 0x4e, 0x4e, '', '', '', '', 0, 0, 0);
INSERT INTO `user` VALUES (0x6c6f63616c686f7374, 0x746f6f6c73, 0x32363364353665383065386138623933, 0x59, 0x59, 0x59, 0x59, 0x59, 0x59, 0x4e, 0x4e, 0x4e, 0x59, 0x4e, 0x4e, 0x59, 0x59, 0x4e, 0x4e, 0x59, 0x4e, 0x4e, 0x4e, 0x4e, '', '', '', '', 0, 0, 0);
-- 
-- Datenbank: `phpmyadmin`
-- 
CREATE DATABASE `phpmyadmin` DEFAULT CHARACTER SET latin1 COLLATE latin1_general_ci;
USE phpmyadmin;

-- --------------------------------------------------------

-- 
-- Tabellenstruktur für Tabelle `PMA_bookmark`
-- 

CREATE TABLE `pma_bookmark` (
  `id` int(11) NOT NULL auto_increment,
  `dbase` varchar(255) collate utf8_bin NOT NULL default '',
  `user` varchar(255) collate utf8_bin NOT NULL default '',
  `label` varchar(255) character set utf8 NOT NULL default '',
  `query` text collate utf8_bin NOT NULL,
  PRIMARY KEY  (`id`)
) ENGINE=MyISAM DEFAULT CHARSET=utf8 COLLATE=utf8_bin COMMENT='Bookmarks' AUTO_INCREMENT=1 ;

-- 
-- Daten für Tabelle `PMA_bookmark`
-- 


-- --------------------------------------------------------

-- 
-- Tabellenstruktur für Tabelle `PMA_column_info`
-- 

CREATE TABLE `pma_column_info` (
  `id` int(5) unsigned NOT NULL auto_increment,
  `db_name` varchar(64) collate utf8_bin NOT NULL default '',
  `table_name` varchar(64) collate utf8_bin NOT NULL default '',
  `column_name` varchar(64) collate utf8_bin NOT NULL default '',
  `comment` varchar(255) character set utf8 NOT NULL default '',
  `mimetype` varchar(255) character set utf8 NOT NULL default '',
  `transformation` varchar(255) collate utf8_bin NOT NULL default '',
  `transformation_options` varchar(255) collate utf8_bin NOT NULL default '',
  PRIMARY KEY  (`id`),
  UNIQUE KEY `db_name` (`db_name`,`table_name`,`column_name`)
) ENGINE=MyISAM DEFAULT CHARSET=utf8 COLLATE=utf8_bin COMMENT='Comments for Columns' AUTO_INCREMENT=1 ;

-- 
-- Daten für Tabelle `PMA_column_info`
-- 


-- --------------------------------------------------------

-- 
-- Tabellenstruktur für Tabelle `PMA_history`
-- 

CREATE TABLE `pma_history` (
  `id` bigint(20) unsigned NOT NULL auto_increment,
  `username` varchar(64) collate utf8_bin NOT NULL default '',
  `db` varchar(64) collate utf8_bin NOT NULL default '',
  `table` varchar(64) collate utf8_bin NOT NULL default '',
  `timevalue` timestamp NOT NULL default CURRENT_TIMESTAMP on update CURRENT_TIMESTAMP,
  `sqlquery` text collate utf8_bin NOT NULL,
  PRIMARY KEY  (`id`),
  KEY `username` (`username`,`db`,`table`,`timevalue`)
) ENGINE=MyISAM DEFAULT CHARSET=utf8 COLLATE=utf8_bin COMMENT='SQL history' AUTO_INCREMENT=1 ;

-- 
-- Daten für Tabelle `PMA_history`
-- 


-- --------------------------------------------------------

-- 
-- Tabellenstruktur für Tabelle `PMA_pdf_pages`
-- 

CREATE TABLE `pma_pdf_pages` (
  `db_name` varchar(64) collate utf8_bin NOT NULL default '',
  `page_nr` int(10) unsigned NOT NULL auto_increment,
  `page_descr` varchar(50) character set utf8 NOT NULL default '',
  PRIMARY KEY  (`page_nr`),
  KEY `db_name` (`db_name`)
) ENGINE=MyISAM DEFAULT CHARSET=utf8 COLLATE=utf8_bin COMMENT='PDF Relationpages for PMA' AUTO_INCREMENT=2 ;

-- 
-- Daten für Tabelle `PMA_pdf_pages`
-- 


-- --------------------------------------------------------

-- 
-- Tabellenstruktur für Tabelle `PMA_relation`
-- 

CREATE TABLE `pma_relation` (
  `master_db` varchar(64) collate utf8_bin NOT NULL default '',
  `master_table` varchar(64) collate utf8_bin NOT NULL default '',
  `master_field` varchar(64) collate utf8_bin NOT NULL default '',
  `foreign_db` varchar(64) collate utf8_bin NOT NULL default '',
  `foreign_table` varchar(64) collate utf8_bin NOT NULL default '',
  `foreign_field` varchar(64) collate utf8_bin NOT NULL default '',
  PRIMARY KEY  (`master_db`,`master_table`,`master_field`),
  KEY `foreign_field` (`foreign_db`,`foreign_table`)
) ENGINE=MyISAM DEFAULT CHARSET=utf8 COLLATE=utf8_bin COMMENT='Relation table';

-- 
-- Daten für Tabelle `PMA_relation`
-- 


-- --------------------------------------------------------

-- 
-- Tabellenstruktur für Tabelle `PMA_table_coords`
-- 

CREATE TABLE `pma_table_coords` (
  `db_name` varchar(64) collate utf8_bin NOT NULL default '',
  `table_name` varchar(64) collate utf8_bin NOT NULL default '',
  `pdf_page_number` int(11) NOT NULL default '0',
  `x` float unsigned NOT NULL default '0',
  `y` float unsigned NOT NULL default '0',
  PRIMARY KEY  (`db_name`,`table_name`,`pdf_page_number`)
) ENGINE=MyISAM DEFAULT CHARSET=utf8 COLLATE=utf8_bin COMMENT='Table coordinates for phpMyAdmin\n            PDF output';

-- 
-- Daten für Tabelle `PMA_table_coords`
-- 


-- --------------------------------------------------------

-- 
-- Tabellenstruktur für Tabelle `PMA_table_info`
-- 

CREATE TABLE `pma_table_info` (
  `db_name` varchar(64) collate utf8_bin NOT NULL default '',
  `table_name` varchar(64) collate utf8_bin NOT NULL default '',
  `display_field` varchar(64) collate utf8_bin NOT NULL default '',
  PRIMARY KEY  (`db_name`,`table_name`)
) ENGINE=MyISAM DEFAULT CHARSET=utf8 COLLATE=utf8_bin COMMENT='Table    information    for\n            phpMyAdmin';

-- 
-- Daten für Tabelle `PMA_table_info`
-- 

-- 
-- Datenbank: `test`
-- 
CREATE DATABASE `test` DEFAULT CHARACTER SET latin1 COLLATE latin1_general_ci;
USE test;
-- 
-- Datenbank: `tools`
-- 
CREATE DATABASE `tools` DEFAULT CHARACTER SET latin1 COLLATE latin1_general_ci;
USE tools;

-- --------------------------------------------------------

-- 
-- Tabellenstruktur für Tabelle `clients`
-- 

CREATE TABLE `clients` (
  `client_id` int(20) NOT NULL auto_increment,
  `firm_name` varchar(50) collate latin1_general_ci default NULL,
  `name` varchar(255) collate latin1_general_ci default NULL,
  `strasse` varchar(255) collate latin1_general_ci NOT NULL default '',
  `plz` varchar(10) collate latin1_general_ci NOT NULL default '',
  `ort` varchar(255) collate latin1_general_ci NOT NULL default '',
  `telefon` varchar(50) collate latin1_general_ci default NULL,
  `piva` varchar(50) collate latin1_general_ci default NULL,
  `ansprache` varchar(50) collate latin1_general_ci default NULL,
  `address` text collate latin1_general_ci NOT NULL,
  PRIMARY KEY  (`client_id`),
  KEY `id` (`client_id`)
) ENGINE=MyISAM DEFAULT CHARSET=latin1 COLLATE=latin1_general_ci AUTO_INCREMENT=92 ;

-- 
-- Daten für Tabelle `clients`
-- 

INSERT INTO `clients` VALUES (1, 'Villa Groff', 'Graiff Ingrid', 'Bahnhofstrasse 80', '39040', 'Auer', '', '1377460215', 'die', 'Bahnhofstrasse 80\n39040 Auer\n');
INSERT INTO `clients` VALUES (2, 'Ewald Gamper O.H.G.', '', 'Grieser Weg1 Via Gries', '39044', 'Neumarkt (BZ)', '', '238630214', '', 'Grieser Weg1 Via Gries\n39044 Neumarkt (BZ)');
INSERT INTO `clients` VALUES (3, 'Gemeinde Truden', '', 'Köcknschmiedgasse 1', '39040', 'Truden (BZ)', '', '80011270214', 'die', 'Köcknschmiedgasse 1\n39040 Truden (BZ)\n');
INSERT INTO `clients` VALUES (4, 'Gemeinde Neumarkt', '', 'Rathausring 7', '39044', 'Neumarkt (BZ)', '', '80010250217', 'die', 'Rathausring 7\n39044 Neumarkt (BZ)');
INSERT INTO `clients` VALUES (5, 'Zucchelli Helga', '', 'Romstr. 14', '39056', 'Welschnofen (BZ)', '', '366030211', '', 'Romstr. 14\n39056 Welschnofen (BZ)');
INSERT INTO `clients` VALUES (6, 'Museumverein', '', 'Lauben', '39044', 'Neumarkt (BZ)', '', '94025140214', 'den', 'Lauben\n39044 Neumarkt (BZ)');
INSERT INTO `clients` VALUES (7, 'Igna''s Tour', 'des Ermanno Chizzali', 'Cesare Batisti Ring 26', '39044', 'Neumarkt', '', '1652670215', '', 'Cesare Batisti Ring 26\n39044 Neumarkt');
INSERT INTO `clients` VALUES (8, 'Bezirksg. Überetsch/Unterland', '', 'F. Bonati-Platz 1', '39044', 'Neumarkt (BZ)', '', '80010840215', '', 'F. Bonati-Platz 1\n39044 Neumarkt (BZ)');
INSERT INTO `clients` VALUES (9, 'DR. Tanja Rainer', '', 'Battistiring 16', '39044', 'Neumarkt', '', '1659090219', '', 'Battistiring 16\n39044 Neumarkt');
INSERT INTO `clients` VALUES (10, 'Midy''s Look', 'd. Solderer Annamarie', 'Kapuzinerring 1', '39044', 'Neumarkt (BZ)', '', '1088730211', '', 'Kapuzinerring 1\n39044 Neumarkt (BZ)');
INSERT INTO `clients` VALUES (11, 'Pinzonerkeller', 'Unterhauser Arnold', 'Stephansplatz Nr 3', '39040', 'Montan', '', '1578830216', '', 'Stephansplatz Nr 3\n39040 Montan');
INSERT INTO `clients` VALUES (12, 'Pizzeria Da Candido', 'di Coller Candido & c.', 'Via Platz 1', '39044', 'Egna', '', '1153790215', '', 'Via Platz 1\n39044 Egna');
INSERT INTO `clients` VALUES (13, 'Greenplan', 'Giuseppe Moletta', 'Kramer - Weg 1', '39040', 'Auer (BZ)', '', '2266530217', '', 'Kramer - Weg 1\n39040 Auer (BZ)');
INSERT INTO `clients` VALUES (14, 'Villnerhof', 'Walter Th. & Co', '39044 Neumarkt- Vill', '', '', '', '1700830217', '', '39044 Neumarkt- Vill');
INSERT INTO `clients` VALUES (15, 'Varesco Norbert OHG', '', 'Andreas Hoferstr. 60', '39044', 'Neumarkt', '', '1192700217', '', 'Andreas Hoferstr. 60\n39044 Neumarkt');
INSERT INTO `clients` VALUES (16, 'Autonome Provinz Bozen', 'Südtirol - Unterland', 'Schulplatz Nr. 6', '39044', 'Neumarkt', '', '80005300217', '', 'Schulplatz Nr. 6\n39044 Neumarkt');
INSERT INTO `clients` VALUES (17, 'Sole S.n.c.', 'di Trapella Vincenzo & C.', 'P.zza F.Bonatti 3/2', '39044', 'Egna (BZ)', '', '2245810219', '', 'P.zza F.Bonatti 3/2\n39044 Egna (BZ)');
INSERT INTO `clients` VALUES (18, 'Hotel Steinmannwald', 'd. Martinelli Mario & Co.', 'Brennerstr 51', '39050', 'Steinmannwald', '', '1456770211', '', 'Brennerstr 51\n39050 Steinmannwald');
INSERT INTO `clients` VALUES (19, 'Altersheim Grießfeld', '', 'Cavalesestr. 9', '39044', 'Neumarkt (BZ)', '', '553810219', '', 'Cavalesestr. 9\n39044 Neumarkt (BZ)');
INSERT INTO `clients` VALUES (21, 'Restaurant Goldener Löwe', 'Fam. Pichler', 'Kirchplatz 11', '39040', 'Montan', '', '1509030217', 'das', 'Kirchplatz 11\n39040 Montan');
INSERT INTO `clients` VALUES (22, 'Konsortium der Fachgruppe', 'Gartenbau', 'Duca d''Aosta Straße 45', '39100', 'Bozen', '', '1312170218', 'das', 'Duca d''Aosta Straße 45\n39100 Bozen\n');
INSERT INTO `clients` VALUES (23, 'Optik Julius', 'Julius Simonazzi', 'Rathausring 36', '39044', 'Neumarkt', '', '1017380211', '', 'Rathausring 36\n39044 Neumarkt');
INSERT INTO `clients` VALUES (24, 'Konsortium Südtiroler', 'Baumschuler Gen.m.b.H.', 'Binnenland', '39040', 'Auer', '', '1428790214', '', 'Binnenland\n39040 Auer');
INSERT INTO `clients` VALUES (25, 'Gasthof zur Rose', 'Malojer Hubert', 'Kirchplatz 17', '39040', 'Montan', '', '1569430216', '', 'Kirchplatz 17\n39040 Montan\n');
INSERT INTO `clients` VALUES (26, 'Bar Max', 'Ebner Hannelore', 'Fleimstalerstrasse 13', '39040', 'Kaltenbrunn', '', '1673300214', 'die', 'Fleimstalerstrasse 13\n39040 Kaltenbrunn');
INSERT INTO `clients` VALUES (27, 'Gasthof Dorfner', 'Vescoli Hildegard', 'Gschnon Nr. 5', '39040', 'Montan', '', '673190211', '', 'Gschnon Nr. 5\n39040 Montan');
INSERT INTO `clients` VALUES (28, 'Gasthof Bahnhof', 'Rauch Christine', 'Bahnhofstr.110', '39040', 'Auer', '', '1190040210', '', 'Bahnhofstr.110\n39040 Auer');
INSERT INTO `clients` VALUES (29, 'Tankstelle', 'Pernter Josef', 'Nationalstr. 32', '39040', 'Auer', '', '658310214', '', 'Nationalstr. 32\n39040 Auer');
INSERT INTO `clients` VALUES (30, 'Bar Restaurant Abram', 'Abram Eduard', 'Nationalstr. 17', '39040', 'Auer', '', '1327850218', '', 'Nationalstr. 17\n39040 Auer');
INSERT INTO `clients` VALUES (31, 'Grün Service', 'Siegfried Visintin', 'Griesweg 36', '39044', 'Neumarkt', '', '1717250219', '', 'Griesweg 36\n39044 Neumarkt');
INSERT INTO `clients` VALUES (33, 'Piccolo Hotel', 'di Steman Snc', 'Via Val di Fiemme 44', '39040', 'Trodena', '', '2345920215', '', 'Via Val di Fiemme 44\n39040 Trodena\n');
INSERT INTO `clients` VALUES (34, 'Cafe Central', 'des Kaufmann Peter', 'Bahnhofstr.2', '39040', 'Auer', '', '1133220218', ' das', 'Bahnhofstr.2\n39040 Auer');
INSERT INTO `clients` VALUES (37, 'Hotel Tirol', 'Bazzanella Rodolfo csnc', 'via CD Saltuari 3', '38048', 'Montesover (TN)', '', '1028500229', '', 'via CD Saltuari 3\n38048 Montesover (TN)');
INSERT INTO `clients` VALUES (38, 'Manometal GmbH', '', 'Obere Insel 6', '39044', 'Neumarkt', '', '827600214', '', 'Obere Insel 6\n39044 Neumarkt');
INSERT INTO `clients` VALUES (39, 'Rizzolli Raimund', '', 'Bahnhofstr.50', '39044', 'Neumarkt', '', '1212100216', '', 'Bahnhofstr.50\n39044 Neumarkt');
INSERT INTO `clients` VALUES (40, 'Pfraumer Roland & Co', '', 'Weinstr. 13/B', '39040', 'Tramin', '', '1523790218', '', 'Weinstr. 13/B\n39040 Tramin');
INSERT INTO `clients` VALUES (41, 'Unterland Consult', 'Zandanel C. & Co', 'Rathausring 34', '39044', 'Neumarkt', '', '1073260216', '', 'Rathausring 34\n39044 Neumarkt');
INSERT INTO `clients` VALUES (42, 'Jacob Kurt & Peter OHG', '', 'Vill 34', '39044', 'Neumarkt', '', '388620213', '', 'Vill 34\n39044 Neumarkt');
INSERT INTO `clients` VALUES (43, 'Eltern Kind Zentrum Neumarkt', '', 'Boznerstrasse 4', '39044', 'Neumarkt', '', '94069000217', '', 'Boznerstrasse 4\n39044 Neumarkt');
INSERT INTO `clients` VALUES (44, 'Oberschule', 'für Landwirtschaft Auer', 'Fuchsloch, 20', '39040', 'Auer', '', '1379320219', '', 'Fuchsloch, 20\n39040 Auer\n');
INSERT INTO `clients` VALUES (45, 'Cafe Herbert', 'Bonatti Tobias', 'Fleimstalerstr.3', '39044', 'Neumarkt', '', '2290300215', '', 'Fleimstalerstr.3\n39044 Neumarkt');
INSERT INTO `clients` VALUES (46, 'Bar Schwarzer Adler', 'Degasperi Alma', 'A. Hoferstr.10', '39044', 'Neumarkt', '', '201290210', '', 'A. Hoferstr.10\n39044 Neumarkt');
INSERT INTO `clients` VALUES (47, 'Parrmarket SRL', '', 'Largo Municipio 27', '39044', 'Egna', '', '2266160213', '', 'Largo Municipio 27\n39044 Egna');
INSERT INTO `clients` VALUES (48, 'Energas Südgas GmbH/S.r.l.', '', 'Boznerstraße 93/2', '39044', 'Neumarkt', '', '2319210213', '', 'Boznerstraße 93/2\n39044 Neumarkt');
INSERT INTO `clients` VALUES (50, 'Teutschhaus Hotels', 'Pircher Maria & Co KG', 'Martinsplatz 5', '39040', 'Kurtinig', '', '1033010214', '', 'Martinsplatz 5\n39040 Kurtinig');
INSERT INTO `clients` VALUES (51, 'Notariatskanzlei', 'Elio Villa e Luca Barchi', 'Fleimstalerstr.5', '39044', 'Neumarkt', '', '2271530210', '', 'Fleimstalerstr.5\n39044 Neumarkt');
INSERT INTO `clients` VALUES (52, 'Raiffeisenkasse Salurn', '', 'Trientstr.7', '39040', 'Salurn', '', '147330211', '', 'Trientstr.7\n39040 Salurn');
INSERT INTO `clients` VALUES (53, 'Hotel Markushof', 'Graiff Alois Markus', 'Truidn-Str.1', '39040', 'Auer', '', '1250280219', '', 'Truidn-Str.1\n39040 Auer');
INSERT INTO `clients` VALUES (54, 'Bar AUR-ORA', 'Brigitte Condin & Co. KG', 'Bahnhofstr.45', '39040', 'AUER', '', '160692011', '', 'Bahnhofstr.45\n39040 AUER');
INSERT INTO `clients` VALUES (55, '', 'Pernstich Elma', 'Villnerstr. 4', '39044', 'Neumarkt', '', '', '', 'Villnerstr. 4\n39044 Neumarkt');
INSERT INTO `clients` VALUES (56, 'Kondominium Sonia', '', 'Boznerstr. 31', '39044', 'Neumarkt', '', '94053220219', '', 'Boznerstr. 31\n39044 Neumarkt');
INSERT INTO `clients` VALUES (57, 'Bar Vaja', 'Amplatz Hubert', 'Villnerstr.4', '39044', 'Neumarkt', '', '2362480218', '', 'Villnerstr.4\n39044 Neumarkt');
INSERT INTO `clients` VALUES (58, 'Südtiroler Schwarzes Kreuz', '', 'Museumstr.41', '39100', 'Bozen', '', '94023740213', '', 'Museumstr.41\n39100 Bozen');
INSERT INTO `clients` VALUES (59, 'Landesrettungsverein Weißes Kreuz', 'Sektion Überetsch', 'Bahnhofplatz 16', '39057', 'Eppan', '', '80006120218', 'den', 'Bahnhofplatz 16\n39057 Eppan');
INSERT INTO `clients` VALUES (60, 'K.V.W. Ortsgruppe Neumarkt', 'z.H. Furlan Wilfried', 'Cesare- Batisti Ring 30', '39044', 'Neumarkt', '', '80021940210', 'die', 'Cesare- Batisti Ring 30\n39044 Neumarkt');
INSERT INTO `clients` VALUES (61, 'Amateurtennisclub Laag', '', 'Gfrillnerweg 57', '39040', 'Laag', '', '689250215', 'den', 'Gfrillnerweg 57\n39040 Laag');
INSERT INTO `clients` VALUES (62, 'Buch- und Papierhandlung Kasal', 'Renato Flora', 'Lauben 14', '39044', 'Neumarkt', '', '747540219', 'die', 'Lauben 14\n39044 Neumarkt');
INSERT INTO `clients` VALUES (63, 'Cooperativa Casa Bimbo', '', 'via Noldin 25', '39055', 'Laives', '', '1576970212', '', 'via Noldin 25\n39055 Laives');
INSERT INTO `clients` VALUES (64, 'Gasthof Jägerheim', 'Monsorno Roland', 'Neumarktstr.7', '39040', 'Montan', '', '608580213', '', 'Neumarktstr.7\n39040 Montan');
INSERT INTO `clients` VALUES (65, '', 'Varesco Alberto e C. snc', 'Zona Artigianale', '39040', 'Trodena', '', '1043280211', '', 'Zona Artigianale\n39040 Trodena');
INSERT INTO `clients` VALUES (66, 'Fichtenhof OHG', 'Pardatscher Ingrid', 'Gfrillnerstr.23', '39040', 'Gfrill bei Salurn', '', '1443400211', '', 'Gfrillnerstr.23\n39040 Gfrill bei Salurn');
INSERT INTO `clients` VALUES (67, 'Hotel Trudnerhof', 'H. Franzelin Amplatz KG', 'Kirchplatz St. Blasius Nr. 7', '39040', 'Truden', '', '698520210', '', 'Kirchplatz St. Blasius Nr. 7\n39040 Truden');
INSERT INTO `clients` VALUES (68, 'Bar Rest. zur Mühle', 'Rainer Robert', 'Hilbweg 4', '39040', 'Auer', '', '2288020213', '', 'Hilbweg 4\n39040 Auer');
INSERT INTO `clients` VALUES (69, 'Tornifiemme', 'Pernter Hartmann', 'Loc. Valli', '38038', 'Lago di Tesero', '', '679350223', '', 'Loc. Valli\n38038 Lago di Tesero');
INSERT INTO `clients` VALUES (70, 'Restaurant Englkeller', 'Fante Maurizio & C.Snc', 'Ballhaus 41', '39044', 'Egna', '', '2428600213', '', 'Ballhaus 41\n39044 Egna');
INSERT INTO `clients` VALUES (71, 'Gasthof zur Post', 'Schmidt Christine', 'Rathausring 29', '39044', 'Neumarkt', '', '1576850216', '', 'Rathausring 29\n39044 Neumarkt');
INSERT INTO `clients` VALUES (72, 'Hotel zur Traube Pizzeria', 'Varesco S. & Co. OHG', 'Dolomitenstr.16', '39040', 'Montan', '', '1160400212', '', 'Dolomitenstr.16\n39040 Montan');
INSERT INTO `clients` VALUES (73, '', 'Mayr Klaus', 'A. Hoferstrasse 6', '39044', 'Neumarkt', '', '2469790212', '', 'A. Hoferstrasse 6\n39044 Neumarkt');
INSERT INTO `clients` VALUES (80, '', '', '', '', '', '', '', '', '');
INSERT INTO `clients` VALUES (79, '', '', '', '', '', '', '', '', '');
INSERT INTO `clients` VALUES (81, 'Physiosan', 'Stürtz Monika', 'Boznerstrasse 31', '39044', 'Neumarkt', '', '02497730214', '', '');
INSERT INTO `clients` VALUES (76, 'Regione Autonoma Trentino - Alto Adige', '', 'Via Gassoletti 2', '38100', 'Trento', '', '80003690221', '', '');
INSERT INTO `clients` VALUES (78, 'Foto Furlan KG SAS', 'Furlan Manfred', 'Lauben 31', '39044', 'Neumarkt', '', '01189110214', '', '');
INSERT INTO `clients` VALUES (82, 'Garni Meinrad', 'Giovanelli Richard', 'Kirchgasse 2', '39044', 'Auer', '', '02435890211', '', '');
INSERT INTO `clients` VALUES (83, 'Fachschule für Hauswirtschaft', '', 'Fleimstalerstr.37', '39044', 'Neumarkt', '', '00390090215', '', '');
INSERT INTO `clients` VALUES (84, 'Widmann Heizungen GmbH', '', 'Steinackerstr. 19', '39040', 'Tramin', '', '00769330218', '', '');
INSERT INTO `clients` VALUES (85, '', '', '', '', '', '', '', '', '');
INSERT INTO `clients` VALUES (86, 'CHIOSCO FRUTTA e VINO', 'MARGONAR ELIO', 'via Trento 10', '39044', 'Egna', '', '00726550213', '', '');
INSERT INTO `clients` VALUES (87, '', 'Mayr Klaus', 'A. Hoferstrasse 6', '39044', 'Neumarkt', '', '02469790212', '', '');
INSERT INTO `clients` VALUES (88, 'Mayr Klaus', '', 'A. Hoferstrasse 6', '39044', 'Neumarkt', '', '02469790212', '', '');
INSERT INTO `clients` VALUES (89, 'Prestige KG', 'Dibiasi Klaus', 'Hauptplatz 36', '39044', 'Neumarkt', '', '01726470212', '', '');
INSERT INTO `clients` VALUES (90, 'GEMEINDE AUER', '', 'HAUPTPLATZ 5', '39040', 'AUER', '', '', '', '');
INSERT INTO `clients` VALUES (91, 'Kriegsopfer und Frontkämpferverband', 'z. H. Bertignoll Albert', 'C. Battistiring 16', '39044', 'Neumarkt', '', '', '', '');

-- --------------------------------------------------------

-- 
-- Tabellenstruktur für Tabelle `invoice`
-- 

CREATE TABLE `invoice` (
  `invoice_id` int(20) NOT NULL auto_increment,
  `client_id` int(20) NOT NULL default '0',
  `invoice_number` int(20) NOT NULL default '0',
  `datum` varchar(20) collate latin1_general_ci default NULL,
  `bezahlung` varchar(50) collate latin1_general_ci default NULL,
  `bestimmungsort` varchar(50) collate latin1_general_ci default NULL,
  `text` text collate latin1_general_ci NOT NULL,
  `paid` varchar(100) collate latin1_general_ci NOT NULL default '0',
  `_type` int(2) NOT NULL default '0',
  PRIMARY KEY  (`invoice_id`),
  KEY `id` (`invoice_id`),
  KEY `kundennummer` (`client_id`),
  KEY `Rechnungnummer` (`invoice_number`)
) ENGINE=MyISAM DEFAULT CHARSET=latin1 COLLATE=latin1_general_ci AUTO_INCREMENT=277 ;

-- 
-- Daten für Tabelle `invoice`
-- 

INSERT INTO `invoice` VALUES (1, 3, 3, '11.05.2002', 'bezahlt', '', '', '0', 0);
INSERT INTO `invoice` VALUES (2, 2, 2, '15.05.2002', '30 Tage', '', '', '0', 0);
INSERT INTO `invoice` VALUES (3, 1, 1, '03.05.2002', 'bezahlt', '', '', '0', 0);
INSERT INTO `invoice` VALUES (4, 4, 4, '02.07.2002', '30 Tage', 'Deutscher Kindergarten Laag', '', '0', 1);
INSERT INTO `invoice` VALUES (5, 4, 5, '02.07.2002', '30 Tage', 'Feuerwehr Neumarkt', '', '0', 0);
INSERT INTO `invoice` VALUES (6, 5, 6, '02.07.2002', 'bezahlt', '', '', '0', 0);
INSERT INTO `invoice` VALUES (7, 6, 7, '02.07.2002', '30 Tage', '', '', '0', 0);
INSERT INTO `invoice` VALUES (8, 7, 8, '08.07.2002', '30 Tage', '', '', '0', 0);
INSERT INTO `invoice` VALUES (9, 8, 9, '08.07.2002', '30 Tage', 'Sozialsprengel Unterland', '', '0', 0);
INSERT INTO `invoice` VALUES (10, 9, 10, '08.07.2002', 'bezahlt', '', '', '0', 0);
INSERT INTO `invoice` VALUES (11, 10, 11, '08.07.2002', '30 Tage', '', '', '0', 0);
INSERT INTO `invoice` VALUES (12, 11, 12, '08.07.2002', '30 Tage', '', '', '0', 0);
INSERT INTO `invoice` VALUES (13, 12, 13, '08.07.2002', '30 Tage', '', '', '0', 0);
INSERT INTO `invoice` VALUES (14, 13, 14, '13.07.2002', '30 Tage', '', '', '0', 0);
INSERT INTO `invoice` VALUES (15, 4, 15, '13.07.2002', '30 Tage', '', '', '0', 0);
INSERT INTO `invoice` VALUES (16, 14, 16, '13.07.2002', '30 Tage', '', '', '0', 0);
INSERT INTO `invoice` VALUES (17, 4, 17, '26.08.2002', '30 Tage', '', '', '0', 0);
INSERT INTO `invoice` VALUES (18, 15, 18, '26.08.2002', '30 Tage', '', '', '0', 0);
INSERT INTO `invoice` VALUES (19, 9, 19, '28.09.2002', 'bezahlt', '', '', '0', 0);
INSERT INTO `invoice` VALUES (20, 16, 20, '28.09.2002', '30 Tage', 'Italienischsprachiger Schulsprengel', '', '0', 0);
INSERT INTO `invoice` VALUES (21, 17, 21, '28.09.2002', '30 Tage', '', '', '0', 0);
INSERT INTO `invoice` VALUES (22, 18, 22, '28.09.2002', '30 Tage', '', '', '0', 0);
INSERT INTO `invoice` VALUES (23, 8, 23, '04.12.2002', '30 Tage', 'Sozialsprengel Unterland', '', '0', 0);
INSERT INTO `invoice` VALUES (24, 12, 24, '04.12.2002', '30 Tage', '', '', '0', 0);
INSERT INTO `invoice` VALUES (25, 4, 25, '04.12.2002', '30 Tage', '', '', '0', 0);
INSERT INTO `invoice` VALUES (26, 4, 26, '04.12.2002', '30 Tage', '', '', '0', 0);
INSERT INTO `invoice` VALUES (27, 4, 27, '04.12.2002', '30 Tage', 'Friedhof', '', '0', 0);
INSERT INTO `invoice` VALUES (28, 19, 28, '04.12.2002', '30 Tage', '', '', '0', 0);
INSERT INTO `invoice` VALUES (29, 18, 29, '05.12.2002', '30 Tage', '', '', '0', 0);
INSERT INTO `invoice` VALUES (30, 20, 30, '11.12.2002', '30 Tage', '', '', '0', 0);
INSERT INTO `invoice` VALUES (31, 21, 31, '13.12.2002', 'bezahlt', '', '', '0', 0);
INSERT INTO `invoice` VALUES (32, 10, 33, '28.12.2002', '30 Tage', '', '', '0', 0);
INSERT INTO `invoice` VALUES (33, 19, 34, '28.12.2002', '30 Tagre', '', '', '0', 0);
INSERT INTO `invoice` VALUES (34, 18, 18, '02.06.2003', '30 Tage', '', '', '0', 0);
INSERT INTO `invoice` VALUES (35, 22, 1, '28.04.2003', '', 'Floralia', '', '0', 0);
INSERT INTO `invoice` VALUES (36, 23, 2, '02.06.2003', '30 Tage', '', '', '0', 0);
INSERT INTO `invoice` VALUES (37, 24, 3, '02.06.2003', '30 Tage', '', '', '0', 0);
INSERT INTO `invoice` VALUES (38, 9, 4, '02.06.2003', 'bez.', '', '', '0', 0);
INSERT INTO `invoice` VALUES (39, 4, 13, '02.06.2003', '30 Tage', 'Neugestaltung Grünanlagen', '', '0', 0);
INSERT INTO `invoice` VALUES (40, 1, 6, '02.06.2003', '30 Tage', '', '', '0', 0);
INSERT INTO `invoice` VALUES (41, 25, 7, '02.06.2003', '30 Tage', '', '', '0', 0);
INSERT INTO `invoice` VALUES (42, 26, 8, '02.06.2003', 'bez.', '', '', '0', 0);
INSERT INTO `invoice` VALUES (43, 8, 10, '02.06.2003', '30 Tage', '', '', '0', 0);
INSERT INTO `invoice` VALUES (44, 27, 11, '02.06.2003', 'bez.', '', '', '0', 0);
INSERT INTO `invoice` VALUES (45, 10, 12, '02.06.2003', '30  Tage', '', '', '0', 0);
INSERT INTO `invoice` VALUES (46, 28, 14, '02.06.2003', 'bez.', '', '', '0', 0);
INSERT INTO `invoice` VALUES (47, 11, 15, '02.06.2003', '30 Tage', '', '', '0', 0);
INSERT INTO `invoice` VALUES (48, 14, 16, '02.06.2003', '30 Tage', '', '', '0', 0);
INSERT INTO `invoice` VALUES (49, 12, 17, '02.06.2003', '30 Tage', '', '', '0', 0);
INSERT INTO `invoice` VALUES (50, 8, 19, '04.06.2003', '30 Tage', 'Sozialsprengel Neumarkt', '', '0', 0);
INSERT INTO `invoice` VALUES (51, 4, 5, '02.06.2003', '30 Tage', 'Sitzungssaal', '', '0', 0);
INSERT INTO `invoice` VALUES (52, 4, 9, '02.06.2003', '30 Tage', 'Feuerwehr Neumarkt', '', '0', 0);
INSERT INTO `invoice` VALUES (53, 22, 20, '04.06.2003', '30 Tage', 'Ballettschule Renate Kokot', '', '0', 0);
INSERT INTO `invoice` VALUES (54, 5, 21, '16.06.2003', '30Tage', '', '', '0', 0);
INSERT INTO `invoice` VALUES (55, 29, 22, '16.06.2003', 'bezahlt', '', '', '0', 0);
INSERT INTO `invoice` VALUES (56, 30, 23, '16.06.2003', '30 Tage', '', '', '0', 0);
INSERT INTO `invoice` VALUES (57, 31, 24, '16.06.2003', '30 Tage', '', '', '0', 0);
INSERT INTO `invoice` VALUES (58, 4, 25, '24.06.2003', '30 Tage', 'Kindergarten Laag', '', '0', 0);
INSERT INTO `invoice` VALUES (59, 34, 26, '26.06.2003', '30 Tage', '', '', '0', 0);
INSERT INTO `invoice` VALUES (60, 33, 27, '05.07.2003', '30 Giorni', '', '', '0', 0);
INSERT INTO `invoice` VALUES (63, 37, 28, '10.07.2003', '30 Tage', '', '', '0', 0);
INSERT INTO `invoice` VALUES (64, 38, 29, '14.07.2003', '30 Tage', '', '', '0', 0);
INSERT INTO `invoice` VALUES (65, 39, 30, '10.09.2003', '30 Tage', '', '', '0', 0);
INSERT INTO `invoice` VALUES (66, 40, 31, '10.09.2003', '30 Tage', '', '', '0', 0);
INSERT INTO `invoice` VALUES (67, 41, 32, '11.09.2003', '30 Tage', '', '', '0', 0);
INSERT INTO `invoice` VALUES (68, 42, 33, '18.09.2003', '30 Tage', '', '', '0', 0);
INSERT INTO `invoice` VALUES (69, 13, 34, '12.11.2003', '30 Tage', '', '', '0', 0);
INSERT INTO `invoice` VALUES (70, 41, 35, '13.11.2003', '30 Tage', '', '', '0', 0);
INSERT INTO `invoice` VALUES (71, 10, 36, '13.11.2003', '30 Tage', '', '', '0', 0);
INSERT INTO `invoice` VALUES (72, 43, 37, '13.11.2003', '30 Tage', '', '', '0', 0);
INSERT INTO `invoice` VALUES (73, 44, 38, '18.11.2003', '30 Tage', '', '', '0', 0);
INSERT INTO `invoice` VALUES (74, 4, 39, '02.12.2003', '30 Tage', 'Rathaus', '', '0', 0);
INSERT INTO `invoice` VALUES (75, 4, 40, '02.12.2003', '30 Tage', 'Freilandkisten nachgepflanzt', '', '0', 0);
INSERT INTO `invoice` VALUES (76, 4, 41, '02.12.2003', '30 Tage', 'Friedhof', '', '0', 0);
INSERT INTO `invoice` VALUES (77, 19, 42, '02.12.2003', '30 Tage', '', '', '0', 0);
INSERT INTO `invoice` VALUES (78, 45, 43, '02.12.2003', '30 Tage', '', '', '0', 0);
INSERT INTO `invoice` VALUES (79, 9, 44, '02.12.2003', 'bezahlt', '', '', '0', 0);
INSERT INTO `invoice` VALUES (80, 14, 45, '02.12.2003', '30 Tage', '', '', '0', 0);
INSERT INTO `invoice` VALUES (81, 28, 46, '02.12.2003', 'bezahlt', '', '', '0', 0);
INSERT INTO `invoice` VALUES (82, 12, 47, '02.12.2003', '30 Tage', '', '', '0', 0);
INSERT INTO `invoice` VALUES (83, 46, 48, '02.12.2003', 'bezahlt', '', '', '0', 0);
INSERT INTO `invoice` VALUES (84, 41, 49, '16.12.2003', '30 Tage', '', '', '0', 0);
INSERT INTO `invoice` VALUES (85, 18, 50, '16.12.2003', '30 Tage', '', '', '0', 0);
INSERT INTO `invoice` VALUES (86, 47, 51, '16.12.2003', '30 giorni', '', '', '0', 0);
INSERT INTO `invoice` VALUES (87, 19, 52, '29.12.2003', '30 Tage', '', '', '0', 0);
INSERT INTO `invoice` VALUES (88, 46, 53, '29.12.2003', 'bezahlt', '', '', '0', 0);
INSERT INTO `invoice` VALUES (89, 12, 54, '29.12.2003', '30 giorni', '', '', '0', 0);
INSERT INTO `invoice` VALUES (90, 48, 1, '18.02.2004', '30 Tage', '', '', '0', 0);
INSERT INTO `invoice` VALUES (91, 41, 11, '22.06.2005', '30 Tage', '', '', '0', 0);
INSERT INTO `invoice` VALUES (92, 8, 3, '19.02.2004', '30 Tage', 'Sozialsprengel', '', '0', 0);
INSERT INTO `invoice` VALUES (93, 33, 4, 'O3.O6.O4', '30 Tage', '', '', '0', 0);
INSERT INTO `invoice` VALUES (94, 50, 5, '03.06.2004', 'bezahlt', '', '', '0', 0);
INSERT INTO `invoice` VALUES (96, 51, 6, '03.06.2004', '30 Tage', '', '', '0', 0);
INSERT INTO `invoice` VALUES (97, 52, 7, '03.06.2004', '30 Tage', 'Raiffeisenkasse Neumarkt', '', '0', 0);
INSERT INTO `invoice` VALUES (98, 43, 8, '10.06.2004', '30 Tage', '', '', '0', 0);
INSERT INTO `invoice` VALUES (99, 1, 9, '22.06.2004', '30 Tage', '', '', '0', 0);
INSERT INTO `invoice` VALUES (100, 10, 10, '22.06.2004', '30 Tage', '', '', '0', 0);
INSERT INTO `invoice` VALUES (101, 18, 12, '22.06.2004', '30 Tage', '', '', '0', 0);
INSERT INTO `invoice` VALUES (102, 26, 13, '22.06.2004', '30 Tage', '', '', '0', 0);
INSERT INTO `invoice` VALUES (103, 4, 15, '22.06.2004', '30 Tage', 'Kindergarten Laag', '', '0', 0);
INSERT INTO `invoice` VALUES (104, 34, 16, '22.06.2004', '30 Tage', '', '', '0', 0);
INSERT INTO `invoice` VALUES (105, 27, 17, '22.06.2004', '30 Tage', '', '', '0', 0);
INSERT INTO `invoice` VALUES (106, 14, 18, '22.06.2004', '30 Tage', '', '', '0', 0);
INSERT INTO `invoice` VALUES (107, 11, 19, '22.06.2004', 'bezahlt', '', '', '0', 0);
INSERT INTO `invoice` VALUES (108, 9, 20, '22.06.2004', 'bezahlt', '', '', '0', 0);
INSERT INTO `invoice` VALUES (109, 28, 21, '22.06.2004', 'bezahlt', '', '', '0', 0);
INSERT INTO `invoice` VALUES (110, 28, 22, '22.06.2004', '30 Tage', '', '', '0', 0);
INSERT INTO `invoice` VALUES (111, 5, 23, '22.06.2004', '30 Tage', '', '', '0', 0);
INSERT INTO `invoice` VALUES (112, 53, 24, '22.06.2004', '30 Tage', '', '', '0', 0);
INSERT INTO `invoice` VALUES (113, 4, 14, '22.06.2004', '30 Tage', '', '', '0', 0);
INSERT INTO `invoice` VALUES (114, 25, 25, '28.06.2004', '30 Tage', '', '', '0', 0);
INSERT INTO `invoice` VALUES (115, 31, 26, '09.07.2004', '30 Tage', '', '', '0', 0);
INSERT INTO `invoice` VALUES (116, 41, 27, '09.07.2004', '30 Tage', '', '', '0', 0);
INSERT INTO `invoice` VALUES (117, 12, 28, '09.07.2004', '30 giorni', '', '', '0', 0);
INSERT INTO `invoice` VALUES (118, 30, 29, '10.07.2004', '30 Tage', '', '', '0', 0);
INSERT INTO `invoice` VALUES (119, 54, 30, '16.07.2004', '30 Tage', '', '', '0', 0);
INSERT INTO `invoice` VALUES (120, 55, 31, '19.07.2004', '30 Tage', '', '', '0', 0);
INSERT INTO `invoice` VALUES (121, 8, 32, '22.07.2004', '30 Tage', '', '', '0', 0);
INSERT INTO `invoice` VALUES (122, 56, 33, '16.08.2004', 'bei Sicht', '', '', '0', 0);
INSERT INTO `invoice` VALUES (124, 8, 34, '11.09.2004', '30 Tage', 'Sozialsprengel', '', '0', 0);
INSERT INTO `invoice` VALUES (125, 57, 35, '11.09.2004', '30 Tage', '', '', '0', 0);
INSERT INTO `invoice` VALUES (126, 8, 36, '04.10.2004', '30 Tage', 'Sozialsprengel', '', '0', 0);
INSERT INTO `invoice` VALUES (127, 52, 37, '04.10.2004', '30 Tage', 'Raiffeisenkasse Neumarkt', '', '0', 0);
INSERT INTO `invoice` VALUES (128, 41, 38, '04.10.2004', '30 Tage', '', '', '0', 0);
INSERT INTO `invoice` VALUES (129, 4, 39, '04.10.2004', '30 Tage', 'Mittelschule Neumarkt', '', '0', 0);
INSERT INTO `invoice` VALUES (130, 3, 40, '04.10.2004', '30 Tage', '', '', '0', 0);
INSERT INTO `invoice` VALUES (131, 54, 41, '12.10.2004', 'bezahlt', '', '', '0', 0);
INSERT INTO `invoice` VALUES (132, 29, 42, '25.10.2004', '30 Tage', '', '', '0', 0);
INSERT INTO `invoice` VALUES (133, 58, 43, '22.11.2004', '30 Tage', 'Kriegsfriedhof Auer', '', '0', 0);
INSERT INTO `invoice` VALUES (134, 4, 44, '22.11.2004', '30 Tage', 'Pflanzung Grünanlagen', '', '0', 0);
INSERT INTO `invoice` VALUES (135, 31, 45, '23.11.2004', '30 Tage', '', '', '0', 0);
INSERT INTO `invoice` VALUES (136, 4, 46, '23.11.2004', '30 Tage', 'Friedhof', '', '0', 0);
INSERT INTO `invoice` VALUES (137, 46, 47, '24.11.2004', 'bezahlt', '', '', '0', 0);
INSERT INTO `invoice` VALUES (138, 45, 48, '24.11.2004', '30 Tage', '', '', '0', 0);
INSERT INTO `invoice` VALUES (139, 9, 49, '24.11.2004', 'bezahlt', '', '', '0', 0);
INSERT INTO `invoice` VALUES (140, 19, 50, '24.11.2004', '30 Tage', '', '', '0', 0);
INSERT INTO `invoice` VALUES (141, 58, 51, '25.11.2004', '30 Tage', 'Kriegerfriedhof Auer', '', '0', 0);
INSERT INTO `invoice` VALUES (142, 7, 52, '29.11.2004', '30 Tage', '', '', '0', 0);
INSERT INTO `invoice` VALUES (143, 12, 53, '06.12.2004', '30 giorni', '', '', '0', 0);
INSERT INTO `invoice` VALUES (144, 43, 54, '28.12.2004', '30 Tage', '', '', '0', 0);
INSERT INTO `invoice` VALUES (145, 19, 55, '28.12.2004', '30 Tage', '', '', '0', 0);
INSERT INTO `invoice` VALUES (146, 26, 56, '28.12.2004', 'bezahlt', '', '', '0', 0);
INSERT INTO `invoice` VALUES (147, 57, 57, '28.12.2004', '30 Tage', '', '', '0', 0);
INSERT INTO `invoice` VALUES (148, 28, 58, '28.12.2004', '30 Tage', '', '', '0', 0);
INSERT INTO `invoice` VALUES (149, 13, 59, '28.12.2004', '30 Tage', '', '', '0', 0);
INSERT INTO `invoice` VALUES (159, 1, 29, '01.07.2005', '30 Tage', '', '', '0', 0);
INSERT INTO `invoice` VALUES (160, 5, 23, '29.06.2005', '30 Tage', '', '', '0', 0);
INSERT INTO `invoice` VALUES (161, 59, 1, '27.01.2005', '30 Tage', '', '', '0', 0);
INSERT INTO `invoice` VALUES (162, 60, 2, '14.03.2005', 'bei Sicht', 'Haus Unterland', '', '0', 0);
INSERT INTO `invoice` VALUES (163, 61, 3, '21.04.2005', '30 Tage', '', '', '0', 0);
INSERT INTO `invoice` VALUES (164, 7, 4, '21.04.2005', '30 Tage', '', '', '0', 0);
INSERT INTO `invoice` VALUES (165, 57, 5, '21.04.2005', '30 Tage', '', '', '0', 0);
INSERT INTO `invoice` VALUES (166, 62, 6, '08.05.2005', 'bezahlt', '', '', '0', 0);
INSERT INTO `invoice` VALUES (167, 63, 7, '08.06.2005', '30 Tage', '', '', '0', 0);
INSERT INTO `invoice` VALUES (168, 64, 8, '10.06.2005', '30 Tage', '', '', '0', 0);
INSERT INTO `invoice` VALUES (169, 43, 5, '10.05.2005', '30 Tage', '', '', '0', 0);
INSERT INTO `invoice` VALUES (170, 43, 9, '10.06.2005', '30 Tage', '', '', '0', 0);
INSERT INTO `invoice` VALUES (171, 52, 10, '14.06.2005', '30 Tage', 'Raiffeisenkasse Neumarkt', '', '0', 0);
INSERT INTO `invoice` VALUES (172, 65, 11, '29.06.2005', '30 giorni', '', '', '0', 0);
INSERT INTO `invoice` VALUES (173, 4, 12, '29.06.2005', '30 Tage', 'Kindergarten Laag', '', '0', 0);
INSERT INTO `invoice` VALUES (174, 4, 13, '29.06.2005', '30 Tage', 'Feuerwehr Neumarkt', '', '0', 0);
INSERT INTO `invoice` VALUES (175, 33, 14, '29.06.2005', '30 Tage', '', '', '0', 0);
INSERT INTO `invoice` VALUES (176, 8, 15, '29.06.2005', '30 Tage', 'Sozialsprengel', '', '0', 0);
INSERT INTO `invoice` VALUES (177, 46, 16, '29.06.2005', 'bezahlt', '', '', '0', 0);
INSERT INTO `invoice` VALUES (178, 57, 17, '29.06.2005', '30 Tage', '', '', '0', 0);
INSERT INTO `invoice` VALUES (179, 58, 18, '29.06.2005', '30 Tage', 'Kriegerfriedhof Auer', '', '0', 0);
INSERT INTO `invoice` VALUES (180, 25, 19, '29.06.2005', '30 Tage', '', '', '0', 0);
INSERT INTO `invoice` VALUES (181, 11, 20, '29.06.2005', 'bezahlt', '', '', '0', 0);
INSERT INTO `invoice` VALUES (182, 66, 21, '29.06.2005', 'bezahlt', '', '', '0', 0);
INSERT INTO `invoice` VALUES (183, 9, 22, '29.06.2005', 'bezahlt', '', '', '0', 0);
INSERT INTO `invoice` VALUES (184, 67, 24, '29.06.2005', '30 Tage', '', '', '0', 0);
INSERT INTO `invoice` VALUES (185, 10, 25, '29.06.2005', '30 Tage', '', '', '0', 0);
INSERT INTO `invoice` VALUES (186, 68, 26, '29.06.2005', '30 Tage', '', '', '0', 0);
INSERT INTO `invoice` VALUES (187, 41, 27, '01.07.2005', '30 Tage', '', '', '0', 0);
INSERT INTO `invoice` VALUES (188, 6, 28, '01.07.2005', '30 Tage', '', '', '0', 0);
INSERT INTO `invoice` VALUES (189, 31, 30, '01.07.2005', '30 Tage', '', '', '0', 0);
INSERT INTO `invoice` VALUES (190, 69, 31, '01.07.2005', '30 Tage', '', '', '0', 0);
INSERT INTO `invoice` VALUES (191, 28, 34, '01.07.2005', '30 Tage', '', '', '0', 0);
INSERT INTO `invoice` VALUES (192, 26, 32, '01.07.2005', '30 Tage', '', '', '0', 0);
INSERT INTO `invoice` VALUES (193, 27, 33, '01.07.2005', '30 Tage', '', '', '0', 0);
INSERT INTO `invoice` VALUES (194, 70, 35, '06.07.2005', '30 giorni', '', '', '0', 0);
INSERT INTO `invoice` VALUES (195, 71, 36, '06.07.2005', '30 Tage', '', '', '0', 0);
INSERT INTO `invoice` VALUES (196, 12, 37, '08.07.2005', '30giorni', '', '', '0', 0);
INSERT INTO `invoice` VALUES (197, 30, 38, '09.07.2005', '30 Tage', '', '', '0', 0);
INSERT INTO `invoice` VALUES (198, 72, 39, '17.08.2005', '30 Tage', '', '', '0', 0);
INSERT INTO `invoice` VALUES (199, 52, 40, '17.08.2005', '30 Tage', 'Raiffeisenkasse Neumarkt', '', '0', 0);
INSERT INTO `invoice` VALUES (200, 29, 41, '18.08.2005', '30 Tage', '', '', '0', 0);
INSERT INTO `invoice` VALUES (201, 4, 42, '21.11.2005', '30 Tage', 'Pflanzung Grünanlagen', '', '0', 0);
INSERT INTO `invoice` VALUES (202, 46, 43, '21.11.2005', 'bezahlt', '', '', '0', 0);
INSERT INTO `invoice` VALUES (203, 4, 44, '21.11.2005', '30 Tage', 'Bibliothek', '', '0', 0);
INSERT INTO `invoice` VALUES (204, 12, 45, '25.11.2005', '30giorni', '', '', '0', 0);
INSERT INTO `invoice` VALUES (205, 45, 46, '25.11.2005', '30 Tage', '', '', '0', 0);
INSERT INTO `invoice` VALUES (206, 9, 47, '25.11.2005', 'bezahlt', '', '', '0', 0);
INSERT INTO `invoice` VALUES (207, 58, 48, '25.11.2005', '30 Tage', 'Kriegerfriedhof Auer', '', '0', 0);
INSERT INTO `invoice` VALUES (208, 31, 49, '25.11.2005', '30 Tage', '', '', '0', 0);
INSERT INTO `invoice` VALUES (209, 58, 50, '25.11.2005', '30 Tage', 'Kriegerfriedhof Auer', '', '0', 0);
INSERT INTO `invoice` VALUES (210, 4, 51, '01.12.2005', '30 Tage', 'Friedhof', '', '0', 0);
INSERT INTO `invoice` VALUES (211, 4, 52, '01.12.2005', '30 Tage', 'Rathaus', '', '0', 0);
INSERT INTO `invoice` VALUES (212, 19, 53, '01.12.2005', '30 Tage', '', '', '0', 0);
INSERT INTO `invoice` VALUES (213, 46, 54, '01.12.2005', 'bezahlt', '', '', '0', 0);
INSERT INTO `invoice` VALUES (214, 72, 55, '01.12.2005', '30 Tage', '', '', '0', 0);
INSERT INTO `invoice` VALUES (215, 52, 56, '01.12.2005', '30 Tage', 'Raiffeisenkasse Neumarkt', '', '0', 0);
INSERT INTO `invoice` VALUES (216, 7, 57, '01.12.2005', '30 Tage', '', '', '0', 0);
INSERT INTO `invoice` VALUES (217, 27, 58, '01.12.2005', '30 Tage', '', '', '0', 0);
INSERT INTO `invoice` VALUES (218, 30, 59, '13.12.2005', '30 Tage', '', '', '0', 0);
INSERT INTO `invoice` VALUES (219, 43, 60, '28.12.2005', '30 Tage', '', '', '0', 0);
INSERT INTO `invoice` VALUES (220, 19, 61, '28.12.2005', '30 Tage', '', '', '0', 0);
INSERT INTO `invoice` VALUES (221, 26, 62, '28.12.2005', '30 Tage', '', '', '0', 0);
INSERT INTO `invoice` VALUES (222, 52, 63, '28.12.2005', '30 Tage', 'Raiffeisenkasse Neumarkt', '', '0', 0);
INSERT INTO `invoice` VALUES (223, 73, 64, '28.12.2005', '30 Tage', '', '', '0', 0);
INSERT INTO `invoice` VALUES (225, 76, 1, '06.02.2006', '30 giorni', 'Uff.d.Giudice d.Pace v. Bolzano 31 39044 Egna', '', '', 0);
INSERT INTO `invoice` VALUES (226, 67, 2, '07.02.2006', '30 Tage', '', '', '', 0);
INSERT INTO `invoice` VALUES (227, 52, 3, '08.02.2006', '30 Tage', 'Raiffeisenkasse Neumarkt', '', '', 0);
INSERT INTO `invoice` VALUES (228, 78, 4, '22.02.2006', '30 Tage', '', '', '', 0);
INSERT INTO `invoice` VALUES (229, 4, 0, '01.03.2006', '', '', 'Betreff: Kostenvoranschlag\r\n\r\nNeugestaltung Grünanlagen mit bunten, blühenden, gemischten Pflanzen:\r\n\r\nPflanzgefäße im historischem Ortskern, Carabinieri\r\nPflanzgefäße des Rathausrings: Frühjahrs-, Sommer-, Herbstbepflanzung\r\n\r\nBlumenbeet vor Hotel Post und Pflanzgefäße der Fleimstalerstrasse:\r\nFrühjahrs- und Sommerbepflanzung\r\n\r\nFrühjahrsschnitt, Arbeit, Erde und Dünger\r\n\r\n\r\nWenn auch weniger Kisten, aber Pflanzen eingegangen sind, somit mehr Pflanzen\r\ngebraucht werden, bleiben die Kosten gleich wie 2005.\r\n\r\nGesamtbetrag: 3.800,00  +10% Mwst.\r\n\r\n                                                              \r\n\r\n                                                                           Mit freundlichen Grüßen\r\n\r\n\r\n\r\n\r\n\r\n\r\n                                                                                                 Neumarkt, 01.03.06', '', 1);
INSERT INTO `invoice` VALUES (232, 81, 5, '19.06.2006', 'bezahlt', '', '', '', 0);
INSERT INTO `invoice` VALUES (230, 4, 0, '01.03.2006', '', '', '', '', 1);
INSERT INTO `invoice` VALUES (233, 73, 0, '', '', '', '', '', 0);
INSERT INTO `invoice` VALUES (234, 33, 6, '19.06.2006', '30 giorni', '', '', '', 0);
INSERT INTO `invoice` VALUES (235, 6, 7, '19.06.2006', '', '', '', '', 0);
INSERT INTO `invoice` VALUES (236, 4, 8, '19.06.2006', '30 Tage', 'Feuerwehr', '', '', 0);
INSERT INTO `invoice` VALUES (237, 46, 9, '19.06.2006', 'bezahlt', '', '', '', 0);
INSERT INTO `invoice` VALUES (238, 82, 10, '19.06.2006', 'bezahlt', '', '', '', 0);
INSERT INTO `invoice` VALUES (239, 64, 11, '19.06.2006', '30 Tage', '', '', '', 0);
INSERT INTO `invoice` VALUES (240, 25, 0, '', '', '', '', '', 0);
INSERT INTO `invoice` VALUES (241, 25, 12, '19.06.2006', '30 Tage', '', '', '', 0);
INSERT INTO `invoice` VALUES (242, 83, 13, '19.06.2006', '30 Tage', '', '', '', 0);
INSERT INTO `invoice` VALUES (243, 84, 14, '19.06.2006', 'bezahlt', '', '', '', 0);
INSERT INTO `invoice` VALUES (244, 39, 15, '19.06.2006', '30 Tage', '', '', '', 0);
INSERT INTO `invoice` VALUES (245, 4, 16, '19.06.2006', '30 Tage', 'Kindergarten Laag', '', '', 0);
INSERT INTO `invoice` VALUES (246, 67, 0, '', '', '', '', '', 0);
INSERT INTO `invoice` VALUES (247, 65, 0, '', '', '', '', '', 0);
INSERT INTO `invoice` VALUES (248, 65, 0, '', '', '', '', '', 0);
INSERT INTO `invoice` VALUES (249, 67, 0, '', '', '', '', '', 0);
INSERT INTO `invoice` VALUES (250, 67, 17, '10.07.2006', '30 Tage', '', '', '', 0);
INSERT INTO `invoice` VALUES (251, 65, 19, '10.07.2006', '', '', '', '', 0);
INSERT INTO `invoice` VALUES (252, 65, 18, '10.07.2006', '', '', '', '', 0);
INSERT INTO `invoice` VALUES (253, 68, 18, '10.07.2006', '30 Tage', '', '', '', 0);
INSERT INTO `invoice` VALUES (254, 26, 19, '10.07.2006', '30 Tage', '', '', '', 0);
INSERT INTO `invoice` VALUES (255, 5, 20, '10.07.2006', '30 Tage', '', '', '', 0);
INSERT INTO `invoice` VALUES (256, 10, 21, '10.07.2006', '30 Tage', '', '', '', 0);
INSERT INTO `invoice` VALUES (257, 27, 22, '10.07.2006', '30 Tage', '', '', '', 0);
INSERT INTO `invoice` VALUES (258, 65, 0, '', '', '', '', '', 0);
INSERT INTO `invoice` VALUES (259, 65, 24, '11.07.2006', '', '', '', '', 0);
INSERT INTO `invoice` VALUES (260, 41, 23, '11.07.2006', '30 Tage', '', '', '', 0);
INSERT INTO `invoice` VALUES (261, 9, 24, '11.07.2006', 'bezahlt', '', '', '', 0);
INSERT INTO `invoice` VALUES (262, 7, 25, '11.07.2006', '30 Tage', '', '', '', 0);
INSERT INTO `invoice` VALUES (263, 31, 26, '12.07.2006', '30 Tage', '', '', '', 0);
INSERT INTO `invoice` VALUES (264, 45, 27, '12.07.2006', '30 Tage', '', '', '', 0);
INSERT INTO `invoice` VALUES (265, 52, 28, '12.07.2006', '30 Tage', '', '', '', 0);
INSERT INTO `invoice` VALUES (266, 72, 29, '12.07.2006', '30 Tage', '', '', '', 0);
INSERT INTO `invoice` VALUES (268, 30, 30, '14.07.2006', '30 Tage', '', '', '', 0);
INSERT INTO `invoice` VALUES (269, 86, 31, '17.07.2006', '30 giorni', '', '', '', 0);
INSERT INTO `invoice` VALUES (270, 65, 32, '29.07.2006', '', '', '', '', 0);
INSERT INTO `invoice` VALUES (271, 69, 32, '29.07.2006', '30 Tage', '', '', '', 0);
INSERT INTO `invoice` VALUES (272, 89, 33, '29.07.2006', '30 Tage', '', '', '', 0);
INSERT INTO `invoice` VALUES (273, 89, 0, '03.08.2006', '', '', '', '', 0);
INSERT INTO `invoice` VALUES (274, 90, 0, '21.08.2006', '', '', 'Betrifft : Kostenvoranschlag für Bepflanzung Nische Urnengräber Friedhof Auer\r\n\r\n\r\n\r\n\r\n\r\n\r\n\r\n\r\n         ', '', 1);
INSERT INTO `invoice` VALUES (275, 91, 34, '21.09.2006', '30 Tage', '', '', '', 0);
INSERT INTO `invoice` VALUES (276, 29, 35, '22.09.2006', '30 Tage', '', '', '', 0);

-- --------------------------------------------------------

-- 
-- Tabellenstruktur für Tabelle `products`
-- 

CREATE TABLE `products` (
  `product_id` int(30) NOT NULL auto_increment,
  `invoice_id` int(50) NOT NULL default '0',
  `descr` varchar(255) collate latin1_general_ci default NULL,
  `number` int(20) default NULL,
  `price` double default NULL,
  PRIMARY KEY  (`product_id`),
  KEY `id` (`product_id`),
  KEY `rechnungsnummer` (`invoice_id`)
) ENGINE=MyISAM DEFAULT CHARSET=latin1 COLLATE=latin1_general_ci AUTO_INCREMENT=1918 ;

-- 
-- Daten für Tabelle `products`
-- 

INSERT INTO `products` VALUES (1, 2, 'Juniperus', 1, 7.73);
INSERT INTO `products` VALUES (2, 2, 'Begonie', 1, 8.95);
INSERT INTO `products` VALUES (3, 2, 'Lorbeer', 24, 6.37);
INSERT INTO `products` VALUES (4, 1, 'Dracene', 1, 33);
INSERT INTO `products` VALUES (5, 2, 'Koniferen', 3, 9.55);
INSERT INTO `products` VALUES (6, 2, 'Potentilla', 2, 5.9);
INSERT INTO `products` VALUES (7, 2, 'Viburnum', 1, 5.9);
INSERT INTO `products` VALUES (8, 2, 'Rosmarin', 2, 2.45);
INSERT INTO `products` VALUES (9, 2, 'Salvia', 2, 2.82);
INSERT INTO `products` VALUES (10, 2, 'Efeu', 6, 2.37);
INSERT INTO `products` VALUES (11, 2, 'Camelia', 1, 15.45);
INSERT INTO `products` VALUES (12, 2, 'Koniferen', 4, 4.46);
INSERT INTO `products` VALUES (13, 2, 'Spirea', 1, 8.9);
INSERT INTO `products` VALUES (14, 2, 'Tagetes', 8, 0.55);
INSERT INTO `products` VALUES (15, 2, 'Verbenen', 8, 1.37);
INSERT INTO `products` VALUES (16, 2, 'Schnittlauch', 1, 0.67);
INSERT INTO `products` VALUES (17, 2, 'Maggikraut', 1, 2.45);
INSERT INTO `products` VALUES (18, 2, 'Neu Guinea', 1, 1.28);
INSERT INTO `products` VALUES (19, 2, 'Surfinia', 3, 1.5);
INSERT INTO `products` VALUES (20, 2, 'Chrysthemum', 2, 0.55);
INSERT INTO `products` VALUES (21, 2, 'Portulack', 2, 0.73);
INSERT INTO `products` VALUES (22, 2, 'Pflanze', 1, 3.6);
INSERT INTO `products` VALUES (23, 2, 'Geranien Kisten gepflanzt', 8, 3.82);
INSERT INTO `products` VALUES (24, 2, 'Goldregen', 1, 18);
INSERT INTO `products` VALUES (25, 1, 'Scefflera', 1, 15);
INSERT INTO `products` VALUES (26, 3, 'Korb mit gemischten Pflanzen', 1, 9.82);
INSERT INTO `products` VALUES (27, 4, 'Ficus', 1, 20.46);
INSERT INTO `products` VALUES (28, 4, 'Efeu', 2, 2.37);
INSERT INTO `products` VALUES (29, 4, 'Liguster', 4, 2.9);
INSERT INTO `products` VALUES (30, 4, 'Azalee', 1, 8.64);
INSERT INTO `products` VALUES (31, 4, 'Dracaena', 1, 30.5);
INSERT INTO `products` VALUES (32, 4, 'Rhabarber', 2, 1.37);
INSERT INTO `products` VALUES (33, 4, 'Geranien', 6, 1.82);
INSERT INTO `products` VALUES (34, 4, 'Ribes', 2, 2.82);
INSERT INTO `products` VALUES (35, 4, 'Saintpaulie', 1, 4.5);
INSERT INTO `products` VALUES (36, 5, 'Geranien', 24, 2.55);
INSERT INTO `products` VALUES (37, 6, 'Bepflanzte Geranienkisten', 12, 5.5);
INSERT INTO `products` VALUES (38, 6, 'Bepflanzte Geranienkisten', 23, 5.18);
INSERT INTO `products` VALUES (39, 6, 'Bepflanzte Geranienkisten', 4, 3.86);
INSERT INTO `products` VALUES (40, 6, 'Gemischte Pflanzen', 17, 1.35);
INSERT INTO `products` VALUES (41, 7, 'Bepflanzte Geranienkisten', 2, 4.86);
INSERT INTO `products` VALUES (42, 7, 'Bepflanzte Geranienkisten', 2, 6.4);
INSERT INTO `products` VALUES (43, 7, 'Bepflanzte Geranienkisten', 9, 6.7);
INSERT INTO `products` VALUES (44, 7, 'Bepflanzte Geranienkisten', 1, 8.55);
INSERT INTO `products` VALUES (45, 7, 'Hortensie', 1, 11.73);
INSERT INTO `products` VALUES (46, 7, 'Neuguinea', 5, 1.28);
INSERT INTO `products` VALUES (47, 8, 'Tuja in Topf', 2, 24.37);
INSERT INTO `products` VALUES (48, 8, 'Reben', 8, 7.73);
INSERT INTO `products` VALUES (49, 8, 'Beaucarnea', 1, 109);
INSERT INTO `products` VALUES (50, 8, 'Erdsubstrat', 2, 9.95);
INSERT INTO `products` VALUES (51, 8, 'Grünpflanze', 1, 54.55);
INSERT INTO `products` VALUES (52, 9, 'Fahrne', 2, 7.5);
INSERT INTO `products` VALUES (53, 9, 'Grünpflanze', 1, 20);
INSERT INTO `products` VALUES (54, 9, 'Bepflanzte Schale', 1, 14);
INSERT INTO `products` VALUES (55, 9, 'Bepflanzte Schale', 1, 9.5);
INSERT INTO `products` VALUES (56, 9, 'Bepflanzte Schale', 1, 11);
INSERT INTO `products` VALUES (57, 9, 'Dracene', 1, 52);
INSERT INTO `products` VALUES (58, 9, 'Spatyphyllum', 1, 9);
INSERT INTO `products` VALUES (59, 9, 'Korb mit gemischten Pflanzen', 1, 10.6);
INSERT INTO `products` VALUES (60, 10, 'Orchiedee', 1, 18.19);
INSERT INTO `products` VALUES (61, 10, 'Saintpaulie', 1, 2.73);
INSERT INTO `products` VALUES (62, 10, 'Fuchsie', 1, 13.19);
INSERT INTO `products` VALUES (63, 10, 'Hortensie', 1, 11.73);
INSERT INTO `products` VALUES (64, 10, 'Schale mit gemischten Pflanzen', 1, 10);
INSERT INTO `products` VALUES (65, 11, 'Viola', 20, 0.55);
INSERT INTO `products` VALUES (66, 11, 'Nelken', 2, 1.5);
INSERT INTO `products` VALUES (67, 11, 'Nelken', 3, 1.09);
INSERT INTO `products` VALUES (68, 11, 'Nelken', 1, 0.73);
INSERT INTO `products` VALUES (69, 11, 'Asparagus', 4, 3);
INSERT INTO `products` VALUES (70, 11, 'Impatiens', 15, 0.91);
INSERT INTO `products` VALUES (71, 11, 'Juniperus', 2, 7.73);
INSERT INTO `products` VALUES (72, 11, 'Gras', 1, 5.91);
INSERT INTO `products` VALUES (73, 11, 'Pieris', 1, 10);
INSERT INTO `products` VALUES (74, 11, 'Christusdorn', 2, 6.82);
INSERT INTO `products` VALUES (75, 11, 'Saintpaulien', 2, 4.73);
INSERT INTO `products` VALUES (76, 11, 'Schale mit Gewürzen', 1, 22.73);
INSERT INTO `products` VALUES (77, 11, 'Erdsubstrat', 3, 9.05);
INSERT INTO `products` VALUES (78, 11, 'Grünpflanze', 1, 18.19);
INSERT INTO `products` VALUES (79, 12, 'Neuguinea', 6, 1.28);
INSERT INTO `products` VALUES (80, 12, 'Geranie', 1, 1.82);
INSERT INTO `products` VALUES (81, 12, 'Sommerflor', 6, 0.55);
INSERT INTO `products` VALUES (82, 12, 'Steingartenpflanze', 1, 1.55);
INSERT INTO `products` VALUES (83, 12, 'Steingartenpflanzen', 2, 2.55);
INSERT INTO `products` VALUES (84, 12, 'Bacopa', 1, 1.37);
INSERT INTO `products` VALUES (85, 12, 'Geranien', 35, 1.19);
INSERT INTO `products` VALUES (86, 12, 'Narzisse', 1, 7);
INSERT INTO `products` VALUES (87, 12, 'Vanillepflanzen', 2, 1.82);
INSERT INTO `products` VALUES (88, 12, 'Zinien', 3, 0.91);
INSERT INTO `products` VALUES (89, 12, 'Begonien', 15, 0.55);
INSERT INTO `products` VALUES (90, 12, 'Cinerarien', 2, 0.91);
INSERT INTO `products` VALUES (91, 12, 'Viola und Bellis', 40, 0.55);
INSERT INTO `products` VALUES (92, 12, 'Primel', 5, 1.09);
INSERT INTO `products` VALUES (93, 12, 'Korb mit gemischten Pflanzen', 1, 20);
INSERT INTO `products` VALUES (94, 12, 'Sträucher', 2, 6.82);
INSERT INTO `products` VALUES (95, 12, 'Juniperus', 1, 8.64);
INSERT INTO `products` VALUES (96, 12, 'Impatiens', 6, 0.91);
INSERT INTO `products` VALUES (97, 12, 'Grünpflanzen', 3, 22.05);
INSERT INTO `products` VALUES (98, 13, 'Fuchsien', 6, 3.64);
INSERT INTO `products` VALUES (99, 13, 'Peperomien', 9, 7.28);
INSERT INTO `products` VALUES (100, 13, 'Ficus', 1, 22.73);
INSERT INTO `products` VALUES (101, 13, 'Guzmania', 1, 19);
INSERT INTO `products` VALUES (102, 13, 'Guzmania', 1, 26.37);
INSERT INTO `products` VALUES (103, 13, 'Zissus', 2, 13.64);
INSERT INTO `products` VALUES (104, 13, 'Croton', 2, 10.09);
INSERT INTO `products` VALUES (105, 13, 'Begonien', 3, 6.36);
INSERT INTO `products` VALUES (106, 13, 'Anthurium', 1, 27.28);
INSERT INTO `products` VALUES (107, 13, 'Fahrn', 1, 7.73);
INSERT INTO `products` VALUES (108, 13, 'Kiste mit Gewürzen', 1, 14.55);
INSERT INTO `products` VALUES (109, 13, 'Ranunkeln', 10, 2.09);
INSERT INTO `products` VALUES (110, 13, 'Viola', 23, 0.55);
INSERT INTO `products` VALUES (111, 13, 'Piante verdi', 2, 36.73);
INSERT INTO `products` VALUES (112, 13, 'Pianta verde', 1, 27.28);
INSERT INTO `products` VALUES (113, 13, 'Erdsubstrat', 1, 9.09);
INSERT INTO `products` VALUES (114, 14, 'Geranien', 75, 1);
INSERT INTO `products` VALUES (115, 14, 'Rosen', 18, 4);
INSERT INTO `products` VALUES (116, 14, 'Begonien', 60, 0.4);
INSERT INTO `products` VALUES (117, 15, 'Spirea', 6, 7.5);
INSERT INTO `products` VALUES (118, 15, 'Keria', 2, 7.5);
INSERT INTO `products` VALUES (119, 15, 'Lavendel', 10, 3.2);
INSERT INTO `products` VALUES (120, 15, 'Juniperus', 16, 8.5);
INSERT INTO `products` VALUES (121, 15, 'Rhododendron', 3, 25.85);
INSERT INTO `products` VALUES (122, 15, 'Laurus', 3, 15);
INSERT INTO `products` VALUES (123, 15, 'Cotoniaster', 15, 3.5);
INSERT INTO `products` VALUES (124, 15, 'Efeu', 15, 2.8);
INSERT INTO `products` VALUES (125, 15, 'Gedüngtes Erdsubstrat', 1, 95);
INSERT INTO `products` VALUES (126, 16, 'Mergerithen', 24, 2.73);
INSERT INTO `products` VALUES (127, 16, 'Efeu', 2, 2.36);
INSERT INTO `products` VALUES (128, 16, 'Palmen', 2, 5.91);
INSERT INTO `products` VALUES (129, 16, 'Vergissmeinicht', 2, 0.55);
INSERT INTO `products` VALUES (130, 16, 'Gerbera', 1, 7.95);
INSERT INTO `products` VALUES (131, 16, 'Diefenbachie', 2, 4.55);
INSERT INTO `products` VALUES (132, 16, 'Ranunkeln', 3, 2.09);
INSERT INTO `products` VALUES (133, 16, 'Ficus', 2, 8.91);
INSERT INTO `products` VALUES (134, 16, 'Vinca', 1, 4.09);
INSERT INTO `products` VALUES (135, 16, 'Diefenbachie', 1, 5);
INSERT INTO `products` VALUES (136, 16, 'Begonie', 1, 6.27);
INSERT INTO `products` VALUES (137, 16, 'Astern', 70, 0.32);
INSERT INTO `products` VALUES (138, 16, 'Surfinie', 6, 1.5);
INSERT INTO `products` VALUES (139, 16, 'Neuguinea', 2, 1.27);
INSERT INTO `products` VALUES (140, 16, 'Ficus Pumila', 1, 2.27);
INSERT INTO `products` VALUES (141, 16, 'Exacum', 1, 4.45);
INSERT INTO `products` VALUES (142, 16, 'Spatiphyllum', 1, 4.45);
INSERT INTO `products` VALUES (143, 16, 'Grünpflanze', 1, 8.91);
INSERT INTO `products` VALUES (144, 16, 'Delphinum', 2, 4.32);
INSERT INTO `products` VALUES (145, 16, 'Geranien', 2, 1.82);
INSERT INTO `products` VALUES (146, 16, 'Croton', 1, 2.82);
INSERT INTO `products` VALUES (147, 16, 'Kalanchoe', 1, 3.18);
INSERT INTO `products` VALUES (148, 16, 'Zucchini', 15, 0.55);
INSERT INTO `products` VALUES (149, 16, 'Gurken', 15, 0.55);
INSERT INTO `products` VALUES (150, 17, 'Liguster Kugel', 2, 55);
INSERT INTO `products` VALUES (151, 17, 'Juniperus', 10, 9);
INSERT INTO `products` VALUES (152, 17, 'Erdsubstrat', 1, 30);
INSERT INTO `products` VALUES (153, 18, 'Ficus', 1, 35.18);
INSERT INTO `products` VALUES (154, 18, 'Ficus', 1, 31.82);
INSERT INTO `products` VALUES (155, 18, 'Asparagus', 1, 6.09);
INSERT INTO `products` VALUES (156, 18, 'Asparagus', 1, 3.27);
INSERT INTO `products` VALUES (157, 19, 'Crotton', 1, 3.36);
INSERT INTO `products` VALUES (158, 19, 'Begonie', 1, 5.91);
INSERT INTO `products` VALUES (159, 19, 'Ficus pumila', 1, 2.27);
INSERT INTO `products` VALUES (160, 19, 'Heliantus', 2, 6.82);
INSERT INTO `products` VALUES (161, 19, 'Orchiedee', 1, 22.27);
INSERT INTO `products` VALUES (162, 19, 'Begonie', 1, 6.82);
INSERT INTO `products` VALUES (163, 19, 'Sansiverie', 1, 37.27);
INSERT INTO `products` VALUES (164, 19, 'Tilandsie', 1, 8.64);
INSERT INTO `products` VALUES (165, 19, 'Guzmanie', 1, 7.09);
INSERT INTO `products` VALUES (166, 19, 'Orchiedee', 1, 19.09);
INSERT INTO `products` VALUES (167, 19, 'Ficus', 1, 26.36);
INSERT INTO `products` VALUES (168, 19, 'Korb mit gemischten Pflanzen', 1, 13.55);
INSERT INTO `products` VALUES (169, 19, 'Bouvardie', 1, 6.91);
INSERT INTO `products` VALUES (170, 20, 'Ficus lirata', 1, 50);
INSERT INTO `products` VALUES (171, 21, 'Astern', 10, 0.32);
INSERT INTO `products` VALUES (172, 21, 'Löwenmaul', 10, 0.32);
INSERT INTO `products` VALUES (173, 21, 'Astilbe', 1, 3.18);
INSERT INTO `products` VALUES (174, 21, 'Lobelien', 2, 4.55);
INSERT INTO `products` VALUES (175, 21, 'Aschyranthus', 3, 0.91);
INSERT INTO `products` VALUES (176, 21, 'Fuchsien', 6, 2.73);
INSERT INTO `products` VALUES (177, 21, 'Bideus', 3, 1.36);
INSERT INTO `products` VALUES (178, 21, 'Lantana', 3, 1.36);
INSERT INTO `products` VALUES (179, 21, 'Coleus', 3, 1.09);
INSERT INTO `products` VALUES (180, 21, 'Geranien', 5, 1.82);
INSERT INTO `products` VALUES (181, 21, 'Erdsubstrat', 1, 13.64);
INSERT INTO `products` VALUES (182, 21, 'Grünplanzen', 1, 31.82);
INSERT INTO `products` VALUES (183, 21, 'Terrarium mit gemischten Pflanzen', 1, 20);
INSERT INTO `products` VALUES (184, 21, 'Vriesea', 1, 5.91);
INSERT INTO `products` VALUES (185, 21, 'Guzmanie', 1, 21.45);
INSERT INTO `products` VALUES (186, 21, 'Adianthum', 1, 3.18);
INSERT INTO `products` VALUES (187, 22, 'Dekoration mit gemischten Pflanzen', 1, 486.16);
INSERT INTO `products` VALUES (188, 23, 'Kiste mit gemischten Pflanzen', 1, 220);
INSERT INTO `products` VALUES (189, 23, 'Yucca mit Übertopf', 1, 29.5);
INSERT INTO `products` VALUES (190, 24, 'Pianta verde', 1, 54.55);
INSERT INTO `products` VALUES (191, 24, 'Juniperus', 3, 8.64);
INSERT INTO `products` VALUES (192, 24, 'Capucci', 6, 2.73);
INSERT INTO `products` VALUES (193, 24, 'Pizea', 1, 14.55);
INSERT INTO `products` VALUES (194, 24, 'Erica', 17, 2.73);
INSERT INTO `products` VALUES (195, 24, 'Erica', 6, 3.18);
INSERT INTO `products` VALUES (196, 24, 'Pianta verde', 1, 100);
INSERT INTO `products` VALUES (197, 24, 'Pianta verde', 1, 127.27);
INSERT INTO `products` VALUES (198, 25, 'Blumenbeet vor Hotel Post', 0, 0);
INSERT INTO `products` VALUES (199, 25, 'Frühjahrspflanzen gemischt', 1, 123);
INSERT INTO `products` VALUES (200, 25, 'Sommerpflanzen gemischt', 1, 123);
INSERT INTO `products` VALUES (201, 25, 'Pflanzengefäße der Fleimstalerstr.', 0, 0);
INSERT INTO `products` VALUES (202, 25, 'Frühjahrspflanzen gemischt', 1, 295);
INSERT INTO `products` VALUES (203, 25, 'Sommerpflanzen gemischt', 1, 370);
INSERT INTO `products` VALUES (204, 26, 'Pflanzengefäße im historischen Ortskern', 0, 0);
INSERT INTO `products` VALUES (205, 26, 'und Kirchplatz, Carabinieri', 0, 0);
INSERT INTO `products` VALUES (206, 26, 'Frühjahrspflanzen gemischt', 1, 380);
INSERT INTO `products` VALUES (207, 26, 'Sommerpflanzen gemischt', 1, 445);
INSERT INTO `products` VALUES (208, 26, 'Herbstpflanzen gemischt', 1, 580);
INSERT INTO `products` VALUES (209, 26, 'Pflanzgefäße des Rathausringes', 0, 0);
INSERT INTO `products` VALUES (210, 26, 'Frühjahrspflanzen gemischt', 1, 138);
INSERT INTO `products` VALUES (211, 26, 'Sommerpflanzen gemischt', 1, 165);
INSERT INTO `products` VALUES (212, 26, 'Herbstpflanzen gemischt', 1, 170);
INSERT INTO `products` VALUES (213, 27, 'Soldatengräber', 0, 0);
INSERT INTO `products` VALUES (214, 27, 'Frühjahrsbepflanzung', 2, 30);
INSERT INTO `products` VALUES (215, 27, 'Sommerflor', 2, 33);
INSERT INTO `products` VALUES (216, 27, 'Chrysanthemen', 6, 6);
INSERT INTO `products` VALUES (217, 27, 'Bouquett', 2, 26);
INSERT INTO `products` VALUES (218, 27, 'Priestergrab', 0, 0);
INSERT INTO `products` VALUES (219, 27, 'Frühjahrsbepflanzung', 1, 45);
INSERT INTO `products` VALUES (220, 27, 'Sommerflor', 1, 71);
INSERT INTO `products` VALUES (221, 27, 'Chrysanthemen', 6, 7);
INSERT INTO `products` VALUES (222, 27, 'Bouquett', 1, 45);
INSERT INTO `products` VALUES (223, 27, 'Leichenkapelle', 0, 0);
INSERT INTO `products` VALUES (224, 27, 'Erika', 8, 3.7);
INSERT INTO `products` VALUES (225, 27, 'Efeu', 12, 3);
INSERT INTO `products` VALUES (226, 27, 'Kisten vor Einsegnungspodium', 0, 0);
INSERT INTO `products` VALUES (227, 27, 'Frühjahr', 0, 0);
INSERT INTO `products` VALUES (228, 27, 'Juniperus', 2, 9.5);
INSERT INTO `products` VALUES (229, 27, 'Juniperus', 4, 4.9);
INSERT INTO `products` VALUES (230, 27, 'Efeu', 5, 3);
INSERT INTO `products` VALUES (231, 27, 'Blue Star', 1, 10.5);
INSERT INTO `products` VALUES (232, 27, 'Substrat', 1, 8);
INSERT INTO `products` VALUES (233, 27, 'Allerheiligen', 0, 0);
INSERT INTO `products` VALUES (234, 27, 'Juniperus', 6, 6.5);
INSERT INTO `products` VALUES (235, 27, 'Juniperus', 2, 4.5);
INSERT INTO `products` VALUES (236, 27, 'Euvonimus', 2, 8.5);
INSERT INTO `products` VALUES (237, 27, 'Erika', 8, 3);
INSERT INTO `products` VALUES (238, 27, 'Substrat', 1, 8);
INSERT INTO `products` VALUES (239, 28, 'Poinsettien', 10, 2.36);
INSERT INTO `products` VALUES (240, 28, 'Poinsettien', 1, 9.55);
INSERT INTO `products` VALUES (241, 28, 'Primel', 100, 1.09);
INSERT INTO `products` VALUES (242, 28, 'Portolac', 10, 0.73);
INSERT INTO `products` VALUES (243, 28, 'Aglonemie', 1, 13.64);
INSERT INTO `products` VALUES (244, 28, 'Schale gemischt', 1, 16.36);
INSERT INTO `products` VALUES (245, 28, 'Diefenbachie', 1, 5.45);
INSERT INTO `products` VALUES (246, 28, 'Spathyphyllum', 1, 8.91);
INSERT INTO `products` VALUES (247, 28, 'Scindapsus', 1, 12.27);
INSERT INTO `products` VALUES (248, 28, 'Kalanchoe', 1, 2.82);
INSERT INTO `products` VALUES (249, 28, 'Schnittlauch', 42, 0.91);
INSERT INTO `products` VALUES (250, 28, 'Sellerie', 30, 0.16);
INSERT INTO `products` VALUES (251, 28, 'Ribes', 10, 2.82);
INSERT INTO `products` VALUES (252, 28, 'Majoran', 4, 0.91);
INSERT INTO `products` VALUES (253, 28, 'Basilikum', 12, 0.55);
INSERT INTO `products` VALUES (254, 28, 'Petersillie', 30, 0.36);
INSERT INTO `products` VALUES (255, 28, 'Kalanchoen', 2, 3.18);
INSERT INTO `products` VALUES (256, 28, 'Schale gemischt', 1, 10.91);
INSERT INTO `products` VALUES (257, 28, 'Chrysantheme', 1, 9.09);
INSERT INTO `products` VALUES (258, 28, 'Chrysanthemen', 3, 7.27);
INSERT INTO `products` VALUES (259, 28, 'Chrysantheme', 1, 5.45);
INSERT INTO `products` VALUES (260, 28, 'Erika', 2, 3.45);
INSERT INTO `products` VALUES (261, 28, 'Adventsdrahtrollen', 5, 1.18);
INSERT INTO `products` VALUES (262, 28, 'Poinsettie', 1, 11.36);
INSERT INTO `products` VALUES (263, 28, 'Grabbepflanzungen Frühjahr Sommer Herbst', 10, 77);
INSERT INTO `products` VALUES (264, 29, 'Dekoration mit gemischten Pflanzen', 1, 1063.82);
INSERT INTO `products` VALUES (265, 30, 'Kisten mit Grünpflanzen', 12, 8.64);
INSERT INTO `products` VALUES (266, 31, 'Schale', 1, 20.73);
INSERT INTO `products` VALUES (267, 31, 'Anthurium', 1, 16.82);
INSERT INTO `products` VALUES (268, 31, 'Schale', 1, 13.64);
INSERT INTO `products` VALUES (269, 31, 'Nertera', 1, 6.82);
INSERT INTO `products` VALUES (270, 31, 'Pelea', 3, 3.64);
INSERT INTO `products` VALUES (271, 32, 'Senecio', 11, 1.09);
INSERT INTO `products` VALUES (272, 32, 'Erika', 6, 3.18);
INSERT INTO `products` VALUES (273, 32, 'Poinsettie', 2, 5.91);
INSERT INTO `products` VALUES (274, 32, 'Grünpflanze', 1, 100);
INSERT INTO `products` VALUES (275, 32, 'Baum', 1, 18.18);
INSERT INTO `products` VALUES (276, 32, 'Arbeit', 1, 22.73);
INSERT INTO `products` VALUES (277, 33, 'Poinsettien', 20, 2.27);
INSERT INTO `products` VALUES (278, 35, 'Spathyphyllum', 3, 8.18);
INSERT INTO `products` VALUES (279, 35, 'Pyramidenbux', 3, 82);
INSERT INTO `products` VALUES (280, 35, 'Beaucarnea', 1, 273);
INSERT INTO `products` VALUES (281, 35, 'Bambus', 1, 114);
INSERT INTO `products` VALUES (282, 35, 'Palme', 1, 314);
INSERT INTO `products` VALUES (283, 35, 'Hortensien', 8, 12.7);
INSERT INTO `products` VALUES (284, 35, 'Campanula', 5, 8.2);
INSERT INTO `products` VALUES (285, 35, 'Erika', 3, 10.9);
INSERT INTO `products` VALUES (286, 35, 'Juniperus', 10, 7.7);
INSERT INTO `products` VALUES (287, 35, 'Nepenthes', 1, 38.7);
INSERT INTO `products` VALUES (288, 35, 'Farn', 2, 7);
INSERT INTO `products` VALUES (289, 35, 'Teebaum', 1, 60);
INSERT INTO `products` VALUES (290, 36, 'Spathyphyllum', 3, 8.18);
INSERT INTO `products` VALUES (291, 36, 'Aglonemien', 2, 14.09);
INSERT INTO `products` VALUES (292, 36, 'Efeu', 4, 2.55);
INSERT INTO `products` VALUES (293, 37, 'Liguster Kugel', 2, 50);
INSERT INTO `products` VALUES (294, 37, 'Fuchsien', 4, 4.09);
INSERT INTO `products` VALUES (295, 38, 'Orchidee', 1, 24.55);
INSERT INTO `products` VALUES (296, 38, 'Aglonemie', 1, 16.36);
INSERT INTO `products` VALUES (297, 38, 'Orchidee', 1, 22.73);
INSERT INTO `products` VALUES (298, 38, 'Pflanze', 1, 53.64);
INSERT INTO `products` VALUES (299, 38, 'Pflanze', 1, 9.64);
INSERT INTO `products` VALUES (300, 38, 'Pflanze', 1, 37.91);
INSERT INTO `products` VALUES (301, 38, 'Pflanze', 1, 23.64);
INSERT INTO `products` VALUES (302, 51, 'Blumenkiste mit gemischten Pflanzen', 1, 136.36);
INSERT INTO `products` VALUES (303, 40, 'Hybiskus', 1, 10.45);
INSERT INTO `products` VALUES (304, 40, 'Calatea', 3, 26.36);
INSERT INTO `products` VALUES (305, 40, 'Gewürze', 5, 2.73);
INSERT INTO `products` VALUES (306, 40, 'Schnittlauch', 3, 0.91);
INSERT INTO `products` VALUES (307, 40, 'Petersilie', 2, 0.55);
INSERT INTO `products` VALUES (308, 40, 'Orchidee', 1, 22.73);
INSERT INTO `products` VALUES (309, 40, 'Geranien', 165, 1.18);
INSERT INTO `products` VALUES (310, 40, 'Surfinia', 1, 1.5);
INSERT INTO `products` VALUES (311, 40, 'Salvia', 1, 1.36);
INSERT INTO `products` VALUES (312, 40, 'Alyssum', 101, 0.55);
INSERT INTO `products` VALUES (313, 41, 'Geranienkisten bepflanzt', 9, 3.68);
INSERT INTO `products` VALUES (314, 41, 'Geranienkisten bepflanzt', 7, 4);
INSERT INTO `products` VALUES (315, 41, 'Geranienkisten bepflanzt', 2, 5.53);
INSERT INTO `products` VALUES (316, 41, 'Geranienkisten bepflanzt', 1, 7.36);
INSERT INTO `products` VALUES (317, 41, 'Laurus', 2, 6.82);
INSERT INTO `products` VALUES (318, 42, 'Sommerflor', 150, 1.36);
INSERT INTO `products` VALUES (319, 52, 'Schalen mit Geranien bepflanzt', 3, 14.55);
INSERT INTO `products` VALUES (320, 43, 'Palme im Korb', 1, 109.09);
INSERT INTO `products` VALUES (321, 43, 'Dracenen im Korb', 2, 68.18);
INSERT INTO `products` VALUES (322, 43, 'Schale mit Anthurium und Syngonium', 1, 30);
INSERT INTO `products` VALUES (323, 43, ' Cissus im Korb', 1, 15.45);
INSERT INTO `products` VALUES (324, 44, 'Sommerflor', 150, 1.23);
INSERT INTO `products` VALUES (325, 45, 'Viola', 12, 0.55);
INSERT INTO `products` VALUES (326, 45, 'Camelie', 1, 15.91);
INSERT INTO `products` VALUES (327, 45, 'Rosmarin', 1, 1.36);
INSERT INTO `products` VALUES (328, 45, 'Salvie', 1, 1.36);
INSERT INTO `products` VALUES (329, 45, 'Erdsubstrat', 1, 7.73);
INSERT INTO `products` VALUES (330, 45, 'Arbeit', 1, 9.09);
INSERT INTO `products` VALUES (331, 45, 'Kisten mit Surfinia', 4, 5.45);
INSERT INTO `products` VALUES (332, 45, 'Lantanastamm', 1, 31.82);
INSERT INTO `products` VALUES (333, 45, 'Basilikum', 1, 0.91);
INSERT INTO `products` VALUES (334, 45, 'Impatiens', 15, 0.91);
INSERT INTO `products` VALUES (335, 45, 'Tornenia', 10, 1.5);
INSERT INTO `products` VALUES (336, 45, 'Erdsubstrat und Dünger', 1, 9.09);
INSERT INTO `products` VALUES (337, 45, 'Arbeit', 1, 13.64);
INSERT INTO `products` VALUES (338, 39, 'Sträucher und Frühjahrsflor', 1, 3369);
INSERT INTO `products` VALUES (339, 46, 'Lorbeer', 2, 6.82);
INSERT INTO `products` VALUES (340, 46, 'Enzian', 1, 4.09);
INSERT INTO `products` VALUES (341, 46, 'Geranien', 53, 1.18);
INSERT INTO `products` VALUES (342, 46, 'Tomaten', 13, 0.55);
INSERT INTO `products` VALUES (343, 46, 'Gurken', 6, 0.55);
INSERT INTO `products` VALUES (344, 46, 'Neuguinea', 12, 1.5);
INSERT INTO `products` VALUES (345, 46, 'Ceropiega', 1, 4.91);
INSERT INTO `products` VALUES (346, 46, 'Grünpflanze', 1, 5.45);
INSERT INTO `products` VALUES (347, 46, 'Kiste mit gem. Sträuchern', 1, 172.73);
INSERT INTO `products` VALUES (348, 47, 'Salat', 50, 0.12);
INSERT INTO `products` VALUES (349, 47, 'Viola', 49, 0.55);
INSERT INTO `products` VALUES (350, 47, 'Primeln', 4, 0.91);
INSERT INTO `products` VALUES (351, 47, 'Narzissen', 2, 2.27);
INSERT INTO `products` VALUES (352, 47, 'Rose', 1, 7.09);
INSERT INTO `products` VALUES (353, 47, 'Juniperus', 1, 3.86);
INSERT INTO `products` VALUES (354, 47, 'Bellis', 4, 0.55);
INSERT INTO `products` VALUES (355, 47, 'Steingartenpfl.', 6, 1.36);
INSERT INTO `products` VALUES (356, 47, 'Flieder', 2, 7.27);
INSERT INTO `products` VALUES (357, 47, 'Gurken', 6, 0.55);
INSERT INTO `products` VALUES (358, 47, 'Kobis', 15, 0.14);
INSERT INTO `products` VALUES (359, 47, 'Sellerie', 6, 0.14);
INSERT INTO `products` VALUES (360, 47, 'Neuguinea', 17, 1.5);
INSERT INTO `products` VALUES (361, 47, 'Philadelphus', 1, 5.91);
INSERT INTO `products` VALUES (362, 47, 'Pfeifenputzer', 1, 10.23);
INSERT INTO `products` VALUES (363, 47, 'Verbenen', 7, 1.5);
INSERT INTO `products` VALUES (364, 47, 'Sanvitalia', 2, 1.5);
INSERT INTO `products` VALUES (365, 47, 'Astilbe', 1, 1.36);
INSERT INTO `products` VALUES (366, 47, 'Vanille', 2, 1.5);
INSERT INTO `products` VALUES (367, 47, 'Impatiens', 8, 0.91);
INSERT INTO `products` VALUES (368, 47, 'Calcolarien', 1, 1.36);
INSERT INTO `products` VALUES (369, 47, 'Lobelien', 6, 0.55);
INSERT INTO `products` VALUES (370, 47, 'Basilikum', 4, 0.91);
INSERT INTO `products` VALUES (371, 47, 'Surfinien', 4, 1.5);
INSERT INTO `products` VALUES (372, 47, 'Forsytia', 1, 5.91);
INSERT INTO `products` VALUES (373, 48, 'Geranienkisten bepflanzt', 7, 5.18);
INSERT INTO `products` VALUES (374, 48, 'Geranienkisten bepflanzt', 9, 7.36);
INSERT INTO `products` VALUES (375, 48, 'Geranienkisten bepflanzt', 47, 5.55);
INSERT INTO `products` VALUES (376, 48, 'Statizien', 45, 0.36);
INSERT INTO `products` VALUES (377, 48, 'Astern', 45, 0.36);
INSERT INTO `products` VALUES (378, 48, 'Zinnien', 45, 0.36);
INSERT INTO `products` VALUES (379, 48, 'Margeriten', 13, 3.18);
INSERT INTO `products` VALUES (380, 48, 'Löwenmaul', 50, 0.36);
INSERT INTO `products` VALUES (381, 48, 'Frühjahrsflor', 45, 0.55);
INSERT INTO `products` VALUES (382, 48, 'Viola', 60, 0.55);
INSERT INTO `products` VALUES (383, 48, 'Kalanchoe', 1, 3.45);
INSERT INTO `products` VALUES (384, 48, 'Spathyphyllum', 1, 7.09);
INSERT INTO `products` VALUES (385, 48, 'Saintpaulie', 1, 3.18);
INSERT INTO `products` VALUES (386, 48, 'Karfiolpflanzen', 40, 0.14);
INSERT INTO `products` VALUES (387, 48, 'Peperonipflanzen', 20, 0.14);
INSERT INTO `products` VALUES (388, 48, 'Rohnenpflanzen', 95, 0.14);
INSERT INTO `products` VALUES (389, 48, 'Broccolipflanzen', 40, 0.14);
INSERT INTO `products` VALUES (390, 48, 'Spätkohlpflanzen', 40, 0.14);
INSERT INTO `products` VALUES (391, 48, 'Verbenen', 60, 1.18);
INSERT INTO `products` VALUES (392, 49, 'Asparagus', 4, 3.64);
INSERT INTO `products` VALUES (393, 49, 'Gerani', 12, 1.18);
INSERT INTO `products` VALUES (394, 49, 'Euvonimus', 29, 2.27);
INSERT INTO `products` VALUES (395, 49, 'Viole', 27, 0.55);
INSERT INTO `products` VALUES (396, 49, 'Pianta verde', 1, 39.05);
INSERT INTO `products` VALUES (397, 49, 'Pianta verde', 1, 27.14);
INSERT INTO `products` VALUES (398, 49, 'Ficus', 3, 36.36);
INSERT INTO `products` VALUES (399, 49, 'Scheflera', 1, 34.55);
INSERT INTO `products` VALUES (400, 49, 'Scheflera', 1, 40.91);
INSERT INTO `products` VALUES (401, 49, 'Croton', 2, 13.64);
INSERT INTO `products` VALUES (402, 49, 'Anthurium', 2, 27.27);
INSERT INTO `products` VALUES (403, 49, 'Anthurium', 1, 12.73);
INSERT INTO `products` VALUES (404, 49, 'Guzmania', 1, 17.27);
INSERT INTO `products` VALUES (405, 49, 'Vriesea', 2, 10);
INSERT INTO `products` VALUES (406, 49, 'Diefenbachien', 3, 4.55);
INSERT INTO `products` VALUES (407, 49, 'Nidularium', 2, 7.73);
INSERT INTO `products` VALUES (408, 49, 'Edera', 8, 2.73);
INSERT INTO `products` VALUES (409, 49, 'Terra', 4, 9.09);
INSERT INTO `products` VALUES (410, 49, 'Lavoro', 1, 54.55);
INSERT INTO `products` VALUES (411, 49, 'Casse con edera', 3, 13.45);
INSERT INTO `products` VALUES (412, 49, 'Casse con edera', 4, 15.64);
INSERT INTO `products` VALUES (413, 34, 'Viola', 5, 0.55);
INSERT INTO `products` VALUES (414, 34, 'Kräuter', 3, 2.91);
INSERT INTO `products` VALUES (415, 34, 'Schnittlauch', 5, 0.91);
INSERT INTO `products` VALUES (416, 34, 'Petersilie', 2, 0.91);
INSERT INTO `products` VALUES (417, 34, 'Zierhasel', 1, 18.18);
INSERT INTO `products` VALUES (418, 34, 'Tuja', 1, 40.91);
INSERT INTO `products` VALUES (419, 34, 'Selaginella', 1, 7.27);
INSERT INTO `products` VALUES (420, 34, 'Ahorn', 1, 86.36);
INSERT INTO `products` VALUES (421, 34, 'Ginster', 1, 6.82);
INSERT INTO `products` VALUES (422, 34, 'Erdsubstrat und Dünger', 1, 16.36);
INSERT INTO `products` VALUES (423, 34, 'Mohn', 6, 1.73);
INSERT INTO `products` VALUES (424, 34, 'Efeu', 1, 9.38);
INSERT INTO `products` VALUES (425, 34, 'Margerithe', 2, 10.65);
INSERT INTO `products` VALUES (426, 34, 'Enzian', 5, 2.95);
INSERT INTO `products` VALUES (427, 34, 'Rittersporn', 4, 8.91);
INSERT INTO `products` VALUES (428, 34, 'Hollandefeu', 1, 14.73);
INSERT INTO `products` VALUES (429, 34, 'Arbeit', 1, 68.18);
INSERT INTO `products` VALUES (430, 50, 'Ficus', 1, 25.45);
INSERT INTO `products` VALUES (431, 50, 'Spatyphyllum', 1, 8.18);
INSERT INTO `products` VALUES (432, 50, 'Peperomie', 1, 5.45);
INSERT INTO `products` VALUES (433, 50, 'Asplenium', 1, 10.91);
INSERT INTO `products` VALUES (434, 50, 'Ficus Lirata', 1, 8.18);
INSERT INTO `products` VALUES (435, 53, 'Saintpaulien', 11, 3.18);
INSERT INTO `products` VALUES (436, 49, 'Gerani', 12, 1.18);
INSERT INTO `products` VALUES (437, 54, 'Bepflanzte Geranienkisten', 13, 5.5);
INSERT INTO `products` VALUES (438, 54, 'Bepflanzte Geranienkisten', 21, 5.18);
INSERT INTO `products` VALUES (439, 54, 'Bepflanzte Geranienkisten', 4, 3.86);
INSERT INTO `products` VALUES (440, 54, 'Gemischte Pflanzen', 11, 1.35);
INSERT INTO `products` VALUES (441, 54, 'Tagetes', 4, 0.55);
INSERT INTO `products` VALUES (442, 54, 'Surfinien', 1, 16.36);
INSERT INTO `products` VALUES (443, 55, 'Rosen', 20, 8.18);
INSERT INTO `products` VALUES (444, 55, 'Surfinien', 80, 2.73);
INSERT INTO `products` VALUES (445, 55, 'Sträucher gemischt', 10, 6.36);
INSERT INTO `products` VALUES (446, 56, 'Bepflanzte Geranienkisten', 30, 5.55);
INSERT INTO `products` VALUES (447, 56, 'Bepflanzte Geranienkisten', 10, 5.18);
INSERT INTO `products` VALUES (448, 56, 'Bepflanzte Geranienkisten', 14, 3.68);
INSERT INTO `products` VALUES (449, 56, 'Geranien', 21, 1.18);
INSERT INTO `products` VALUES (450, 56, 'Flaschenputzer', 1, 15.91);
INSERT INTO `products` VALUES (451, 56, 'Schalen mit Geranien', 5, 5.82);
INSERT INTO `products` VALUES (452, 56, 'Zinnien', 6, 0.36);
INSERT INTO `products` VALUES (453, 56, 'Erdsubstrat', 1, 3.59);
INSERT INTO `products` VALUES (454, 57, 'Euvonimus', 24, 1.82);
INSERT INTO `products` VALUES (455, 57, 'Fuchsien', 3, 3.18);
INSERT INTO `products` VALUES (456, 57, 'Maritima', 15, 0.59);
INSERT INTO `products` VALUES (457, 57, 'Begonien', 77, 0.41);
INSERT INTO `products` VALUES (458, 57, 'Meranerrose', 1, 11.36);
INSERT INTO `products` VALUES (459, 57, 'Ginster', 1, 5.45);
INSERT INTO `products` VALUES (460, 57, 'Coffea', 1, 1.64);
INSERT INTO `products` VALUES (461, 58, 'Tulpen', 2, 2.64);
INSERT INTO `products` VALUES (462, 58, 'Diffenbachien', 2, 11.36);
INSERT INTO `products` VALUES (463, 58, 'Scindapsus', 3, 10.45);
INSERT INTO `products` VALUES (464, 58, 'Dracaene mit Korb', 1, 36.23);
INSERT INTO `products` VALUES (465, 58, 'Aralie mit Korb', 1, 18.05);
INSERT INTO `products` VALUES (466, 58, 'Kalanchoe', 1, 3.45);
INSERT INTO `products` VALUES (467, 58, 'Farn mit Makramee', 1, 13.82);
INSERT INTO `products` VALUES (468, 58, 'Grünlilie mit Korb', 1, 9.18);
INSERT INTO `products` VALUES (469, 58, 'Cissus mit Korb', 1, 9.18);
INSERT INTO `products` VALUES (470, 58, 'Primel', 4, 0.91);
INSERT INTO `products` VALUES (471, 58, 'Gerbera', 1, 8.64);
INSERT INTO `products` VALUES (472, 58, 'Rosen', 3, 7.09);
INSERT INTO `products` VALUES (473, 58, 'Margerithe', 1, 6.27);
INSERT INTO `products` VALUES (474, 58, 'Geranien', 13, 1.18);
INSERT INTO `products` VALUES (475, 58, 'Begonie', 1, 6.82);
INSERT INTO `products` VALUES (476, 58, 'Anthurium', 1, 16.82);
INSERT INTO `products` VALUES (477, 58, 'St. Paulie', 7, 3.18);
INSERT INTO `products` VALUES (478, 58, 'Erdsubstrat', 1, 7.73);
INSERT INTO `products` VALUES (479, 58, 'Erdsubstrat', 3, 3.59);
INSERT INTO `products` VALUES (480, 59, 'Viola gemischt mit Substrat, Dünger und Arbeit', 1, 52.73);
INSERT INTO `products` VALUES (481, 59, 'Geranien', 24, 1.18);
INSERT INTO `products` VALUES (482, 59, 'Erdsubstrat', 1, 8.64);
INSERT INTO `products` VALUES (483, 59, 'Kisten Impatiens', 4, 2.64);
INSERT INTO `products` VALUES (484, 59, 'Ahorn', 1, 54.55);
INSERT INTO `products` VALUES (485, 59, 'Tomaten', 2, 0.55);
INSERT INTO `products` VALUES (486, 59, 'Basilikum', 1, 0.91);
INSERT INTO `products` VALUES (487, 59, 'Fuchsie', 1, 8.18);
INSERT INTO `products` VALUES (488, 59, 'Sommerflor', 11, 1.5);
INSERT INTO `products` VALUES (489, 60, 'Gerani', 180, 1.18);
INSERT INTO `products` VALUES (490, 60, 'Piante estive', 15, 0.55);
INSERT INTO `products` VALUES (491, 60, 'Patzer terra', 1, 9.05);
INSERT INTO `products` VALUES (492, 63, 'Pinus Mugo', 2, 22.73);
INSERT INTO `products` VALUES (493, 63, 'Juniperus', 4, 10);
INSERT INTO `products` VALUES (494, 63, 'Geranien', 24, 1.18);
INSERT INTO `products` VALUES (495, 63, 'Geranien', 24, 1.36);
INSERT INTO `products` VALUES (496, 63, 'Grünpflanze', 1, 35);
INSERT INTO `products` VALUES (497, 64, 'Dracene', 1, 19.09);
INSERT INTO `products` VALUES (498, 65, 'Aralie in Übertopf', 1, 90.91);
INSERT INTO `products` VALUES (499, 65, 'Beacarnea', 1, 40.91);
INSERT INTO `products` VALUES (500, 66, 'Aralie in Übertopf', 1, 62.73);
INSERT INTO `products` VALUES (501, 66, 'Farn', 1, 8.18);
INSERT INTO `products` VALUES (502, 66, 'Zamiocullas', 1, 42.73);
INSERT INTO `products` VALUES (503, 67, 'Schale mit gemischten Pflanzen', 1, 22.73);
INSERT INTO `products` VALUES (504, 68, 'Gestaltung des Schauraumes mit gemischten Pflanzen', 1, 681.82);
INSERT INTO `products` VALUES (505, 69, 'Geranien', 85, 0.65);
INSERT INTO `products` VALUES (506, 69, 'Geranien', 2, 6.5);
INSERT INTO `products` VALUES (507, 69, 'Begonien', 60, 0.35);
INSERT INTO `products` VALUES (508, 69, 'Laurus', 4, 3.5);
INSERT INTO `products` VALUES (509, 69, 'Neuguniea', 6, 0.65);
INSERT INTO `products` VALUES (510, 69, 'Kletterrosen', 3, 7.5);
INSERT INTO `products` VALUES (511, 69, 'Juniperus', 1, 4.5);
INSERT INTO `products` VALUES (512, 69, 'Juniperus', 7, 3.8);
INSERT INTO `products` VALUES (513, 69, 'Impatiens', 4, 0.5);
INSERT INTO `products` VALUES (514, 69, 'Tormenia', 2, 0.8);
INSERT INTO `products` VALUES (515, 70, 'Dracene in Übertopf', 1, 36.82);
INSERT INTO `products` VALUES (516, 71, 'Calluna', 10, 3.18);
INSERT INTO `products` VALUES (517, 71, 'Erika Gracilis', 3, 3.86);
INSERT INTO `products` VALUES (518, 71, 'Cyclame', 1, 3.18);
INSERT INTO `products` VALUES (519, 71, 'Grün zum Decken', 1, 7.27);
INSERT INTO `products` VALUES (520, 71, 'Erdsubstrat', 1, 8.64);
INSERT INTO `products` VALUES (521, 71, 'Arbeit', 1, 13.64);
INSERT INTO `products` VALUES (522, 72, 'Peperomie', 1, 6.82);
INSERT INTO `products` VALUES (523, 72, 'Dracene', 1, 5.91);
INSERT INTO `products` VALUES (524, 72, 'Syngonium', 1, 6.82);
INSERT INTO `products` VALUES (525, 72, 'Cissus', 1, 6.82);
INSERT INTO `products` VALUES (526, 72, 'Cyclame', 1, 5.45);
INSERT INTO `products` VALUES (527, 73, 'Erika', 150, 3);
INSERT INTO `products` VALUES (528, 74, 'Scindapsus', 1, 7.09);
INSERT INTO `products` VALUES (529, 74, 'Palme', 1, 20.91);
INSERT INTO `products` VALUES (530, 74, 'Guzmanie', 1, 20);
INSERT INTO `products` VALUES (531, 74, 'Kalanchoe', 1, 3.45);
INSERT INTO `products` VALUES (532, 74, 'Erdsubstrat', 1, 9.09);
INSERT INTO `products` VALUES (533, 74, 'Farn', 1, 8.91);
INSERT INTO `products` VALUES (534, 74, 'Anthurium', 2, 26.82);
INSERT INTO `products` VALUES (535, 74, 'Farn', 2, 13.18);
INSERT INTO `products` VALUES (536, 74, 'Diefenbachie', 1, 5.45);
INSERT INTO `products` VALUES (537, 74, 'Scindapsus', 1, 57.27);
INSERT INTO `products` VALUES (538, 74, 'Dracene', 1, 7.27);
INSERT INTO `products` VALUES (539, 74, 'Arbeit', 1, 22.73);
INSERT INTO `products` VALUES (540, 75, 'Tagetes', 36, 0.73);
INSERT INTO `products` VALUES (541, 75, 'Petunien', 50, 0.73);
INSERT INTO `products` VALUES (542, 75, 'Juniperus', 5, 10);
INSERT INTO `products` VALUES (543, 75, 'Ahorn', 1, 8.64);
INSERT INTO `products` VALUES (544, 75, 'Geranien', 38, 2.27);
INSERT INTO `products` VALUES (545, 75, 'Juniperus', 8, 8.18);
INSERT INTO `products` VALUES (546, 75, 'Begonien', 9, 0.64);
INSERT INTO `products` VALUES (547, 75, 'Rindenmulch', 1, 12.73);
INSERT INTO `products` VALUES (548, 75, 'Erdsubstrat', 4, 9.09);
INSERT INTO `products` VALUES (549, 76, 'Soldatengräber', 0, 0);
INSERT INTO `products` VALUES (550, 76, 'Frühjahrsbepflanzung', 2, 30);
INSERT INTO `products` VALUES (551, 76, 'Sommerflor', 2, 33);
INSERT INTO `products` VALUES (552, 76, 'Allerheiligen', 2, 19);
INSERT INTO `products` VALUES (553, 76, 'Bouquett', 2, 26);
INSERT INTO `products` VALUES (554, 76, 'Priestergrab', 0, 0);
INSERT INTO `products` VALUES (555, 76, 'Frühjahrsbepflanzung', 1, 45);
INSERT INTO `products` VALUES (556, 76, 'Sommerflor', 1, 71);
INSERT INTO `products` VALUES (557, 76, 'Chrysanthemen', 6, 9);
INSERT INTO `products` VALUES (558, 76, 'Bouquett', 1, 62);
INSERT INTO `products` VALUES (559, 76, 'Leichenkapelle', 0, 0);
INSERT INTO `products` VALUES (560, 76, 'Erika', 8, 3.7);
INSERT INTO `products` VALUES (561, 76, 'Efeu', 8, 3.5);
INSERT INTO `products` VALUES (562, 76, 'Kisten vor Einsegnungspodium', 0, 0);
INSERT INTO `products` VALUES (563, 76, 'Erika', 4, 3.7);
INSERT INTO `products` VALUES (564, 76, 'Juniperus', 2, 9);
INSERT INTO `products` VALUES (565, 76, 'Bux', 1, 9);
INSERT INTO `products` VALUES (566, 76, 'Substrat', 1, 9);
INSERT INTO `products` VALUES (567, 75, 'Arbeitsstunden, schneiden, ausputzen, düngen', 15, 22.73);
INSERT INTO `products` VALUES (568, 77, 'Schale mit gemischten Pflanzen', 1, 10.91);
INSERT INTO `products` VALUES (569, 77, 'Schale mit Primeln', 1, 9.09);
INSERT INTO `products` VALUES (570, 77, 'Schale mit gemischten Pflanzen', 1, 9.09);
INSERT INTO `products` VALUES (571, 77, 'Myosotis', 20, 0.55);
INSERT INTO `products` VALUES (572, 77, 'Kalanchoe', 1, 3.45);
INSERT INTO `products` VALUES (573, 77, 'Saintpaulie', 1, 3.18);
INSERT INTO `products` VALUES (574, 77, 'Bartnelken', 3, 1.36);
INSERT INTO `products` VALUES (575, 77, 'Gypsophylla', 5, 1.36);
INSERT INTO `products` VALUES (576, 77, 'Majoran', 10, 0.45);
INSERT INTO `products` VALUES (577, 77, 'Schnittlauch', 30, 0.91);
INSERT INTO `products` VALUES (578, 77, 'Basilikum', 30, 0.91);
INSERT INTO `products` VALUES (579, 77, 'Petersill', 30, 0.64);
INSERT INTO `products` VALUES (580, 77, 'Schale mit gemischten Pflanzen', 1, 12.27);
INSERT INTO `products` VALUES (581, 77, 'Schale mit gemischten Pflanzen', 1, 6.82);
INSERT INTO `products` VALUES (582, 77, 'Peperomien', 2, 3.64);
INSERT INTO `products` VALUES (583, 77, 'Gräber geputzt und gedüngt', 1, 40.91);
INSERT INTO `products` VALUES (584, 77, 'Schale mit gemischten Pflanzen', 1, 15.45);
INSERT INTO `products` VALUES (585, 77, 'Grabbepflanzung Frühjahr, Sommer, Herbst', 10, 72.63);
INSERT INTO `products` VALUES (586, 78, 'Pflanzen für Bar aufgefrischt', 2, 27.27);
INSERT INTO `products` VALUES (587, 78, 'Juniperus', 1, 16.36);
INSERT INTO `products` VALUES (588, 78, 'Verbenen', 2, 1.36);
INSERT INTO `products` VALUES (589, 78, 'Lonicera', 1, 6.82);
INSERT INTO `products` VALUES (590, 78, 'Poinsettie', 1, 5.45);
INSERT INTO `products` VALUES (591, 78, 'Poinsettie', 1, 1.82);
INSERT INTO `products` VALUES (592, 79, 'Impatiens', 15, 0.91);
INSERT INTO `products` VALUES (593, 79, 'Fuchsie', 1, 3.18);
INSERT INTO `products` VALUES (594, 79, 'Grünpflanze', 1, 8.18);
INSERT INTO `products` VALUES (595, 79, 'Orchideen', 2, 21.36);
INSERT INTO `products` VALUES (596, 79, 'Schale mit gemischten Pflanzen', 1, 16.36);
INSERT INTO `products` VALUES (597, 79, 'Poinsettie', 1, 11.82);
INSERT INTO `products` VALUES (598, 79, 'Grünpflanze', 1, 9.09);
INSERT INTO `products` VALUES (599, 80, 'Surfinien', 25, 1.5);
INSERT INTO `products` VALUES (600, 80, 'Karfiol', 32, 0.14);
INSERT INTO `products` VALUES (601, 80, 'Broccoli', 50, 0.14);
INSERT INTO `products` VALUES (602, 80, 'Tomaten', 3, 1.64);
INSERT INTO `products` VALUES (603, 80, 'Geranien', 5, 1.18);
INSERT INTO `products` VALUES (604, 80, 'Weihrauch', 2, 0.91);
INSERT INTO `products` VALUES (605, 80, 'Verbenen', 19, 1.36);
INSERT INTO `products` VALUES (606, 80, 'Kalanchoe', 2, 3.45);
INSERT INTO `products` VALUES (607, 80, 'Anthurium', 1, 26.82);
INSERT INTO `products` VALUES (608, 80, 'Schnittlauch', 9, 0.91);
INSERT INTO `products` VALUES (609, 80, 'Begonien', 3, 0.55);
INSERT INTO `products` VALUES (610, 80, 'Schale mit gemischten Pflanzen', 1, 30.91);
INSERT INTO `products` VALUES (611, 80, 'Saintpaulie', 1, 3.45);
INSERT INTO `products` VALUES (612, 81, 'Impatiens', 25, 0.91);
INSERT INTO `products` VALUES (613, 81, 'Tagetes', 4, 0.55);
INSERT INTO `products` VALUES (614, 81, 'Beaucarnea', 1, 50);
INSERT INTO `products` VALUES (615, 81, 'Grünpflanze', 1, 77.55);
INSERT INTO `products` VALUES (616, 82, 'Calluna', 18, 3.18);
INSERT INTO `products` VALUES (617, 82, 'Lavoro', 1, 13.64);
INSERT INTO `products` VALUES (618, 82, 'Pianta verde', 1, 113.82);
INSERT INTO `products` VALUES (619, 83, 'Grünpflanze', 1, 26.36);
INSERT INTO `products` VALUES (620, 83, 'Grünpflanze', 1, 40.45);
INSERT INTO `products` VALUES (621, 83, 'Adventskranz', 1, 22.73);
INSERT INTO `products` VALUES (622, 84, 'Orchidee', 1, 22.27);
INSERT INTO `products` VALUES (623, 85, 'Dekoration mit gemischten Pflanzen', 1, 604);
INSERT INTO `products` VALUES (624, 86, 'Stelle', 18, 2.27);
INSERT INTO `products` VALUES (625, 86, 'Ciottola mista', 1, 15);
INSERT INTO `products` VALUES (626, 87, 'Weihnachtssterne', 6, 11.82);
INSERT INTO `products` VALUES (627, 87, 'Weihnachtsserne', 30, 2.27);
INSERT INTO `products` VALUES (628, 88, 'Zimmerpflanze', 1, 57.27);
INSERT INTO `products` VALUES (629, 89, 'Stelle di natale', 4, 5.45);
INSERT INTO `products` VALUES (630, 90, 'Spathyphyllum', 4, 9);
INSERT INTO `products` VALUES (631, 90, 'Anthurium', 3, 29);
INSERT INTO `products` VALUES (632, 90, 'Dracene', 1, 220.6);
INSERT INTO `products` VALUES (633, 90, 'Beaucarnea', 1, 360);
INSERT INTO `products` VALUES (634, 90, 'Cissus', 10, 8);
INSERT INTO `products` VALUES (635, 90, 'Efeu', 15, 3);
INSERT INTO `products` VALUES (636, 90, 'Asplenium', 2, 7.8);
INSERT INTO `products` VALUES (637, 90, 'Begonien Rex', 2, 8.7);
INSERT INTO `products` VALUES (638, 90, 'Dracene', 1, 68);
INSERT INTO `products` VALUES (639, 90, 'Calathea', 1, 32);
INSERT INTO `products` VALUES (640, 90, 'Farne', 7, 8.7);
INSERT INTO `products` VALUES (641, 90, 'Anthurium', 2, 21);
INSERT INTO `products` VALUES (642, 90, 'Wasserstandmesser, Steine, Nylon und Flies', 1, 70);
INSERT INTO `products` VALUES (643, 90, 'S. Erde', 25, 9.5);
INSERT INTO `products` VALUES (644, 90, 'S. Lecca', 12, 6.5);
INSERT INTO `products` VALUES (645, 90, 'Arbeitsstunden', 6, 25);
INSERT INTO `products` VALUES (646, 92, 'Tricosporum in Tontopf', 1, 16.82);
INSERT INTO `products` VALUES (647, 92, 'Peperomie in Übertopf', 1, 8.82);
INSERT INTO `products` VALUES (648, 92, 'Mikado in Übertopf', 1, 11.64);
INSERT INTO `products` VALUES (649, 92, 'Tillansie in Übertopf', 1, 11.36);
INSERT INTO `products` VALUES (650, 92, 'Papyrus in Übertopf', 1, 11);
INSERT INTO `products` VALUES (651, 92, 'Spathyphyllum in Übertopf', 1, 15);
INSERT INTO `products` VALUES (652, 92, 'Orchidee in Übertopf', 1, 31);
INSERT INTO `products` VALUES (653, 92, 'Arbeitsstunden', 1, 22.73);
INSERT INTO `products` VALUES (654, 92, 'Dünger', 1, 7.73);
INSERT INTO `products` VALUES (655, 94, 'Hortensie', 1, 18.18);
INSERT INTO `products` VALUES (656, 94, 'Kalanchoe', 10, 3.45);
INSERT INTO `products` VALUES (657, 94, 'Basilikum', 5, 0.73);
INSERT INTO `products` VALUES (658, 94, 'Geranien', 8, 1.18);
INSERT INTO `products` VALUES (659, 96, 'Ficus', 1, 34.55);
INSERT INTO `products` VALUES (660, 96, 'Kalanchoe', 1, 7.14);
INSERT INTO `products` VALUES (661, 96, 'Dracaena', 1, 31.82);
INSERT INTO `products` VALUES (662, 96, 'Anthurium', 1, 15);
INSERT INTO `products` VALUES (663, 97, 'Korb mit Narzissen', 6, 5.45);
INSERT INTO `products` VALUES (664, 97, 'Korb mit gem. Pflanzen', 1, 16.36);
INSERT INTO `products` VALUES (665, 97, 'Beaucarnea', 1, 43.64);
INSERT INTO `products` VALUES (666, 97, 'Succulenten', 4, 6.36);
INSERT INTO `products` VALUES (667, 97, 'Bux', 1, 59.09);
INSERT INTO `products` VALUES (668, 97, 'Beaucarnea', 1, 31.82);
INSERT INTO `products` VALUES (669, 98, 'Hortensie', 1, 13.64);
INSERT INTO `products` VALUES (670, 98, 'Erdsubstrat', 3, 13.64);
INSERT INTO `products` VALUES (671, 98, 'Arbeit', 3, 22.73);
INSERT INTO `products` VALUES (672, 98, 'Samen und Dünger', 1, 13.64);
INSERT INTO `products` VALUES (673, 98, 'Margerite', 2, 9.09);
INSERT INTO `products` VALUES (674, 98, 'Gerbera', 1, 5.45);
INSERT INTO `products` VALUES (675, 98, 'Laurus Bäumchen', 1, 45.45);
INSERT INTO `products` VALUES (676, 98, 'Tagetes', 21, 0.55);
INSERT INTO `products` VALUES (677, 98, 'Tagetes im Topf', 1, 1.55);
INSERT INTO `products` VALUES (678, 99, 'Geranien', 178, 1.09);
INSERT INTO `products` VALUES (679, 99, 'Alyssum', 60, 0.55);
INSERT INTO `products` VALUES (680, 99, 'Verbenen', 30, 1.55);
INSERT INTO `products` VALUES (681, 99, 'Gräser', 4, 3.64);
INSERT INTO `products` VALUES (682, 99, 'Erdsubstrat', 7, 9.09);
INSERT INTO `products` VALUES (683, 100, 'Orchidee', 1, 24.55);
INSERT INTO `products` VALUES (684, 100, 'Stella', 1, 6.36);
INSERT INTO `products` VALUES (685, 100, 'Ficus', 1, 36.36);
INSERT INTO `products` VALUES (686, 100, 'Pelargonie', 1, 6.18);
INSERT INTO `products` VALUES (687, 100, 'Geranie', 1, 1.18);
INSERT INTO `products` VALUES (688, 100, 'Torenia', 1, 2.27);
INSERT INTO `products` VALUES (689, 100, 'Surfinien', 10, 1.55);
INSERT INTO `products` VALUES (690, 100, 'Pfingstrose', 1, 7.09);
INSERT INTO `products` VALUES (691, 100, 'Efeu', 1, 16.82);
INSERT INTO `products` VALUES (692, 100, 'Bambus', 1, 34.09);
INSERT INTO `products` VALUES (693, 100, 'Impatiens', 15, 0.91);
INSERT INTO `products` VALUES (694, 100, 'Erde und Dünger', 1, 13.64);
INSERT INTO `products` VALUES (695, 100, 'Arbeit', 1, 27.27);
INSERT INTO `products` VALUES (696, 100, 'Topf', 1, 5);
INSERT INTO `products` VALUES (697, 100, 'Erde', 1, 2.55);
INSERT INTO `products` VALUES (698, 100, 'Hortensie', 1, 18.18);
INSERT INTO `products` VALUES (699, 101, 'Primeln', 10, 0.91);
INSERT INTO `products` VALUES (700, 101, 'Bellis', 6, 0.55);
INSERT INTO `products` VALUES (701, 101, 'Dekoration mit gemischten Pflanzen', 1, 109.09);
INSERT INTO `products` VALUES (702, 102, 'Verbenen', 90, 1.36);
INSERT INTO `products` VALUES (703, 102, 'Begonien', 45, 0.55);
INSERT INTO `products` VALUES (704, 102, 'Alternantera', 20, 0.73);
INSERT INTO `products` VALUES (705, 102, 'Palme', 1, 5.45);
INSERT INTO `products` VALUES (706, 102, 'Kohl', 50, 0.15);
INSERT INTO `products` VALUES (707, 102, 'Zimmertanne', 1, 17.27);
INSERT INTO `products` VALUES (708, 102, 'Atropha mit Übertpf', 1, 38.18);
INSERT INTO `products` VALUES (709, 102, 'Margerite', 1, 9.09);
INSERT INTO `products` VALUES (710, 102, 'Margeriten', 4, 2.27);
INSERT INTO `products` VALUES (711, 102, 'Erdsubstrat', 3, 9.09);
INSERT INTO `products` VALUES (712, 102, 'Geranien', 90, 1.18);
INSERT INTO `products` VALUES (713, 102, 'Saint Paulie', 1, 3.18);
INSERT INTO `products` VALUES (714, 102, 'Gerbera', 2, 6.18);
INSERT INTO `products` VALUES (715, 102, 'Vasen', 2, 5.41);
INSERT INTO `products` VALUES (716, 102, 'Ceropiega', 1, 4.55);
INSERT INTO `products` VALUES (717, 113, 'Chamadorea', 2, 5);
INSERT INTO `products` VALUES (718, 113, 'Peperomie', 1, 6.82);
INSERT INTO `products` VALUES (719, 113, 'Erdsubstrat', 1, 9.09);
INSERT INTO `products` VALUES (720, 113, 'Gift und Dünger', 1, 10.91);
INSERT INTO `products` VALUES (721, 113, 'Arbeit', 1, 22.73);
INSERT INTO `products` VALUES (722, 103, 'Grünpflanze', 1, 15.45);
INSERT INTO `products` VALUES (723, 103, 'Efeu', 2, 2.73);
INSERT INTO `products` VALUES (724, 103, 'Grünpflanze', 1, 8);
INSERT INTO `products` VALUES (725, 103, 'Saint Paulie', 1, 3.18);
INSERT INTO `products` VALUES (726, 103, 'Grünpflanze', 1, 13.45);
INSERT INTO `products` VALUES (727, 103, 'Kalanchoe', 1, 3.64);
INSERT INTO `products` VALUES (728, 103, 'Grünpflanze', 1, 7.36);
INSERT INTO `products` VALUES (729, 103, 'Viole', 10, 0.55);
INSERT INTO `products` VALUES (730, 103, 'Erde', 1, 2.55);
INSERT INTO `products` VALUES (731, 103, 'Melisse', 1, 1.64);
INSERT INTO `products` VALUES (732, 103, 'Minze', 1, 1.64);
INSERT INTO `products` VALUES (733, 103, 'Salbei', 1, 2.73);
INSERT INTO `products` VALUES (734, 103, 'Lorbeer', 1, 4.36);
INSERT INTO `products` VALUES (735, 103, 'Begonie im Übertopf', 1, 15.09);
INSERT INTO `products` VALUES (736, 104, 'Ilex Stamm', 1, 77.27);
INSERT INTO `products` VALUES (737, 104, 'Brachicoma', 3, 2.27);
INSERT INTO `products` VALUES (738, 104, 'Basilikum', 2, 0.73);
INSERT INTO `products` VALUES (739, 104, 'Arbeit', 1, 9.09);
INSERT INTO `products` VALUES (740, 104, 'Viola', 33, 0.55);
INSERT INTO `products` VALUES (741, 104, 'Erdsubstrat', 1, 8.18);
INSERT INTO `products` VALUES (742, 104, 'Kisten mit gemischten Pflanzen', 3, 6.36);
INSERT INTO `products` VALUES (743, 104, 'Kiste mit gemischten Pflanzen', 1, 13.64);
INSERT INTO `products` VALUES (744, 104, 'Dünger', 1, 5.45);
INSERT INTO `products` VALUES (745, 105, 'Rosen Stamm', 2, 18.18);
INSERT INTO `products` VALUES (746, 105, 'Mangold', 255, 0.15);
INSERT INTO `products` VALUES (747, 105, 'Geranien', 24, 1.18);
INSERT INTO `products` VALUES (748, 105, 'Scindapsus', 1, 4.09);
INSERT INTO `products` VALUES (749, 105, 'Frühkohl', 120, 0.15);
INSERT INTO `products` VALUES (750, 105, 'Palme', 1, 2.73);
INSERT INTO `products` VALUES (751, 105, 'Schale mit gemischten Pflanzen', 1, 11.64);
INSERT INTO `products` VALUES (752, 105, 'Impatiens', 5, 0.91);
INSERT INTO `products` VALUES (753, 105, 'Tagetes', 10, 0.55);
INSERT INTO `products` VALUES (754, 105, 'Salat', 200, 0.13);
INSERT INTO `products` VALUES (755, 105, 'Majoran', 3, 2.73);
INSERT INTO `products` VALUES (756, 105, 'Poree', 70, 0.09);
INSERT INTO `products` VALUES (757, 105, 'Sellerie', 70, 0.18);
INSERT INTO `products` VALUES (758, 105, 'Basilikum', 15, 0.73);
INSERT INTO `products` VALUES (759, 105, 'Majoran', 1, 1.82);
INSERT INTO `products` VALUES (760, 105, 'Surfinien', 12, 1.55);
INSERT INTO `products` VALUES (761, 105, 'Spätkohl', 300, 0.15);
INSERT INTO `products` VALUES (762, 105, 'Blaukraut', 50, 0.15);
INSERT INTO `products` VALUES (763, 105, 'Broccoli', 50, 0.15);
INSERT INTO `products` VALUES (764, 105, 'Karfiol', 20, 0.15);
INSERT INTO `products` VALUES (765, 105, 'Astern', 10, 0.36);
INSERT INTO `products` VALUES (766, 105, 'Zinnien', 20, 0.36);
INSERT INTO `products` VALUES (767, 105, 'Strohblumen', 5, 0.36);
INSERT INTO `products` VALUES (768, 105, 'Rose', 1, 16.36);
INSERT INTO `products` VALUES (769, 105, 'Gazanien', 12, 0.91);
INSERT INTO `products` VALUES (770, 105, 'Tomaten', 2, 0.55);
INSERT INTO `products` VALUES (771, 105, 'Kohlrabi', 30, 0.15);
INSERT INTO `products` VALUES (772, 105, 'Majoran', 5, 0.55);
INSERT INTO `products` VALUES (773, 105, 'Farn', 1, 4.09);
INSERT INTO `products` VALUES (774, 105, 'Duftgeranie', 1, 3.18);
INSERT INTO `products` VALUES (775, 105, 'Verbenen', 3, 1.36);
INSERT INTO `products` VALUES (776, 105, 'Peperomie', 1, 5.45);
INSERT INTO `products` VALUES (777, 106, 'Geranien', 157, 1.18);
INSERT INTO `products` VALUES (778, 106, 'Weihrauch', 3, 0.91);
INSERT INTO `products` VALUES (779, 106, 'Asparagus', 2, 2.73);
INSERT INTO `products` VALUES (780, 106, 'Spathyphyllum', 1, 4.09);
INSERT INTO `products` VALUES (781, 106, 'Diefenbachie', 1, 5);
INSERT INTO `products` VALUES (782, 106, 'Karfiol', 15, 0.15);
INSERT INTO `products` VALUES (783, 106, 'Broccoli', 15, 0.15);
INSERT INTO `products` VALUES (784, 106, 'Zucchini', 15, 0.55);
INSERT INTO `products` VALUES (785, 106, 'Zinnien', 30, 0.36);
INSERT INTO `products` VALUES (786, 106, 'Allyssum', 30, 0.55);
INSERT INTO `products` VALUES (787, 106, 'Erdsubstrat', 2, 8.18);
INSERT INTO `products` VALUES (788, 106, 'Tomaten', 20, 0.55);
INSERT INTO `products` VALUES (789, 106, 'Rosen', 16, 6.82);
INSERT INTO `products` VALUES (790, 106, 'Surfinien', 14, 1.55);
INSERT INTO `products` VALUES (791, 106, 'Bidens', 6, 1.55);
INSERT INTO `products` VALUES (792, 106, 'Tagetes', 3, 0.55);
INSERT INTO `products` VALUES (793, 107, 'Grüpflanze', 1, 10.45);
INSERT INTO `products` VALUES (794, 107, 'Primeln', 6, 0.91);
INSERT INTO `products` VALUES (795, 107, 'Viola', 25, 0.55);
INSERT INTO `products` VALUES (796, 107, 'Jasmin', 2, 6.82);
INSERT INTO `products` VALUES (797, 107, 'Narzissen', 2, 2.27);
INSERT INTO `products` VALUES (798, 107, 'Surfinien', 4, 1.55);
INSERT INTO `products` VALUES (799, 107, 'Bacoppa', 3, 6.82);
INSERT INTO `products` VALUES (800, 107, 'Tillandsie', 1, 16.36);
INSERT INTO `products` VALUES (801, 107, 'Geranien', 10, 1.18);
INSERT INTO `products` VALUES (802, 107, 'Buntnessln', 3, 0.73);
INSERT INTO `products` VALUES (803, 107, 'Gazanien', 3, 1.55);
INSERT INTO `products` VALUES (804, 107, 'Tapien', 1, 1.55);
INSERT INTO `products` VALUES (805, 107, 'Calendula', 1, 1.82);
INSERT INTO `products` VALUES (806, 107, 'Gemüse', 1, 13.27);
INSERT INTO `products` VALUES (807, 108, 'Agloemia', 1, 14.09);
INSERT INTO `products` VALUES (808, 108, 'Spathiphyllum', 1, 16.36);
INSERT INTO `products` VALUES (809, 108, 'Calathea', 1, 8.64);
INSERT INTO `products` VALUES (810, 108, 'Pflanze', 1, 6.07);
INSERT INTO `products` VALUES (811, 108, 'Blume', 1, 10.91);
INSERT INTO `products` VALUES (812, 108, 'Viola', 20, 0.55);
INSERT INTO `products` VALUES (813, 108, 'Grünpflanze', 1, 49.09);
INSERT INTO `products` VALUES (814, 109, 'Frühjahjsflor', 45, 0.55);
INSERT INTO `products` VALUES (815, 110, 'Geranien', 126, 1.18);
INSERT INTO `products` VALUES (816, 110, 'Bacoppa', 1, 2.27);
INSERT INTO `products` VALUES (817, 110, 'Juniperus', 1, 10.45);
INSERT INTO `products` VALUES (818, 110, 'Gurken', 6, 0.55);
INSERT INTO `products` VALUES (819, 110, 'Zucchini', 6, 0.55);
INSERT INTO `products` VALUES (820, 110, 'Petersillie', 10, 0.32);
INSERT INTO `products` VALUES (821, 110, 'Basillikum', 5, 0.73);
INSERT INTO `products` VALUES (822, 110, 'Sellerie', 5, 0.18);
INSERT INTO `products` VALUES (823, 110, 'Tomaten', 15, 0.55);
INSERT INTO `products` VALUES (824, 110, 'Impatiens', 5, 0.91);
INSERT INTO `products` VALUES (825, 110, 'Dünger', 2, 7.45);
INSERT INTO `products` VALUES (826, 110, 'Geranienkisten bepflanzt', 15, 5.64);
INSERT INTO `products` VALUES (827, 110, 'Orchidee', 1, 30.91);
INSERT INTO `products` VALUES (828, 110, 'Schale mit gemischten Pflanzen', 1, 6.36);
INSERT INTO `products` VALUES (829, 110, 'Untersatz', 1, 1.09);
INSERT INTO `products` VALUES (830, 110, 'Gerbera', 1, 6.18);
INSERT INTO `products` VALUES (831, 110, 'Optusa', 1, 11.82);
INSERT INTO `products` VALUES (832, 111, 'Bepflanzte Geranienkisten', 17, 5.36);
INSERT INTO `products` VALUES (833, 111, 'Bepflanzte Geranienkisten', 17, 4);
INSERT INTO `products` VALUES (834, 111, 'Bepflanzte Geranienkisten', 4, 3.73);
INSERT INTO `products` VALUES (835, 111, 'Surfinia Ampel', 1, 5.45);
INSERT INTO `products` VALUES (836, 111, 'Geranien', 2, 1.18);
INSERT INTO `products` VALUES (837, 111, 'Weihrauch', 2, 1.18);
INSERT INTO `products` VALUES (838, 111, 'Verbenen', 3, 1.36);
INSERT INTO `products` VALUES (839, 111, 'Liguster', 30, 3.18);
INSERT INTO `products` VALUES (840, 112, 'Margerithen', 4, 1.49);
INSERT INTO `products` VALUES (841, 112, 'Sedum', 3, 1.24);
INSERT INTO `products` VALUES (842, 112, 'Cineraria Maritima', 60, 0.66);
INSERT INTO `products` VALUES (843, 112, 'Tomaten', 80, 0.5);
INSERT INTO `products` VALUES (844, 112, 'Schnittlauch', 20, 0.83);
INSERT INTO `products` VALUES (845, 112, 'Geranien', 165, 1.07);
INSERT INTO `products` VALUES (846, 112, 'Fuchsien', 2, 3.72);
INSERT INTO `products` VALUES (847, 112, 'Gurken', 17, 0.5);
INSERT INTO `products` VALUES (848, 112, 'Efeu', 6, 2.48);
INSERT INTO `products` VALUES (849, 112, 'Surfinien', 35, 0.91);
INSERT INTO `products` VALUES (850, 112, 'Impatiens', 25, 0.83);
INSERT INTO `products` VALUES (851, 105, 'Surfinien', 10, 1.55);
INSERT INTO `products` VALUES (852, 105, 'Neu Guinea', 10, 1.36);
INSERT INTO `products` VALUES (853, 105, 'Blaukraut', 20, 0.15);
INSERT INTO `products` VALUES (854, 105, 'Knollbegonien', 2, 2.27);
INSERT INTO `products` VALUES (855, 105, 'Mangold', 100, 0.15);
INSERT INTO `products` VALUES (856, 105, 'Petersillie', 20, 0.27);
INSERT INTO `products` VALUES (857, 114, 'Geranien', 7, 2.73);
INSERT INTO `products` VALUES (858, 114, 'Kistenbepflanzung', 6, 5.55);
INSERT INTO `products` VALUES (859, 114, 'Kistenbepflanzung', 1, 7.36);
INSERT INTO `products` VALUES (860, 114, 'Kistenbepflanzung', 5, 3.73);
INSERT INTO `products` VALUES (861, 115, 'Viola', 183, 0.41);
INSERT INTO `products` VALUES (862, 115, 'Narzissen', 6, 1.82);
INSERT INTO `products` VALUES (863, 115, 'Rosmarin', 1, 1.82);
INSERT INTO `products` VALUES (864, 115, 'Schnittlauch', 1, 0.64);
INSERT INTO `products` VALUES (865, 115, 'Campanula', 2, 4.91);
INSERT INTO `products` VALUES (866, 115, 'Geranien', 34, 0.91);
INSERT INTO `products` VALUES (867, 115, 'Schattenliesl', 15, 0.64);
INSERT INTO `products` VALUES (868, 115, 'Basillikum', 1, 0.55);
INSERT INTO `products` VALUES (869, 115, 'Surfinien', 4, 1);
INSERT INTO `products` VALUES (870, 115, 'Juniperus', 4, 2.82);
INSERT INTO `products` VALUES (871, 115, 'Sommerflor', 1, 5.64);
INSERT INTO `products` VALUES (872, 116, 'Kiste mit gemischten Pflanzen', 1, 104.55);
INSERT INTO `products` VALUES (873, 116, 'Anthurium', 1, 26.36);
INSERT INTO `products` VALUES (874, 116, 'Korb mit gemischten Pflanzen', 1, 14.09);
INSERT INTO `products` VALUES (875, 117, 'Anthurium', 1, 26.36);
INSERT INTO `products` VALUES (876, 117, 'Guzmania', 1, 31.82);
INSERT INTO `products` VALUES (877, 117, 'Guzmanie', 2, 19.09);
INSERT INTO `products` VALUES (878, 117, 'Anthurium', 2, 19.09);
INSERT INTO `products` VALUES (879, 117, 'Anthurium', 2, 10);
INSERT INTO `products` VALUES (880, 117, 'Dracene', 2, 7.73);
INSERT INTO `products` VALUES (881, 117, 'Ficus Lirata', 1, 31.82);
INSERT INTO `products` VALUES (882, 117, 'Schefflera', 1, 50);
INSERT INTO `products` VALUES (883, 117, 'Ficus Benjamin', 1, 65.45);
INSERT INTO `products` VALUES (884, 117, 'Ficus Benjamin', 1, 56.36);
INSERT INTO `products` VALUES (885, 117, 'Calarthea', 1, 29.09);
INSERT INTO `products` VALUES (886, 117, 'Juniperus', 1, 17.27);
INSERT INTO `products` VALUES (887, 117, 'Neu Guinea', 30, 1.36);
INSERT INTO `products` VALUES (888, 117, 'Terra', 3, 9.09);
INSERT INTO `products` VALUES (889, 117, 'Concime', 1, 7.73);
INSERT INTO `products` VALUES (890, 117, 'Callistephus', 1, 27.27);
INSERT INTO `products` VALUES (891, 117, 'Tuja', 1, 25.45);
INSERT INTO `products` VALUES (892, 117, 'Bux', 2, 14.55);
INSERT INTO `products` VALUES (893, 117, 'Spirea', 1, 6.36);
INSERT INTO `products` VALUES (894, 117, 'Viola', 29, 0.55);
INSERT INTO `products` VALUES (895, 117, 'Lantane', 4, 2.27);
INSERT INTO `products` VALUES (896, 117, 'Dahlie', 4, 1.64);
INSERT INTO `products` VALUES (897, 117, 'Margerite', 8, 2.27);
INSERT INTO `products` VALUES (898, 117, 'Asparagus', 3, 2.73);
INSERT INTO `products` VALUES (899, 117, 'Gerani', 8, 1.18);
INSERT INTO `products` VALUES (900, 117, 'Asparagus', 3, 3.18);
INSERT INTO `products` VALUES (901, 117, 'Lavoro', 2, 22.73);
INSERT INTO `products` VALUES (902, 117, 'Pianta Verde', 1, 83.73);
INSERT INTO `products` VALUES (903, 118, 'Bepflanzte Geranienkisten', 29, 5.55);
INSERT INTO `products` VALUES (904, 118, 'Bepflanzte Geranienkisten', 10, 5.18);
INSERT INTO `products` VALUES (905, 118, 'Bepflanzte Geranienkisten', 14, 3.68);
INSERT INTO `products` VALUES (906, 118, 'Schalen mit Geranien', 4, 5.82);
INSERT INTO `products` VALUES (907, 118, 'Gazanien', 10, 0.91);
INSERT INTO `products` VALUES (908, 118, 'Efeu in Übertopf', 1, 13.18);
INSERT INTO `products` VALUES (909, 118, 'Neu Guinea', 2, 1.36);
INSERT INTO `products` VALUES (910, 118, 'Viburnum', 2, 6.36);
INSERT INTO `products` VALUES (911, 118, 'Juniperus', 1, 10.45);
INSERT INTO `products` VALUES (912, 118, 'Juniperus', 1, 8.18);
INSERT INTO `products` VALUES (913, 118, 'Geranien', 26, 1.18);
INSERT INTO `products` VALUES (914, 118, 'Bacoppa', 4, 1.36);
INSERT INTO `products` VALUES (915, 118, 'Clerodendron', 1, 104.55);
INSERT INTO `products` VALUES (916, 118, 'Viola', 100, 0.55);
INSERT INTO `products` VALUES (917, 118, 'Begonien', 110, 0.55);
INSERT INTO `products` VALUES (918, 118, 'Baumstützen', 2, 2.73);
INSERT INTO `products` VALUES (919, 118, 'Erdsubstrat', 3, 9.09);
INSERT INTO `products` VALUES (920, 118, 'Dünger', 2, 7.73);
INSERT INTO `products` VALUES (921, 118, 'Arbeitsstunden', 7, 22.73);
INSERT INTO `products` VALUES (922, 119, 'Cypressen', 4, 40.91);
INSERT INTO `products` VALUES (923, 119, 'Geranien', 5, 1.18);
INSERT INTO `products` VALUES (924, 119, 'Papyros', 1, 27.27);
INSERT INTO `products` VALUES (925, 119, 'Erdsubstrat', 1, 18.18);
INSERT INTO `products` VALUES (926, 119, 'Arbeit', 3, 22.73);
INSERT INTO `products` VALUES (927, 119, 'Holzpfähle', 8, 3.64);
INSERT INTO `products` VALUES (928, 120, 'Grabbepflanzung mit gem. Coniferen und Bouquett', 1, 127.27);
INSERT INTO `products` VALUES (929, 121, 'Scindapsus', 1, 39);
INSERT INTO `products` VALUES (930, 121, 'Stephanotis mit Übertopf', 1, 36);
INSERT INTO `products` VALUES (931, 121, 'Farn', 1, 20);
INSERT INTO `products` VALUES (932, 121, 'Tradiscanzie', 1, 18.5);
INSERT INTO `products` VALUES (933, 121, 'Hibiskus mit Übertopf', 1, 16.3);
INSERT INTO `products` VALUES (934, 121, 'Tricosporum mit Übertopf', 1, 18);
INSERT INTO `products` VALUES (935, 122, 'Solanum- Stamm', 2, 39.55);
INSERT INTO `products` VALUES (936, 125, 'Bonsai', 1, 86.36);
INSERT INTO `products` VALUES (937, 124, 'Anthurium in Übertopf', 1, 28.91);
INSERT INTO `products` VALUES (938, 124, 'Cactus in Schale', 1, 12.73);
INSERT INTO `products` VALUES (939, 124, 'Ficus mit Untersetzer', 1, 48.18);
INSERT INTO `products` VALUES (940, 126, 'Sukulenten', 3, 8.18);
INSERT INTO `products` VALUES (941, 126, 'Anthurium mit Übertopf', 1, 19.73);
INSERT INTO `products` VALUES (942, 127, 'Beaucarnea mit Übertopf', 1, 109.09);
INSERT INTO `products` VALUES (943, 128, 'Orchidee', 1, 24.55);
INSERT INTO `products` VALUES (944, 129, 'Calathea', 1, 29.09);
INSERT INTO `products` VALUES (945, 129, 'Palmen Phönix', 3, 40.91);
INSERT INTO `products` VALUES (946, 129, 'Palmen Kentie', 3, 89.09);
INSERT INTO `products` VALUES (947, 129, 'Palmen Kentie', 1, 159.09);
INSERT INTO `products` VALUES (948, 129, 'Aspidestra', 2, 34.55);
INSERT INTO `products` VALUES (949, 129, 'Calathea', 1, 31.82);
INSERT INTO `products` VALUES (950, 129, 'Calathea', 1, 26.36);
INSERT INTO `products` VALUES (951, 129, 'Aralie', 1, 22.73);
INSERT INTO `products` VALUES (952, 129, 'Aralie', 1, 10.91);
INSERT INTO `products` VALUES (953, 129, 'Dracene', 1, 10.91);
INSERT INTO `products` VALUES (954, 129, 'Calathea', 2, 30);
INSERT INTO `products` VALUES (955, 129, 'Aglonemien', 3, 17.27);
INSERT INTO `products` VALUES (956, 129, 'Spathyphyllum', 1, 38.18);
INSERT INTO `products` VALUES (957, 129, 'Ficus Lirata', 1, 43.64);
INSERT INTO `products` VALUES (958, 129, 'Scindapsus', 8, 11.82);
INSERT INTO `products` VALUES (959, 129, 'Spathyphyllum', 2, 16.82);
INSERT INTO `products` VALUES (960, 129, 'Scindapsus', 1, 38.18);
INSERT INTO `products` VALUES (961, 129, 'Sansiverien', 2, 12.27);
INSERT INTO `products` VALUES (962, 129, 'Arbeit', 5, 22.73);
INSERT INTO `products` VALUES (963, 129, 'Blattglanz und Dünger', 1, 20);
INSERT INTO `products` VALUES (964, 130, 'Grünpflanze', 1, 44.55);
INSERT INTO `products` VALUES (965, 131, 'Callistephus', 1, 52.73);
INSERT INTO `products` VALUES (966, 132, 'Sommerflor', 100, 1.36);
INSERT INTO `products` VALUES (967, 132, 'Sträucher', 30, 6.82);
INSERT INTO `products` VALUES (968, 132, 'Konifere', 1, 22.73);
INSERT INTO `products` VALUES (969, 133, 'Trockenkranz', 1, 90.91);
INSERT INTO `products` VALUES (970, 134, 'Sträucher', 0, 0);
INSERT INTO `products` VALUES (971, 134, 'Frühjahrspflanzung', 0, 0);
INSERT INTO `products` VALUES (972, 134, 'Sommerpflanzung', 0, 0);
INSERT INTO `products` VALUES (973, 134, 'Herbstpflanzung', 0, 0);
INSERT INTO `products` VALUES (974, 134, 'Arbeit,Erde,Dünger', 1, 3800);
INSERT INTO `products` VALUES (975, 135, 'Chrysanthemen', 6, 5);
INSERT INTO `products` VALUES (976, 135, 'Bouquett', 1, 60);
INSERT INTO `products` VALUES (977, 135, 'Bouquett', 1, 25);
INSERT INTO `products` VALUES (978, 135, 'Calluna', 47, 2);
INSERT INTO `products` VALUES (979, 135, 'Trockenblumen', 1, 12);
INSERT INTO `products` VALUES (980, 136, 'Soldatengräber', 0, 0);
INSERT INTO `products` VALUES (981, 136, 'Frühjahrsbepflanzung', 2, 30);
INSERT INTO `products` VALUES (982, 136, 'Sommerflor', 2, 33);
INSERT INTO `products` VALUES (983, 136, 'Allerheiligen', 2, 22);
INSERT INTO `products` VALUES (984, 136, 'Bouquett', 2, 35);
INSERT INTO `products` VALUES (985, 136, 'Priestergrab', 0, 0);
INSERT INTO `products` VALUES (986, 136, 'Frühjahrsbepflanzung', 1, 45);
INSERT INTO `products` VALUES (987, 136, 'Sommerflor', 1, 71);
INSERT INTO `products` VALUES (988, 136, 'Allerheiligen Chrysanthemen', 6, 9);
INSERT INTO `products` VALUES (989, 136, 'Bouquett', 1, 68);
INSERT INTO `products` VALUES (990, 136, 'Leichenkapelle', 0, 0);
INSERT INTO `products` VALUES (991, 136, 'Erika', 8, 4);
INSERT INTO `products` VALUES (992, 136, 'Efeu', 8, 3);
INSERT INTO `products` VALUES (993, 136, 'Einsegnungspodium', 0, 0);
INSERT INTO `products` VALUES (994, 136, 'Erika', 4, 4);
INSERT INTO `products` VALUES (995, 137, 'Grünpflanze', 1, 40.91);
INSERT INTO `products` VALUES (996, 137, 'Grünpflanze', 1, 14.55);
INSERT INTO `products` VALUES (997, 137, 'Grünpflanze', 1, 40.91);
INSERT INTO `products` VALUES (998, 137, 'Grünpflanzen', 2, 54.55);
INSERT INTO `products` VALUES (999, 138, 'Palme', 1, 8.18);
INSERT INTO `products` VALUES (1000, 138, 'Pflanzen aufgefrischt', 1, 31.82);
INSERT INTO `products` VALUES (1001, 138, 'Viola', 7, 0.55);
INSERT INTO `products` VALUES (1002, 138, 'Dünger', 1, 3.64);
INSERT INTO `products` VALUES (1003, 138, 'Kisten mit Geranien', 6, 3.73);
INSERT INTO `products` VALUES (1004, 138, 'Pflanzen aufgefrischt', 1, 27.27);
INSERT INTO `products` VALUES (1005, 139, 'Grünpflanze', 1, 10);
INSERT INTO `products` VALUES (1006, 139, 'Orchidee', 1, 23.64);
INSERT INTO `products` VALUES (1007, 139, 'Orchidee', 1, 22.73);
INSERT INTO `products` VALUES (1008, 139, 'Orchidee', 1, 19.09);
INSERT INTO `products` VALUES (1009, 139, 'Chrysantheme', 1, 4.55);
INSERT INTO `products` VALUES (1010, 140, 'Primel', 4, 1.36);
INSERT INTO `products` VALUES (1011, 140, 'Azaleen', 2, 10.91);
INSERT INTO `products` VALUES (1012, 140, 'Primel', 4, 3.64);
INSERT INTO `products` VALUES (1013, 140, 'Efeu', 2, 2.73);
INSERT INTO `products` VALUES (1014, 140, 'Ficus Pumila', 2, 2.09);
INSERT INTO `products` VALUES (1015, 140, 'Kalanchoen', 2, 2.45);
INSERT INTO `products` VALUES (1016, 140, 'Saintpaulie', 3, 2.45);
INSERT INTO `products` VALUES (1017, 140, 'Bubiköpfe', 5, 2.73);
INSERT INTO `products` VALUES (1018, 140, 'Primula Obconica', 3, 3.64);
INSERT INTO `products` VALUES (1019, 140, 'Kalanchoe', 1, 3.55);
INSERT INTO `products` VALUES (1020, 140, 'Primel', 3, 3.64);
INSERT INTO `products` VALUES (1021, 140, 'Primel', 2, 1.82);
INSERT INTO `products` VALUES (1022, 140, 'Primel', 4, 3.64);
INSERT INTO `products` VALUES (1023, 140, 'Viola', 12, 0.55);
INSERT INTO `products` VALUES (1024, 140, 'Erde', 1, 2.55);
INSERT INTO `products` VALUES (1025, 140, 'Primel', 3, 1.09);
INSERT INTO `products` VALUES (1026, 140, 'Hortensie mit Übertopf', 1, 22.73);
INSERT INTO `products` VALUES (1027, 140, 'Strohhenne', 1, 6.82);
INSERT INTO `products` VALUES (1028, 140, 'Korb mit gem. Pflanzen', 1, 20);
INSERT INTO `products` VALUES (1029, 140, 'Saintpaulie', 5, 3.18);
INSERT INTO `products` VALUES (1030, 140, 'Calla mit Übertopf', 1, 38.64);
INSERT INTO `products` VALUES (1031, 140, 'Hortensie', 1, 18.18);
INSERT INTO `products` VALUES (1032, 140, 'Armenia', 2, 1.64);
INSERT INTO `products` VALUES (1033, 140, 'Astilbe', 1, 1.64);
INSERT INTO `products` VALUES (1034, 140, 'Melisse', 2, 2.73);
INSERT INTO `products` VALUES (1035, 140, 'Margeriten', 3, 1.64);
INSERT INTO `products` VALUES (1036, 140, 'Astern', 3, 1.36);
INSERT INTO `products` VALUES (1037, 140, 'Campanula', 2, 1.82);
INSERT INTO `products` VALUES (1038, 140, 'Nelken', 3, 1.09);
INSERT INTO `products` VALUES (1039, 140, 'Eisenhut', 5, 3.64);
INSERT INTO `products` VALUES (1040, 140, 'Sonnenhut', 5, 1.64);
INSERT INTO `products` VALUES (1041, 140, 'Lavendel', 2, 1.64);
INSERT INTO `products` VALUES (1042, 140, 'Basilicum', 35, 0.73);
INSERT INTO `products` VALUES (1043, 140, 'Majoran', 3, 2.73);
INSERT INTO `products` VALUES (1044, 140, 'Majoran', 3, 1.82);
INSERT INTO `products` VALUES (1045, 140, 'Gurken', 4, 0.55);
INSERT INTO `products` VALUES (1046, 140, 'Schnittlauch', 3, 0.91);
INSERT INTO `products` VALUES (1047, 140, 'Coffea', 10, 1.36);
INSERT INTO `products` VALUES (1048, 140, 'Callocephalus', 5, 3.64);
INSERT INTO `products` VALUES (1049, 140, 'Erika', 7, 2.91);
INSERT INTO `products` VALUES (1050, 140, 'Helleborus', 3, 4.09);
INSERT INTO `products` VALUES (1051, 140, 'Primel Obconica', 1, 5.45);
INSERT INTO `products` VALUES (1052, 140, 'Chrysanthemen', 2, 9.09);
INSERT INTO `products` VALUES (1053, 140, 'Schale mit gem. Pflanzen', 1, 18.18);
INSERT INTO `products` VALUES (1054, 140, 'Ficus mit Übertopf', 1, 45.45);
INSERT INTO `products` VALUES (1055, 140, 'Verbenen', 10, 1.36);
INSERT INTO `products` VALUES (1056, 140, 'Grabbepflanzung Frühjahr,Sommer,Herbst', 4, 97.27);
INSERT INTO `products` VALUES (1057, 140, 'Grabbepflanzung Frühjahr', 6, 16.36);
INSERT INTO `products` VALUES (1058, 141, 'Viola', 128, 0.55);
INSERT INTO `products` VALUES (1059, 141, 'Rasendünger', 1, 18.18);
INSERT INTO `products` VALUES (1060, 141, 'Spritzung', 1, 54.55);
INSERT INTO `products` VALUES (1061, 141, 'Geranien', 18, 1.36);
INSERT INTO `products` VALUES (1062, 141, 'Neuguinea', 31, 1.36);
INSERT INTO `products` VALUES (1063, 141, 'Kriegerdenkmalpflanzung', 1, 109.09);
INSERT INTO `products` VALUES (1064, 141, 'Schale mit gem. Pflanzen', 1, 31.82);
INSERT INTO `products` VALUES (1065, 141, 'Calluna', 16, 2.91);
INSERT INTO `products` VALUES (1066, 141, 'Spritzungen', 2, 54.55);
INSERT INTO `products` VALUES (1067, 141, 'Erika', 41, 3.64);
INSERT INTO `products` VALUES (1068, 141, 'Arbeitsstunden', 12, 22.73);
INSERT INTO `products` VALUES (1069, 142, 'Yucca mit Übertopf', 1, 79.09);
INSERT INTO `products` VALUES (1070, 142, 'Palme', 1, 68.18);
INSERT INTO `products` VALUES (1071, 142, 'Vastil', 2, 30);
INSERT INTO `products` VALUES (1072, 142, 'Vastil', 1, 15.45);
INSERT INTO `products` VALUES (1073, 142, 'Vastil', 1, 23.64);
INSERT INTO `products` VALUES (1074, 142, 'Girlanden', 6, 17.27);
INSERT INTO `products` VALUES (1075, 142, 'Orchidee', 1, 24.55);
INSERT INTO `products` VALUES (1076, 142, 'Arbeitsstunden', 2, 22.73);
INSERT INTO `products` VALUES (1077, 142, 'Erdsubstrat', 2, 9.09);
INSERT INTO `products` VALUES (1078, 143, 'Erica', 10, 3.64);
INSERT INTO `products` VALUES (1079, 143, 'Lavoro', 1, 10.91);
INSERT INTO `products` VALUES (1080, 143, 'Pianta verde', 1, 122.73);
INSERT INTO `products` VALUES (1081, 144, 'Begonie', 1, 6.18);
INSERT INTO `products` VALUES (1082, 144, 'Efeu', 2, 2.73);
INSERT INTO `products` VALUES (1083, 144, 'Peperomie mit Übertopf', 1, 3.73);
INSERT INTO `products` VALUES (1084, 144, 'Korb mit gem. Pflanzen', 1, 13.05);
INSERT INTO `products` VALUES (1085, 144, 'Untersetzer', 1, 1.82);
INSERT INTO `products` VALUES (1086, 144, 'Weihnachtsstern', 1, 4.55);
INSERT INTO `products` VALUES (1087, 144, 'Weihnachtsstern', 1, 5.45);
INSERT INTO `products` VALUES (1088, 144, 'Weihnachtssterne', 25, 2.73);
INSERT INTO `products` VALUES (1089, 145, 'Weihnachtssterne', 9, 7.27);
INSERT INTO `products` VALUES (1090, 145, 'Weihnachtsstern', 1, 22.73);
INSERT INTO `products` VALUES (1091, 146, 'Grünpflanzen', 2, 45.45);
INSERT INTO `products` VALUES (1092, 146, 'Grünpflanze', 1, 9.09);
INSERT INTO `products` VALUES (1093, 147, 'Cissus', 1, 16.82);
INSERT INTO `products` VALUES (1094, 147, 'Kisten mit gem. Pflanzen', 2, 13.64);
INSERT INTO `products` VALUES (1095, 147, 'Kürbisstab', 1, 1.82);
INSERT INTO `products` VALUES (1096, 147, 'Kürbisstäbe', 4, 1.05);
INSERT INTO `products` VALUES (1097, 148, 'Mooskranz', 2, 5.45);
INSERT INTO `products` VALUES (1098, 148, 'Isländisch- Mooskranz aufrichten', 1, 22.73);
INSERT INTO `products` VALUES (1099, 148, 'Erika', 2, 4.27);
INSERT INTO `products` VALUES (1100, 148, 'Erika', 1, 3.64);
INSERT INTO `products` VALUES (1101, 148, 'Cyclame', 1, 5.45);
INSERT INTO `products` VALUES (1102, 148, 'Adventskranz', 1, 20);
INSERT INTO `products` VALUES (1103, 149, 'Neuguina', 12, 0.7);
INSERT INTO `products` VALUES (1104, 149, 'Frühjahrsflor', 108, 0.3);
INSERT INTO `products` VALUES (1105, 149, 'Surfinia', 61, 0.8);
INSERT INTO `products` VALUES (1106, 149, 'Geranien', 217, 0.65);
INSERT INTO `products` VALUES (1107, 90, 'Palme Areca', 1, 127.27);
INSERT INTO `products` VALUES (1108, 90, 'Yucca', 1, 81.82);
INSERT INTO `products` VALUES (1109, 90, 'Anthurium', 1, 28.18);
INSERT INTO `products` VALUES (1110, 90, 'Photos', 1, 16.36);
INSERT INTO `products` VALUES (1111, 90, 'S. Lecca', 1, 9.09);
INSERT INTO `products` VALUES (1112, 90, 'Cissus', 1, 11.36);
INSERT INTO `products` VALUES (1113, 92, 'Sommerflieder', 2, 7.09);
INSERT INTO `products` VALUES (1114, 92, 'Potentilla', 6, 6.82);
INSERT INTO `products` VALUES (1115, 92, 'Lavendel', 14, 2.73);
INSERT INTO `products` VALUES (1116, 92, 'Steingartenpflanzen', 105, 1.82);
INSERT INTO `products` VALUES (1117, 92, 'Arbeitsstunden', 3, 22.73);
INSERT INTO `products` VALUES (1118, 94, 'Bromelien in Übertopf', 5, 8.18);
INSERT INTO `products` VALUES (1119, 94, 'Dracaene', 1, 40.91);
INSERT INTO `products` VALUES (1120, 94, 'Schale mit gem. Pflanzen', 1, 17.73);
INSERT INTO `products` VALUES (1121, 94, 'Ceropiega', 2, 5);
INSERT INTO `products` VALUES (1122, 96, 'Grünpflanze', 1, 64.91);
INSERT INTO `products` VALUES (1123, 96, 'Ginster', 1, 8.18);
INSERT INTO `products` VALUES (1124, 97, 'Verbenen', 6, 1.5);
INSERT INTO `products` VALUES (1125, 97, 'Lobelie', 1, 0.55);
INSERT INTO `products` VALUES (1126, 97, 'Pidens', 1, 1.5);
INSERT INTO `products` VALUES (1127, 97, 'Alyssum', 2, 0.55);
INSERT INTO `products` VALUES (1128, 97, 'Schale mit Pflanzen', 1, 6.82);
INSERT INTO `products` VALUES (1129, 97, 'Erdsubstrat', 1, 3.09);
INSERT INTO `products` VALUES (1130, 161, 'Spathyphyllum', 4, 9);
INSERT INTO `products` VALUES (1131, 161, 'Anthurium', 3, 29);
INSERT INTO `products` VALUES (1132, 161, 'Dracene', 1, 220.6);
INSERT INTO `products` VALUES (1133, 161, 'Beaucarnea', 1, 360);
INSERT INTO `products` VALUES (1134, 161, 'Cissus', 10, 8);
INSERT INTO `products` VALUES (1135, 161, 'Efeu', 15, 3);
INSERT INTO `products` VALUES (1136, 161, 'Asplenium', 2, 7.8);
INSERT INTO `products` VALUES (1137, 161, 'Begonien Rex', 2, 8.7);
INSERT INTO `products` VALUES (1138, 161, 'Dracene', 1, 68);
INSERT INTO `products` VALUES (1139, 161, 'Calathea', 1, 32);
INSERT INTO `products` VALUES (1140, 161, 'Farne', 7, 8.7);
INSERT INTO `products` VALUES (1141, 161, 'Anthurium', 2, 21);
INSERT INTO `products` VALUES (1142, 161, 'Wasserstandmesser, Steine, Nylon und Flies', 1, 70);
INSERT INTO `products` VALUES (1143, 161, 'S. Erde', 25, 9.5);
INSERT INTO `products` VALUES (1144, 161, 'S. Lecca', 12, 6.5);
INSERT INTO `products` VALUES (1145, 161, 'Arbeitsstunden', 6, 25);
INSERT INTO `products` VALUES (1146, 162, 'Korb mit gemischten Pflanzen', 1, 20.91);
INSERT INTO `products` VALUES (1147, 162, 'Korb mit gemischten Pflanzen', 1, 22.27);
INSERT INTO `products` VALUES (1148, 163, 'Tricosporum in Tontopf', 1, 16.82);
INSERT INTO `products` VALUES (1149, 163, 'Peperomie in Übertopf', 1, 8.82);
INSERT INTO `products` VALUES (1150, 163, 'Mikado in Übertopf', 1, 11.64);
INSERT INTO `products` VALUES (1151, 163, 'Tillansie in Übertopf', 1, 11.36);
INSERT INTO `products` VALUES (1152, 163, 'Papyrus in Übertopf', 1, 11);
INSERT INTO `products` VALUES (1153, 163, 'Spathyphyllum in Übertopf', 1, 15);
INSERT INTO `products` VALUES (1154, 163, 'Orchidee in Übertopf', 1, 31);
INSERT INTO `products` VALUES (1155, 163, 'Arbeitsstunden', 1, 22.73);
INSERT INTO `products` VALUES (1156, 163, 'Dünger', 1, 7.73);
INSERT INTO `products` VALUES (1157, 164, 'Geranien', 180, 1.18);
INSERT INTO `products` VALUES (1158, 164, 'Erdsubstrat', 1, 9.09);
INSERT INTO `products` VALUES (1159, 165, 'Hortensie', 1, 18.18);
INSERT INTO `products` VALUES (1160, 165, 'Kalanchoe', 10, 3.45);
INSERT INTO `products` VALUES (1161, 165, 'Basilikum', 5, 0.73);
INSERT INTO `products` VALUES (1162, 165, 'Geranien', 8, 1.18);
INSERT INTO `products` VALUES (1163, 166, 'Ficus', 1, 34.55);
INSERT INTO `products` VALUES (1164, 166, 'Kalanchoe', 1, 7.14);
INSERT INTO `products` VALUES (1165, 166, 'Dracaena', 1, 31.82);
INSERT INTO `products` VALUES (1166, 166, 'Anthurium', 1, 15);
INSERT INTO `products` VALUES (1167, 167, 'Korb mit Narzissen', 6, 5.45);
INSERT INTO `products` VALUES (1168, 167, 'Korb mit gem. Pflanzen', 1, 16.36);
INSERT INTO `products` VALUES (1169, 167, 'Beaucarnea', 1, 43.64);
INSERT INTO `products` VALUES (1170, 167, 'Succulenten', 4, 6.36);
INSERT INTO `products` VALUES (1171, 167, 'Bux', 1, 59.09);
INSERT INTO `products` VALUES (1172, 167, 'Beaucarnea', 1, 31.82);
INSERT INTO `products` VALUES (1173, 160, 'Bepflanzte Geranienkisten', 21, 5.55);
INSERT INTO `products` VALUES (1174, 160, 'Bepflanzte Geranienkisten', 17, 4);
INSERT INTO `products` VALUES (1175, 160, 'Bepflanzte Geranienkisten', 4, 3.73);
INSERT INTO `products` VALUES (1176, 161, 'Palme Areca', 1, 127.27);
INSERT INTO `products` VALUES (1177, 161, 'Yucca', 1, 81.82);
INSERT INTO `products` VALUES (1178, 161, 'Anthurium', 1, 28.18);
INSERT INTO `products` VALUES (1179, 161, 'Photos', 1, 16.36);
INSERT INTO `products` VALUES (1180, 161, 'S. Lecca', 1, 9.09);
INSERT INTO `products` VALUES (1181, 161, 'Cissus', 1, 11.36);
INSERT INTO `products` VALUES (1182, 162, 'St. Paulien', 28, 3);
INSERT INTO `products` VALUES (1183, 162, 'Kalanchoen', 21, 3);
INSERT INTO `products` VALUES (1184, 162, 'Primeln', 11, 0.91);
INSERT INTO `products` VALUES (1185, 163, 'Sommerflieder', 2, 7.09);
INSERT INTO `products` VALUES (1186, 163, 'Potentilla', 6, 6.82);
INSERT INTO `products` VALUES (1187, 163, 'Lavendel', 14, 2.73);
INSERT INTO `products` VALUES (1188, 163, 'Steingartenpflanzen', 105, 1.82);
INSERT INTO `products` VALUES (1189, 163, 'Arbeitsstunden', 3, 22.73);
INSERT INTO `products` VALUES (1190, 164, 'Pachira in Vastiltopf', 1, 95.45);
INSERT INTO `products` VALUES (1191, 164, 'Dracaena in Vastiltopf', 1, 90.91);
INSERT INTO `products` VALUES (1192, 164, 'Saintpaulie', 4, 4.09);
INSERT INTO `products` VALUES (1193, 165, 'Bromelien in Übertopf', 5, 8.18);
INSERT INTO `products` VALUES (1194, 165, 'Dracaene', 1, 40.91);
INSERT INTO `products` VALUES (1195, 165, 'Schale mit gem. Pflanzen', 1, 17.73);
INSERT INTO `products` VALUES (1196, 165, 'Ceropiega', 2, 5);
INSERT INTO `products` VALUES (1197, 166, 'Grünpflanze', 1, 64.91);
INSERT INTO `products` VALUES (1198, 166, 'Ginster', 1, 8.18);
INSERT INTO `products` VALUES (1199, 167, 'Verbenen', 6, 1.5);
INSERT INTO `products` VALUES (1200, 167, 'Lobelie', 1, 0.55);
INSERT INTO `products` VALUES (1201, 167, 'Pidens', 1, 1.5);
INSERT INTO `products` VALUES (1202, 167, 'Alyssum', 2, 0.55);
INSERT INTO `products` VALUES (1203, 167, 'Schale mit Pflanzen', 1, 6.82);
INSERT INTO `products` VALUES (1204, 167, 'Erdsubstrat', 1, 3.09);
INSERT INTO `products` VALUES (1205, 168, 'Kisten 40cm mit 2 Pflanzen', 3, 3.68);
INSERT INTO `products` VALUES (1206, 168, 'Kisten 50cm mit 3 Pflanzen', 8, 5.18);
INSERT INTO `products` VALUES (1207, 168, 'Kisten 60cm mit 3 Pflanzen', 8, 5.55);
INSERT INTO `products` VALUES (1208, 170, 'Korb mit Primeln', 1, 7.73);
INSERT INTO `products` VALUES (1209, 170, 'Kisten mit gemischten Pflanzen', 2, 36.36);
INSERT INTO `products` VALUES (1210, 170, 'Korb mit gemischten Pflanzen', 1, 8.18);
INSERT INTO `products` VALUES (1211, 170, 'Tilansie in Tontopf', 1, 9.14);
INSERT INTO `products` VALUES (1212, 170, 'Aphilandra in Korb', 1, 15.64);
INSERT INTO `products` VALUES (1213, 170, 'Grünpflanze', 1, 27.27);
INSERT INTO `products` VALUES (1214, 170, 'Kalanchoen', 4, 3.18);
INSERT INTO `products` VALUES (1215, 170, 'Aphilandra', 1, 12.73);
INSERT INTO `products` VALUES (1216, 171, 'Kalanchoen dekoriert', 4, 6.36);
INSERT INTO `products` VALUES (1217, 171, 'Korb mit gem. Pflanzen', 1, 18.18);
INSERT INTO `products` VALUES (1218, 171, 'Bux', 2, 70.91);
INSERT INTO `products` VALUES (1219, 171, 'Beaucarnea', 1, 34.55);
INSERT INTO `products` VALUES (1220, 171, 'Arbeit Erde und Dünger', 1, 31.82);
INSERT INTO `products` VALUES (1221, 91, 'Rose', 5, 16.36);
INSERT INTO `products` VALUES (1222, 91, 'Pianta verde', 1, 14.55);
INSERT INTO `products` VALUES (1223, 91, 'Terra', 2, 6.27);
INSERT INTO `products` VALUES (1224, 173, 'Tulpenzwiebeln', 3, 2.64);
INSERT INTO `products` VALUES (1225, 173, 'Zuckerhutfichten', 3, 4.45);
INSERT INTO `products` VALUES (1226, 173, 'Efeu', 2, 2.73);
INSERT INTO `products` VALUES (1227, 173, 'Erika', 2, 3.18);
INSERT INTO `products` VALUES (1228, 173, 'Conifere', 1, 8.18);
INSERT INTO `products` VALUES (1229, 173, 'Grünpflanze in Übertopf', 1, 17.73);
INSERT INTO `products` VALUES (1230, 173, 'Steckmasse', 6, 1.82);
INSERT INTO `products` VALUES (1231, 173, 'Efeu in Übertopf', 1, 11.82);
INSERT INTO `products` VALUES (1232, 174, 'Schalen mit Geranien', 3, 12.73);
INSERT INTO `products` VALUES (1233, 175, 'Geranien', 180, 1.18);
INSERT INTO `products` VALUES (1234, 176, 'Grünpflanze', 1, 31.82);
INSERT INTO `products` VALUES (1235, 177, 'Grünpflanze', 1, 20.91);
INSERT INTO `products` VALUES (1236, 177, 'Grünpflanze', 1, 54.55);
INSERT INTO `products` VALUES (1237, 177, 'Grünpflanze', 1, 90.91);
INSERT INTO `products` VALUES (1238, 178, 'Kisten mit Surfinien', 2, 5);
INSERT INTO `products` VALUES (1239, 178, 'Schüssel mit Guzmanien', 1, 8.64);
INSERT INTO `products` VALUES (1240, 178, 'Streptocarpus', 1, 7.27);
INSERT INTO `products` VALUES (1241, 179, 'Laurus Pyramide', 2, 136.36);
INSERT INTO `products` VALUES (1242, 179, 'Bux', 100, 4.18);
INSERT INTO `products` VALUES (1243, 179, 'Rosen', 50, 5);
INSERT INTO `products` VALUES (1244, 180, 'Geranienkisten bepflanzt', 1, 32.45);
INSERT INTO `products` VALUES (1245, 180, 'Margerithe', 1, 10.91);
INSERT INTO `products` VALUES (1246, 180, 'Geranien', 2, 2.73);
INSERT INTO `products` VALUES (1247, 181, 'Potentilla', 1, 6.82);
INSERT INTO `products` VALUES (1248, 181, 'Geranien', 35, 1.18);
INSERT INTO `products` VALUES (1249, 181, 'Gazanien', 4, 1.45);
INSERT INTO `products` VALUES (1250, 181, 'Sellerie', 6, 0.18);
INSERT INTO `products` VALUES (1251, 181, 'Grünpflanze', 1, 11.05);
INSERT INTO `products` VALUES (1252, 181, 'Salat', 30, 0.13);
INSERT INTO `products` VALUES (1253, 181, 'Kohlpflanzen', 29, 0.15);
INSERT INTO `products` VALUES (1254, 181, 'Tagetes', 4, 0.55);
INSERT INTO `products` VALUES (1255, 182, 'Gemüsepflanzen', 615, 0.15);
INSERT INTO `products` VALUES (1256, 182, 'Salatpflanzen', 194, 0.13);
INSERT INTO `products` VALUES (1257, 182, 'Salbei', 2, 2.73);
INSERT INTO `products` VALUES (1258, 182, 'Rhabarber', 1, 3.64);
INSERT INTO `products` VALUES (1259, 182, 'Schnittlauch', 2, 0.91);
INSERT INTO `products` VALUES (1260, 182, 'Tymian', 1, 2.73);
INSERT INTO `products` VALUES (1261, 183, 'Orchideen', 2, 22.73);
INSERT INTO `products` VALUES (1262, 183, 'Azalee', 1, 13.64);
INSERT INTO `products` VALUES (1263, 183, 'Orchidee', 1, 19.09);
INSERT INTO `products` VALUES (1264, 183, 'Orchideen', 2, 25.45);
INSERT INTO `products` VALUES (1265, 183, 'Orchidee', 1, 21.82);
INSERT INTO `products` VALUES (1266, 183, 'Orchidee', 1, 26.36);
INSERT INTO `products` VALUES (1267, 183, 'Orchidee', 1, 24.55);
INSERT INTO `products` VALUES (1268, 183, 'Grünpflanze', 1, 10.91);
INSERT INTO `products` VALUES (1269, 183, 'Grünpflanze', 1, 10);
INSERT INTO `products` VALUES (1270, 183, 'Grünpflanze', 1, 42.91);
INSERT INTO `products` VALUES (1271, 183, 'Schale mit gem. Pflanzen', 1, 30);
INSERT INTO `products` VALUES (1272, 160, 'Bepflanzte Geranienkisten', 22, 6.36);
INSERT INTO `products` VALUES (1273, 160, 'Schalen bepflanzt', 5, 5);
INSERT INTO `products` VALUES (1274, 160, 'Sukkulenten', 2, 1.82);
INSERT INTO `products` VALUES (1275, 160, 'Efeu', 2, 7.73);
INSERT INTO `products` VALUES (1276, 160, 'Blumenampel', 1, 13.64);
INSERT INTO `products` VALUES (1277, 160, 'Verbenen', 3, 1.5);
INSERT INTO `products` VALUES (1278, 160, 'Bidens', 3, 1.5);
INSERT INTO `products` VALUES (1279, 160, 'Geranien', 7, 1.18);
INSERT INTO `products` VALUES (1280, 160, 'Tagetes', 25, 0.55);
INSERT INTO `products` VALUES (1281, 160, 'Brasilianer', 20, 0.13);
INSERT INTO `products` VALUES (1282, 184, 'Hortensie in Übertopf', 1, 34.55);
INSERT INTO `products` VALUES (1283, 184, 'Korb mit gem. Pflanzen', 1, 12.55);
INSERT INTO `products` VALUES (1284, 184, 'Passiflora', 1, 19.09);
INSERT INTO `products` VALUES (1285, 184, 'Pelargonien', 2, 6.82);
INSERT INTO `products` VALUES (1286, 185, 'Blattglanz', 1, 11.36);
INSERT INTO `products` VALUES (1287, 185, 'Erde', 1, 3.09);
INSERT INTO `products` VALUES (1288, 185, 'Colleus', 2, 1.09);
INSERT INTO `products` VALUES (1289, 185, 'Tagetes', 15, 0.55);
INSERT INTO `products` VALUES (1290, 185, 'Fuchsien', 2, 4.09);
INSERT INTO `products` VALUES (1291, 185, 'Surfinien', 2, 1.5);
INSERT INTO `products` VALUES (1292, 185, 'Tomaten', 4, 0.55);
INSERT INTO `products` VALUES (1293, 185, 'Mehrjährige Pflanzen', 16, 1.82);
INSERT INTO `products` VALUES (1294, 185, 'Birke', 1, 86.36);
INSERT INTO `products` VALUES (1295, 185, 'ST. Paulie', 1, 3.18);
INSERT INTO `products` VALUES (1296, 185, 'Orchidee mit Übertopf', 1, 26.59);
INSERT INTO `products` VALUES (1297, 185, 'Viole', 3, 0.55);
INSERT INTO `products` VALUES (1298, 185, 'Ranunkel', 1, 2.27);
INSERT INTO `products` VALUES (1299, 185, 'Geranien', 3, 1.18);
INSERT INTO `products` VALUES (1300, 185, 'Schnittlauch', 2, 0.91);
INSERT INTO `products` VALUES (1301, 185, 'Basilikum', 1, 0.91);
INSERT INTO `products` VALUES (1302, 185, 'Lavendel', 1, 2.73);
INSERT INTO `products` VALUES (1303, 186, 'Rosen', 51, 7.09);
INSERT INTO `products` VALUES (1304, 186, 'Geranien', 90, 1.18);
INSERT INTO `products` VALUES (1305, 186, 'Euvonimus', 10, 2.73);
INSERT INTO `products` VALUES (1306, 186, 'Lonicera', 16, 2.73);
INSERT INTO `products` VALUES (1307, 186, 'Leptospermium', 9, 1.82);
INSERT INTO `products` VALUES (1308, 186, 'Erde', 2, 8.91);
INSERT INTO `products` VALUES (1309, 186, 'Rindenmulch', 1, 31.82);
INSERT INTO `products` VALUES (1310, 186, 'Torfballen', 2, 15.45);
INSERT INTO `products` VALUES (1311, 186, 'Dünger', 1, 8.18);
INSERT INTO `products` VALUES (1312, 186, 'Arbeit', 3, 22.73);
INSERT INTO `products` VALUES (1313, 187, 'Palme in Tontopf', 2, 23.45);
INSERT INTO `products` VALUES (1314, 187, 'Ficus in Vase', 2, 12.27);
INSERT INTO `products` VALUES (1315, 187, 'Beaucarnea', 2, 21.82);
INSERT INTO `products` VALUES (1316, 187, 'Schale mit gem. Pflanzen', 1, 29.09);
INSERT INTO `products` VALUES (1317, 187, 'Schale mit gem. Pflanzen', 1, 12.27);
INSERT INTO `products` VALUES (1318, 187, 'Guzmania', 1, 11.82);
INSERT INTO `products` VALUES (1319, 187, 'Nidularium', 1, 20.91);
INSERT INTO `products` VALUES (1320, 187, 'Farn', 1, 7.27);
INSERT INTO `products` VALUES (1321, 187, 'Beaucarnea', 1, 24.55);
INSERT INTO `products` VALUES (1322, 187, 'Dracene mit Korb', 1, 21.82);
INSERT INTO `products` VALUES (1323, 187, 'Arbeit', 3, 22.73);
INSERT INTO `products` VALUES (1324, 188, ' Geranienkisten 60cm bepflanzt', 6, 5.55);
INSERT INTO `products` VALUES (1325, 188, 'Geranienkisten 80cm bepflanzt', 3, 7.36);
INSERT INTO `products` VALUES (1326, 189, 'Viole', 195, 0.41);
INSERT INTO `products` VALUES (1327, 189, 'Ranunkeln', 2, 1.64);
INSERT INTO `products` VALUES (1328, 190, 'Rosen', 5, 7.09);
INSERT INTO `products` VALUES (1329, 190, 'Sträucher', 21, 7.73);
INSERT INTO `products` VALUES (1330, 190, 'Ahorn', 1, 150);
INSERT INTO `products` VALUES (1331, 190, 'Corylopsis', 5, 11.82);
INSERT INTO `products` VALUES (1332, 190, 'Potentilla', 50, 7.09);
INSERT INTO `products` VALUES (1333, 190, 'Forsytien', 2, 13.64);
INSERT INTO `products` VALUES (1334, 190, 'Prunus', 2, 14.55);
INSERT INTO `products` VALUES (1335, 190, 'Torfballen', 5, 15.45);
INSERT INTO `products` VALUES (1336, 190, 'Rasensamen', 1, 13.64);
INSERT INTO `products` VALUES (1337, 190, 'Dünger', 1, 10.91);
INSERT INTO `products` VALUES (1338, 190, 'Arbeit', 26, 22.73);
INSERT INTO `products` VALUES (1339, 190, 'Rollrasen', 70, 9);
INSERT INTO `products` VALUES (1340, 190, 'Rindenmulch', 1, 90.91);
INSERT INTO `products` VALUES (1341, 190, 'Sträucher', 6, 25.18);
INSERT INTO `products` VALUES (1342, 192, 'Surfinien', 55, 1.5);
INSERT INTO `products` VALUES (1343, 192, 'Petersilie', 20, 0.45);
INSERT INTO `products` VALUES (1344, 192, 'Kohlpflanzen', 70, 0.15);
INSERT INTO `products` VALUES (1345, 192, 'Geranien', 85, 1.18);
INSERT INTO `products` VALUES (1346, 192, 'Salat', 190, 0.13);
INSERT INTO `products` VALUES (1347, 192, 'Porree', 150, 0.09);
INSERT INTO `products` VALUES (1348, 192, 'Asparagus', 10, 2.73);
INSERT INTO `products` VALUES (1349, 192, 'Bäumchen', 4, 4.55);
INSERT INTO `products` VALUES (1350, 192, 'Bachycroma', 5, 1.5);
INSERT INTO `products` VALUES (1351, 192, 'Astern', 25, 0.45);
INSERT INTO `products` VALUES (1352, 192, 'Zinnien', 25, 0.45);
INSERT INTO `products` VALUES (1353, 192, 'Efeu', 1, 2.73);
INSERT INTO `products` VALUES (1354, 192, 'Tagetes', 15, 0.55);
INSERT INTO `products` VALUES (1355, 192, 'Begonien', 19, 0.55);
INSERT INTO `products` VALUES (1356, 192, 'Erde', 1, 3.09);
INSERT INTO `products` VALUES (1357, 192, 'Erde', 6, 8.73);
INSERT INTO `products` VALUES (1358, 193, 'Aloa', 1, 13.64);
INSERT INTO `products` VALUES (1359, 193, 'Geranien', 24, 1.18);
INSERT INTO `products` VALUES (1360, 193, 'Salatpflanzen', 150, 0.13);
INSERT INTO `products` VALUES (1361, 193, 'Gazanien', 6, 1.45);
INSERT INTO `products` VALUES (1362, 193, 'Kohlpflanzen', 425, 0.15);
INSERT INTO `products` VALUES (1363, 193, 'Neuguinea', 12, 1.36);
INSERT INTO `products` VALUES (1364, 193, 'Basilikum', 20, 0.45);
INSERT INTO `products` VALUES (1365, 193, 'Alyssum', 20, 0.55);
INSERT INTO `products` VALUES (1366, 193, 'Bux', 1, 16.36);
INSERT INTO `products` VALUES (1367, 193, 'Bux', 1, 5.91);
INSERT INTO `products` VALUES (1368, 193, 'Surfinien', 10, 1.5);
INSERT INTO `products` VALUES (1369, 193, 'Mangold', 200, 0.15);
INSERT INTO `products` VALUES (1370, 193, 'Tomaten', 6, 0.55);
INSERT INTO `products` VALUES (1371, 193, 'Tilansie', 1, 7.73);
INSERT INTO `products` VALUES (1372, 193, 'Pertersilie', 10, 0.73);
INSERT INTO `products` VALUES (1373, 193, 'Bromelie', 1, 5.91);
INSERT INTO `products` VALUES (1374, 193, 'Zucchini', 10, 0.55);
INSERT INTO `products` VALUES (1375, 193, 'Schleierkraut', 1, 3.64);
INSERT INTO `products` VALUES (1376, 193, 'Porree', 70, 0.09);
INSERT INTO `products` VALUES (1377, 193, 'Sellerie', 80, 0.18);
INSERT INTO `products` VALUES (1378, 193, 'Majoran', 15, 0.91);
INSERT INTO `products` VALUES (1379, 193, 'Nelken', 3, 1.09);
INSERT INTO `products` VALUES (1380, 193, 'Orchidee', 1, 22.73);
INSERT INTO `products` VALUES (1381, 193, 'Orchidee', 1, 23.64);
INSERT INTO `products` VALUES (1382, 193, 'Orchidee', 1, 26.82);
INSERT INTO `products` VALUES (1383, 193, 'Margerithe', 1, 6.82);
INSERT INTO `products` VALUES (1384, 193, 'cnenonthea', 6, 4.09);
INSERT INTO `products` VALUES (1385, 193, 'Juniperus', 1, 35.45);
INSERT INTO `products` VALUES (1386, 192, 'Geranienkisten bepflanzt', 29, 5.55);
INSERT INTO `products` VALUES (1387, 191, 'Viola', 35, 0.55);
INSERT INTO `products` VALUES (1388, 191, 'Schale mit gem. Pflanzen', 1, 16.36);
INSERT INTO `products` VALUES (1389, 191, 'Geranien', 54, 1.18);
INSERT INTO `products` VALUES (1390, 191, 'Zucchini', 10, 0.55);
INSERT INTO `products` VALUES (1391, 191, 'Rosmarin', 1, 1.82);
INSERT INTO `products` VALUES (1392, 191, 'Impatiens', 3, 0.91);
INSERT INTO `products` VALUES (1393, 191, 'Petunien', 25, 0.55);
INSERT INTO `products` VALUES (1394, 191, 'Tuja', 2, 9.55);
INSERT INTO `products` VALUES (1395, 191, 'Rosen', 2, 7.09);
INSERT INTO `products` VALUES (1396, 191, 'Basilikum', 1, 1.09);
INSERT INTO `products` VALUES (1397, 191, 'Geranienkisten bepflanzt', 29, 5.55);
INSERT INTO `products` VALUES (1398, 193, 'Korb mit gem. Pflanzen', 1, 12.73);
INSERT INTO `products` VALUES (1399, 194, 'Pomodori', 200, 0.55);
INSERT INTO `products` VALUES (1400, 195, 'Viola', 20, 0.55);
INSERT INTO `products` VALUES (1401, 195, 'Ranunkeln', 4, 2.27);
INSERT INTO `products` VALUES (1402, 195, 'Kräuter', 5, 2.73);
INSERT INTO `products` VALUES (1403, 195, 'Efeu', 3, 2.73);
INSERT INTO `products` VALUES (1404, 195, 'Geranien', 9, 1.18);
INSERT INTO `products` VALUES (1405, 195, 'Neuguinea', 8, 1.36);
INSERT INTO `products` VALUES (1406, 195, 'Alternantera', 6, 0.73);
INSERT INTO `products` VALUES (1407, 197, 'Viola', 37, 0.55);
INSERT INTO `products` VALUES (1408, 197, 'Gazanien', 9, 0.91);
INSERT INTO `products` VALUES (1409, 197, 'Salbei', 1, 2.73);
INSERT INTO `products` VALUES (1410, 197, 'Geranienkisten bepflanzt', 35, 5.55);
INSERT INTO `products` VALUES (1411, 197, 'Geranienkisten bepflanzt', 14, 5.18);
INSERT INTO `products` VALUES (1412, 197, 'Geranienkisten bepflanzt', 19, 3.68);
INSERT INTO `products` VALUES (1413, 197, 'Million Bells', 3, 1.5);
INSERT INTO `products` VALUES (1414, 197, 'Schale mit Geranien', 1, 5.45);
INSERT INTO `products` VALUES (1415, 197, 'Geranien', 20, 1.18);
INSERT INTO `products` VALUES (1416, 197, 'Pidens', 3, 1.5);
INSERT INTO `products` VALUES (1417, 197, 'Colleus', 2, 1.09);
INSERT INTO `products` VALUES (1418, 197, 'Plektrantus', 2, 1.09);
INSERT INTO `products` VALUES (1419, 197, 'Geranien', 4, 2.73);
INSERT INTO `products` VALUES (1420, 197, 'Cuffea', 3, 3.64);
INSERT INTO `products` VALUES (1421, 197, 'Pilea', 10, 1.09);
INSERT INTO `products` VALUES (1422, 197, 'Begonien', 4, 0.55);
INSERT INTO `products` VALUES (1423, 197, 'Deutzien', 2, 7.09);
INSERT INTO `products` VALUES (1424, 197, 'Ginster', 2, 8.18);
INSERT INTO `products` VALUES (1425, 197, 'Potentilla', 3, 7.09);
INSERT INTO `products` VALUES (1426, 197, 'Lavendel', 3, 2.73);
INSERT INTO `products` VALUES (1427, 197, 'Berberis', 2, 7.09);
INSERT INTO `products` VALUES (1428, 197, 'Mugo', 1, 14.55);
INSERT INTO `products` VALUES (1429, 197, 'Cham.Pisifilera', 1, 14.55);
INSERT INTO `products` VALUES (1430, 197, 'Peren. Pflanzen', 9, 4.09);
INSERT INTO `products` VALUES (1431, 197, 'Peren. Pflanzen', 26, 1.82);
INSERT INTO `products` VALUES (1432, 197, 'Rindenmulch', 1, 18.18);
INSERT INTO `products` VALUES (1433, 197, 'Torfballen', 1, 15.45);
INSERT INTO `products` VALUES (1434, 197, 'Steine Ciottole', 1, 163.64);
INSERT INTO `products` VALUES (1435, 197, 'Arbeitsstunden', 5, 22.73);
INSERT INTO `products` VALUES (1436, 197, 'Erde', 1, 8.18);
INSERT INTO `products` VALUES (1437, 197, 'Dünger', 1, 10.91);
INSERT INTO `products` VALUES (1438, 196, 'Schefflera', 2, 36.36);
INSERT INTO `products` VALUES (1439, 196, 'Ficus', 2, 31.82);
INSERT INTO `products` VALUES (1440, 196, 'Guzmania', 1, 29.09);
INSERT INTO `products` VALUES (1441, 196, 'Guzmania', 3, 16.36);
INSERT INTO `products` VALUES (1442, 196, 'Anthurium', 4, 22.73);
INSERT INTO `products` VALUES (1443, 196, 'Begonie', 2, 7.27);
INSERT INTO `products` VALUES (1444, 196, 'Neuguina', 21, 1.36);
INSERT INTO `products` VALUES (1445, 196, 'Felce', 2, 7.09);
INSERT INTO `products` VALUES (1446, 196, 'Hedera', 1, 2.73);
INSERT INTO `products` VALUES (1447, 196, 'Terra', 1, 8.09);
INSERT INTO `products` VALUES (1448, 196, 'Lavoro', 2, 22.73);
INSERT INTO `products` VALUES (1449, 196, 'Vaso terracotta', 1, 12.73);
INSERT INTO `products` VALUES (1450, 196, 'Margherite', 14, 2.27);
INSERT INTO `products` VALUES (1451, 196, 'Viola', 24, 0.55);
INSERT INTO `products` VALUES (1452, 196, 'Pianta verde', 1, 39.64);
INSERT INTO `products` VALUES (1453, 198, 'Ranunkeln', 10, 2.27);
INSERT INTO `products` VALUES (1454, 198, 'Margerithe', 1, 3.82);
INSERT INTO `products` VALUES (1455, 198, 'Geranien', 100, 1.18);
INSERT INTO `products` VALUES (1456, 198, 'Asparagus', 70, 2.27);
INSERT INTO `products` VALUES (1457, 199, 'Bux', 1, 75.45);
INSERT INTO `products` VALUES (1458, 200, 'Geranien', 50, 3.64);
INSERT INTO `products` VALUES (1459, 200, 'Surfinien', 40, 3.64);
INSERT INTO `products` VALUES (1460, 200, 'Stauden mehrjährig', 20, 4.09);
INSERT INTO `products` VALUES (1461, 200, 'Rosen', 25, 9.09);
INSERT INTO `products` VALUES (1462, 201, 'Sträucher', 0, 0);
INSERT INTO `products` VALUES (1463, 201, 'Frühjahrsbepflanzung', 0, 0);
INSERT INTO `products` VALUES (1464, 201, 'Sommerbepflanzung', 0, 0);
INSERT INTO `products` VALUES (1465, 201, 'Herbstbepflanzung', 0, 0);
INSERT INTO `products` VALUES (1466, 201, 'Arbeit, Erde und Dünger', 1, 3800);
INSERT INTO `products` VALUES (1467, 202, 'Grünpflanze', 1, 45.45);
INSERT INTO `products` VALUES (1468, 202, 'Grünpflanze', 1, 50);
INSERT INTO `products` VALUES (1469, 202, 'Grünpflanze', 1, 54.55);
INSERT INTO `products` VALUES (1470, 203, 'Kisten mit gem. Pflanzen', 2, 135);
INSERT INTO `products` VALUES (1471, 203, 'Kisten mit gem. Pflanzen', 2, 152);
INSERT INTO `products` VALUES (1472, 203, 'Dracene in Kiste', 1, 122);
INSERT INTO `products` VALUES (1473, 203, 'Kiste mit eigenen Pflanzen', 1, 55);
INSERT INTO `products` VALUES (1474, 203, 'Kisten mit gem. Pflanzen', 2, 202);
INSERT INTO `products` VALUES (1475, 204, 'Calluna', 36, 2.73);
INSERT INTO `products` VALUES (1476, 204, 'Viburnum', 5, 13.64);
INSERT INTO `products` VALUES (1477, 204, 'Bux', 4, 20);
INSERT INTO `products` VALUES (1478, 204, 'Lavoro', 2, 22.73);
INSERT INTO `products` VALUES (1479, 204, 'Pianta verde', 1, 77.27);
INSERT INTO `products` VALUES (1480, 205, ' Kisten mit Geranien', 6, 3.68);
INSERT INTO `products` VALUES (1481, 205, 'Ficus', 5, 2.73);
INSERT INTO `products` VALUES (1482, 205, 'Pflanzen aufgefrischt', 2, 31.82);
INSERT INTO `products` VALUES (1483, 206, 'Grünpflanze', 1, 14.82);
INSERT INTO `products` VALUES (1484, 206, 'Begonie', 1, 7.09);
INSERT INTO `products` VALUES (1485, 206, 'Orchidee', 1, 21.82);
INSERT INTO `products` VALUES (1486, 206, 'Ccryptanthus', 1, 7.73);
INSERT INTO `products` VALUES (1487, 206, 'Orchidee', 1, 22.73);
INSERT INTO `products` VALUES (1488, 206, 'Orchideen', 2, 25.45);
INSERT INTO `products` VALUES (1489, 207, 'Trockenkranz', 1, 100);
INSERT INTO `products` VALUES (1490, 208, 'Calluna', 10, 2.09);
INSERT INTO `products` VALUES (1491, 208, 'Pernetia', 2, 7.27);
INSERT INTO `products` VALUES (1492, 208, 'Caaleocephalus', 2, 2.09);
INSERT INTO `products` VALUES (1493, 208, 'Gesteck mit Protea', 1, 68.18);
INSERT INTO `products` VALUES (1494, 208, 'Gesteck', 1, 31.82);
INSERT INTO `products` VALUES (1495, 208, 'Chrysantheme', 1, 5);
INSERT INTO `products` VALUES (1496, 208, 'Chrysanthemen', 4, 5.91);
INSERT INTO `products` VALUES (1497, 208, 'Erika Tirol', 18, 2.73);
INSERT INTO `products` VALUES (1498, 208, 'Calluna', 4, 2.09);
INSERT INTO `products` VALUES (1499, 208, 'Calluna', 4, 2.55);
INSERT INTO `products` VALUES (1500, 208, 'Erde', 2, 9.09);
INSERT INTO `products` VALUES (1501, 208, 'Orchidee', 1, 36.36);
INSERT INTO `products` VALUES (1502, 208, 'Erde', 1, 6.27);
INSERT INTO `products` VALUES (1503, 208, 'Adventskranz', 1, 20);
INSERT INTO `products` VALUES (1504, 204, 'Terra', 1, 9.09);
INSERT INTO `products` VALUES (1505, 209, 'Viola', 131, 0.55);
INSERT INTO `products` VALUES (1506, 209, 'Erde', 1, 9.09);
INSERT INTO `products` VALUES (1507, 209, 'Impatiens', 25, 0.91);
INSERT INTO `products` VALUES (1508, 209, 'Begonien', 17, 0.55);
INSERT INTO `products` VALUES (1509, 209, 'Geranien', 35, 1.18);
INSERT INTO `products` VALUES (1510, 209, 'Euvonimus', 2, 3.18);
INSERT INTO `products` VALUES (1511, 209, 'Erica Gracilis', 37, 3.64);
INSERT INTO `products` VALUES (1512, 209, 'Erica Calluna', 17, 2.73);
INSERT INTO `products` VALUES (1513, 209, 'Magnolienkranz', 1, 22.73);
INSERT INTO `products` VALUES (1514, 209, 'Magnolienkranz', 1, 31.82);
INSERT INTO `products` VALUES (1515, 209, 'Dünger', 1, 31.82);
INSERT INTO `products` VALUES (1516, 209, 'Spritzungen', 7, 63.64);
INSERT INTO `products` VALUES (1517, 209, 'Arbeit', 8, 22.73);
INSERT INTO `products` VALUES (1518, 210, 'Soldatengräber', 0, 0);
INSERT INTO `products` VALUES (1519, 210, 'Frühjahrsbepflanzung', 2, 28.36);
INSERT INTO `products` VALUES (1520, 210, 'Sommerbepflanzung', 2, 16.55);
INSERT INTO `products` VALUES (1521, 210, 'Allerheiligen', 2, 68.18);
INSERT INTO `products` VALUES (1522, 210, 'Priestergrab', 0, 0);
INSERT INTO `products` VALUES (1523, 210, 'Frühjahrsbepflanzung', 1, 33.27);
INSERT INTO `products` VALUES (1524, 210, 'Sommerbepflanzung', 1, 47.73);
INSERT INTO `products` VALUES (1525, 210, 'Allerheiligen', 1, 97.73);
INSERT INTO `products` VALUES (1526, 210, 'Bouquett', 1, 68.18);
INSERT INTO `products` VALUES (1527, 210, 'Kisten Einsegnung', 0, 0);
INSERT INTO `products` VALUES (1528, 210, 'Viola', 10, 0.55);
INSERT INTO `products` VALUES (1529, 210, 'Crytomeria', 1, 11.82);
INSERT INTO `products` VALUES (1530, 210, 'Erica Gracilis', 6, 3.18);
INSERT INTO `products` VALUES (1531, 210, 'Erica Carnea', 2, 3.18);
INSERT INTO `products` VALUES (1532, 210, 'Erde und Arbeit', 1, 13.64);
INSERT INTO `products` VALUES (1533, 210, 'Leichenkapelle', 0, 0);
INSERT INTO `products` VALUES (1534, 210, 'Erica Gracilis', 8, 3.64);
INSERT INTO `products` VALUES (1535, 210, 'Grünlilien', 2, 5.45);
INSERT INTO `products` VALUES (1536, 210, 'Efeu', 6, 3.64);
INSERT INTO `products` VALUES (1537, 210, 'Arbeit', 1, 13.64);
INSERT INTO `products` VALUES (1538, 211, 'Pflanzen hergerichtet', 1, 27.27);
INSERT INTO `products` VALUES (1539, 211, 'Scindapsus', 1, 5.91);
INSERT INTO `products` VALUES (1540, 211, 'Schefflera', 1, 8.18);
INSERT INTO `products` VALUES (1541, 211, 'Aspidistra', 1, 35.45);
INSERT INTO `products` VALUES (1542, 211, 'Grassula', 1, 16.82);
INSERT INTO `products` VALUES (1543, 211, 'Pflanzen hergerichtet und Gift', 1, 22.73);
INSERT INTO `products` VALUES (1544, 212, 'Cyclame in Übertopf', 1, 6.09);
INSERT INTO `products` VALUES (1545, 212, 'Cyclamen', 2, 3.18);
INSERT INTO `products` VALUES (1546, 212, 'Spathyphyllum', 4, 8.64);
INSERT INTO `products` VALUES (1547, 212, 'Schale mit gem. Pflanzen', 1, 12.73);
INSERT INTO `products` VALUES (1548, 212, 'Kalanchoe', 45, 3.18);
INSERT INTO `products` VALUES (1549, 212, 'Primel', 2, 5);
INSERT INTO `products` VALUES (1550, 212, 'Farn', 1, 6.82);
INSERT INTO `products` VALUES (1551, 212, 'Primel', 3, 0.91);
INSERT INTO `products` VALUES (1552, 212, 'St. Paulie', 5, 3.18);
INSERT INTO `products` VALUES (1553, 212, 'Viola', 10, 0.55);
INSERT INTO `products` VALUES (1554, 212, 'Begonien', 5, 5.45);
INSERT INTO `products` VALUES (1555, 212, 'Hortensien', 6, 17.73);
INSERT INTO `products` VALUES (1556, 212, 'Hortensien', 3, 14.55);
INSERT INTO `products` VALUES (1557, 212, 'Gardaseezypresse', 1, 23.64);
INSERT INTO `products` VALUES (1558, 212, 'Gardaseezypresse', 1, 16.36);
INSERT INTO `products` VALUES (1559, 212, 'Steingartenpflanzen', 10, 1.82);
INSERT INTO `products` VALUES (1560, 212, 'Steingartenpflanzen', 3, 2.27);
INSERT INTO `products` VALUES (1561, 212, 'Nelken', 6, 2.73);
INSERT INTO `products` VALUES (1562, 212, 'Gardaseezypresse', 1, 39.09);
INSERT INTO `products` VALUES (1563, 212, 'Margerithen', 2, 10.91);
INSERT INTO `products` VALUES (1564, 212, 'Campanula', 10, 2.27);
INSERT INTO `products` VALUES (1565, 212, 'Basilikum', 25, 0.45);
INSERT INTO `products` VALUES (1566, 212, 'Salat', 20, 0.13);
INSERT INTO `products` VALUES (1567, 212, 'Schnittlauch', 15, 0.91);
INSERT INTO `products` VALUES (1568, 212, 'Alyssum', 10, 0.55);
INSERT INTO `products` VALUES (1569, 212, 'Begonien', 3, 7.09);
INSERT INTO `products` VALUES (1570, 212, 'Calluna', 8, 3.18);
INSERT INTO `products` VALUES (1571, 212, 'Chrysanthemen', 5, 4.55);
INSERT INTO `products` VALUES (1572, 212, 'Viburnum', 3, 10.91);
INSERT INTO `products` VALUES (1573, 212, 'Ginster', 3, 10);
INSERT INTO `products` VALUES (1574, 212, 'Kalanchoen', 55, 2.45);
INSERT INTO `products` VALUES (1575, 212, 'Chrysantheme', 1, 8.64);
INSERT INTO `products` VALUES (1576, 212, 'St. Paulie', 2, 2.27);
INSERT INTO `products` VALUES (1577, 212, 'Cyclame', 1, 2.73);
INSERT INTO `products` VALUES (1578, 212, 'Weihnachtssterne', 3, 5.45);
INSERT INTO `products` VALUES (1579, 212, 'Weihnachtssterne', 4, 2.27);
INSERT INTO `products` VALUES (1580, 212, 'Grabbepflanzung', 1, 264.82);
INSERT INTO `products` VALUES (1581, 212, 'Grabbepflanzung', 1, 71.09);
INSERT INTO `products` VALUES (1582, 212, 'Grabbepflanzung', 1, 68.36);
INSERT INTO `products` VALUES (1583, 212, 'Grabbepflanzung', 1, 10);
INSERT INTO `products` VALUES (1584, 213, 'Grünpflanze', 1, 70.91);
INSERT INTO `products` VALUES (1585, 214, 'Gläser', 4, 4.45);
INSERT INTO `products` VALUES (1586, 214, 'Adventskranz', 1, 50.91);
INSERT INTO `products` VALUES (1587, 214, 'Kranz', 1, 19.09);
INSERT INTO `products` VALUES (1588, 214, 'Übertöpfe', 2, 3.64);
INSERT INTO `products` VALUES (1589, 214, 'Übertöpfe', 6, 2.73);
INSERT INTO `products` VALUES (1590, 214, 'Erica', 34, 3.18);
INSERT INTO `products` VALUES (1591, 214, 'Kranz', 1, 10.45);
INSERT INTO `products` VALUES (1592, 214, 'Sterne', 5, 1.5);
INSERT INTO `products` VALUES (1593, 214, 'Stern', 1, 0.73);
INSERT INTO `products` VALUES (1594, 214, 'Zimtkränze', 3, 4.36);
INSERT INTO `products` VALUES (1595, 214, 'Kette', 1, 7.45);
INSERT INTO `products` VALUES (1596, 214, 'Kränze', 3, 6.36);
INSERT INTO `products` VALUES (1597, 215, 'Adventskranz', 1, 61.82);
INSERT INTO `products` VALUES (1598, 215, 'Pflanze aufgerichtet', 1, 9.09);
INSERT INTO `products` VALUES (1599, 216, 'Anthurium', 1, 20.91);
INSERT INTO `products` VALUES (1600, 217, 'Salat', 110, 0.13);
INSERT INTO `products` VALUES (1601, 217, 'Chinakohl', 40, 0.15);
INSERT INTO `products` VALUES (1602, 217, 'Impatiens', 3, 0.91);
INSERT INTO `products` VALUES (1603, 217, 'Calluna', 39, 3.36);
INSERT INTO `products` VALUES (1604, 217, 'Chrysanthemen', 3, 6.82);
INSERT INTO `products` VALUES (1605, 217, 'Hebe', 6, 3.36);
INSERT INTO `products` VALUES (1606, 217, 'Orchidee', 1, 26.36);
INSERT INTO `products` VALUES (1607, 218, 'Grünpflanze', 1, 107.27);
INSERT INTO `products` VALUES (1608, 218, 'Weihnachtsstern im Übertopf', 1, 14.09);
INSERT INTO `products` VALUES (1609, 218, 'Orchidee', 1, 39.09);
INSERT INTO `products` VALUES (1610, 218, 'Bromelie', 1, 6.82);
INSERT INTO `products` VALUES (1611, 219, 'Jasmin', 1, 11.36);
INSERT INTO `products` VALUES (1612, 219, 'St. Paulien', 4, 3.18);
INSERT INTO `products` VALUES (1613, 220, 'Weihnachtssterne', 6, 8.18);
INSERT INTO `products` VALUES (1614, 220, 'Weihnachtssterne', 4, 5.45);
INSERT INTO `products` VALUES (1615, 220, 'Weihnachtssterne', 16, 2.73);
INSERT INTO `products` VALUES (1616, 220, 'Kalanchoen', 2, 3.18);
INSERT INTO `products` VALUES (1617, 221, 'Übertöpfe', 3, 3.55);
INSERT INTO `products` VALUES (1618, 221, 'Weihnachtssterne', 2, 5.45);
INSERT INTO `products` VALUES (1619, 221, 'Weihnachtssterne', 5, 2.27);
INSERT INTO `products` VALUES (1620, 221, 'Teller', 2, 4.09);
INSERT INTO `products` VALUES (1621, 221, 'Teller', 1, 5.45);
INSERT INTO `products` VALUES (1622, 221, 'Orchidee', 1, 26.36);
INSERT INTO `products` VALUES (1623, 221, 'Weihnachtsstern', 1, 7.09);
INSERT INTO `products` VALUES (1624, 222, 'Yucca', 1, 16.36);
INSERT INTO `products` VALUES (1625, 222, 'Yucca', 1, 29.09);
INSERT INTO `products` VALUES (1626, 222, 'Weihnachtssterne', 6, 2.73);
INSERT INTO `products` VALUES (1627, 223, 'Palme Areca', 1, 62.73);
INSERT INTO `products` VALUES (1628, 223, 'Beocarnea', 1, 100);
INSERT INTO `products` VALUES (1629, 223, 'Steine und Gestrüpp', 1, 18.18);
INSERT INTO `products` VALUES (1631, 225, 'Zamioculcas', 1, 20.91);
INSERT INTO `products` VALUES (1632, 225, 'Zamioculcas', 1, 13.64);
INSERT INTO `products` VALUES (1633, 225, 'Felce con vasca', 1, 90.91);
INSERT INTO `products` VALUES (1634, 225, 'Terra e concime', 1, 9.09);
INSERT INTO `products` VALUES (1635, 225, 'Lavoro', 1, 9.09);
INSERT INTO `products` VALUES (1637, 226, 'Weihnachtssterne', 2, 8.18);
INSERT INTO `products` VALUES (1638, 226, 'Weihnachtssterne', 4, 2.27);
INSERT INTO `products` VALUES (1639, 226, 'Amaryllis', 1, 8.5);
INSERT INTO `products` VALUES (1640, 227, 'Yucca     (Tierarzt Mariotti )', 1, 22.73);
INSERT INTO `products` VALUES (1641, 227, 'Begonie Rex', 1, 8.18);
INSERT INTO `products` VALUES (1642, 227, 'Dracene', 1, 70.91);
INSERT INTO `products` VALUES (1643, 228, 'Primel', 30, 1.36);
INSERT INTO `products` VALUES (1644, 228, 'Grünpflanze', 1, 26.36);
INSERT INTO `products` VALUES (1645, 232, 'Dracaena', 1, 89.09);
INSERT INTO `products` VALUES (1646, 232, 'Zamioculkas mit Übertopf', 1, 34.55);
INSERT INTO `products` VALUES (1647, 234, 'Gerani', 180, 1.27);
INSERT INTO `products` VALUES (1648, 235, 'Kisten mit Geranien und Weihrauch', 3, 7.73);
INSERT INTO `products` VALUES (1649, 235, 'Kisten mit Geranien und Weihrauch', 6, 5.91);
INSERT INTO `products` VALUES (1650, 236, 'Schalen mit Geranien', 4, 15);
INSERT INTO `products` VALUES (1651, 237, 'Grüpflanze', 1, 42.73);
INSERT INTO `products` VALUES (1652, 237, 'Grünpflanze', 1, 36.36);
INSERT INTO `products` VALUES (1653, 238, 'Balkonblumen', 1, 100);
INSERT INTO `products` VALUES (1654, 239, 'Kisten mit Geranien', 8, 5.82);
INSERT INTO `products` VALUES (1655, 239, 'Kisten mit Geranien', 8, 4.18);
INSERT INTO `products` VALUES (1656, 239, 'Kisten mit Geranien', 4, 3.91);
INSERT INTO `products` VALUES (1657, 241, 'Blumenkisten', 6, 6.91);
INSERT INTO `products` VALUES (1658, 241, 'Blumenkiste', 1, 9.18);
INSERT INTO `products` VALUES (1659, 241, 'Geranien', 3, 2.73);
INSERT INTO `products` VALUES (1660, 242, 'Rosmarin', 1, 2.73);
INSERT INTO `products` VALUES (1661, 242, 'Lavendel', 1, 2.73);
INSERT INTO `products` VALUES (1662, 242, 'Majoran', 1, 2.73);
INSERT INTO `products` VALUES (1663, 242, 'Nadelbaum', 1, 26.36);
INSERT INTO `products` VALUES (1664, 242, 'Nadelstrauch', 1, 10.91);
INSERT INTO `products` VALUES (1665, 243, 'Rhododendron', 1, 29.09);
INSERT INTO `products` VALUES (1666, 244, 'Ranunkeln', 6, 2.27);
INSERT INTO `products` VALUES (1667, 244, 'Zypressen', 2, 10.45);
INSERT INTO `products` VALUES (1668, 244, 'Gelosia', 4, 4.09);
INSERT INTO `products` VALUES (1669, 245, 'Cissus mit Übertopf', 1, 12.55);
INSERT INTO `products` VALUES (1670, 245, 'Farn mit Übertopf', 1, 20.73);
INSERT INTO `products` VALUES (1671, 245, 'Rex Begonie mit Übertopf', 1, 11.64);
INSERT INTO `products` VALUES (1672, 245, 'Ficus', 1, 26.91);
INSERT INTO `products` VALUES (1673, 245, 'Ficus', 1, 22.73);
INSERT INTO `products` VALUES (1674, 245, 'Grünpflanzen', 2, 14.09);
INSERT INTO `products` VALUES (1675, 245, 'Grünpflanze mit Übertopf', 1, 27.73);
INSERT INTO `products` VALUES (1676, 245, 'Grünpflanze', 1, 13.5);
INSERT INTO `products` VALUES (1677, 245, 'Grünpflanze', 1, 37);
INSERT INTO `products` VALUES (1678, 245, 'Liebstöckl', 1, 1.82);
INSERT INTO `products` VALUES (1679, 245, 'Margerithe', 1, 6.82);
INSERT INTO `products` VALUES (1680, 245, 'Geranien', 6, 1.27);
INSERT INTO `products` VALUES (1681, 245, 'Erde', 2, 3.18);
INSERT INTO `products` VALUES (1682, 250, 'Spatiphyllum', 1, 7.27);
INSERT INTO `products` VALUES (1683, 250, 'Hibiskus', 1, 10);
INSERT INTO `products` VALUES (1684, 250, 'Grünlilie', 1, 8.18);
INSERT INTO `products` VALUES (1685, 250, 'Rex Begonie', 2, 7.09);
INSERT INTO `products` VALUES (1686, 250, 'Begonie', 1, 7.27);
INSERT INTO `products` VALUES (1687, 250, 'Zamioculcas', 1, 9.09);
INSERT INTO `products` VALUES (1688, 250, 'Dracaena', 1, 4.55);
INSERT INTO `products` VALUES (1689, 253, 'St.Paulien', 9, 3.18);
INSERT INTO `products` VALUES (1690, 253, 'Viole', 20, 0.64);
INSERT INTO `products` VALUES (1691, 253, 'Juniperus', 1, 8.18);
INSERT INTO `products` VALUES (1692, 253, 'Weigelia', 1, 7.27);
INSERT INTO `products` VALUES (1693, 253, 'Mugo', 1, 16.36);
INSERT INTO `products` VALUES (1694, 253, 'Zuckerhutfichte', 1, 16.36);
INSERT INTO `products` VALUES (1695, 253, 'Potentilla', 1, 7.27);
INSERT INTO `products` VALUES (1696, 253, 'Sellerie', 24, 0.18);
INSERT INTO `products` VALUES (1697, 253, 'Basilikum', 5, 0.73);
INSERT INTO `products` VALUES (1698, 253, 'Petersilie', 10, 0.73);
INSERT INTO `products` VALUES (1699, 253, 'Dipladenia', 2, 30);
INSERT INTO `products` VALUES (1700, 253, 'Geranien', 18, 1.27);
INSERT INTO `products` VALUES (1701, 253, 'Fuchsien', 3, 1.64);
INSERT INTO `products` VALUES (1702, 253, 'Surfinien', 13, 1.64);
INSERT INTO `products` VALUES (1703, 253, 'Sommerflor', 15, 0.64);
INSERT INTO `products` VALUES (1704, 253, 'Margerithe', 1, 13.64);
INSERT INTO `products` VALUES (1705, 253, 'Fuchsie', 1, 13.64);
INSERT INTO `products` VALUES (1706, 254, 'Geranien', 75, 1.27);
INSERT INTO `products` VALUES (1707, 254, 'Bidens', 24, 1.64);
INSERT INTO `products` VALUES (1708, 254, 'Lobelien', 17, 1.64);
INSERT INTO `products` VALUES (1709, 254, 'Lobelien', 7, 0.73);
INSERT INTO `products` VALUES (1710, 254, 'Margerithe', 1, 10.91);
INSERT INTO `products` VALUES (1711, 254, 'Margerithe', 1, 12.27);
INSERT INTO `products` VALUES (1712, 254, 'Erde', 4, 9);
INSERT INTO `products` VALUES (1713, 254, 'Dünger', 2, 8.09);
INSERT INTO `products` VALUES (1714, 254, 'Surfinien', 55, 1.64);
INSERT INTO `products` VALUES (1715, 255, 'Bepflanzte Geranienkisten', 17, 4.18);
INSERT INTO `products` VALUES (1716, 255, 'Bepflanzte Geranienkisten', 5, 3.91);
INSERT INTO `products` VALUES (1717, 255, 'Bepflanzte Geranienkisten', 21, 5.82);
INSERT INTO `products` VALUES (1718, 255, 'Schalen bepflanzt', 6, 6.36);
INSERT INTO `products` VALUES (1719, 255, 'Topf bepflanzt', 1, 8.18);
INSERT INTO `products` VALUES (1720, 255, 'Topf bepflanzt', 1, 10.45);
INSERT INTO `products` VALUES (1721, 255, 'Bepflanzte Geranienkisten', 29, 5.82);
INSERT INTO `products` VALUES (1722, 255, 'Jasmin', 1, 13.64);
INSERT INTO `products` VALUES (1723, 255, 'Margerithe', 1, 6.82);
INSERT INTO `products` VALUES (1724, 255, 'Zucchini', 8, 0.55);
INSERT INTO `products` VALUES (1725, 255, 'Gurken', 10, 0.55);
INSERT INTO `products` VALUES (1726, 255, 'Rohnen', 15, 0.15);
INSERT INTO `products` VALUES (1727, 255, 'Salat', 40, 0.14);
INSERT INTO `products` VALUES (1728, 255, 'Petersilie', 4, 0.73);
INSERT INTO `products` VALUES (1729, 255, 'Lavendel', 2, 1.82);
INSERT INTO `products` VALUES (1730, 255, 'Bidens', 3, 1.64);
INSERT INTO `products` VALUES (1731, 255, 'Surfinien', 8, 1.64);
INSERT INTO `products` VALUES (1732, 255, 'Geranien', 6, 1.27);
INSERT INTO `products` VALUES (1733, 255, 'Weihrauch', 3, 1.27);
INSERT INTO `products` VALUES (1734, 255, 'Hängegeranien', 6, 1.27);
INSERT INTO `products` VALUES (1735, 255, 'Neu Guinea', 5, 1.64);
INSERT INTO `products` VALUES (1736, 255, 'Surfinia Ampel', 1, 13.64);
INSERT INTO `products` VALUES (1737, 255, 'Dünger', 1, 8.09);
INSERT INTO `products` VALUES (1738, 256, 'Canna', 3, 5.45);
INSERT INTO `products` VALUES (1739, 256, 'Koreopsis', 1, 2.73);
INSERT INTO `products` VALUES (1740, 256, 'Begonie', 1, 2.27);
INSERT INTO `products` VALUES (1741, 256, 'Coleus', 8, 1.36);
INSERT INTO `products` VALUES (1742, 256, 'St.Paulie', 1, 3.18);
INSERT INTO `products` VALUES (1743, 256, 'Neu Guinea', 1, 1.36);
INSERT INTO `products` VALUES (1744, 256, 'Gardaseezypresse', 1, 17.27);
INSERT INTO `products` VALUES (1745, 256, 'Gardaseezypresse', 1, 22.73);
INSERT INTO `products` VALUES (1746, 256, 'Gardaseezypresse', 1, 44.55);
INSERT INTO `products` VALUES (1747, 256, 'Erde', 1, 8.18);
INSERT INTO `products` VALUES (1748, 256, 'Schale bepflanzt', 1, 27.27);
INSERT INTO `products` VALUES (1749, 256, 'Erde', 1, 6.27);
INSERT INTO `products` VALUES (1750, 256, 'Mohn', 2, 3.64);
INSERT INTO `products` VALUES (1751, 256, 'Margerithen', 2, 8.91);
INSERT INTO `products` VALUES (1752, 256, 'Thunbergia', 1, 11.64);
INSERT INTO `products` VALUES (1753, 256, 'Dünger', 1, 8.09);
INSERT INTO `products` VALUES (1754, 256, 'Potentilla', 2, 7.27);
INSERT INTO `products` VALUES (1755, 256, 'Carex', 1, 4.36);
INSERT INTO `products` VALUES (1756, 256, 'Petunien', 4, 0.64);
INSERT INTO `products` VALUES (1757, 256, 'Calendula', 5, 0.91);
INSERT INTO `products` VALUES (1758, 256, 'Lavendel', 2, 1.82);
INSERT INTO `products` VALUES (1760, 257, 'Scindapsus', 1, 3.64);
INSERT INTO `products` VALUES (1761, 257, 'Begonie', 1, 7.09);
INSERT INTO `products` VALUES (1762, 257, 'Gerbera', 1, 5);
INSERT INTO `products` VALUES (1763, 257, 'Ranunkeln', 9, 2.27);
INSERT INTO `products` VALUES (1764, 257, 'Rhabarber', 2, 1.82);
INSERT INTO `products` VALUES (1765, 257, 'Majoran', 1, 2.73);
INSERT INTO `products` VALUES (1766, 257, 'Bellis', 12, 0.64);
INSERT INTO `products` VALUES (1767, 257, 'Korb', 1, 16.36);
INSERT INTO `products` VALUES (1768, 257, 'Viola', 16, 0.64);
INSERT INTO `products` VALUES (1769, 257, 'Juniperus', 1, 10.45);
INSERT INTO `products` VALUES (1770, 257, 'St.Paulien', 8, 3.18);
INSERT INTO `products` VALUES (1771, 257, 'Hähne', 4, 1.82);
INSERT INTO `products` VALUES (1772, 257, 'Geranien', 1, 1.27);
INSERT INTO `products` VALUES (1773, 257, 'Asparagus', 1, 2.73);
INSERT INTO `products` VALUES (1774, 257, 'Neu Guinea', 14, 1.64);
INSERT INTO `products` VALUES (1775, 257, 'Kalanchoe', 1, 3.18);
INSERT INTO `products` VALUES (1776, 257, 'Zamioculcas', 1, 9.09);
INSERT INTO `products` VALUES (1777, 257, 'Majoran', 12, 0.91);
INSERT INTO `products` VALUES (1778, 257, 'Tagetes', 17, 0.64);
INSERT INTO `products` VALUES (1779, 257, 'Mangold', 120, 0.15);
INSERT INTO `products` VALUES (1780, 257, 'Knollbegonien', 3, 4.55);
INSERT INTO `products` VALUES (1781, 257, 'Begonien', 18, 0.64);
INSERT INTO `products` VALUES (1782, 257, 'Gazanien', 11, 1.09);
INSERT INTO `products` VALUES (1783, 257, 'Lobelien', 6, 1.64);
INSERT INTO `products` VALUES (1784, 257, 'Orchidee', 1, 19.09);
INSERT INTO `products` VALUES (1785, 257, 'Lobelien', 6, 0.64);
INSERT INTO `products` VALUES (1786, 257, 'Sellerie', 36, 0.18);
INSERT INTO `products` VALUES (1787, 257, 'Porree', 80, 0.09);
INSERT INTO `products` VALUES (1788, 257, 'Gewürze', 7, 2.73);
INSERT INTO `products` VALUES (1789, 257, 'Korb', 1, 15.45);
INSERT INTO `products` VALUES (1790, 257, 'Yucca', 1, 16.36);
INSERT INTO `products` VALUES (1791, 257, 'Schleierkraut', 2, 7.09);
INSERT INTO `products` VALUES (1792, 257, 'Rohnen', 36, 0.15);
INSERT INTO `products` VALUES (1793, 257, 'Surfinien', 12, 1.64);
INSERT INTO `products` VALUES (1794, 257, 'Fuchsien', 2, 4.09);
INSERT INTO `products` VALUES (1795, 257, 'Impatiens', 9, 0.91);
INSERT INTO `products` VALUES (1796, 257, 'Zucchini', 20, 0.55);
INSERT INTO `products` VALUES (1797, 257, 'Gurken', 5, 0.55);
INSERT INTO `products` VALUES (1798, 257, 'Kohlpflanzen', 440, 0.15);
INSERT INTO `products` VALUES (1799, 257, 'Salatpflanzen', 168, 0.14);
INSERT INTO `products` VALUES (1800, 260, 'Pothos', 1, 7.73);
INSERT INTO `products` VALUES (1801, 260, 'Cissus', 1, 7.73);
INSERT INTO `products` VALUES (1802, 260, 'Zamioculcas', 1, 14.55);
INSERT INTO `products` VALUES (1803, 260, 'Orchidee', 1, 21.82);
INSERT INTO `products` VALUES (1804, 260, 'Bromelie', 1, 21.82);
INSERT INTO `products` VALUES (1805, 260, 'Pflanzen hergerichtet', 1, 25.45);
INSERT INTO `products` VALUES (1806, 260, 'Zamioculkas mit Übertopf', 1, 22.27);
INSERT INTO `products` VALUES (1807, 260, 'Zimmerpflanze mit Übertopf', 1, 13.64);
INSERT INTO `products` VALUES (1808, 260, 'Pflanze umgetopft', 1, 4.55);
INSERT INTO `products` VALUES (1809, 260, 'Zamioculkas mit Übertopf', 1, 25.45);
INSERT INTO `products` VALUES (1810, 260, 'Spatiphyllum', 1, 7.27);
INSERT INTO `products` VALUES (1811, 260, 'Bromelie', 1, 17.27);
INSERT INTO `products` VALUES (1812, 260, 'Narzissen in Übertopf', 2, 5.91);
INSERT INTO `products` VALUES (1813, 260, 'Pothos', 1, 13.64);
INSERT INTO `products` VALUES (1814, 260, 'Ficus in Übertopf', 1, 12.55);
INSERT INTO `products` VALUES (1815, 260, 'Passionsblume in Übertopf', 1, 22.09);
INSERT INTO `products` VALUES (1816, 260, 'Zitronenbaum in Übertopf', 1, 24.09);
INSERT INTO `products` VALUES (1817, 260, 'Jatropha', 1, 26);
INSERT INTO `products` VALUES (1818, 261, 'Orchidee', 1, 25.45);
INSERT INTO `products` VALUES (1819, 261, 'Orchidee', 1, 22.73);
INSERT INTO `products` VALUES (1820, 261, 'Croton', 1, 11.82);
INSERT INTO `products` VALUES (1821, 261, 'Bouganvillea', 1, 19.09);
INSERT INTO `products` VALUES (1822, 261, 'Grünpflanze', 1, 14.73);
INSERT INTO `products` VALUES (1823, 261, 'Orchidee', 1, 24.55);
INSERT INTO `products` VALUES (1824, 261, 'Passiflora', 1, 22.27);
INSERT INTO `products` VALUES (1825, 261, 'Grünpflanze', 1, 58.18);
INSERT INTO `products` VALUES (1826, 261, 'Grünpflanze', 1, 34.36);
INSERT INTO `products` VALUES (1827, 262, 'Kisten mit gemischten Pflanzen', 3, 200);
INSERT INTO `products` VALUES (1828, 262, 'Kisten mit gemischten Pflanzen', 2, 100);
INSERT INTO `products` VALUES (1829, 263, 'Korb mit gem. Pflanzen', 1, 25.45);
INSERT INTO `products` VALUES (1830, 263, 'Korb mit gem. Pflanzen', 1, 15.45);
INSERT INTO `products` VALUES (1831, 263, 'Salat', 24, 0.14);
INSERT INTO `products` VALUES (1832, 263, 'Viola', 165, 0.45);
INSERT INTO `products` VALUES (1833, 263, 'Pflanze', 1, 8.73);
INSERT INTO `products` VALUES (1834, 263, 'Begonien', 90, 0.45);
INSERT INTO `products` VALUES (1835, 263, 'Schwarzäugige Susanne', 1, 9.09);
INSERT INTO `products` VALUES (1836, 263, 'Rosen', 3, 5.45);
INSERT INTO `products` VALUES (1837, 264, 'Orchidee', 1, 26.36);
INSERT INTO `products` VALUES (1838, 264, 'Viola gepflanzt', 1, 9.09);
INSERT INTO `products` VALUES (1839, 264, 'Kisten mit Geranien', 6, 4.18);
INSERT INTO `products` VALUES (1840, 265, 'Yucca     ( Bertol Lino )', 1, 22.73);
INSERT INTO `products` VALUES (1841, 265, 'Saint Paulien dekoriert', 6, 4.55);
INSERT INTO `products` VALUES (1842, 265, 'Osterkorb dekoriert', 1, 52.73);
INSERT INTO `products` VALUES (1843, 265, 'Dracene', 1, 118.18);
INSERT INTO `products` VALUES (1844, 265, 'Tilandsie in Glasvase  ( Kunde )', 1, 24.55);
INSERT INTO `products` VALUES (1845, 266, 'Rose', 1, 20.45);
INSERT INTO `products` VALUES (1846, 266, 'Viola', 33, 0.55);
INSERT INTO `products` VALUES (1847, 266, 'Mehrjährige Pflanzen', 34, 1.82);
INSERT INTO `products` VALUES (1848, 266, 'Mehrjährige Pflanzen', 10, 0.91);
INSERT INTO `products` VALUES (1849, 266, 'Laterne', 2, 19.09);
INSERT INTO `products` VALUES (1850, 266, 'Kübel', 3, 4.91);
INSERT INTO `products` VALUES (1851, 266, 'Kübel', 1, 3.09);
INSERT INTO `products` VALUES (1852, 266, 'Erde', 11, 9);
INSERT INTO `products` VALUES (1853, 266, 'Geranien', 175, 1.27);
INSERT INTO `products` VALUES (1854, 266, 'Margerithenstamm', 1, 13.64);
INSERT INTO `products` VALUES (1855, 266, 'Margerithe', 1, 10.91);
INSERT INTO `products` VALUES (1856, 266, 'Übertöpfe', 3, 4.09);
INSERT INTO `products` VALUES (1857, 266, 'Übertöpfe', 4, 3.82);
INSERT INTO `products` VALUES (1858, 266, 'Vogel mit Glaskugel', 1, 10);
INSERT INTO `products` VALUES (1859, 266, 'Grassamen', 2, 10.91);
INSERT INTO `products` VALUES (1860, 266, 'Mehrjährige Pflanzen', 18, 1.82);
INSERT INTO `products` VALUES (1861, 266, 'Rhododendron', 1, 29.09);
INSERT INTO `products` VALUES (1862, 266, 'Orchidee', 1, 31.82);
INSERT INTO `products` VALUES (1863, 266, 'Glas', 1, 34.55);
INSERT INTO `products` VALUES (1864, 266, 'Salvai', 2, 2.73);
INSERT INTO `products` VALUES (1865, 266, 'Fuchsien', 2, 4.09);
INSERT INTO `products` VALUES (1866, 266, 'Rosmarin', 3, 2.73);
INSERT INTO `products` VALUES (1867, 266, 'Hängegeranien', 5, 1.27);
INSERT INTO `products` VALUES (1868, 266, 'Duftgeranien', 3, 2.73);
INSERT INTO `products` VALUES (1869, 266, 'Lavendel', 5, 1.82);
INSERT INTO `products` VALUES (1870, 266, 'Lavendel', 1, 2.73);
INSERT INTO `products` VALUES (1871, 266, 'Clematis', 2, 10.91);
INSERT INTO `products` VALUES (1873, 268, 'Kisten bepflanzt', 30, 5.82);
INSERT INTO `products` VALUES (1874, 268, 'Kisten bepflanzt', 17, 5.45);
INSERT INTO `products` VALUES (1875, 268, 'Kisten bepflanzt', 18, 3.91);
INSERT INTO `products` VALUES (1876, 268, 'Schalen bepflanzt', 5, 3.91);
INSERT INTO `products` VALUES (1877, 268, 'Bux', 1, 31.82);
INSERT INTO `products` VALUES (1878, 268, 'Erde', 1, 3.18);
INSERT INTO `products` VALUES (1879, 268, 'Schale', 1, 5.91);
INSERT INTO `products` VALUES (1880, 268, 'Geranien', 3, 4.55);
INSERT INTO `products` VALUES (1881, 268, 'Efeu', 1, 2.73);
INSERT INTO `products` VALUES (1882, 268, 'Streptocarpus', 1, 6.82);
INSERT INTO `products` VALUES (1883, 268, 'Grünpflanze', 1, 82.64);
INSERT INTO `products` VALUES (1884, 269, 'Bux', 21, 26.36);
INSERT INTO `products` VALUES (1885, 271, 'Rollrasen', 40, 10);
INSERT INTO `products` VALUES (1886, 271, 'Sträucher', 10, 5.45);
INSERT INTO `products` VALUES (1887, 272, 'Lecca', 12, 7.73);
INSERT INTO `products` VALUES (1888, 272, 'Erde', 17, 8.64);
INSERT INTO `products` VALUES (1889, 272, 'Filz und Nylon', 1, 31.82);
INSERT INTO `products` VALUES (1890, 272, 'Bux', 2, 70.91);
INSERT INTO `products` VALUES (1891, 272, 'Potentilla', 4, 8.18);
INSERT INTO `products` VALUES (1892, 272, 'Olivenbaum', 1, 145.45);
INSERT INTO `products` VALUES (1893, 272, 'Mahonien', 2, 29.09);
INSERT INTO `products` VALUES (1894, 272, 'Juniperus Chin.', 1, 50);
INSERT INTO `products` VALUES (1895, 272, 'Steine', 15, 7.27);
INSERT INTO `products` VALUES (1896, 272, 'Beaucarnea', 1, 100);
INSERT INTO `products` VALUES (1898, 272, 'Ahorn', 1, 145.45);
INSERT INTO `products` VALUES (1899, 272, 'Arbeit', 7, 22.73);
INSERT INTO `products` VALUES (1900, 274, 'Efeu kleinblättrig und Lonicera gem.', 110, 3.2);
INSERT INTO `products` VALUES (1901, 274, 'Zwergkoniferen gem. oder 6 Buxkugeln', 20, 15);
INSERT INTO `products` VALUES (1902, 274, 'punktierte Wechselbepflanzung (Herbstbepflanzung )', 4, 40);
INSERT INTO `products` VALUES (1903, 274, 'Spezialsubstrat', 20, 10);
INSERT INTO `products` VALUES (1904, 274, 'Dekorationssteine', 1, 70);
INSERT INTO `products` VALUES (1905, 274, 'Arbeit', 12, 25);
INSERT INTO `products` VALUES (1906, 275, 'Schalen mit Viola', 2, 7.73);
INSERT INTO `products` VALUES (1907, 275, 'Schale mit Viola', 1, 12.27);
INSERT INTO `products` VALUES (1908, 275, 'Schale mit Geranien', 1, 15.45);
INSERT INTO `products` VALUES (1909, 275, 'Schalen mit Impatiens', 2, 8.18);
INSERT INTO `products` VALUES (1910, 275, 'Schalen mit Sommerflor', 2, 7.27);
INSERT INTO `products` VALUES (1911, 275, 'Schalen mit Chrysanthemen', 2, 16.36);
INSERT INTO `products` VALUES (1912, 275, 'Bouquett in Schale', 1, 61.82);
INSERT INTO `products` VALUES (1913, 276, 'Sträucher gem.', 20, 13.64);
INSERT INTO `products` VALUES (1914, 276, 'Sommerflor', 30, 4.55);
INSERT INTO `products` VALUES (1915, 276, 'Rosensträucher', 20, 9.09);
INSERT INTO `products` VALUES (1916, 276, 'Knollengewächse', 10, 9.09);
INSERT INTO `products` VALUES (1917, 276, 'Bux', 3, 45.45);

-- --------------------------------------------------------

-- 
-- Tabellenstruktur für Tabelle `user`
-- 

CREATE TABLE `user` (
  `user_id` int(20) NOT NULL auto_increment,
  `username` varchar(255) collate latin1_general_ci NOT NULL default '0',
  `password` varchar(255) collate latin1_general_ci NOT NULL default '0',
  `name` varchar(255) collate latin1_general_ci default NULL,
  `ugroup` int(2) NOT NULL default '5',
  PRIMARY KEY  (`user_id`)
) ENGINE=MyISAM DEFAULT CHARSET=latin1 COLLATE=latin1_general_ci AUTO_INCREMENT=3 ;

-- 
-- Daten für Tabelle `user`
-- 

INSERT INTO `user` VALUES (1, 'root', '65ddc1ddf91f253965e89051ca4cd984', 'Root', 2);
INSERT INTO `user` VALUES (2, 'mami', '8c7d13eaf5956e21248ccd24e4a22387', 'Mami', 2);

-- --------------------------------------------------------

-- 
-- Tabellenstruktur für Tabelle `user_groups`
-- 

CREATE TABLE `user_groups` (
  `group_id` int(10) NOT NULL default '0',
  `name` varchar(255) collate latin1_general_ci NOT NULL default '0',
  `del_client` int(1) NOT NULL default '0',
  `new_client` int(1) NOT NULL default '0'
) ENGINE=MyISAM DEFAULT CHARSET=latin1 COLLATE=latin1_general_ci;

-- 
-- Daten für Tabelle `user_groups`
-- 

INSERT INTO `user_groups` VALUES (2, 'root', 1, 1);
-- 
-- Datenbank: `webauth`
-- 
CREATE DATABASE `webauth` DEFAULT CHARACTER SET latin1 COLLATE latin1_general_ci;
USE webauth;

-- --------------------------------------------------------

-- 
-- Tabellenstruktur für Tabelle `user_pwd`
-- 

CREATE TABLE `user_pwd` (
  `name` char(30) collate latin1_general_ci NOT NULL default '',
  `pass` char(32) collate latin1_general_ci NOT NULL default '',
  PRIMARY KEY  (`name`)
) ENGINE=MyISAM DEFAULT CHARSET=latin1 COLLATE=latin1_general_ci;

-- 
-- Daten für Tabelle `user_pwd`
-- 

INSERT INTO `user_pwd` VALUES ('xampp', 'wampp');
