-- http://www.phpmyadmin.net
-- 
-- Erstellungszeit: 10. März 2006 um 16:55
-- Server Version: 4.1.13
-- PHP-Version: 5.0.4
-- 
-- Datenbank: `tools`
-- 

-- --------------------------------------------------------

-- 
-- Tabellenstruktur für Tabelle `clients`
-- 

CREATE TABLE IF NOT EXISTS `clients` (
  `client_id` int(20) NOT NULL auto_increment,
  `firm_name` varchar(50) collate latin1_general_ci default NULL,
  `name` varchar(255) collate latin1_general_ci default NULL,
  `strasse` varchar(255) collate latin1_general_ci NOT NULL default '',
  `plz` varchar(10) collate latin1_general_ci NOT NULL default '',
  `ort` varchar(255) collate latin1_general_ci NOT NULL default '',
  `telefon` varchar(50) collate latin1_general_ci default NULL,
  `piva` varchar(50) collate latin1_general_ci default NULL,
  `ansprache` varchar(50) collate latin1_general_ci default NULL,
  `address` text collate latin1_general_ci NOT NULL,
  PRIMARY KEY  (`client_id`),
  KEY `id` (`client_id`)
) ENGINE=MyISAM DEFAULT CHARSET=latin1 COLLATE=latin1_general_ci AUTO_INCREMENT=81 ;

-- 
-- Daten für Tabelle `clients`
-- 

INSERT INTO `clients` VALUES (1, 'Villa Groff', 'Graiff Ingrid', 'Bahnhofstrasse 80', '39040', 'Auer', '', '1377460215', 'die', 'Bahnhofstrasse 80\n39040 Auer\n');
INSERT INTO `clients` VALUES (2, 'Ewald Gamper O.H.G.', '', 'Grieser Weg1 Via Gries', '39044', 'Neumarkt (BZ)', '', '238630214', '', 'Grieser Weg1 Via Gries\n39044 Neumarkt (BZ)');
INSERT INTO `clients` VALUES (3, 'Gemeinde Truden', '', 'Köcknschmiedgasse 1', '39040', 'Truden (BZ)', '', '80011270214', 'die', 'Köcknschmiedgasse 1\n39040 Truden (BZ)\n');
INSERT INTO `clients` VALUES (4, 'Gemeinde Neumarkt', '', 'Rathausring 7', '39044', 'Neumarkt (BZ)', '', '80010250217', 'die', 'Rathausring 7\n39044 Neumarkt (BZ)');
INSERT INTO `clients` VALUES (5, 'Zucchelli Helga', '', 'Romstr. 14', '39056', 'Welschnofen (BZ)', '', '366030211', '', 'Romstr. 14\n39056 Welschnofen (BZ)');
INSERT INTO `clients` VALUES (6, 'Museumverein', '', 'Lauben', '39044', 'Neumarkt (BZ)', '', '94025140214', 'den', 'Lauben\n39044 Neumarkt (BZ)');
INSERT INTO `clients` VALUES (7, 'Igna''s Tour', 'des Ermanno Chizzali', 'Cesare Batisti Ring 26', '39044', 'Neumarkt', '', '1652670215', '', 'Cesare Batisti Ring 26\n39044 Neumarkt');
INSERT INTO `clients` VALUES (8, 'Bezirksg. Überetsch/Unterland', '', 'F. Bonati-Platz 1', '39044', 'Neumarkt (BZ)', '', '80010840215', '', 'F. Bonati-Platz 1\n39044 Neumarkt (BZ)');
INSERT INTO `clients` VALUES (9, 'DR. Tanja Rainer', '', 'Battistiring 16', '39044', 'Neumarkt', '', '1659090219', '', 'Battistiring 16\n39044 Neumarkt');
INSERT INTO `clients` VALUES (10, 'Midy''s Look', 'd. Solderer Annamarie', 'Kapuzinerring 1', '39044', 'Neumarkt (BZ)', '', '1088730211', '', 'Kapuzinerring 1\n39044 Neumarkt (BZ)');
INSERT INTO `clients` VALUES (11, 'Pinzonerkeller', 'Unterhauser Arnold', 'Stephansplatz Nr 3', '39040', 'Montan', '', '1578830216', '', 'Stephansplatz Nr 3\n39040 Montan');
INSERT INTO `clients` VALUES (12, 'Pizzeria Da Candido', 'di Coller Candido & c.', 'Via Platz 1', '39044', 'Egna', '', '1153790215', '', 'Via Platz 1\n39044 Egna');
INSERT INTO `clients` VALUES (13, 'Greenplan', 'Giuseppe Moletta', 'Kramer - Weg 1', '39040', 'Auer (BZ)', '', '2266530217', '', 'Kramer - Weg 1\n39040 Auer (BZ)');
INSERT INTO `clients` VALUES (14, 'Villnerhof', 'Walter Th. & Co', '39044 Neumarkt- Vill', '', '', '', '1700830217', '', '39044 Neumarkt- Vill');
INSERT INTO `clients` VALUES (15, 'Varesco Norbert OHG', '', 'Andreas Hoferstr. 60', '39044', 'Neumarkt', '', '1192700217', '', 'Andreas Hoferstr. 60\n39044 Neumarkt');
INSERT INTO `clients` VALUES (16, 'Autonome Provinz Bozen', 'Südtirol - Unterland', 'Schulplatz Nr. 6', '39044', 'Neumarkt', '', '80005300217', '', 'Schulplatz Nr. 6\n39044 Neumarkt');
INSERT INTO `clients` VALUES (17, 'Sole S.n.c.', 'di Trapella Vincenzo & C.', 'P.zza F.Bonatti 3/2', '39044', 'Egna (BZ)', '', '2245810219', '', 'P.zza F.Bonatti 3/2\n39044 Egna (BZ)');
INSERT INTO `clients` VALUES (18, 'Hotel Steinmannwald', 'd. Martinelli Mario & Co.', 'Brennerstr 51', '39050', 'Steinmannwald', '', '1456770211', '', 'Brennerstr 51\n39050 Steinmannwald');
INSERT INTO `clients` VALUES (19, 'Altersheim Grießfeld', '', 'Cavalesestr. 9', '39044', 'Neumarkt (BZ)', '', '553810219', '', 'Cavalesestr. 9\n39044 Neumarkt (BZ)');
INSERT INTO `clients` VALUES (21, 'Restaurant Goldener Löwe', 'Fam. Pichler', 'Kirchplatz 11', '39040', 'Montan', '', '1509030217', 'das', 'Kirchplatz 11\n39040 Montan');
INSERT INTO `clients` VALUES (22, 'Konsortium der Fachgruppe', 'Gartenbau', 'Duca d''Aosta Straße 45', '39100', 'Bozen', '', '1312170218', 'das', 'Duca d''Aosta Straße 45\n39100 Bozen\n');
INSERT INTO `clients` VALUES (23, 'Optik Julius', 'Julius Simonazzi', 'Rathausring 36', '39044', 'Neumarkt', '', '1017380211', '', 'Rathausring 36\n39044 Neumarkt');
INSERT INTO `clients` VALUES (24, 'Konsortium Südtiroler', 'Baumschuler Gen.m.b.H.', 'Binnenland', '39040', 'Auer', '', '1428790214', '', 'Binnenland\n39040 Auer');
INSERT INTO `clients` VALUES (25, 'Gasthof zur Rose', 'Malojer Hubert', 'Kirchplatz 17', '39040', 'Montan', '', '1569430216', '', 'Kirchplatz 17\n39040 Montan\n');
INSERT INTO `clients` VALUES (26, 'Bar Max', 'Ebner Hannelore', 'Fleimstalerstrasse 13', '39040', 'Kaltenbrunn', '', '1673300214', 'die', 'Fleimstalerstrasse 13\n39040 Kaltenbrunn');
INSERT INTO `clients` VALUES (27, 'Gasthof Dorfner', 'Vescoli Hildegard', 'Gschnon Nr. 5', '39040', 'Montan', '', '673190211', '', 'Gschnon Nr. 5\n39040 Montan');
INSERT INTO `clients` VALUES (28, 'Gasthof Bahnhof', 'Rauch Christine', 'Bahnhofstr.110', '39040', 'Auer', '', '1190040210', '', 'Bahnhofstr.110\n39040 Auer');
INSERT INTO `clients` VALUES (29, 'Tankstelle', 'Pernter Josef', 'Nationalstr. 32', '39040', 'Auer', '', '658310214', '', 'Nationalstr. 32\n39040 Auer');
INSERT INTO `clients` VALUES (30, 'Bar Restaurant Abram', 'Abram Eduard', 'Nationalstr. 17', '39040', 'Auer', '', '1327850218', '', 'Nationalstr. 17\n39040 Auer');
INSERT INTO `clients` VALUES (31, 'Grün Service', 'Siegfried Visintin', 'Griesweg 36', '39044', 'Neumarkt', '', '1717250219', '', 'Griesweg 36\n39044 Neumarkt');
INSERT INTO `clients` VALUES (33, 'Piccolo Hotel', 'di Steman Snc', 'Via Val di Fiemme 44', '39040', 'Trodena', '', '2345920215', '', 'Via Val di Fiemme 44\n39040 Trodena\n');
INSERT INTO `clients` VALUES (34, 'Cafe Central', 'des Kaufmann Peter', 'Bahnhofstr.2', '39040', 'Auer', '', '1133220218', ' das', 'Bahnhofstr.2\n39040 Auer');
INSERT INTO `clients` VALUES (37, 'Hotel Tirol', 'Bazzanella Rodolfo csnc', 'via CD Saltuari 3', '38048', 'Montesover (TN)', '', '1028500229', '', 'via CD Saltuari 3\n38048 Montesover (TN)');
INSERT INTO `clients` VALUES (38, 'Manometal GmbH', '', 'Obere Insel 6', '39044', 'Neumarkt', '', '827600214', '', 'Obere Insel 6\n39044 Neumarkt');
INSERT INTO `clients` VALUES (39, 'Rizzolli Raimund', '', 'Bahnhofstr.50', '39044', 'Neumarkt', '', '1212100216', '', 'Bahnhofstr.50\n39044 Neumarkt');
INSERT INTO `clients` VALUES (40, 'Pfraumer Roland & Co', '', 'Weinstr. 13/B', '39040', 'Tramin', '', '1523790218', '', 'Weinstr. 13/B\n39040 Tramin');
INSERT INTO `clients` VALUES (41, 'Unterland Consult', 'Zandanel C. & Co', 'Rathausring 34', '39044', 'Neumarkt', '', '1073260216', '', 'Rathausring 34\n39044 Neumarkt');
INSERT INTO `clients` VALUES (42, 'Jacob Kurt & Peter OHG', '', 'Vill 34', '39044', 'Neumarkt', '', '388620213', '', 'Vill 34\n39044 Neumarkt');
INSERT INTO `clients` VALUES (43, 'Eltern Kind Zentrum Neumarkt', '', 'Boznerstrasse 4', '39044', 'Neumarkt', '', '94069000217', '', 'Boznerstrasse 4\n39044 Neumarkt');
INSERT INTO `clients` VALUES (44, 'Oberschule', 'für Landwirtschaft Auer', 'Fuchsloch, 20', '39040', 'Auer', '', '1379320219', '', 'Fuchsloch, 20\n39040 Auer\n');
INSERT INTO `clients` VALUES (45, 'Cafe Herbert', 'Bonatti Tobias', 'Fleimstalerstr.3', '39044', 'Neumarkt', '', '2290300215', '', 'Fleimstalerstr.3\n39044 Neumarkt');
INSERT INTO `clients` VALUES (46, 'Bar Schwarzer Adler', 'Degasperi Alma', 'A. Hoferstr.10', '39044', 'Neumarkt', '', '201290210', '', 'A. Hoferstr.10\n39044 Neumarkt');
INSERT INTO `clients` VALUES (47, 'Parrmarket SRL', '', 'Largo Municipio 27', '39044', 'Egna', '', '2266160213', '', 'Largo Municipio 27\n39044 Egna');
INSERT INTO `clients` VALUES (48, 'Energas Südgas GmbH/S.r.l.', '', 'Boznerstraße 93/2', '39044', 'Neumarkt', '', '2319210213', '', 'Boznerstraße 93/2\n39044 Neumarkt');
INSERT INTO `clients` VALUES (50, 'Teutschhaus Hotels', 'Pircher Maria & Co KG', 'Martinsplatz 5', '39040', 'Kurtinig', '', '1033010214', '', 'Martinsplatz 5\n39040 Kurtinig');
INSERT INTO `clients` VALUES (51, 'Notariatskanzlei', 'Elio Villa e Luca Barchi', 'Fleimstalerstr.5', '39044', 'Neumarkt', '', '2271530210', '', 'Fleimstalerstr.5\n39044 Neumarkt');
INSERT INTO `clients` VALUES (52, 'Raiffeisenkasse Salurn', '', 'Trientstr.7', '39040', 'Salurn', '', '147330211', '', 'Trientstr.7\n39040 Salurn');
INSERT INTO `clients` VALUES (53, 'Hotel Markushof', 'Graiff Alois Markus', 'Truidn-Str.1', '39040', 'Auer', '', '1250280219', '', 'Truidn-Str.1\n39040 Auer');
INSERT INTO `clients` VALUES (54, 'Bar AUR-ORA', 'Brigitte Condin & Co. KG', 'Bahnhofstr.45', '39040', 'AUER', '', '160692011', '', 'Bahnhofstr.45\n39040 AUER');
INSERT INTO `clients` VALUES (55, '', 'Pernstich Elma', 'Villnerstr. 4', '39044', 'Neumarkt', '', '', '', 'Villnerstr. 4\n39044 Neumarkt');
INSERT INTO `clients` VALUES (56, 'Kondominium Sonia', '', 'Boznerstr. 31', '39044', 'Neumarkt', '', '94053220219', '', 'Boznerstr. 31\n39044 Neumarkt');
INSERT INTO `clients` VALUES (57, 'Bar Vaja', 'Amplatz Hubert', 'Villnerstr.4', '39044', 'Neumarkt', '', '2362480218', '', 'Villnerstr.4\n39044 Neumarkt');
INSERT INTO `clients` VALUES (58, 'Südtiroler Schwarzes Kreuz', '', 'Museumstr.41', '39100', 'Bozen', '', '94023740213', '', 'Museumstr.41\n39100 Bozen');
INSERT INTO `clients` VALUES (59, 'Landesrettungsverein Weißes Kreuz', 'Sektion Überetsch', 'Bahnhofplatz 16', '39057', 'Eppan', '', '80006120218', 'den', 'Bahnhofplatz 16\n39057 Eppan');
INSERT INTO `clients` VALUES (60, 'K.V.W. Ortsgruppe Neumarkt', 'z.H. Furlan Wilfried', 'Cesare- Batisti Ring 30', '39044', 'Neumarkt', '', '80021940210', 'die', 'Cesare- Batisti Ring 30\n39044 Neumarkt');
INSERT INTO `clients` VALUES (61, 'Amateurtennisclub Laag', '', 'Gfrillnerweg 57', '39040', 'Laag', '', '689250215', 'den', 'Gfrillnerweg 57\n39040 Laag');
INSERT INTO `clients` VALUES (62, 'Buch- und Papierhandlung Kasal', 'Renato Flora', 'Lauben 14', '39044', 'Neumarkt', '', '747540219', 'die', 'Lauben 14\n39044 Neumarkt');
INSERT INTO `clients` VALUES (63, 'Cooperativa Casa Bimbo', '', 'via Noldin 25', '39055', 'Laives', '', '1576970212', '', 'via Noldin 25\n39055 Laives');
INSERT INTO `clients` VALUES (64, 'Gasthof Jägerheim', 'Monsorno Roland', 'Neumarktstr.7', '39040', 'Montan', '', '608580213', '', 'Neumarktstr.7\n39040 Montan');
INSERT INTO `clients` VALUES (65, '', 'Varesco Alberto e C. snc', 'Zona Artigianale', '39040', 'Trodena', '', '1043280211', '', 'Zona Artigianale\n39040 Trodena');
INSERT INTO `clients` VALUES (66, 'Fichtenhof OHG', 'Pardatscher Ingrid', 'Gfrillnerstr.23', '39040', 'Gfrill bei Salurn', '', '1443400211', '', 'Gfrillnerstr.23\n39040 Gfrill bei Salurn');
INSERT INTO `clients` VALUES (67, 'Hotel Trudnerhof', 'H. Franzelin Amplatz KG', 'Kirchplatz St. Blasius Nr. 7', '39040', 'Truden', '', '698520210', '', 'Kirchplatz St. Blasius Nr. 7\n39040 Truden');
INSERT INTO `clients` VALUES (68, 'Bar Rest. zur Mühle', 'Rainer Robert', 'Hilbweg 4', '39040', 'Auer', '', '2288020213', '', 'Hilbweg 4\n39040 Auer');
INSERT INTO `clients` VALUES (69, 'Tornifiemme', 'Pernter Hartmann', 'Loc. Valli', '38038', 'Lago di Tesero', '', '679350223', '', 'Loc. Valli\n38038 Lago di Tesero');
INSERT INTO `clients` VALUES (70, 'Restaurant Englkeller', 'Fante Maurizio & C.Snc', 'Ballhaus 41', '39044', 'Egna', '', '2428600213', '', 'Ballhaus 41\n39044 Egna');
INSERT INTO `clients` VALUES (71, 'Gasthof zur Post', 'Schmidt Christine', 'Rathausring 29', '39044', 'Neumarkt', '', '1576850216', '', 'Rathausring 29\n39044 Neumarkt');
INSERT INTO `clients` VALUES (72, 'Hotel zur Traube Pizzeria', 'Varesco S. & Co. OHG', 'Dolomitenstr.16', '39040', 'Montan', '', '1160400212', '', 'Dolomitenstr.16\n39040 Montan');
INSERT INTO `clients` VALUES (73, '', 'Mayr Klaus', 'A. Hoferstrasse 6', '39044', 'Neumarkt', '', '2469790212', '', 'A. Hoferstrasse 6\n39044 Neumarkt');
INSERT INTO `clients` VALUES (80, '', '', '', '', '', '', '', '', '');
INSERT INTO `clients` VALUES (79, '', '', '', '', '', '', '', '', '');
INSERT INTO `clients` VALUES (76, 'Regione Autonoma Trentino - Alto Adige', '', 'Via Gassoletti 2', '38100', 'Trento', '', '80003690221', '', '');
INSERT INTO `clients` VALUES (78, 'Foto Furlan KG SAS', 'Furlan Manfred', 'Lauben 31', '39044', 'Neumarkt', '', '01189110214', '', '');

-- --------------------------------------------------------

-- 
-- Tabellenstruktur für Tabelle `invoice`
-- 

CREATE TABLE IF NOT EXISTS `invoice` (
  `invoice_id` int(20) NOT NULL auto_increment,
  `client_id` int(20) NOT NULL default '0',
  `invoice_number` int(20) NOT NULL default '0',
  `datum` varchar(20) collate latin1_general_ci default NULL,
  `bezahlung` varchar(50) collate latin1_general_ci default NULL,
  `bestimmungsort` varchar(50) collate latin1_general_ci default NULL,
  `text` text collate latin1_general_ci NOT NULL,
  `paid` varchar(100) collate latin1_general_ci NOT NULL default '0',
  `_type` int(2) NOT NULL default '0',
  PRIMARY KEY  (`invoice_id`),
  KEY `id` (`invoice_id`),
  KEY `kundennummer` (`client_id`),
  KEY `Rechnungnummer` (`invoice_number`)
) ENGINE=MyISAM DEFAULT CHARSET=latin1 COLLATE=latin1_general_ci AUTO_INCREMENT=231 ;

-- 
-- Daten für Tabelle `invoice`
-- 

INSERT INTO `invoice` VALUES (1, 3, 3, '11.05.2002', 'bezahlt', '', '', '0', 0);
INSERT INTO `invoice` VALUES (2, 2, 2, '15.05.2002', '30 Tage', '', '', '0', 0);
INSERT INTO `invoice` VALUES (3, 1, 1, '03.05.2002', 'bezahlt', '', '', '0', 0);
INSERT INTO `invoice` VALUES (4, 4, 4, '02.07.2002', '30 Tage', 'Deutscher Kindergarten Laag', '', '0', 1);
INSERT INTO `invoice` VALUES (5, 4, 5, '02.07.2002', '30 Tage', 'Feuerwehr Neumarkt', '', '0', 0);
INSERT INTO `invoice` VALUES (6, 5, 6, '02.07.2002', 'bezahlt', '', '', '0', 0);
INSERT INTO `invoice` VALUES (7, 6, 7, '02.07.2002', '30 Tage', '', '', '0', 0);
INSERT INTO `invoice` VALUES (8, 7, 8, '08.07.2002', '30 Tage', '', '', '0', 0);
INSERT INTO `invoice` VALUES (9, 8, 9, '08.07.2002', '30 Tage', 'Sozialsprengel Unterland', '', '0', 0);
INSERT INTO `invoice` VALUES (10, 9, 10, '08.07.2002', 'bezahlt', '', '', '0', 0);
INSERT INTO `invoice` VALUES (11, 10, 11, '08.07.2002', '30 Tage', '', '', '0', 0);
INSERT INTO `invoice` VALUES (12, 11, 12, '08.07.2002', '30 Tage', '', '', '0', 0);
INSERT INTO `invoice` VALUES (13, 12, 13, '08.07.2002', '30 Tage', '', '', '0', 0);
INSERT INTO `invoice` VALUES (14, 13, 14, '13.07.2002', '30 Tage', '', '', '0', 0);
INSERT INTO `invoice` VALUES (15, 4, 15, '13.07.2002', '30 Tage', '', '', '0', 0);
INSERT INTO `invoice` VALUES (16, 14, 16, '13.07.2002', '30 Tage', '', '', '0', 0);
INSERT INTO `invoice` VALUES (17, 4, 17, '26.08.2002', '30 Tage', '', '', '0', 0);
INSERT INTO `invoice` VALUES (18, 15, 18, '26.08.2002', '30 Tage', '', '', '0', 0);
INSERT INTO `invoice` VALUES (19, 9, 19, '28.09.2002', 'bezahlt', '', '', '0', 0);
INSERT INTO `invoice` VALUES (20, 16, 20, '28.09.2002', '30 Tage', 'Italienischsprachiger Schulsprengel', '', '0', 0);
INSERT INTO `invoice` VALUES (21, 17, 21, '28.09.2002', '30 Tage', '', '', '0', 0);
INSERT INTO `invoice` VALUES (22, 18, 22, '28.09.2002', '30 Tage', '', '', '0', 0);
INSERT INTO `invoice` VALUES (23, 8, 23, '04.12.2002', '30 Tage', 'Sozialsprengel Unterland', '', '0', 0);
INSERT INTO `invoice` VALUES (24, 12, 24, '04.12.2002', '30 Tage', '', '', '0', 0);
INSERT INTO `invoice` VALUES (25, 4, 25, '04.12.2002', '30 Tage', '', '', '0', 0);
INSERT INTO `invoice` VALUES (26, 4, 26, '04.12.2002', '30 Tage', '', '', '0', 0);
INSERT INTO `invoice` VALUES (27, 4, 27, '04.12.2002', '30 Tage', 'Friedhof', '', '0', 0);
INSERT INTO `invoice` VALUES (28, 19, 28, '04.12.2002', '30 Tage', '', '', '0', 0);
INSERT INTO `invoice` VALUES (29, 18, 29, '05.12.2002', '30 Tage', '', '', '0', 0);
INSERT INTO `invoice` VALUES (30, 20, 30, '11.12.2002', '30 Tage', '', '', '0', 0);
INSERT INTO `invoice` VALUES (31, 21, 31, '13.12.2002', 'bezahlt', '', '', '0', 0);
INSERT INTO `invoice` VALUES (32, 10, 33, '28.12.2002', '30 Tage', '', '', '0', 0);
INSERT INTO `invoice` VALUES (33, 19, 34, '28.12.2002', '30 Tagre', '', '', '0', 0);
INSERT INTO `invoice` VALUES (34, 18, 18, '02.06.2003', '30 Tage', '', '', '0', 0);
INSERT INTO `invoice` VALUES (35, 22, 1, '28.04.2003', '', 'Floralia', '', '0', 0);
INSERT INTO `invoice` VALUES (36, 23, 2, '02.06.2003', '30 Tage', '', '', '0', 0);
INSERT INTO `invoice` VALUES (37, 24, 3, '02.06.2003', '30 Tage', '', '', '0', 0);
INSERT INTO `invoice` VALUES (38, 9, 4, '02.06.2003', 'bez.', '', '', '0', 0);
INSERT INTO `invoice` VALUES (39, 4, 13, '02.06.2003', '30 Tage', 'Neugestaltung Grünanlagen', '', '0', 0);
INSERT INTO `invoice` VALUES (40, 1, 6, '02.06.2003', '30 Tage', '', '', '0', 0);
INSERT INTO `invoice` VALUES (41, 25, 7, '02.06.2003', '30 Tage', '', '', '0', 0);
INSERT INTO `invoice` VALUES (42, 26, 8, '02.06.2003', 'bez.', '', '', '0', 0);
INSERT INTO `invoice` VALUES (43, 8, 10, '02.06.2003', '30 Tage', '', '', '0', 0);
INSERT INTO `invoice` VALUES (44, 27, 11, '02.06.2003', 'bez.', '', '', '0', 0);
INSERT INTO `invoice` VALUES (45, 10, 12, '02.06.2003', '30  Tage', '', '', '0', 0);
INSERT INTO `invoice` VALUES (46, 28, 14, '02.06.2003', 'bez.', '', '', '0', 0);
INSERT INTO `invoice` VALUES (47, 11, 15, '02.06.2003', '30 Tage', '', '', '0', 0);
INSERT INTO `invoice` VALUES (48, 14, 16, '02.06.2003', '30 Tage', '', '', '0', 0);
INSERT INTO `invoice` VALUES (49, 12, 17, '02.06.2003', '30 Tage', '', '', '0', 0);
INSERT INTO `invoice` VALUES (50, 8, 19, '04.06.2003', '30 Tage', 'Sozialsprengel Neumarkt', '', '0', 0);
INSERT INTO `invoice` VALUES (51, 4, 5, '02.06.2003', '30 Tage', 'Sitzungssaal', '', '0', 0);
INSERT INTO `invoice` VALUES (52, 4, 9, '02.06.2003', '30 Tage', 'Feuerwehr Neumarkt', '', '0', 0);
INSERT INTO `invoice` VALUES (53, 22, 20, '04.06.2003', '30 Tage', 'Ballettschule Renate Kokot', '', '0', 0);
INSERT INTO `invoice` VALUES (54, 5, 21, '16.06.2003', '30Tage', '', '', '0', 0);
INSERT INTO `invoice` VALUES (55, 29, 22, '16.06.2003', 'bezahlt', '', '', '0', 0);
INSERT INTO `invoice` VALUES (56, 30, 23, '16.06.2003', '30 Tage', '', '', '0', 0);
INSERT INTO `invoice` VALUES (57, 31, 24, '16.06.2003', '30 Tage', '', '', '0', 0);
INSERT INTO `invoice` VALUES (58, 4, 25, '24.06.2003', '30 Tage', 'Kindergarten Laag', '', '0', 0);
INSERT INTO `invoice` VALUES (59, 34, 26, '26.06.2003', '30 Tage', '', '', '0', 0);
INSERT INTO `invoice` VALUES (60, 33, 27, '05.07.2003', '30 Giorni', '', '', '0', 0);
INSERT INTO `invoice` VALUES (63, 37, 28, '10.07.2003', '30 Tage', '', '', '0', 0);
INSERT INTO `invoice` VALUES (64, 38, 29, '14.07.2003', '30 Tage', '', '', '0', 0);
INSERT INTO `invoice` VALUES (65, 39, 30, '10.09.2003', '30 Tage', '', '', '0', 0);
INSERT INTO `invoice` VALUES (66, 40, 31, '10.09.2003', '30 Tage', '', '', '0', 0);
INSERT INTO `invoice` VALUES (67, 41, 32, '11.09.2003', '30 Tage', '', '', '0', 0);
INSERT INTO `invoice` VALUES (68, 42, 33, '18.09.2003', '30 Tage', '', '', '0', 0);
INSERT INTO `invoice` VALUES (69, 13, 34, '12.11.2003', '30 Tage', '', '', '0', 0);
INSERT INTO `invoice` VALUES (70, 41, 35, '13.11.2003', '30 Tage', '', '', '0', 0);
INSERT INTO `invoice` VALUES (71, 10, 36, '13.11.2003', '30 Tage', '', '', '0', 0);
INSERT INTO `invoice` VALUES (72, 43, 37, '13.11.2003', '30 Tage', '', '', '0', 0);
INSERT INTO `invoice` VALUES (73, 44, 38, '18.11.2003', '30 Tage', '', '', '0', 0);
INSERT INTO `invoice` VALUES (74, 4, 39, '02.12.2003', '30 Tage', 'Rathaus', '', '0', 0);
INSERT INTO `invoice` VALUES (75, 4, 40, '02.12.2003', '30 Tage', 'Freilandkisten nachgepflanzt', '', '0', 0);
INSERT INTO `invoice` VALUES (76, 4, 41, '02.12.2003', '30 Tage', 'Friedhof', '', '0', 0);
INSERT INTO `invoice` VALUES (77, 19, 42, '02.12.2003', '30 Tage', '', '', '0', 0);
INSERT INTO `invoice` VALUES (78, 45, 43, '02.12.2003', '30 Tage', '', '', '0', 0);
INSERT INTO `invoice` VALUES (79, 9, 44, '02.12.2003', 'bezahlt', '', '', '0', 0);
INSERT INTO `invoice` VALUES (80, 14, 45, '02.12.2003', '30 Tage', '', '', '0', 0);
INSERT INTO `invoice` VALUES (81, 28, 46, '02.12.2003', 'bezahlt', '', '', '0', 0);
INSERT INTO `invoice` VALUES (82, 12, 47, '02.12.2003', '30 Tage', '', '', '0', 0);
INSERT INTO `invoice` VALUES (83, 46, 48, '02.12.2003', 'bezahlt', '', '', '0', 0);
INSERT INTO `invoice` VALUES (84, 41, 49, '16.12.2003', '30 Tage', '', '', '0', 0);
INSERT INTO `invoice` VALUES (85, 18, 50, '16.12.2003', '30 Tage', '', '', '0', 0);
INSERT INTO `invoice` VALUES (86, 47, 51, '16.12.2003', '30 giorni', '', '', '0', 0);
INSERT INTO `invoice` VALUES (87, 19, 52, '29.12.2003', '30 Tage', '', '', '0', 0);
INSERT INTO `invoice` VALUES (88, 46, 53, '29.12.2003', 'bezahlt', '', '', '0', 0);
INSERT INTO `invoice` VALUES (89, 12, 54, '29.12.2003', '30 giorni', '', '', '0', 0);
INSERT INTO `invoice` VALUES (90, 48, 1, '18.02.2004', '30 Tage', '', '', '0', 0);
INSERT INTO `invoice` VALUES (91, 41, 11, '22.06.2005', '30 Tage', '', '', '0', 0);
INSERT INTO `invoice` VALUES (92, 8, 3, '19.02.2004', '30 Tage', 'Sozialsprengel', '', '0', 0);
INSERT INTO `invoice` VALUES (93, 33, 4, 'O3.O6.O4', '30 Tage', '', '', '0', 0);
INSERT INTO `invoice` VALUES (94, 50, 5, '03.06.2004', 'bezahlt', '', '', '0', 0);
INSERT INTO `invoice` VALUES (96, 51, 6, '03.06.2004', '30 Tage', '', '', '0', 0);
INSERT INTO `invoice` VALUES (97, 52, 7, '03.06.2004', '30 Tage', 'Raiffeisenkasse Neumarkt', '', '0', 0);
INSERT INTO `invoice` VALUES (98, 43, 8, '10.06.2004', '30 Tage', '', '', '0', 0);
INSERT INTO `invoice` VALUES (99, 1, 9, '22.06.2004', '30 Tage', '', '', '0', 0);
INSERT INTO `invoice` VALUES (100, 10, 10, '22.06.2004', '30 Tage', '', '', '0', 0);
INSERT INTO `invoice` VALUES (101, 18, 12, '22.06.2004', '30 Tage', '', '', '0', 0);
INSERT INTO `invoice` VALUES (102, 26, 13, '22.06.2004', '30 Tage', '', '', '0', 0);
INSERT INTO `invoice` VALUES (103, 4, 15, '22.06.2004', '30 Tage', 'Kindergarten Laag', '', '0', 0);
INSERT INTO `invoice` VALUES (104, 34, 16, '22.06.2004', '30 Tage', '', '', '0', 0);
INSERT INTO `invoice` VALUES (105, 27, 17, '22.06.2004', '30 Tage', '', '', '0', 0);
INSERT INTO `invoice` VALUES (106, 14, 18, '22.06.2004', '30 Tage', '', '', '0', 0);
INSERT INTO `invoice` VALUES (107, 11, 19, '22.06.2004', 'bezahlt', '', '', '0', 0);
INSERT INTO `invoice` VALUES (108, 9, 20, '22.06.2004', 'bezahlt', '', '', '0', 0);
INSERT INTO `invoice` VALUES (109, 28, 21, '22.06.2004', 'bezahlt', '', '', '0', 0);
INSERT INTO `invoice` VALUES (110, 28, 22, '22.06.2004', '30 Tage', '', '', '0', 0);
INSERT INTO `invoice` VALUES (111, 5, 23, '22.06.2004', '30 Tage', '', '', '0', 0);
INSERT INTO `invoice` VALUES (112, 53, 24, '22.06.2004', '30 Tage', '', '', '0', 0);
INSERT INTO `invoice` VALUES (113, 4, 14, '22.06.2004', '30 Tage', '', '', '0', 0);
INSERT INTO `invoice` VALUES (114, 25, 25, '28.06.2004', '30 Tage', '', '', '0', 0);
INSERT INTO `invoice` VALUES (115, 31, 26, '09.07.2004', '30 Tage', '', '', '0', 0);
INSERT INTO `invoice` VALUES (116, 41, 27, '09.07.2004', '30 Tage', '', '', '0', 0);
INSERT INTO `invoice` VALUES (117, 12, 28, '09.07.2004', '30 giorni', '', '', '0', 0);
INSERT INTO `invoice` VALUES (118, 30, 29, '10.07.2004', '30 Tage', '', '', '0', 0);
INSERT INTO `invoice` VALUES (119, 54, 30, '16.07.2004', '30 Tage', '', '', '0', 0);
INSERT INTO `invoice` VALUES (120, 55, 31, '19.07.2004', '30 Tage', '', '', '0', 0);
INSERT INTO `invoice` VALUES (121, 8, 32, '22.07.2004', '30 Tage', '', '', '0', 0);
INSERT INTO `invoice` VALUES (122, 56, 33, '16.08.2004', 'bei Sicht', '', '', '0', 0);
INSERT INTO `invoice` VALUES (124, 8, 34, '11.09.2004', '30 Tage', 'Sozialsprengel', '', '0', 0);
INSERT INTO `invoice` VALUES (125, 57, 35, '11.09.2004', '30 Tage', '', '', '0', 0);
INSERT INTO `invoice` VALUES (126, 8, 36, '04.10.2004', '30 Tage', 'Sozialsprengel', '', '0', 0);
INSERT INTO `invoice` VALUES (127, 52, 37, '04.10.2004', '30 Tage', 'Raiffeisenkasse Neumarkt', '', '0', 0);
INSERT INTO `invoice` VALUES (128, 41, 38, '04.10.2004', '30 Tage', '', '', '0', 0);
INSERT INTO `invoice` VALUES (129, 4, 39, '04.10.2004', '30 Tage', 'Mittelschule Neumarkt', '', '0', 0);
INSERT INTO `invoice` VALUES (130, 3, 40, '04.10.2004', '30 Tage', '', '', '0', 0);
INSERT INTO `invoice` VALUES (131, 54, 41, '12.10.2004', 'bezahlt', '', '', '0', 0);
INSERT INTO `invoice` VALUES (132, 29, 42, '25.10.2004', '30 Tage', '', '', '0', 0);
INSERT INTO `invoice` VALUES (133, 58, 43, '22.11.2004', '30 Tage', 'Kriegsfriedhof Auer', '', '0', 0);
INSERT INTO `invoice` VALUES (134, 4, 44, '22.11.2004', '30 Tage', 'Pflanzung Grünanlagen', '', '0', 0);
INSERT INTO `invoice` VALUES (135, 31, 45, '23.11.2004', '30 Tage', '', '', '0', 0);
INSERT INTO `invoice` VALUES (136, 4, 46, '23.11.2004', '30 Tage', 'Friedhof', '', '0', 0);
INSERT INTO `invoice` VALUES (137, 46, 47, '24.11.2004', 'bezahlt', '', '', '0', 0);
INSERT INTO `invoice` VALUES (138, 45, 48, '24.11.2004', '30 Tage', '', '', '0', 0);
INSERT INTO `invoice` VALUES (139, 9, 49, '24.11.2004', 'bezahlt', '', '', '0', 0);
INSERT INTO `invoice` VALUES (140, 19, 50, '24.11.2004', '30 Tage', '', '', '0', 0);
INSERT INTO `invoice` VALUES (141, 58, 51, '25.11.2004', '30 Tage', 'Kriegerfriedhof Auer', '', '0', 0);
INSERT INTO `invoice` VALUES (142, 7, 52, '29.11.2004', '30 Tage', '', '', '0', 0);
INSERT INTO `invoice` VALUES (143, 12, 53, '06.12.2004', '30 giorni', '', '', '0', 0);
INSERT INTO `invoice` VALUES (144, 43, 54, '28.12.2004', '30 Tage', '', '', '0', 0);
INSERT INTO `invoice` VALUES (145, 19, 55, '28.12.2004', '30 Tage', '', '', '0', 0);
INSERT INTO `invoice` VALUES (146, 26, 56, '28.12.2004', 'bezahlt', '', '', '0', 0);
INSERT INTO `invoice` VALUES (147, 57, 57, '28.12.2004', '30 Tage', '', '', '0', 0);
INSERT INTO `invoice` VALUES (148, 28, 58, '28.12.2004', '30 Tage', '', '', '0', 0);
INSERT INTO `invoice` VALUES (149, 13, 59, '28.12.2004', '30 Tage', '', '', '0', 0);
INSERT INTO `invoice` VALUES (159, 1, 29, '01.07.2005', '30 Tage', '', '', '0', 0);
INSERT INTO `invoice` VALUES (160, 5, 23, '29.06.2005', '30 Tage', '', '', '0', 0);
INSERT INTO `invoice` VALUES (161, 59, 1, '27.01.2005', '30 Tage', '', '', '0', 0);
INSERT INTO `invoice` VALUES (162, 60, 2, '14.03.2005', 'bei Sicht', 'Haus Unterland', '', '0', 0);
INSERT INTO `invoice` VALUES (163, 61, 3, '21.04.2005', '30 Tage', '', '', '0', 0);
INSERT INTO `invoice` VALUES (164, 7, 4, '21.04.2005', '30 Tage', '', '', '0', 0);
INSERT INTO `invoice` VALUES (165, 57, 5, '21.04.2005', '30 Tage', '', '', '0', 0);
INSERT INTO `invoice` VALUES (166, 62, 6, '08.05.2005', 'bezahlt', '', '', '0', 0);
INSERT INTO `invoice` VALUES (167, 63, 7, '08.06.2005', '30 Tage', '', '', '0', 0);
INSERT INTO `invoice` VALUES (168, 64, 8, '10.06.2005', '30 Tage', '', '', '0', 0);
INSERT INTO `invoice` VALUES (169, 43, 5, '10.05.2005', '30 Tage', '', '', '0', 0);
INSERT INTO `invoice` VALUES (170, 43, 9, '10.06.2005', '30 Tage', '', '', '0', 0);
INSERT INTO `invoice` VALUES (171, 52, 10, '14.06.2005', '30 Tage', 'Raiffeisenkasse Neumarkt', '', '0', 0);
INSERT INTO `invoice` VALUES (172, 65, 11, '29.06.2005', '30 giorni', '', '', '0', 0);
INSERT INTO `invoice` VALUES (173, 4, 12, '29.06.2005', '30 Tage', 'Kindergarten Laag', '', '0', 0);
INSERT INTO `invoice` VALUES (174, 4, 13, '29.06.2005', '30 Tage', 'Feuerwehr Neumarkt', '', '0', 0);
INSERT INTO `invoice` VALUES (175, 33, 14, '29.06.2005', '30 Tage', '', '', '0', 0);
INSERT INTO `invoice` VALUES (176, 8, 15, '29.06.2005', '30 Tage', 'Sozialsprengel', '', '0', 0);
INSERT INTO `invoice` VALUES (177, 46, 16, '29.06.2005', 'bezahlt', '', '', '0', 0);
INSERT INTO `invoice` VALUES (178, 57, 17, '29.06.2005', '30 Tage', '', '', '0', 0);
INSERT INTO `invoice` VALUES (179, 58, 18, '29.06.2005', '30 Tage', 'Kriegerfriedhof Auer', '', '0', 0);
INSERT INTO `invoice` VALUES (180, 25, 19, '29.06.2005', '30 Tage', '', '', '0', 0);
INSERT INTO `invoice` VALUES (181, 11, 20, '29.06.2005', 'bezahlt', '', '', '0', 0);
INSERT INTO `invoice` VALUES (182, 66, 21, '29.06.2005', 'bezahlt', '', '', '0', 0);
INSERT INTO `invoice` VALUES (183, 9, 22, '29.06.2005', 'bezahlt', '', '', '0', 0);
INSERT INTO `invoice` VALUES (184, 67, 24, '29.06.2005', '30 Tage', '', '', '0', 0);
INSERT INTO `invoice` VALUES (185, 10, 25, '29.06.2005', '30 Tage', '', '', '0', 0);
INSERT INTO `invoice` VALUES (186, 68, 26, '29.06.2005', '30 Tage', '', '', '0', 0);
INSERT INTO `invoice` VALUES (187, 41, 27, '01.07.2005', '30 Tage', '', '', '0', 0);
INSERT INTO `invoice` VALUES (188, 6, 28, '01.07.2005', '30 Tage', '', '', '0', 0);
INSERT INTO `invoice` VALUES (189, 31, 30, '01.07.2005', '30 Tage', '', '', '0', 0);
INSERT INTO `invoice` VALUES (190, 69, 31, '01.07.2005', '30 Tage', '', '', '0', 0);
INSERT INTO `invoice` VALUES (191, 28, 34, '01.07.2005', '30 Tage', '', '', '0', 0);
INSERT INTO `invoice` VALUES (192, 26, 32, '01.07.2005', '30 Tage', '', '', '0', 0);
INSERT INTO `invoice` VALUES (193, 27, 33, '01.07.2005', '30 Tage', '', '', '0', 0);
INSERT INTO `invoice` VALUES (194, 70, 35, '06.07.2005', '30 giorni', '', '', '0', 0);
INSERT INTO `invoice` VALUES (195, 71, 36, '06.07.2005', '30 Tage', '', '', '0', 0);
INSERT INTO `invoice` VALUES (196, 12, 37, '08.07.2005', '30giorni', '', '', '0', 0);
INSERT INTO `invoice` VALUES (197, 30, 38, '09.07.2005', '30 Tage', '', '', '0', 0);
INSERT INTO `invoice` VALUES (198, 72, 39, '17.08.2005', '30 Tage', '', '', '0', 0);
INSERT INTO `invoice` VALUES (199, 52, 40, '17.08.2005', '30 Tage', 'Raiffeisenkasse Neumarkt', '', '0', 0);
INSERT INTO `invoice` VALUES (200, 29, 41, '18.08.2005', '30 Tage', '', '', '0', 0);
INSERT INTO `invoice` VALUES (201, 4, 42, '21.11.2005', '30 Tage', 'Pflanzung Grünanlagen', '', '0', 0);
INSERT INTO `invoice` VALUES (202, 46, 43, '21.11.2005', 'bezahlt', '', '', '0', 0);
INSERT INTO `invoice` VALUES (203, 4, 44, '21.11.2005', '30 Tage', 'Bibliothek', '', '0', 0);
INSERT INTO `invoice` VALUES (204, 12, 45, '25.11.2005', '30giorni', '', '', '0', 0);
INSERT INTO `invoice` VALUES (205, 45, 46, '25.11.2005', '30 Tage', '', '', '0', 0);
INSERT INTO `invoice` VALUES (206, 9, 47, '25.11.2005', 'bezahlt', '', '', '0', 0);
INSERT INTO `invoice` VALUES (207, 58, 48, '25.11.2005', '30 Tage', 'Kriegerfriedhof Auer', '', '0', 0);
INSERT INTO `invoice` VALUES (208, 31, 49, '25.11.2005', '30 Tage', '', '', '0', 0);
INSERT INTO `invoice` VALUES (209, 58, 50, '25.11.2005', '30 Tage', 'Kriegerfriedhof Auer', '', '0', 0);
INSERT INTO `invoice` VALUES (210, 4, 51, '01.12.2005', '30 Tage', 'Friedhof', '', '0', 0);
INSERT INTO `invoice` VALUES (211, 4, 52, '01.12.2005', '30 Tage', 'Rathaus', '', '0', 0);
INSERT INTO `invoice` VALUES (212, 19, 53, '01.12.2005', '30 Tage', '', '', '0', 0);
INSERT INTO `invoice` VALUES (213, 46, 54, '01.12.2005', 'bezahlt', '', '', '0', 0);
INSERT INTO `invoice` VALUES (214, 72, 55, '01.12.2005', '30 Tage', '', '', '0', 0);
INSERT INTO `invoice` VALUES (215, 52, 56, '01.12.2005', '30 Tage', 'Raiffeisenkasse Neumarkt', '', '0', 0);
INSERT INTO `invoice` VALUES (216, 7, 57, '01.12.2005', '30 Tage', '', '', '0', 0);
INSERT INTO `invoice` VALUES (217, 27, 58, '01.12.2005', '30 Tage', '', '', '0', 0);
INSERT INTO `invoice` VALUES (218, 30, 59, '13.12.2005', '30 Tage', '', '', '0', 0);
INSERT INTO `invoice` VALUES (219, 43, 60, '28.12.2005', '30 Tage', '', '', '0', 0);
INSERT INTO `invoice` VALUES (220, 19, 61, '28.12.2005', '30 Tage', '', '', '0', 0);
INSERT INTO `invoice` VALUES (221, 26, 62, '28.12.2005', '30 Tage', '', '', '0', 0);
INSERT INTO `invoice` VALUES (222, 52, 63, '28.12.2005', '30 Tage', 'Raiffeisenkasse Neumarkt', '', '0', 0);
INSERT INTO `invoice` VALUES (223, 73, 64, '28.12.2005', '30 Tage', '', '', '0', 0);
INSERT INTO `invoice` VALUES (225, 76, 1, '06.02.2006', '30 giorni', 'Uff.d.Giudice d.Pace v. Bolzano 31 39044 Egna', '', '', 0);
INSERT INTO `invoice` VALUES (226, 67, 2, '07.02.2006', '30 Tage', '', '', '', 0);
INSERT INTO `invoice` VALUES (227, 52, 3, '08.02.2006', '30 Tage', 'Raiffeisenkasse Neumarkt', '', '', 0);
INSERT INTO `invoice` VALUES (228, 78, 4, '22.02.2006', '30 Tage', '', '', '', 0);
INSERT INTO `invoice` VALUES (229, 4, 0, '01.03.2006', '', '', 'Neumarkt, 01.03.06\r\n\r\nBetreff: Kostenvoranschlag\r\n\r\nNeugestaltung Grünanlagen mit bunten, blühenden, gemischten Pflanzen:\r\n\r\nPflanzgefäße im historischem Ortskern, Carabinieri\r\nPflanzgefäße des Rathausrings: Frühjahrs-, Sommer-, Herbstbepflanzung\r\n\r\nBlumenbeet vor Hotel Post und Pflanzgefäße der Fleimstalerstrasse:\r\nFrühjahrs- und Sommerbepflanzung\r\n\r\nFrühjahrsschnitt, Arbeit, Erde und Dünger\r\n\r\n\r\nWenn auch weniger Kisten, aber Pflanzen eingegangen sind, somit mehr Pflanzen\r\ngebraucht werden, bleiben die Kosten gleich wie 2005.\r\n\r\nGesamtbetrag: 3.800,00  +10% Mwst.\r\n\r\n                                                              \r\n\r\n                                                                           Mit freundlichen Grüßen', '', 1);
INSERT INTO `invoice` VALUES (230, 4, 5, '01.03.2006', '', '', '', '', 1);

-- --------------------------------------------------------

-- 
-- Tabellenstruktur für Tabelle `products`
-- 

CREATE TABLE IF NOT EXISTS `products` (
  `product_id` int(30) NOT NULL auto_increment,
  `invoice_id` int(50) NOT NULL default '0',
  `descr` varchar(255) collate latin1_general_ci default NULL,
  `number` int(20) default NULL,
  `price` double default NULL,
  PRIMARY KEY  (`product_id`),
  KEY `id` (`product_id`),
  KEY `rechnungsnummer` (`invoice_id`)
) ENGINE=MyISAM DEFAULT CHARSET=latin1 COLLATE=latin1_general_ci AUTO_INCREMENT=1645 ;

-- 
-- Daten für Tabelle `products`
-- 

INSERT INTO `products` VALUES (1, 2, 'Juniperus', 1, 7.73);
INSERT INTO `products` VALUES (2, 2, 'Begonie', 1, 8.95);
INSERT INTO `products` VALUES (3, 2, 'Lorbeer', 24, 6.37);
INSERT INTO `products` VALUES (4, 1, 'Dracene', 1, 33);
INSERT INTO `products` VALUES (5, 2, 'Koniferen', 3, 9.55);
INSERT INTO `products` VALUES (6, 2, 'Potentilla', 2, 5.9);
INSERT INTO `products` VALUES (7, 2, 'Viburnum', 1, 5.9);
INSERT INTO `products` VALUES (8, 2, 'Rosmarin', 2, 2.45);
INSERT INTO `products` VALUES (9, 2, 'Salvia', 2, 2.82);
INSERT INTO `products` VALUES (10, 2, 'Efeu', 6, 2.37);
INSERT INTO `products` VALUES (11, 2, 'Camelia', 1, 15.45);
INSERT INTO `products` VALUES (12, 2, 'Koniferen', 4, 4.46);
INSERT INTO `products` VALUES (13, 2, 'Spirea', 1, 8.9);
INSERT INTO `products` VALUES (14, 2, 'Tagetes', 8, 0.55);
INSERT INTO `products` VALUES (15, 2, 'Verbenen', 8, 1.37);
INSERT INTO `products` VALUES (16, 2, 'Schnittlauch', 1, 0.67);
INSERT INTO `products` VALUES (17, 2, 'Maggikraut', 1, 2.45);
INSERT INTO `products` VALUES (18, 2, 'Neu Guinea', 1, 1.28);
INSERT INTO `products` VALUES (19, 2, 'Surfinia', 3, 1.5);
INSERT INTO `products` VALUES (20, 2, 'Chrysthemum', 2, 0.55);
INSERT INTO `products` VALUES (21, 2, 'Portulack', 2, 0.73);
INSERT INTO `products` VALUES (22, 2, 'Pflanze', 1, 3.6);
INSERT INTO `products` VALUES (23, 2, 'Geranien Kisten gepflanzt', 8, 3.82);
INSERT INTO `products` VALUES (24, 2, 'Goldregen', 1, 18);
INSERT INTO `products` VALUES (25, 1, 'Scefflera', 1, 15);
INSERT INTO `products` VALUES (26, 3, 'Korb mit gemischten Pflanzen', 1, 9.82);
INSERT INTO `products` VALUES (27, 4, 'Ficus', 1, 20.46);
INSERT INTO `products` VALUES (28, 4, 'Efeu', 2, 2.37);
INSERT INTO `products` VALUES (29, 4, 'Liguster', 4, 2.9);
INSERT INTO `products` VALUES (30, 4, 'Azalee', 1, 8.64);
INSERT INTO `products` VALUES (31, 4, 'Dracaena', 1, 30.5);
INSERT INTO `products` VALUES (32, 4, 'Rhabarber', 2, 1.37);
INSERT INTO `products` VALUES (33, 4, 'Geranien', 6, 1.82);
INSERT INTO `products` VALUES (34, 4, 'Ribes', 2, 2.82);
INSERT INTO `products` VALUES (35, 4, 'Saintpaulie', 1, 4.5);
INSERT INTO `products` VALUES (36, 5, 'Geranien', 24, 2.55);
INSERT INTO `products` VALUES (37, 6, 'Bepflanzte Geranienkisten', 12, 5.5);
INSERT INTO `products` VALUES (38, 6, 'Bepflanzte Geranienkisten', 23, 5.18);
INSERT INTO `products` VALUES (39, 6, 'Bepflanzte Geranienkisten', 4, 3.86);
INSERT INTO `products` VALUES (40, 6, 'Gemischte Pflanzen', 17, 1.35);
INSERT INTO `products` VALUES (41, 7, 'Bepflanzte Geranienkisten', 2, 4.86);
INSERT INTO `products` VALUES (42, 7, 'Bepflanzte Geranienkisten', 2, 6.4);
INSERT INTO `products` VALUES (43, 7, 'Bepflanzte Geranienkisten', 9, 6.7);
INSERT INTO `products` VALUES (44, 7, 'Bepflanzte Geranienkisten', 1, 8.55);
INSERT INTO `products` VALUES (45, 7, 'Hortensie', 1, 11.73);
INSERT INTO `products` VALUES (46, 7, 'Neuguinea', 5, 1.28);
INSERT INTO `products` VALUES (47, 8, 'Tuja in Topf', 2, 24.37);
INSERT INTO `products` VALUES (48, 8, 'Reben', 8, 7.73);
INSERT INTO `products` VALUES (49, 8, 'Beaucarnea', 1, 109);
INSERT INTO `products` VALUES (50, 8, 'Erdsubstrat', 2, 9.95);
INSERT INTO `products` VALUES (51, 8, 'Grünpflanze', 1, 54.55);
INSERT INTO `products` VALUES (52, 9, 'Fahrne', 2, 7.5);
INSERT INTO `products` VALUES (53, 9, 'Grünpflanze', 1, 20);
INSERT INTO `products` VALUES (54, 9, 'Bepflanzte Schale', 1, 14);
INSERT INTO `products` VALUES (55, 9, 'Bepflanzte Schale', 1, 9.5);
INSERT INTO `products` VALUES (56, 9, 'Bepflanzte Schale', 1, 11);
INSERT INTO `products` VALUES (57, 9, 'Dracene', 1, 52);
INSERT INTO `products` VALUES (58, 9, 'Spatyphyllum', 1, 9);
INSERT INTO `products` VALUES (59, 9, 'Korb mit gemischten Pflanzen', 1, 10.6);
INSERT INTO `products` VALUES (60, 10, 'Orchiedee', 1, 18.19);
INSERT INTO `products` VALUES (61, 10, 'Saintpaulie', 1, 2.73);
INSERT INTO `products` VALUES (62, 10, 'Fuchsie', 1, 13.19);
INSERT INTO `products` VALUES (63, 10, 'Hortensie', 1, 11.73);
INSERT INTO `products` VALUES (64, 10, 'Schale mit gemischten Pflanzen', 1, 10);
INSERT INTO `products` VALUES (65, 11, 'Viola', 20, 0.55);
INSERT INTO `products` VALUES (66, 11, 'Nelken', 2, 1.5);
INSERT INTO `products` VALUES (67, 11, 'Nelken', 3, 1.09);
INSERT INTO `products` VALUES (68, 11, 'Nelken', 1, 0.73);
INSERT INTO `products` VALUES (69, 11, 'Asparagus', 4, 3);
INSERT INTO `products` VALUES (70, 11, 'Impatiens', 15, 0.91);
INSERT INTO `products` VALUES (71, 11, 'Juniperus', 2, 7.73);
INSERT INTO `products` VALUES (72, 11, 'Gras', 1, 5.91);
INSERT INTO `products` VALUES (73, 11, 'Pieris', 1, 10);
INSERT INTO `products` VALUES (74, 11, 'Christusdorn', 2, 6.82);
INSERT INTO `products` VALUES (75, 11, 'Saintpaulien', 2, 4.73);
INSERT INTO `products` VALUES (76, 11, 'Schale mit Gewürzen', 1, 22.73);
INSERT INTO `products` VALUES (77, 11, 'Erdsubstrat', 3, 9.05);
INSERT INTO `products` VALUES (78, 11, 'Grünpflanze', 1, 18.19);
INSERT INTO `products` VALUES (79, 12, 'Neuguinea', 6, 1.28);
INSERT INTO `products` VALUES (80, 12, 'Geranie', 1, 1.82);
INSERT INTO `products` VALUES (81, 12, 'Sommerflor', 6, 0.55);
INSERT INTO `products` VALUES (82, 12, 'Steingartenpflanze', 1, 1.55);
INSERT INTO `products` VALUES (83, 12, 'Steingartenpflanzen', 2, 2.55);
INSERT INTO `products` VALUES (84, 12, 'Bacopa', 1, 1.37);
INSERT INTO `products` VALUES (85, 12, 'Geranien', 35, 1.19);
INSERT INTO `products` VALUES (86, 12, 'Narzisse', 1, 7);
INSERT INTO `products` VALUES (87, 12, 'Vanillepflanzen', 2, 1.82);
INSERT INTO `products` VALUES (88, 12, 'Zinien', 3, 0.91);
INSERT INTO `products` VALUES (89, 12, 'Begonien', 15, 0.55);
INSERT INTO `products` VALUES (90, 12, 'Cinerarien', 2, 0.91);
INSERT INTO `products` VALUES (91, 12, 'Viola und Bellis', 40, 0.55);
INSERT INTO `products` VALUES (92, 12, 'Primel', 5, 1.09);
INSERT INTO `products` VALUES (93, 12, 'Korb mit gemischten Pflanzen', 1, 20);
INSERT INTO `products` VALUES (94, 12, 'Sträucher', 2, 6.82);
INSERT INTO `products` VALUES (95, 12, 'Juniperus', 1, 8.64);
INSERT INTO `products` VALUES (96, 12, 'Impatiens', 6, 0.91);
INSERT INTO `products` VALUES (97, 12, 'Grünpflanzen', 3, 22.05);
INSERT INTO `products` VALUES (98, 13, 'Fuchsien', 6, 3.64);
INSERT INTO `products` VALUES (99, 13, 'Peperomien', 9, 7.28);
INSERT INTO `products` VALUES (100, 13, 'Ficus', 1, 22.73);
INSERT INTO `products` VALUES (101, 13, 'Guzmania', 1, 19);
INSERT INTO `products` VALUES (102, 13, 'Guzmania', 1, 26.37);
INSERT INTO `products` VALUES (103, 13, 'Zissus', 2, 13.64);
INSERT INTO `products` VALUES (104, 13, 'Croton', 2, 10.09);
INSERT INTO `products` VALUES (105, 13, 'Begonien', 3, 6.36);
INSERT INTO `products` VALUES (106, 13, 'Anthurium', 1, 27.28);
INSERT INTO `products` VALUES (107, 13, 'Fahrn', 1, 7.73);
INSERT INTO `products` VALUES (108, 13, 'Kiste mit Gewürzen', 1, 14.55);
INSERT INTO `products` VALUES (109, 13, 'Ranunkeln', 10, 2.09);
INSERT INTO `products` VALUES (110, 13, 'Viola', 23, 0.55);
INSERT INTO `products` VALUES (111, 13, 'Piante verdi', 2, 36.73);
INSERT INTO `products` VALUES (112, 13, 'Pianta verde', 1, 27.28);
INSERT INTO `products` VALUES (113, 13, 'Erdsubstrat', 1, 9.09);
INSERT INTO `products` VALUES (114, 14, 'Geranien', 75, 1);
INSERT INTO `products` VALUES (115, 14, 'Rosen', 18, 4);
INSERT INTO `products` VALUES (116, 14, 'Begonien', 60, 0.4);
INSERT INTO `products` VALUES (117, 15, 'Spirea', 6, 7.5);
INSERT INTO `products` VALUES (118, 15, 'Keria', 2, 7.5);
INSERT INTO `products` VALUES (119, 15, 'Lavendel', 10, 3.2);
INSERT INTO `products` VALUES (120, 15, 'Juniperus', 16, 8.5);
INSERT INTO `products` VALUES (121, 15, 'Rhododendron', 3, 25.85);
INSERT INTO `products` VALUES (122, 15, 'Laurus', 3, 15);
INSERT INTO `products` VALUES (123, 15, 'Cotoniaster', 15, 3.5);
INSERT INTO `products` VALUES (124, 15, 'Efeu', 15, 2.8);
INSERT INTO `products` VALUES (125, 15, 'Gedüngtes Erdsubstrat', 1, 95);
INSERT INTO `products` VALUES (126, 16, 'Mergerithen', 24, 2.73);
INSERT INTO `products` VALUES (127, 16, 'Efeu', 2, 2.36);
INSERT INTO `products` VALUES (128, 16, 'Palmen', 2, 5.91);
INSERT INTO `products` VALUES (129, 16, 'Vergissmeinicht', 2, 0.55);
INSERT INTO `products` VALUES (130, 16, 'Gerbera', 1, 7.95);
INSERT INTO `products` VALUES (131, 16, 'Diefenbachie', 2, 4.55);
INSERT INTO `products` VALUES (132, 16, 'Ranunkeln', 3, 2.09);
INSERT INTO `products` VALUES (133, 16, 'Ficus', 2, 8.91);
INSERT INTO `products` VALUES (134, 16, 'Vinca', 1, 4.09);
INSERT INTO `products` VALUES (135, 16, 'Diefenbachie', 1, 5);
INSERT INTO `products` VALUES (136, 16, 'Begonie', 1, 6.27);
INSERT INTO `products` VALUES (137, 16, 'Astern', 70, 0.32);
INSERT INTO `products` VALUES (138, 16, 'Surfinie', 6, 1.5);
INSERT INTO `products` VALUES (139, 16, 'Neuguinea', 2, 1.27);
INSERT INTO `products` VALUES (140, 16, 'Ficus Pumila', 1, 2.27);
INSERT INTO `products` VALUES (141, 16, 'Exacum', 1, 4.45);
INSERT INTO `products` VALUES (142, 16, 'Spatiphyllum', 1, 4.45);
INSERT INTO `products` VALUES (143, 16, 'Grünpflanze', 1, 8.91);
INSERT INTO `products` VALUES (144, 16, 'Delphinum', 2, 4.32);
INSERT INTO `products` VALUES (145, 16, 'Geranien', 2, 1.82);
INSERT INTO `products` VALUES (146, 16, 'Croton', 1, 2.82);
INSERT INTO `products` VALUES (147, 16, 'Kalanchoe', 1, 3.18);
INSERT INTO `products` VALUES (148, 16, 'Zucchini', 15, 0.55);
INSERT INTO `products` VALUES (149, 16, 'Gurken', 15, 0.55);
INSERT INTO `products` VALUES (150, 17, 'Liguster Kugel', 2, 55);
INSERT INTO `products` VALUES (151, 17, 'Juniperus', 10, 9);
INSERT INTO `products` VALUES (152, 17, 'Erdsubstrat', 1, 30);
INSERT INTO `products` VALUES (153, 18, 'Ficus', 1, 35.18);
INSERT INTO `products` VALUES (154, 18, 'Ficus', 1, 31.82);
INSERT INTO `products` VALUES (155, 18, 'Asparagus', 1, 6.09);
INSERT INTO `products` VALUES (156, 18, 'Asparagus', 1, 3.27);
INSERT INTO `products` VALUES (157, 19, 'Crotton', 1, 3.36);
INSERT INTO `products` VALUES (158, 19, 'Begonie', 1, 5.91);
INSERT INTO `products` VALUES (159, 19, 'Ficus pumila', 1, 2.27);
INSERT INTO `products` VALUES (160, 19, 'Heliantus', 2, 6.82);
INSERT INTO `products` VALUES (161, 19, 'Orchiedee', 1, 22.27);
INSERT INTO `products` VALUES (162, 19, 'Begonie', 1, 6.82);
INSERT INTO `products` VALUES (163, 19, 'Sansiverie', 1, 37.27);
INSERT INTO `products` VALUES (164, 19, 'Tilandsie', 1, 8.64);
INSERT INTO `products` VALUES (165, 19, 'Guzmanie', 1, 7.09);
INSERT INTO `products` VALUES (166, 19, 'Orchiedee', 1, 19.09);
INSERT INTO `products` VALUES (167, 19, 'Ficus', 1, 26.36);
INSERT INTO `products` VALUES (168, 19, 'Korb mit gemischten Pflanzen', 1, 13.55);
INSERT INTO `products` VALUES (169, 19, 'Bouvardie', 1, 6.91);
INSERT INTO `products` VALUES (170, 20, 'Ficus lirata', 1, 50);
INSERT INTO `products` VALUES (171, 21, 'Astern', 10, 0.32);
INSERT INTO `products` VALUES (172, 21, 'Löwenmaul', 10, 0.32);
INSERT INTO `products` VALUES (173, 21, 'Astilbe', 1, 3.18);
INSERT INTO `products` VALUES (174, 21, 'Lobelien', 2, 4.55);
INSERT INTO `products` VALUES (175, 21, 'Aschyranthus', 3, 0.91);
INSERT INTO `products` VALUES (176, 21, 'Fuchsien', 6, 2.73);
INSERT INTO `products` VALUES (177, 21, 'Bideus', 3, 1.36);
INSERT INTO `products` VALUES (178, 21, 'Lantana', 3, 1.36);
INSERT INTO `products` VALUES (179, 21, 'Coleus', 3, 1.09);
INSERT INTO `products` VALUES (180, 21, 'Geranien', 5, 1.82);
INSERT INTO `products` VALUES (181, 21, 'Erdsubstrat', 1, 13.64);
INSERT INTO `products` VALUES (182, 21, 'Grünplanzen', 1, 31.82);
INSERT INTO `products` VALUES (183, 21, 'Terrarium mit gemischten Pflanzen', 1, 20);
INSERT INTO `products` VALUES (184, 21, 'Vriesea', 1, 5.91);
INSERT INTO `products` VALUES (185, 21, 'Guzmanie', 1, 21.45);
INSERT INTO `products` VALUES (186, 21, 'Adianthum', 1, 3.18);
INSERT INTO `products` VALUES (187, 22, 'Dekoration mit gemischten Pflanzen', 1, 486.16);
INSERT INTO `products` VALUES (188, 23, 'Kiste mit gemischten Pflanzen', 1, 220);
INSERT INTO `products` VALUES (189, 23, 'Yucca mit Übertopf', 1, 29.5);
INSERT INTO `products` VALUES (190, 24, 'Pianta verde', 1, 54.55);
INSERT INTO `products` VALUES (191, 24, 'Juniperus', 3, 8.64);
INSERT INTO `products` VALUES (192, 24, 'Capucci', 6, 2.73);
INSERT INTO `products` VALUES (193, 24, 'Pizea', 1, 14.55);
INSERT INTO `products` VALUES (194, 24, 'Erica', 17, 2.73);
INSERT INTO `products` VALUES (195, 24, 'Erica', 6, 3.18);
INSERT INTO `products` VALUES (196, 24, 'Pianta verde', 1, 100);
INSERT INTO `products` VALUES (197, 24, 'Pianta verde', 1, 127.27);
INSERT INTO `products` VALUES (198, 25, 'Blumenbeet vor Hotel Post', 0, 0);
INSERT INTO `products` VALUES (199, 25, 'Frühjahrspflanzen gemischt', 1, 123);
INSERT INTO `products` VALUES (200, 25, 'Sommerpflanzen gemischt', 1, 123);
INSERT INTO `products` VALUES (201, 25, 'Pflanzengefäße der Fleimstalerstr.', 0, 0);
INSERT INTO `products` VALUES (202, 25, 'Frühjahrspflanzen gemischt', 1, 295);
INSERT INTO `products` VALUES (203, 25, 'Sommerpflanzen gemischt', 1, 370);
INSERT INTO `products` VALUES (204, 26, 'Pflanzengefäße im historischen Ortskern', 0, 0);
INSERT INTO `products` VALUES (205, 26, 'und Kirchplatz, Carabinieri', 0, 0);
INSERT INTO `products` VALUES (206, 26, 'Frühjahrspflanzen gemischt', 1, 380);
INSERT INTO `products` VALUES (207, 26, 'Sommerpflanzen gemischt', 1, 445);
INSERT INTO `products` VALUES (208, 26, 'Herbstpflanzen gemischt', 1, 580);
INSERT INTO `products` VALUES (209, 26, 'Pflanzgefäße des Rathausringes', 0, 0);
INSERT INTO `products` VALUES (210, 26, 'Frühjahrspflanzen gemischt', 1, 138);
INSERT INTO `products` VALUES (211, 26, 'Sommerpflanzen gemischt', 1, 165);
INSERT INTO `products` VALUES (212, 26, 'Herbstpflanzen gemischt', 1, 170);
INSERT INTO `products` VALUES (213, 27, 'Soldatengräber', 0, 0);
INSERT INTO `products` VALUES (214, 27, 'Frühjahrsbepflanzung', 2, 30);
INSERT INTO `products` VALUES (215, 27, 'Sommerflor', 2, 33);
INSERT INTO `products` VALUES (216, 27, 'Chrysanthemen', 6, 6);
INSERT INTO `products` VALUES (217, 27, 'Bouquett', 2, 26);
INSERT INTO `products` VALUES (218, 27, 'Priestergrab', 0, 0);
INSERT INTO `products` VALUES (219, 27, 'Frühjahrsbepflanzung', 1, 45);
INSERT INTO `products` VALUES (220, 27, 'Sommerflor', 1, 71);
INSERT INTO `products` VALUES (221, 27, 'Chrysanthemen', 6, 7);
INSERT INTO `products` VALUES (222, 27, 'Bouquett', 1, 45);
INSERT INTO `products` VALUES (223, 27, 'Leichenkapelle', 0, 0);
INSERT INTO `products` VALUES (224, 27, 'Erika', 8, 3.7);
INSERT INTO `products` VALUES (225, 27, 'Efeu', 12, 3);
INSERT INTO `products` VALUES (226, 27, 'Kisten vor Einsegnungspodium', 0, 0);
INSERT INTO `products` VALUES (227, 27, 'Frühjahr', 0, 0);
INSERT INTO `products` VALUES (228, 27, 'Juniperus', 2, 9.5);
INSERT INTO `products` VALUES (229, 27, 'Juniperus', 4, 4.9);
INSERT INTO `products` VALUES (230, 27, 'Efeu', 5, 3);
INSERT INTO `products` VALUES (231, 27, 'Blue Star', 1, 10.5);
INSERT INTO `products` VALUES (232, 27, 'Substrat', 1, 8);
INSERT INTO `products` VALUES (233, 27, 'Allerheiligen', 0, 0);
INSERT INTO `products` VALUES (234, 27, 'Juniperus', 6, 6.5);
INSERT INTO `products` VALUES (235, 27, 'Juniperus', 2, 4.5);
INSERT INTO `products` VALUES (236, 27, 'Euvonimus', 2, 8.5);
INSERT INTO `products` VALUES (237, 27, 'Erika', 8, 3);
INSERT INTO `products` VALUES (238, 27, 'Substrat', 1, 8);
INSERT INTO `products` VALUES (239, 28, 'Poinsettien', 10, 2.36);
INSERT INTO `products` VALUES (240, 28, 'Poinsettien', 1, 9.55);
INSERT INTO `products` VALUES (241, 28, 'Primel', 100, 1.09);
INSERT INTO `products` VALUES (242, 28, 'Portolac', 10, 0.73);
INSERT INTO `products` VALUES (243, 28, 'Aglonemie', 1, 13.64);
INSERT INTO `products` VALUES (244, 28, 'Schale gemischt', 1, 16.36);
INSERT INTO `products` VALUES (245, 28, 'Diefenbachie', 1, 5.45);
INSERT INTO `products` VALUES (246, 28, 'Spathyphyllum', 1, 8.91);
INSERT INTO `products` VALUES (247, 28, 'Scindapsus', 1, 12.27);
INSERT INTO `products` VALUES (248, 28, 'Kalanchoe', 1, 2.82);
INSERT INTO `products` VALUES (249, 28, 'Schnittlauch', 42, 0.91);
INSERT INTO `products` VALUES (250, 28, 'Sellerie', 30, 0.16);
INSERT INTO `products` VALUES (251, 28, 'Ribes', 10, 2.82);
INSERT INTO `products` VALUES (252, 28, 'Majoran', 4, 0.91);
INSERT INTO `products` VALUES (253, 28, 'Basilikum', 12, 0.55);
INSERT INTO `products` VALUES (254, 28, 'Petersillie', 30, 0.36);
INSERT INTO `products` VALUES (255, 28, 'Kalanchoen', 2, 3.18);
INSERT INTO `products` VALUES (256, 28, 'Schale gemischt', 1, 10.91);
INSERT INTO `products` VALUES (257, 28, 'Chrysantheme', 1, 9.09);
INSERT INTO `products` VALUES (258, 28, 'Chrysanthemen', 3, 7.27);
INSERT INTO `products` VALUES (259, 28, 'Chrysantheme', 1, 5.45);
INSERT INTO `products` VALUES (260, 28, 'Erika', 2, 3.45);
INSERT INTO `products` VALUES (261, 28, 'Adventsdrahtrollen', 5, 1.18);
INSERT INTO `products` VALUES (262, 28, 'Poinsettie', 1, 11.36);
INSERT INTO `products` VALUES (263, 28, 'Grabbepflanzungen Frühjahr Sommer Herbst', 10, 77);
INSERT INTO `products` VALUES (264, 29, 'Dekoration mit gemischten Pflanzen', 1, 1063.82);
INSERT INTO `products` VALUES (265, 30, 'Kisten mit Grünpflanzen', 12, 8.64);
INSERT INTO `products` VALUES (266, 31, 'Schale', 1, 20.73);
INSERT INTO `products` VALUES (267, 31, 'Anthurium', 1, 16.82);
INSERT INTO `products` VALUES (268, 31, 'Schale', 1, 13.64);
INSERT INTO `products` VALUES (269, 31, 'Nertera', 1, 6.82);
INSERT INTO `products` VALUES (270, 31, 'Pelea', 3, 3.64);
INSERT INTO `products` VALUES (271, 32, 'Senecio', 11, 1.09);
INSERT INTO `products` VALUES (272, 32, 'Erika', 6, 3.18);
INSERT INTO `products` VALUES (273, 32, 'Poinsettie', 2, 5.91);
INSERT INTO `products` VALUES (274, 32, 'Grünpflanze', 1, 100);
INSERT INTO `products` VALUES (275, 32, 'Baum', 1, 18.18);
INSERT INTO `products` VALUES (276, 32, 'Arbeit', 1, 22.73);
INSERT INTO `products` VALUES (277, 33, 'Poinsettien', 20, 2.27);
INSERT INTO `products` VALUES (278, 35, 'Spathyphyllum', 3, 8.18);
INSERT INTO `products` VALUES (279, 35, 'Pyramidenbux', 3, 82);
INSERT INTO `products` VALUES (280, 35, 'Beaucarnea', 1, 273);
INSERT INTO `products` VALUES (281, 35, 'Bambus', 1, 114);
INSERT INTO `products` VALUES (282, 35, 'Palme', 1, 314);
INSERT INTO `products` VALUES (283, 35, 'Hortensien', 8, 12.7);
INSERT INTO `products` VALUES (284, 35, 'Campanula', 5, 8.2);
INSERT INTO `products` VALUES (285, 35, 'Erika', 3, 10.9);
INSERT INTO `products` VALUES (286, 35, 'Juniperus', 10, 7.7);
INSERT INTO `products` VALUES (287, 35, 'Nepenthes', 1, 38.7);
INSERT INTO `products` VALUES (288, 35, 'Farn', 2, 7);
INSERT INTO `products` VALUES (289, 35, 'Teebaum', 1, 60);
INSERT INTO `products` VALUES (290, 36, 'Spathyphyllum', 3, 8.18);
INSERT INTO `products` VALUES (291, 36, 'Aglonemien', 2, 14.09);
INSERT INTO `products` VALUES (292, 36, 'Efeu', 4, 2.55);
INSERT INTO `products` VALUES (293, 37, 'Liguster Kugel', 2, 50);
INSERT INTO `products` VALUES (294, 37, 'Fuchsien', 4, 4.09);
INSERT INTO `products` VALUES (295, 38, 'Orchidee', 1, 24.55);
INSERT INTO `products` VALUES (296, 38, 'Aglonemie', 1, 16.36);
INSERT INTO `products` VALUES (297, 38, 'Orchidee', 1, 22.73);
INSERT INTO `products` VALUES (298, 38, 'Pflanze', 1, 53.64);
INSERT INTO `products` VALUES (299, 38, 'Pflanze', 1, 9.64);
INSERT INTO `products` VALUES (300, 38, 'Pflanze', 1, 37.91);
INSERT INTO `products` VALUES (301, 38, 'Pflanze', 1, 23.64);
INSERT INTO `products` VALUES (302, 51, 'Blumenkiste mit gemischten Pflanzen', 1, 136.36);
INSERT INTO `products` VALUES (303, 40, 'Hybiskus', 1, 10.45);
INSERT INTO `products` VALUES (304, 40, 'Calatea', 3, 26.36);
INSERT INTO `products` VALUES (305, 40, 'Gewürze', 5, 2.73);
INSERT INTO `products` VALUES (306, 40, 'Schnittlauch', 3, 0.91);
INSERT INTO `products` VALUES (307, 40, 'Petersilie', 2, 0.55);
INSERT INTO `products` VALUES (308, 40, 'Orchidee', 1, 22.73);
INSERT INTO `products` VALUES (309, 40, 'Geranien', 165, 1.18);
INSERT INTO `products` VALUES (310, 40, 'Surfinia', 1, 1.5);
INSERT INTO `products` VALUES (311, 40, 'Salvia', 1, 1.36);
INSERT INTO `products` VALUES (312, 40, 'Alyssum', 101, 0.55);
INSERT INTO `products` VALUES (313, 41, 'Geranienkisten bepflanzt', 9, 3.68);
INSERT INTO `products` VALUES (314, 41, 'Geranienkisten bepflanzt', 7, 4);
INSERT INTO `products` VALUES (315, 41, 'Geranienkisten bepflanzt', 2, 5.53);
INSERT INTO `products` VALUES (316, 41, 'Geranienkisten bepflanzt', 1, 7.36);
INSERT INTO `products` VALUES (317, 41, 'Laurus', 2, 6.82);
INSERT INTO `products` VALUES (318, 42, 'Sommerflor', 150, 1.36);
INSERT INTO `products` VALUES (319, 52, 'Schalen mit Geranien bepflanzt', 3, 14.55);
INSERT INTO `products` VALUES (320, 43, 'Palme im Korb', 1, 109.09);
INSERT INTO `products` VALUES (321, 43, 'Dracenen im Korb', 2, 68.18);
INSERT INTO `products` VALUES (322, 43, 'Schale mit Anthurium und Syngonium', 1, 30);
INSERT INTO `products` VALUES (323, 43, ' Cissus im Korb', 1, 15.45);
INSERT INTO `products` VALUES (324, 44, 'Sommerflor', 150, 1.23);
INSERT INTO `products` VALUES (325, 45, 'Viola', 12, 0.55);
INSERT INTO `products` VALUES (326, 45, 'Camelie', 1, 15.91);
INSERT INTO `products` VALUES (327, 45, 'Rosmarin', 1, 1.36);
INSERT INTO `products` VALUES (328, 45, 'Salvie', 1, 1.36);
INSERT INTO `products` VALUES (329, 45, 'Erdsubstrat', 1, 7.73);
INSERT INTO `products` VALUES (330, 45, 'Arbeit', 1, 9.09);
INSERT INTO `products` VALUES (331, 45, 'Kisten mit Surfinia', 4, 5.45);
INSERT INTO `products` VALUES (332, 45, 'Lantanastamm', 1, 31.82);
INSERT INTO `products` VALUES (333, 45, 'Basilikum', 1, 0.91);
INSERT INTO `products` VALUES (334, 45, 'Impatiens', 15, 0.91);
INSERT INTO `products` VALUES (335, 45, 'Tornenia', 10, 1.5);
INSERT INTO `products` VALUES (336, 45, 'Erdsubstrat und Dünger', 1, 9.09);
INSERT INTO `products` VALUES (337, 45, 'Arbeit', 1, 13.64);
INSERT INTO `products` VALUES (338, 39, 'Sträucher und Frühjahrsflor', 1, 3369);
INSERT INTO `products` VALUES (339, 46, 'Lorbeer', 2, 6.82);
INSERT INTO `products` VALUES (340, 46, 'Enzian', 1, 4.09);
INSERT INTO `products` VALUES (341, 46, 'Geranien', 53, 1.18);
INSERT INTO `products` VALUES (342, 46, 'Tomaten', 13, 0.55);
INSERT INTO `products` VALUES (343, 46, 'Gurken', 6, 0.55);
INSERT INTO `products` VALUES (344, 46, 'Neuguinea', 12, 1.5);
INSERT INTO `products` VALUES (345, 46, 'Ceropiega', 1, 4.91);
INSERT INTO `products` VALUES (346, 46, 'Grünpflanze', 1, 5.45);
INSERT INTO `products` VALUES (347, 46, 'Kiste mit gem. Sträuchern', 1, 172.73);
INSERT INTO `products` VALUES (348, 47, 'Salat', 50, 0.12);
INSERT INTO `products` VALUES (349, 47, 'Viola', 49, 0.55);
INSERT INTO `products` VALUES (350, 47, 'Primeln', 4, 0.91);
INSERT INTO `products` VALUES (351, 47, 'Narzissen', 2, 2.27);
INSERT INTO `products` VALUES (352, 47, 'Rose', 1, 7.09);
INSERT INTO `products` VALUES (353, 47, 'Juniperus', 1, 3.86);
INSERT INTO `products` VALUES (354, 47, 'Bellis', 4, 0.55);
INSERT INTO `products` VALUES (355, 47, 'Steingartenpfl.', 6, 1.36);
INSERT INTO `products` VALUES (356, 47, 'Flieder', 2, 7.27);
INSERT INTO `products` VALUES (357, 47, 'Gurken', 6, 0.55);
INSERT INTO `products` VALUES (358, 47, 'Kobis', 15, 0.14);
INSERT INTO `products` VALUES (359, 47, 'Sellerie', 6, 0.14);
INSERT INTO `products` VALUES (360, 47, 'Neuguinea', 17, 1.5);
INSERT INTO `products` VALUES (361, 47, 'Philadelphus', 1, 5.91);
INSERT INTO `products` VALUES (362, 47, 'Pfeifenputzer', 1, 10.23);
INSERT INTO `products` VALUES (363, 47, 'Verbenen', 7, 1.5);
INSERT INTO `products` VALUES (364, 47, 'Sanvitalia', 2, 1.5);
INSERT INTO `products` VALUES (365, 47, 'Astilbe', 1, 1.36);
INSERT INTO `products` VALUES (366, 47, 'Vanille', 2, 1.5);
INSERT INTO `products` VALUES (367, 47, 'Impatiens', 8, 0.91);
INSERT INTO `products` VALUES (368, 47, 'Calcolarien', 1, 1.36);
INSERT INTO `products` VALUES (369, 47, 'Lobelien', 6, 0.55);
INSERT INTO `products` VALUES (370, 47, 'Basilikum', 4, 0.91);
INSERT INTO `products` VALUES (371, 47, 'Surfinien', 4, 1.5);
INSERT INTO `products` VALUES (372, 47, 'Forsytia', 1, 5.91);
INSERT INTO `products` VALUES (373, 48, 'Geranienkisten bepflanzt', 7, 5.18);
INSERT INTO `products` VALUES (374, 48, 'Geranienkisten bepflanzt', 9, 7.36);
INSERT INTO `products` VALUES (375, 48, 'Geranienkisten bepflanzt', 47, 5.55);
INSERT INTO `products` VALUES (376, 48, 'Statizien', 45, 0.36);
INSERT INTO `products` VALUES (377, 48, 'Astern', 45, 0.36);
INSERT INTO `products` VALUES (378, 48, 'Zinnien', 45, 0.36);
INSERT INTO `products` VALUES (379, 48, 'Margeriten', 13, 3.18);
INSERT INTO `products` VALUES (380, 48, 'Löwenmaul', 50, 0.36);
INSERT INTO `products` VALUES (381, 48, 'Frühjahrsflor', 45, 0.55);
INSERT INTO `products` VALUES (382, 48, 'Viola', 60, 0.55);
INSERT INTO `products` VALUES (383, 48, 'Kalanchoe', 1, 3.45);
INSERT INTO `products` VALUES (384, 48, 'Spathyphyllum', 1, 7.09);
INSERT INTO `products` VALUES (385, 48, 'Saintpaulie', 1, 3.18);
INSERT INTO `products` VALUES (386, 48, 'Karfiolpflanzen', 40, 0.14);
INSERT INTO `products` VALUES (387, 48, 'Peperonipflanzen', 20, 0.14);
INSERT INTO `products` VALUES (388, 48, 'Rohnenpflanzen', 95, 0.14);
INSERT INTO `products` VALUES (389, 48, 'Broccolipflanzen', 40, 0.14);
INSERT INTO `products` VALUES (390, 48, 'Spätkohlpflanzen', 40, 0.14);
INSERT INTO `products` VALUES (391, 48, 'Verbenen', 60, 1.18);
INSERT INTO `products` VALUES (392, 49, 'Asparagus', 4, 3.64);
INSERT INTO `products` VALUES (393, 49, 'Gerani', 12, 1.18);
INSERT INTO `products` VALUES (394, 49, 'Euvonimus', 29, 2.27);
INSERT INTO `products` VALUES (395, 49, 'Viole', 27, 0.55);
INSERT INTO `products` VALUES (396, 49, 'Pianta verde', 1, 39.05);
INSERT INTO `products` VALUES (397, 49, 'Pianta verde', 1, 27.14);
INSERT INTO `products` VALUES (398, 49, 'Ficus', 3, 36.36);
INSERT INTO `products` VALUES (399, 49, 'Scheflera', 1, 34.55);
INSERT INTO `products` VALUES (400, 49, 'Scheflera', 1, 40.91);
INSERT INTO `products` VALUES (401, 49, 'Croton', 2, 13.64);
INSERT INTO `products` VALUES (402, 49, 'Anthurium', 2, 27.27);
INSERT INTO `products` VALUES (403, 49, 'Anthurium', 1, 12.73);
INSERT INTO `products` VALUES (404, 49, 'Guzmania', 1, 17.27);
INSERT INTO `products` VALUES (405, 49, 'Vriesea', 2, 10);
INSERT INTO `products` VALUES (406, 49, 'Diefenbachien', 3, 4.55);
INSERT INTO `products` VALUES (407, 49, 'Nidularium', 2, 7.73);
INSERT INTO `products` VALUES (408, 49, 'Edera', 8, 2.73);
INSERT INTO `products` VALUES (409, 49, 'Terra', 4, 9.09);
INSERT INTO `products` VALUES (410, 49, 'Lavoro', 1, 54.55);
INSERT INTO `products` VALUES (411, 49, 'Casse con edera', 3, 13.45);
INSERT INTO `products` VALUES (412, 49, 'Casse con edera', 4, 15.64);
INSERT INTO `products` VALUES (413, 34, 'Viola', 5, 0.55);
INSERT INTO `products` VALUES (414, 34, 'Kräuter', 3, 2.91);
INSERT INTO `products` VALUES (415, 34, 'Schnittlauch', 5, 0.91);
INSERT INTO `products` VALUES (416, 34, 'Petersilie', 2, 0.91);
INSERT INTO `products` VALUES (417, 34, 'Zierhasel', 1, 18.18);
INSERT INTO `products` VALUES (418, 34, 'Tuja', 1, 40.91);
INSERT INTO `products` VALUES (419, 34, 'Selaginella', 1, 7.27);
INSERT INTO `products` VALUES (420, 34, 'Ahorn', 1, 86.36);
INSERT INTO `products` VALUES (421, 34, 'Ginster', 1, 6.82);
INSERT INTO `products` VALUES (422, 34, 'Erdsubstrat und Dünger', 1, 16.36);
INSERT INTO `products` VALUES (423, 34, 'Mohn', 6, 1.73);
INSERT INTO `products` VALUES (424, 34, 'Efeu', 1, 9.38);
INSERT INTO `products` VALUES (425, 34, 'Margerithe', 2, 10.65);
INSERT INTO `products` VALUES (426, 34, 'Enzian', 5, 2.95);
INSERT INTO `products` VALUES (427, 34, 'Rittersporn', 4, 8.91);
INSERT INTO `products` VALUES (428, 34, 'Hollandefeu', 1, 14.73);
INSERT INTO `products` VALUES (429, 34, 'Arbeit', 1, 68.18);
INSERT INTO `products` VALUES (430, 50, 'Ficus', 1, 25.45);
INSERT INTO `products` VALUES (431, 50, 'Spatyphyllum', 1, 8.18);
INSERT INTO `products` VALUES (432, 50, 'Peperomie', 1, 5.45);
INSERT INTO `products` VALUES (433, 50, 'Asplenium', 1, 10.91);
INSERT INTO `products` VALUES (434, 50, 'Ficus Lirata', 1, 8.18);
INSERT INTO `products` VALUES (435, 53, 'Saintpaulien', 11, 3.18);
INSERT INTO `products` VALUES (436, 49, 'Gerani', 12, 1.18);
INSERT INTO `products` VALUES (437, 54, 'Bepflanzte Geranienkisten', 13, 5.5);
INSERT INTO `products` VALUES (438, 54, 'Bepflanzte Geranienkisten', 21, 5.18);
INSERT INTO `products` VALUES (439, 54, 'Bepflanzte Geranienkisten', 4, 3.86);
INSERT INTO `products` VALUES (440, 54, 'Gemischte Pflanzen', 11, 1.35);
INSERT INTO `products` VALUES (441, 54, 'Tagetes', 4, 0.55);
INSERT INTO `products` VALUES (442, 54, 'Surfinien', 1, 16.36);
INSERT INTO `products` VALUES (443, 55, 'Rosen', 20, 8.18);
INSERT INTO `products` VALUES (444, 55, 'Surfinien', 80, 2.73);
INSERT INTO `products` VALUES (445, 55, 'Sträucher gemischt', 10, 6.36);
INSERT INTO `products` VALUES (446, 56, 'Bepflanzte Geranienkisten', 30, 5.55);
INSERT INTO `products` VALUES (447, 56, 'Bepflanzte Geranienkisten', 10, 5.18);
INSERT INTO `products` VALUES (448, 56, 'Bepflanzte Geranienkisten', 14, 3.68);
INSERT INTO `products` VALUES (449, 56, 'Geranien', 21, 1.18);
INSERT INTO `products` VALUES (450, 56, 'Flaschenputzer', 1, 15.91);
INSERT INTO `products` VALUES (451, 56, 'Schalen mit Geranien', 5, 5.82);
INSERT INTO `products` VALUES (452, 56, 'Zinnien', 6, 0.36);
INSERT INTO `products` VALUES (453, 56, 'Erdsubstrat', 1, 3.59);
INSERT INTO `products` VALUES (454, 57, 'Euvonimus', 24, 1.82);
INSERT INTO `products` VALUES (455, 57, 'Fuchsien', 3, 3.18);
INSERT INTO `products` VALUES (456, 57, 'Maritima', 15, 0.59);
INSERT INTO `products` VALUES (457, 57, 'Begonien', 77, 0.41);
INSERT INTO `products` VALUES (458, 57, 'Meranerrose', 1, 11.36);
INSERT INTO `products` VALUES (459, 57, 'Ginster', 1, 5.45);
INSERT INTO `products` VALUES (460, 57, 'Coffea', 1, 1.64);
INSERT INTO `products` VALUES (461, 58, 'Tulpen', 2, 2.64);
INSERT INTO `products` VALUES (462, 58, 'Diffenbachien', 2, 11.36);
INSERT INTO `products` VALUES (463, 58, 'Scindapsus', 3, 10.45);
INSERT INTO `products` VALUES (464, 58, 'Dracaene mit Korb', 1, 36.23);
INSERT INTO `products` VALUES (465, 58, 'Aralie mit Korb', 1, 18.05);
INSERT INTO `products` VALUES (466, 58, 'Kalanchoe', 1, 3.45);
INSERT INTO `products` VALUES (467, 58, 'Farn mit Makramee', 1, 13.82);
INSERT INTO `products` VALUES (468, 58, 'Grünlilie mit Korb', 1, 9.18);
INSERT INTO `products` VALUES (469, 58, 'Cissus mit Korb', 1, 9.18);
INSERT INTO `products` VALUES (470, 58, 'Primel', 4, 0.91);
INSERT INTO `products` VALUES (471, 58, 'Gerbera', 1, 8.64);
INSERT INTO `products` VALUES (472, 58, 'Rosen', 3, 7.09);
INSERT INTO `products` VALUES (473, 58, 'Margerithe', 1, 6.27);
INSERT INTO `products` VALUES (474, 58, 'Geranien', 13, 1.18);
INSERT INTO `products` VALUES (475, 58, 'Begonie', 1, 6.82);
INSERT INTO `products` VALUES (476, 58, 'Anthurium', 1, 16.82);
INSERT INTO `products` VALUES (477, 58, 'St. Paulie', 7, 3.18);
INSERT INTO `products` VALUES (478, 58, 'Erdsubstrat', 1, 7.73);
INSERT INTO `products` VALUES (479, 58, 'Erdsubstrat', 3, 3.59);
INSERT INTO `products` VALUES (480, 59, 'Viola gemischt mit Substrat, Dünger und Arbeit', 1, 52.73);
INSERT INTO `products` VALUES (481, 59, 'Geranien', 24, 1.18);
INSERT INTO `products` VALUES (482, 59, 'Erdsubstrat', 1, 8.64);
INSERT INTO `products` VALUES (483, 59, 'Kisten Impatiens', 4, 2.64);
INSERT INTO `products` VALUES (484, 59, 'Ahorn', 1, 54.55);
INSERT INTO `products` VALUES (485, 59, 'Tomaten', 2, 0.55);
INSERT INTO `products` VALUES (486, 59, 'Basilikum', 1, 0.91);
INSERT INTO `products` VALUES (487, 59, 'Fuchsie', 1, 8.18);
INSERT INTO `products` VALUES (488, 59, 'Sommerflor', 11, 1.5);
INSERT INTO `products` VALUES (489, 60, 'Gerani', 180, 1.18);
INSERT INTO `products` VALUES (490, 60, 'Piante estive', 15, 0.55);
INSERT INTO `products` VALUES (491, 60, 'Patzer terra', 1, 9.05);
INSERT INTO `products` VALUES (492, 63, 'Pinus Mugo', 2, 22.73);
INSERT INTO `products` VALUES (493, 63, 'Juniperus', 4, 10);
INSERT INTO `products` VALUES (494, 63, 'Geranien', 24, 1.18);
INSERT INTO `products` VALUES (495, 63, 'Geranien', 24, 1.36);
INSERT INTO `products` VALUES (496, 63, 'Grünpflanze', 1, 35);
INSERT INTO `products` VALUES (497, 64, 'Dracene', 1, 19.09);
INSERT INTO `products` VALUES (498, 65, 'Aralie in Übertopf', 1, 90.91);
INSERT INTO `products` VALUES (499, 65, 'Beacarnea', 1, 40.91);
INSERT INTO `products` VALUES (500, 66, 'Aralie in Übertopf', 1, 62.73);
INSERT INTO `products` VALUES (501, 66, 'Farn', 1, 8.18);
INSERT INTO `products` VALUES (502, 66, 'Zamiocullas', 1, 42.73);
INSERT INTO `products` VALUES (503, 67, 'Schale mit gemischten Pflanzen', 1, 22.73);
INSERT INTO `products` VALUES (504, 68, 'Gestaltung des Schauraumes mit gemischten Pflanzen', 1, 681.82);
INSERT INTO `products` VALUES (505, 69, 'Geranien', 85, 0.65);
INSERT INTO `products` VALUES (506, 69, 'Geranien', 2, 6.5);
INSERT INTO `products` VALUES (507, 69, 'Begonien', 60, 0.35);
INSERT INTO `products` VALUES (508, 69, 'Laurus', 4, 3.5);
INSERT INTO `products` VALUES (509, 69, 'Neuguniea', 6, 0.65);
INSERT INTO `products` VALUES (510, 69, 'Kletterrosen', 3, 7.5);
INSERT INTO `products` VALUES (511, 69, 'Juniperus', 1, 4.5);
INSERT INTO `products` VALUES (512, 69, 'Juniperus', 7, 3.8);
INSERT INTO `products` VALUES (513, 69, 'Impatiens', 4, 0.5);
INSERT INTO `products` VALUES (514, 69, 'Tormenia', 2, 0.8);
INSERT INTO `products` VALUES (515, 70, 'Dracene in Übertopf', 1, 36.82);
INSERT INTO `products` VALUES (516, 71, 'Calluna', 10, 3.18);
INSERT INTO `products` VALUES (517, 71, 'Erika Gracilis', 3, 3.86);
INSERT INTO `products` VALUES (518, 71, 'Cyclame', 1, 3.18);
INSERT INTO `products` VALUES (519, 71, 'Grün zum Decken', 1, 7.27);
INSERT INTO `products` VALUES (520, 71, 'Erdsubstrat', 1, 8.64);
INSERT INTO `products` VALUES (521, 71, 'Arbeit', 1, 13.64);
INSERT INTO `products` VALUES (522, 72, 'Peperomie', 1, 6.82);
INSERT INTO `products` VALUES (523, 72, 'Dracene', 1, 5.91);
INSERT INTO `products` VALUES (524, 72, 'Syngonium', 1, 6.82);
INSERT INTO `products` VALUES (525, 72, 'Cissus', 1, 6.82);
INSERT INTO `products` VALUES (526, 72, 'Cyclame', 1, 5.45);
INSERT INTO `products` VALUES (527, 73, 'Erika', 150, 3);
INSERT INTO `products` VALUES (528, 74, 'Scindapsus', 1, 7.09);
INSERT INTO `products` VALUES (529, 74, 'Palme', 1, 20.91);
INSERT INTO `products` VALUES (530, 74, 'Guzmanie', 1, 20);
INSERT INTO `products` VALUES (531, 74, 'Kalanchoe', 1, 3.45);
INSERT INTO `products` VALUES (532, 74, 'Erdsubstrat', 1, 9.09);
INSERT INTO `products` VALUES (533, 74, 'Farn', 1, 8.91);
INSERT INTO `products` VALUES (534, 74, 'Anthurium', 2, 26.82);
INSERT INTO `products` VALUES (535, 74, 'Farn', 2, 13.18);
INSERT INTO `products` VALUES (536, 74, 'Diefenbachie', 1, 5.45);
INSERT INTO `products` VALUES (537, 74, 'Scindapsus', 1, 57.27);
INSERT INTO `products` VALUES (538, 74, 'Dracene', 1, 7.27);
INSERT INTO `products` VALUES (539, 74, 'Arbeit', 1, 22.73);
INSERT INTO `products` VALUES (540, 75, 'Tagetes', 36, 0.73);
INSERT INTO `products` VALUES (541, 75, 'Petunien', 50, 0.73);
INSERT INTO `products` VALUES (542, 75, 'Juniperus', 5, 10);
INSERT INTO `products` VALUES (543, 75, 'Ahorn', 1, 8.64);
INSERT INTO `products` VALUES (544, 75, 'Geranien', 38, 2.27);
INSERT INTO `products` VALUES (545, 75, 'Juniperus', 8, 8.18);
INSERT INTO `products` VALUES (546, 75, 'Begonien', 9, 0.64);
INSERT INTO `products` VALUES (547, 75, 'Rindenmulch', 1, 12.73);
INSERT INTO `products` VALUES (548, 75, 'Erdsubstrat', 4, 9.09);
INSERT INTO `products` VALUES (549, 76, 'Soldatengräber', 0, 0);
INSERT INTO `products` VALUES (550, 76, 'Frühjahrsbepflanzung', 2, 30);
INSERT INTO `products` VALUES (551, 76, 'Sommerflor', 2, 33);
INSERT INTO `products` VALUES (552, 76, 'Allerheiligen', 2, 19);
INSERT INTO `products` VALUES (553, 76, 'Bouquett', 2, 26);
INSERT INTO `products` VALUES (554, 76, 'Priestergrab', 0, 0);
INSERT INTO `products` VALUES (555, 76, 'Frühjahrsbepflanzung', 1, 45);
INSERT INTO `products` VALUES (556, 76, 'Sommerflor', 1, 71);
INSERT INTO `products` VALUES (557, 76, 'Chrysanthemen', 6, 9);
INSERT INTO `products` VALUES (558, 76, 'Bouquett', 1, 62);
INSERT INTO `products` VALUES (559, 76, 'Leichenkapelle', 0, 0);
INSERT INTO `products` VALUES (560, 76, 'Erika', 8, 3.7);
INSERT INTO `products` VALUES (561, 76, 'Efeu', 8, 3.5);
INSERT INTO `products` VALUES (562, 76, 'Kisten vor Einsegnungspodium', 0, 0);
INSERT INTO `products` VALUES (563, 76, 'Erika', 4, 3.7);
INSERT INTO `products` VALUES (564, 76, 'Juniperus', 2, 9);
INSERT INTO `products` VALUES (565, 76, 'Bux', 1, 9);
INSERT INTO `products` VALUES (566, 76, 'Substrat', 1, 9);
INSERT INTO `products` VALUES (567, 75, 'Arbeitsstunden, schneiden, ausputzen, düngen', 15, 22.73);
INSERT INTO `products` VALUES (568, 77, 'Schale mit gemischten Pflanzen', 1, 10.91);
INSERT INTO `products` VALUES (569, 77, 'Schale mit Primeln', 1, 9.09);
INSERT INTO `products` VALUES (570, 77, 'Schale mit gemischten Pflanzen', 1, 9.09);
INSERT INTO `products` VALUES (571, 77, 'Myosotis', 20, 0.55);
INSERT INTO `products` VALUES (572, 77, 'Kalanchoe', 1, 3.45);
INSERT INTO `products` VALUES (573, 77, 'Saintpaulie', 1, 3.18);
INSERT INTO `products` VALUES (574, 77, 'Bartnelken', 3, 1.36);
INSERT INTO `products` VALUES (575, 77, 'Gypsophylla', 5, 1.36);
INSERT INTO `products` VALUES (576, 77, 'Majoran', 10, 0.45);
INSERT INTO `products` VALUES (577, 77, 'Schnittlauch', 30, 0.91);
INSERT INTO `products` VALUES (578, 77, 'Basilikum', 30, 0.91);
INSERT INTO `products` VALUES (579, 77, 'Petersill', 30, 0.64);
INSERT INTO `products` VALUES (580, 77, 'Schale mit gemischten Pflanzen', 1, 12.27);
INSERT INTO `products` VALUES (581, 77, 'Schale mit gemischten Pflanzen', 1, 6.82);
INSERT INTO `products` VALUES (582, 77, 'Peperomien', 2, 3.64);
INSERT INTO `products` VALUES (583, 77, 'Gräber geputzt und gedüngt', 1, 40.91);
INSERT INTO `products` VALUES (584, 77, 'Schale mit gemischten Pflanzen', 1, 15.45);
INSERT INTO `products` VALUES (585, 77, 'Grabbepflanzung Frühjahr, Sommer, Herbst', 10, 72.63);
INSERT INTO `products` VALUES (586, 78, 'Pflanzen für Bar aufgefrischt', 2, 27.27);
INSERT INTO `products` VALUES (587, 78, 'Juniperus', 1, 16.36);
INSERT INTO `products` VALUES (588, 78, 'Verbenen', 2, 1.36);
INSERT INTO `products` VALUES (589, 78, 'Lonicera', 1, 6.82);
INSERT INTO `products` VALUES (590, 78, 'Poinsettie', 1, 5.45);
INSERT INTO `products` VALUES (591, 78, 'Poinsettie', 1, 1.82);
INSERT INTO `products` VALUES (592, 79, 'Impatiens', 15, 0.91);
INSERT INTO `products` VALUES (593, 79, 'Fuchsie', 1, 3.18);
INSERT INTO `products` VALUES (594, 79, 'Grünpflanze', 1, 8.18);
INSERT INTO `products` VALUES (595, 79, 'Orchideen', 2, 21.36);
INSERT INTO `products` VALUES (596, 79, 'Schale mit gemischten Pflanzen', 1, 16.36);
INSERT INTO `products` VALUES (597, 79, 'Poinsettie', 1, 11.82);
INSERT INTO `products` VALUES (598, 79, 'Grünpflanze', 1, 9.09);
INSERT INTO `products` VALUES (599, 80, 'Surfinien', 25, 1.5);
INSERT INTO `products` VALUES (600, 80, 'Karfiol', 32, 0.14);
INSERT INTO `products` VALUES (601, 80, 'Broccoli', 50, 0.14);
INSERT INTO `products` VALUES (602, 80, 'Tomaten', 3, 1.64);
INSERT INTO `products` VALUES (603, 80, 'Geranien', 5, 1.18);
INSERT INTO `products` VALUES (604, 80, 'Weihrauch', 2, 0.91);
INSERT INTO `products` VALUES (605, 80, 'Verbenen', 19, 1.36);
INSERT INTO `products` VALUES (606, 80, 'Kalanchoe', 2, 3.45);
INSERT INTO `products` VALUES (607, 80, 'Anthurium', 1, 26.82);
INSERT INTO `products` VALUES (608, 80, 'Schnittlauch', 9, 0.91);
INSERT INTO `products` VALUES (609, 80, 'Begonien', 3, 0.55);
INSERT INTO `products` VALUES (610, 80, 'Schale mit gemischten Pflanzen', 1, 30.91);
INSERT INTO `products` VALUES (611, 80, 'Saintpaulie', 1, 3.45);
INSERT INTO `products` VALUES (612, 81, 'Impatiens', 25, 0.91);
INSERT INTO `products` VALUES (613, 81, 'Tagetes', 4, 0.55);
INSERT INTO `products` VALUES (614, 81, 'Beaucarnea', 1, 50);
INSERT INTO `products` VALUES (615, 81, 'Grünpflanze', 1, 77.55);
INSERT INTO `products` VALUES (616, 82, 'Calluna', 18, 3.18);
INSERT INTO `products` VALUES (617, 82, 'Lavoro', 1, 13.64);
INSERT INTO `products` VALUES (618, 82, 'Pianta verde', 1, 113.82);
INSERT INTO `products` VALUES (619, 83, 'Grünpflanze', 1, 26.36);
INSERT INTO `products` VALUES (620, 83, 'Grünpflanze', 1, 40.45);
INSERT INTO `products` VALUES (621, 83, 'Adventskranz', 1, 22.73);
INSERT INTO `products` VALUES (622, 84, 'Orchidee', 1, 22.27);
INSERT INTO `products` VALUES (623, 85, 'Dekoration mit gemischten Pflanzen', 1, 604);
INSERT INTO `products` VALUES (624, 86, 'Stelle', 18, 2.27);
INSERT INTO `products` VALUES (625, 86, 'Ciottola mista', 1, 15);
INSERT INTO `products` VALUES (626, 87, 'Weihnachtssterne', 6, 11.82);
INSERT INTO `products` VALUES (627, 87, 'Weihnachtsserne', 30, 2.27);
INSERT INTO `products` VALUES (628, 88, 'Zimmerpflanze', 1, 57.27);
INSERT INTO `products` VALUES (629, 89, 'Stelle di natale', 4, 5.45);
INSERT INTO `products` VALUES (630, 90, 'Spathyphyllum', 4, 9);
INSERT INTO `products` VALUES (631, 90, 'Anthurium', 3, 29);
INSERT INTO `products` VALUES (632, 90, 'Dracene', 1, 220.6);
INSERT INTO `products` VALUES (633, 90, 'Beaucarnea', 1, 360);
INSERT INTO `products` VALUES (634, 90, 'Cissus', 10, 8);
INSERT INTO `products` VALUES (635, 90, 'Efeu', 15, 3);
INSERT INTO `products` VALUES (636, 90, 'Asplenium', 2, 7.8);
INSERT INTO `products` VALUES (637, 90, 'Begonien Rex', 2, 8.7);
INSERT INTO `products` VALUES (638, 90, 'Dracene', 1, 68);
INSERT INTO `products` VALUES (639, 90, 'Calathea', 1, 32);
INSERT INTO `products` VALUES (640, 90, 'Farne', 7, 8.7);
INSERT INTO `products` VALUES (641, 90, 'Anthurium', 2, 21);
INSERT INTO `products` VALUES (642, 90, 'Wasserstandmesser, Steine, Nylon und Flies', 1, 70);
INSERT INTO `products` VALUES (643, 90, 'S. Erde', 25, 9.5);
INSERT INTO `products` VALUES (644, 90, 'S. Lecca', 12, 6.5);
INSERT INTO `products` VALUES (645, 90, 'Arbeitsstunden', 6, 25);
INSERT INTO `products` VALUES (646, 92, 'Tricosporum in Tontopf', 1, 16.82);
INSERT INTO `products` VALUES (647, 92, 'Peperomie in Übertopf', 1, 8.82);
INSERT INTO `products` VALUES (648, 92, 'Mikado in Übertopf', 1, 11.64);
INSERT INTO `products` VALUES (649, 92, 'Tillansie in Übertopf', 1, 11.36);
INSERT INTO `products` VALUES (650, 92, 'Papyrus in Übertopf', 1, 11);
INSERT INTO `products` VALUES (651, 92, 'Spathyphyllum in Übertopf', 1, 15);
INSERT INTO `products` VALUES (652, 92, 'Orchidee in Übertopf', 1, 31);
INSERT INTO `products` VALUES (653, 92, 'Arbeitsstunden', 1, 22.73);
INSERT INTO `products` VALUES (654, 92, 'Dünger', 1, 7.73);
INSERT INTO `products` VALUES (655, 94, 'Hortensie', 1, 18.18);
INSERT INTO `products` VALUES (656, 94, 'Kalanchoe', 10, 3.45);
INSERT INTO `products` VALUES (657, 94, 'Basilikum', 5, 0.73);
INSERT INTO `products` VALUES (658, 94, 'Geranien', 8, 1.18);
INSERT INTO `products` VALUES (659, 96, 'Ficus', 1, 34.55);
INSERT INTO `products` VALUES (660, 96, 'Kalanchoe', 1, 7.14);
INSERT INTO `products` VALUES (661, 96, 'Dracaena', 1, 31.82);
INSERT INTO `products` VALUES (662, 96, 'Anthurium', 1, 15);
INSERT INTO `products` VALUES (663, 97, 'Korb mit Narzissen', 6, 5.45);
INSERT INTO `products` VALUES (664, 97, 'Korb mit gem. Pflanzen', 1, 16.36);
INSERT INTO `products` VALUES (665, 97, 'Beaucarnea', 1, 43.64);
INSERT INTO `products` VALUES (666, 97, 'Succulenten', 4, 6.36);
INSERT INTO `products` VALUES (667, 97, 'Bux', 1, 59.09);
INSERT INTO `products` VALUES (668, 97, 'Beaucarnea', 1, 31.82);
INSERT INTO `products` VALUES (669, 98, 'Hortensie', 1, 13.64);
INSERT INTO `products` VALUES (670, 98, 'Erdsubstrat', 3, 13.64);
INSERT INTO `products` VALUES (671, 98, 'Arbeit', 3, 22.73);
INSERT INTO `products` VALUES (672, 98, 'Samen und Dünger', 1, 13.64);
INSERT INTO `products` VALUES (673, 98, 'Margerite', 2, 9.09);
INSERT INTO `products` VALUES (674, 98, 'Gerbera', 1, 5.45);
INSERT INTO `products` VALUES (675, 98, 'Laurus Bäumchen', 1, 45.45);
INSERT INTO `products` VALUES (676, 98, 'Tagetes', 21, 0.55);
INSERT INTO `products` VALUES (677, 98, 'Tagetes im Topf', 1, 1.55);
INSERT INTO `products` VALUES (678, 99, 'Geranien', 178, 1.09);
INSERT INTO `products` VALUES (679, 99, 'Alyssum', 60, 0.55);
INSERT INTO `products` VALUES (680, 99, 'Verbenen', 30, 1.55);
INSERT INTO `products` VALUES (681, 99, 'Gräser', 4, 3.64);
INSERT INTO `products` VALUES (682, 99, 'Erdsubstrat', 7, 9.09);
INSERT INTO `products` VALUES (683, 100, 'Orchidee', 1, 24.55);
INSERT INTO `products` VALUES (684, 100, 'Stella', 1, 6.36);
INSERT INTO `products` VALUES (685, 100, 'Ficus', 1, 36.36);
INSERT INTO `products` VALUES (686, 100, 'Pelargonie', 1, 6.18);
INSERT INTO `products` VALUES (687, 100, 'Geranie', 1, 1.18);
INSERT INTO `products` VALUES (688, 100, 'Torenia', 1, 2.27);
INSERT INTO `products` VALUES (689, 100, 'Surfinien', 10, 1.55);
INSERT INTO `products` VALUES (690, 100, 'Pfingstrose', 1, 7.09);
INSERT INTO `products` VALUES (691, 100, 'Efeu', 1, 16.82);
INSERT INTO `products` VALUES (692, 100, 'Bambus', 1, 34.09);
INSERT INTO `products` VALUES (693, 100, 'Impatiens', 15, 0.91);
INSERT INTO `products` VALUES (694, 100, 'Erde und Dünger', 1, 13.64);
INSERT INTO `products` VALUES (695, 100, 'Arbeit', 1, 27.27);
INSERT INTO `products` VALUES (696, 100, 'Topf', 1, 5);
INSERT INTO `products` VALUES (697, 100, 'Erde', 1, 2.55);
INSERT INTO `products` VALUES (698, 100, 'Hortensie', 1, 18.18);
INSERT INTO `products` VALUES (699, 101, 'Primeln', 10, 0.91);
INSERT INTO `products` VALUES (700, 101, 'Bellis', 6, 0.55);
INSERT INTO `products` VALUES (701, 101, 'Dekoration mit gemischten Pflanzen', 1, 109.09);
INSERT INTO `products` VALUES (702, 102, 'Verbenen', 90, 1.36);
INSERT INTO `products` VALUES (703, 102, 'Begonien', 45, 0.55);
INSERT INTO `products` VALUES (704, 102, 'Alternantera', 20, 0.73);
INSERT INTO `products` VALUES (705, 102, 'Palme', 1, 5.45);
INSERT INTO `products` VALUES (706, 102, 'Kohl', 50, 0.15);
INSERT INTO `products` VALUES (707, 102, 'Zimmertanne', 1, 17.27);
INSERT INTO `products` VALUES (708, 102, 'Atropha mit Übertpf', 1, 38.18);
INSERT INTO `products` VALUES (709, 102, 'Margerite', 1, 9.09);
INSERT INTO `products` VALUES (710, 102, 'Margeriten', 4, 2.27);
INSERT INTO `products` VALUES (711, 102, 'Erdsubstrat', 3, 9.09);
INSERT INTO `products` VALUES (712, 102, 'Geranien', 90, 1.18);
INSERT INTO `products` VALUES (713, 102, 'Saint Paulie', 1, 3.18);
INSERT INTO `products` VALUES (714, 102, 'Gerbera', 2, 6.18);
INSERT INTO `products` VALUES (715, 102, 'Vasen', 2, 5.41);
INSERT INTO `products` VALUES (716, 102, 'Ceropiega', 1, 4.55);
INSERT INTO `products` VALUES (717, 113, 'Chamadorea', 2, 5);
INSERT INTO `products` VALUES (718, 113, 'Peperomie', 1, 6.82);
INSERT INTO `products` VALUES (719, 113, 'Erdsubstrat', 1, 9.09);
INSERT INTO `products` VALUES (720, 113, 'Gift und Dünger', 1, 10.91);
INSERT INTO `products` VALUES (721, 113, 'Arbeit', 1, 22.73);
INSERT INTO `products` VALUES (722, 103, 'Grünpflanze', 1, 15.45);
INSERT INTO `products` VALUES (723, 103, 'Efeu', 2, 2.73);
INSERT INTO `products` VALUES (724, 103, 'Grünpflanze', 1, 8);
INSERT INTO `products` VALUES (725, 103, 'Saint Paulie', 1, 3.18);
INSERT INTO `products` VALUES (726, 103, 'Grünpflanze', 1, 13.45);
INSERT INTO `products` VALUES (727, 103, 'Kalanchoe', 1, 3.64);
INSERT INTO `products` VALUES (728, 103, 'Grünpflanze', 1, 7.36);
INSERT INTO `products` VALUES (729, 103, 'Viole', 10, 0.55);
INSERT INTO `products` VALUES (730, 103, 'Erde', 1, 2.55);
INSERT INTO `products` VALUES (731, 103, 'Melisse', 1, 1.64);
INSERT INTO `products` VALUES (732, 103, 'Minze', 1, 1.64);
INSERT INTO `products` VALUES (733, 103, 'Salbei', 1, 2.73);
INSERT INTO `products` VALUES (734, 103, 'Lorbeer', 1, 4.36);
INSERT INTO `products` VALUES (735, 103, 'Begonie im Übertopf', 1, 15.09);
INSERT INTO `products` VALUES (736, 104, 'Ilex Stamm', 1, 77.27);
INSERT INTO `products` VALUES (737, 104, 'Brachicoma', 3, 2.27);
INSERT INTO `products` VALUES (738, 104, 'Basilikum', 2, 0.73);
INSERT INTO `products` VALUES (739, 104, 'Arbeit', 1, 9.09);
INSERT INTO `products` VALUES (740, 104, 'Viola', 33, 0.55);
INSERT INTO `products` VALUES (741, 104, 'Erdsubstrat', 1, 8.18);
INSERT INTO `products` VALUES (742, 104, 'Kisten mit gemischten Pflanzen', 3, 6.36);
INSERT INTO `products` VALUES (743, 104, 'Kiste mit gemischten Pflanzen', 1, 13.64);
INSERT INTO `products` VALUES (744, 104, 'Dünger', 1, 5.45);
INSERT INTO `products` VALUES (745, 105, 'Rosen Stamm', 2, 18.18);
INSERT INTO `products` VALUES (746, 105, 'Mangold', 255, 0.15);
INSERT INTO `products` VALUES (747, 105, 'Geranien', 24, 1.18);
INSERT INTO `products` VALUES (748, 105, 'Scindapsus', 1, 4.09);
INSERT INTO `products` VALUES (749, 105, 'Frühkohl', 120, 0.15);
INSERT INTO `products` VALUES (750, 105, 'Palme', 1, 2.73);
INSERT INTO `products` VALUES (751, 105, 'Schale mit gemischten Pflanzen', 1, 11.64);
INSERT INTO `products` VALUES (752, 105, 'Impatiens', 5, 0.91);
INSERT INTO `products` VALUES (753, 105, 'Tagetes', 10, 0.55);
INSERT INTO `products` VALUES (754, 105, 'Salat', 200, 0.13);
INSERT INTO `products` VALUES (755, 105, 'Majoran', 3, 2.73);
INSERT INTO `products` VALUES (756, 105, 'Poree', 70, 0.09);
INSERT INTO `products` VALUES (757, 105, 'Sellerie', 70, 0.18);
INSERT INTO `products` VALUES (758, 105, 'Basilikum', 15, 0.73);
INSERT INTO `products` VALUES (759, 105, 'Majoran', 1, 1.82);
INSERT INTO `products` VALUES (760, 105, 'Surfinien', 12, 1.55);
INSERT INTO `products` VALUES (761, 105, 'Spätkohl', 300, 0.15);
INSERT INTO `products` VALUES (762, 105, 'Blaukraut', 50, 0.15);
INSERT INTO `products` VALUES (763, 105, 'Broccoli', 50, 0.15);
INSERT INTO `products` VALUES (764, 105, 'Karfiol', 20, 0.15);
INSERT INTO `products` VALUES (765, 105, 'Astern', 10, 0.36);
INSERT INTO `products` VALUES (766, 105, 'Zinnien', 20, 0.36);
INSERT INTO `products` VALUES (767, 105, 'Strohblumen', 5, 0.36);
INSERT INTO `products` VALUES (768, 105, 'Rose', 1, 16.36);
INSERT INTO `products` VALUES (769, 105, 'Gazanien', 12, 0.91);
INSERT INTO `products` VALUES (770, 105, 'Tomaten', 2, 0.55);
INSERT INTO `products` VALUES (771, 105, 'Kohlrabi', 30, 0.15);
INSERT INTO `products` VALUES (772, 105, 'Majoran', 5, 0.55);
INSERT INTO `products` VALUES (773, 105, 'Farn', 1, 4.09);
INSERT INTO `products` VALUES (774, 105, 'Duftgeranie', 1, 3.18);
INSERT INTO `products` VALUES (775, 105, 'Verbenen', 3, 1.36);
INSERT INTO `products` VALUES (776, 105, 'Peperomie', 1, 5.45);
INSERT INTO `products` VALUES (777, 106, 'Geranien', 157, 1.18);
INSERT INTO `products` VALUES (778, 106, 'Weihrauch', 3, 0.91);
INSERT INTO `products` VALUES (779, 106, 'Asparagus', 2, 2.73);
INSERT INTO `products` VALUES (780, 106, 'Spathyphyllum', 1, 4.09);
INSERT INTO `products` VALUES (781, 106, 'Diefenbachie', 1, 5);
INSERT INTO `products` VALUES (782, 106, 'Karfiol', 15, 0.15);
INSERT INTO `products` VALUES (783, 106, 'Broccoli', 15, 0.15);
INSERT INTO `products` VALUES (784, 106, 'Zucchini', 15, 0.55);
INSERT INTO `products` VALUES (785, 106, 'Zinnien', 30, 0.36);
INSERT INTO `products` VALUES (786, 106, 'Allyssum', 30, 0.55);
INSERT INTO `products` VALUES (787, 106, 'Erdsubstrat', 2, 8.18);
INSERT INTO `products` VALUES (788, 106, 'Tomaten', 20, 0.55);
INSERT INTO `products` VALUES (789, 106, 'Rosen', 16, 6.82);
INSERT INTO `products` VALUES (790, 106, 'Surfinien', 14, 1.55);
INSERT INTO `products` VALUES (791, 106, 'Bidens', 6, 1.55);
INSERT INTO `products` VALUES (792, 106, 'Tagetes', 3, 0.55);
INSERT INTO `products` VALUES (793, 107, 'Grüpflanze', 1, 10.45);
INSERT INTO `products` VALUES (794, 107, 'Primeln', 6, 0.91);
INSERT INTO `products` VALUES (795, 107, 'Viola', 25, 0.55);
INSERT INTO `products` VALUES (796, 107, 'Jasmin', 2, 6.82);
INSERT INTO `products` VALUES (797, 107, 'Narzissen', 2, 2.27);
INSERT INTO `products` VALUES (798, 107, 'Surfinien', 4, 1.55);
INSERT INTO `products` VALUES (799, 107, 'Bacoppa', 3, 6.82);
INSERT INTO `products` VALUES (800, 107, 'Tillandsie', 1, 16.36);
INSERT INTO `products` VALUES (801, 107, 'Geranien', 10, 1.18);
INSERT INTO `products` VALUES (802, 107, 'Buntnessln', 3, 0.73);
INSERT INTO `products` VALUES (803, 107, 'Gazanien', 3, 1.55);
INSERT INTO `products` VALUES (804, 107, 'Tapien', 1, 1.55);
INSERT INTO `products` VALUES (805, 107, 'Calendula', 1, 1.82);
INSERT INTO `products` VALUES (806, 107, 'Gemüse', 1, 13.27);
INSERT INTO `products` VALUES (807, 108, 'Agloemia', 1, 14.09);
INSERT INTO `products` VALUES (808, 108, 'Spathiphyllum', 1, 16.36);
INSERT INTO `products` VALUES (809, 108, 'Calathea', 1, 8.64);
INSERT INTO `products` VALUES (810, 108, 'Pflanze', 1, 6.07);
INSERT INTO `products` VALUES (811, 108, 'Blume', 1, 10.91);
INSERT INTO `products` VALUES (812, 108, 'Viola', 20, 0.55);
INSERT INTO `products` VALUES (813, 108, 'Grünpflanze', 1, 49.09);
INSERT INTO `products` VALUES (814, 109, 'Frühjahjsflor', 45, 0.55);
INSERT INTO `products` VALUES (815, 110, 'Geranien', 126, 1.18);
INSERT INTO `products` VALUES (816, 110, 'Bacoppa', 1, 2.27);
INSERT INTO `products` VALUES (817, 110, 'Juniperus', 1, 10.45);
INSERT INTO `products` VALUES (818, 110, 'Gurken', 6, 0.55);
INSERT INTO `products` VALUES (819, 110, 'Zucchini', 6, 0.55);
INSERT INTO `products` VALUES (820, 110, 'Petersillie', 10, 0.32);
INSERT INTO `products` VALUES (821, 110, 'Basillikum', 5, 0.73);
INSERT INTO `products` VALUES (822, 110, 'Sellerie', 5, 0.18);
INSERT INTO `products` VALUES (823, 110, 'Tomaten', 15, 0.55);
INSERT INTO `products` VALUES (824, 110, 'Impatiens', 5, 0.91);
INSERT INTO `products` VALUES (825, 110, 'Dünger', 2, 7.45);
INSERT INTO `products` VALUES (826, 110, 'Geranienkisten bepflanzt', 15, 5.64);
INSERT INTO `products` VALUES (827, 110, 'Orchidee', 1, 30.91);
INSERT INTO `products` VALUES (828, 110, 'Schale mit gemischten Pflanzen', 1, 6.36);
INSERT INTO `products` VALUES (829, 110, 'Untersatz', 1, 1.09);
INSERT INTO `products` VALUES (830, 110, 'Gerbera', 1, 6.18);
INSERT INTO `products` VALUES (831, 110, 'Optusa', 1, 11.82);
INSERT INTO `products` VALUES (832, 111, 'Bepflanzte Geranienkisten', 17, 5.36);
INSERT INTO `products` VALUES (833, 111, 'Bepflanzte Geranienkisten', 17, 4);
INSERT INTO `products` VALUES (834, 111, 'Bepflanzte Geranienkisten', 4, 3.73);
INSERT INTO `products` VALUES (835, 111, 'Surfinia Ampel', 1, 5.45);
INSERT INTO `products` VALUES (836, 111, 'Geranien', 2, 1.18);
INSERT INTO `products` VALUES (837, 111, 'Weihrauch', 2, 1.18);
INSERT INTO `products` VALUES (838, 111, 'Verbenen', 3, 1.36);
INSERT INTO `products` VALUES (839, 111, 'Liguster', 30, 3.18);
INSERT INTO `products` VALUES (840, 112, 'Margerithen', 4, 1.49);
INSERT INTO `products` VALUES (841, 112, 'Sedum', 3, 1.24);
INSERT INTO `products` VALUES (842, 112, 'Cineraria Maritima', 60, 0.66);
INSERT INTO `products` VALUES (843, 112, 'Tomaten', 80, 0.5);
INSERT INTO `products` VALUES (844, 112, 'Schnittlauch', 20, 0.83);
INSERT INTO `products` VALUES (845, 112, 'Geranien', 165, 1.07);
INSERT INTO `products` VALUES (846, 112, 'Fuchsien', 2, 3.72);
INSERT INTO `products` VALUES (847, 112, 'Gurken', 17, 0.5);
INSERT INTO `products` VALUES (848, 112, 'Efeu', 6, 2.48);
INSERT INTO `products` VALUES (849, 112, 'Surfinien', 35, 0.91);
INSERT INTO `products` VALUES (850, 112, 'Impatiens', 25, 0.83);
INSERT INTO `products` VALUES (851, 105, 'Surfinien', 10, 1.55);
INSERT INTO `products` VALUES (852, 105, 'Neu Guinea', 10, 1.36);
INSERT INTO `products` VALUES (853, 105, 'Blaukraut', 20, 0.15);
INSERT INTO `products` VALUES (854, 105, 'Knollbegonien', 2, 2.27);
INSERT INTO `products` VALUES (855, 105, 'Mangold', 100, 0.15);
INSERT INTO `products` VALUES (856, 105, 'Petersillie', 20, 0.27);
INSERT INTO `products` VALUES (857, 114, 'Geranien', 7, 2.73);
INSERT INTO `products` VALUES (858, 114, 'Kistenbepflanzung', 6, 5.55);
INSERT INTO `products` VALUES (859, 114, 'Kistenbepflanzung', 1, 7.36);
INSERT INTO `products` VALUES (860, 114, 'Kistenbepflanzung', 5, 3.73);
INSERT INTO `products` VALUES (861, 115, 'Viola', 183, 0.41);
INSERT INTO `products` VALUES (862, 115, 'Narzissen', 6, 1.82);
INSERT INTO `products` VALUES (863, 115, 'Rosmarin', 1, 1.82);
INSERT INTO `products` VALUES (864, 115, 'Schnittlauch', 1, 0.64);
INSERT INTO `products` VALUES (865, 115, 'Campanula', 2, 4.91);
INSERT INTO `products` VALUES (866, 115, 'Geranien', 34, 0.91);
INSERT INTO `products` VALUES (867, 115, 'Schattenliesl', 15, 0.64);
INSERT INTO `products` VALUES (868, 115, 'Basillikum', 1, 0.55);
INSERT INTO `products` VALUES (869, 115, 'Surfinien', 4, 1);
INSERT INTO `products` VALUES (870, 115, 'Juniperus', 4, 2.82);
INSERT INTO `products` VALUES (871, 115, 'Sommerflor', 1, 5.64);
INSERT INTO `products` VALUES (872, 116, 'Kiste mit gemischten Pflanzen', 1, 104.55);
INSERT INTO `products` VALUES (873, 116, 'Anthurium', 1, 26.36);
INSERT INTO `products` VALUES (874, 116, 'Korb mit gemischten Pflanzen', 1, 14.09);
INSERT INTO `products` VALUES (875, 117, 'Anthurium', 1, 26.36);
INSERT INTO `products` VALUES (876, 117, 'Guzmania', 1, 31.82);
INSERT INTO `products` VALUES (877, 117, 'Guzmanie', 2, 19.09);
INSERT INTO `products` VALUES (878, 117, 'Anthurium', 2, 19.09);
INSERT INTO `products` VALUES (879, 117, 'Anthurium', 2, 10);
INSERT INTO `products` VALUES (880, 117, 'Dracene', 2, 7.73);
INSERT INTO `products` VALUES (881, 117, 'Ficus Lirata', 1, 31.82);
INSERT INTO `products` VALUES (882, 117, 'Schefflera', 1, 50);
INSERT INTO `products` VALUES (883, 117, 'Ficus Benjamin', 1, 65.45);
INSERT INTO `products` VALUES (884, 117, 'Ficus Benjamin', 1, 56.36);
INSERT INTO `products` VALUES (885, 117, 'Calarthea', 1, 29.09);
INSERT INTO `products` VALUES (886, 117, 'Juniperus', 1, 17.27);
INSERT INTO `products` VALUES (887, 117, 'Neu Guinea', 30, 1.36);
INSERT INTO `products` VALUES (888, 117, 'Terra', 3, 9.09);
INSERT INTO `products` VALUES (889, 117, 'Concime', 1, 7.73);
INSERT INTO `products` VALUES (890, 117, 'Callistephus', 1, 27.27);
INSERT INTO `products` VALUES (891, 117, 'Tuja', 1, 25.45);
INSERT INTO `products` VALUES (892, 117, 'Bux', 2, 14.55);
INSERT INTO `products` VALUES (893, 117, 'Spirea', 1, 6.36);
INSERT INTO `products` VALUES (894, 117, 'Viola', 29, 0.55);
INSERT INTO `products` VALUES (895, 117, 'Lantane', 4, 2.27);
INSERT INTO `products` VALUES (896, 117, 'Dahlie', 4, 1.64);
INSERT INTO `products` VALUES (897, 117, 'Margerite', 8, 2.27);
INSERT INTO `products` VALUES (898, 117, 'Asparagus', 3, 2.73);
INSERT INTO `products` VALUES (899, 117, 'Gerani', 8, 1.18);
INSERT INTO `products` VALUES (900, 117, 'Asparagus', 3, 3.18);
INSERT INTO `products` VALUES (901, 117, 'Lavoro', 2, 22.73);
INSERT INTO `products` VALUES (902, 117, 'Pianta Verde', 1, 83.73);
INSERT INTO `products` VALUES (903, 118, 'Bepflanzte Geranienkisten', 29, 5.55);
INSERT INTO `products` VALUES (904, 118, 'Bepflanzte Geranienkisten', 10, 5.18);
INSERT INTO `products` VALUES (905, 118, 'Bepflanzte Geranienkisten', 14, 3.68);
INSERT INTO `products` VALUES (906, 118, 'Schalen mit Geranien', 4, 5.82);
INSERT INTO `products` VALUES (907, 118, 'Gazanien', 10, 0.91);
INSERT INTO `products` VALUES (908, 118, 'Efeu in Übertopf', 1, 13.18);
INSERT INTO `products` VALUES (909, 118, 'Neu Guinea', 2, 1.36);
INSERT INTO `products` VALUES (910, 118, 'Viburnum', 2, 6.36);
INSERT INTO `products` VALUES (911, 118, 'Juniperus', 1, 10.45);
INSERT INTO `products` VALUES (912, 118, 'Juniperus', 1, 8.18);
INSERT INTO `products` VALUES (913, 118, 'Geranien', 26, 1.18);
INSERT INTO `products` VALUES (914, 118, 'Bacoppa', 4, 1.36);
INSERT INTO `products` VALUES (915, 118, 'Clerodendron', 1, 104.55);
INSERT INTO `products` VALUES (916, 118, 'Viola', 100, 0.55);
INSERT INTO `products` VALUES (917, 118, 'Begonien', 110, 0.55);
INSERT INTO `products` VALUES (918, 118, 'Baumstützen', 2, 2.73);
INSERT INTO `products` VALUES (919, 118, 'Erdsubstrat', 3, 9.09);
INSERT INTO `products` VALUES (920, 118, 'Dünger', 2, 7.73);
INSERT INTO `products` VALUES (921, 118, 'Arbeitsstunden', 7, 22.73);
INSERT INTO `products` VALUES (922, 119, 'Cypressen', 4, 40.91);
INSERT INTO `products` VALUES (923, 119, 'Geranien', 5, 1.18);
INSERT INTO `products` VALUES (924, 119, 'Papyros', 1, 27.27);
INSERT INTO `products` VALUES (925, 119, 'Erdsubstrat', 1, 18.18);
INSERT INTO `products` VALUES (926, 119, 'Arbeit', 3, 22.73);
INSERT INTO `products` VALUES (927, 119, 'Holzpfähle', 8, 3.64);
INSERT INTO `products` VALUES (928, 120, 'Grabbepflanzung mit gem. Coniferen und Bouquett', 1, 127.27);
INSERT INTO `products` VALUES (929, 121, 'Scindapsus', 1, 39);
INSERT INTO `products` VALUES (930, 121, 'Stephanotis mit Übertopf', 1, 36);
INSERT INTO `products` VALUES (931, 121, 'Farn', 1, 20);
INSERT INTO `products` VALUES (932, 121, 'Tradiscanzie', 1, 18.5);
INSERT INTO `products` VALUES (933, 121, 'Hibiskus mit Übertopf', 1, 16.3);
INSERT INTO `products` VALUES (934, 121, 'Tricosporum mit Übertopf', 1, 18);
INSERT INTO `products` VALUES (935, 122, 'Solanum- Stamm', 2, 39.55);
INSERT INTO `products` VALUES (936, 125, 'Bonsai', 1, 86.36);
INSERT INTO `products` VALUES (937, 124, 'Anthurium in Übertopf', 1, 28.91);
INSERT INTO `products` VALUES (938, 124, 'Cactus in Schale', 1, 12.73);
INSERT INTO `products` VALUES (939, 124, 'Ficus mit Untersetzer', 1, 48.18);
INSERT INTO `products` VALUES (940, 126, 'Sukulenten', 3, 8.18);
INSERT INTO `products` VALUES (941, 126, 'Anthurium mit Übertopf', 1, 19.73);
INSERT INTO `products` VALUES (942, 127, 'Beaucarnea mit Übertopf', 1, 109.09);
INSERT INTO `products` VALUES (943, 128, 'Orchidee', 1, 24.55);
INSERT INTO `products` VALUES (944, 129, 'Calathea', 1, 29.09);
INSERT INTO `products` VALUES (945, 129, 'Palmen Phönix', 3, 40.91);
INSERT INTO `products` VALUES (946, 129, 'Palmen Kentie', 3, 89.09);
INSERT INTO `products` VALUES (947, 129, 'Palmen Kentie', 1, 159.09);
INSERT INTO `products` VALUES (948, 129, 'Aspidestra', 2, 34.55);
INSERT INTO `products` VALUES (949, 129, 'Calathea', 1, 31.82);
INSERT INTO `products` VALUES (950, 129, 'Calathea', 1, 26.36);
INSERT INTO `products` VALUES (951, 129, 'Aralie', 1, 22.73);
INSERT INTO `products` VALUES (952, 129, 'Aralie', 1, 10.91);
INSERT INTO `products` VALUES (953, 129, 'Dracene', 1, 10.91);
INSERT INTO `products` VALUES (954, 129, 'Calathea', 2, 30);
INSERT INTO `products` VALUES (955, 129, 'Aglonemien', 3, 17.27);
INSERT INTO `products` VALUES (956, 129, 'Spathyphyllum', 1, 38.18);
INSERT INTO `products` VALUES (957, 129, 'Ficus Lirata', 1, 43.64);
INSERT INTO `products` VALUES (958, 129, 'Scindapsus', 8, 11.82);
INSERT INTO `products` VALUES (959, 129, 'Spathyphyllum', 2, 16.82);
INSERT INTO `products` VALUES (960, 129, 'Scindapsus', 1, 38.18);
INSERT INTO `products` VALUES (961, 129, 'Sansiverien', 2, 12.27);
INSERT INTO `products` VALUES (962, 129, 'Arbeit', 5, 22.73);
INSERT INTO `products` VALUES (963, 129, 'Blattglanz und Dünger', 1, 20);
INSERT INTO `products` VALUES (964, 130, 'Grünpflanze', 1, 44.55);
INSERT INTO `products` VALUES (965, 131, 'Callistephus', 1, 52.73);
INSERT INTO `products` VALUES (966, 132, 'Sommerflor', 100, 1.36);
INSERT INTO `products` VALUES (967, 132, 'Sträucher', 30, 6.82);
INSERT INTO `products` VALUES (968, 132, 'Konifere', 1, 22.73);
INSERT INTO `products` VALUES (969, 133, 'Trockenkranz', 1, 90.91);
INSERT INTO `products` VALUES (970, 134, 'Sträucher', 0, 0);
INSERT INTO `products` VALUES (971, 134, 'Frühjahrspflanzung', 0, 0);
INSERT INTO `products` VALUES (972, 134, 'Sommerpflanzung', 0, 0);
INSERT INTO `products` VALUES (973, 134, 'Herbstpflanzung', 0, 0);
INSERT INTO `products` VALUES (974, 134, 'Arbeit,Erde,Dünger', 1, 3800);
INSERT INTO `products` VALUES (975, 135, 'Chrysanthemen', 6, 5);
INSERT INTO `products` VALUES (976, 135, 'Bouquett', 1, 60);
INSERT INTO `products` VALUES (977, 135, 'Bouquett', 1, 25);
INSERT INTO `products` VALUES (978, 135, 'Calluna', 47, 2);
INSERT INTO `products` VALUES (979, 135, 'Trockenblumen', 1, 12);
INSERT INTO `products` VALUES (980, 136, 'Soldatengräber', 0, 0);
INSERT INTO `products` VALUES (981, 136, 'Frühjahrsbepflanzung', 2, 30);
INSERT INTO `products` VALUES (982, 136, 'Sommerflor', 2, 33);
INSERT INTO `products` VALUES (983, 136, 'Allerheiligen', 2, 22);
INSERT INTO `products` VALUES (984, 136, 'Bouquett', 2, 35);
INSERT INTO `products` VALUES (985, 136, 'Priestergrab', 0, 0);
INSERT INTO `products` VALUES (986, 136, 'Frühjahrsbepflanzung', 1, 45);
INSERT INTO `products` VALUES (987, 136, 'Sommerflor', 1, 71);
INSERT INTO `products` VALUES (988, 136, 'Allerheiligen Chrysanthemen', 6, 9);
INSERT INTO `products` VALUES (989, 136, 'Bouquett', 1, 68);
INSERT INTO `products` VALUES (990, 136, 'Leichenkapelle', 0, 0);
INSERT INTO `products` VALUES (991, 136, 'Erika', 8, 4);
INSERT INTO `products` VALUES (992, 136, 'Efeu', 8, 3);
INSERT INTO `products` VALUES (993, 136, 'Einsegnungspodium', 0, 0);
INSERT INTO `products` VALUES (994, 136, 'Erika', 4, 4);
INSERT INTO `products` VALUES (995, 137, 'Grünpflanze', 1, 40.91);
INSERT INTO `products` VALUES (996, 137, 'Grünpflanze', 1, 14.55);
INSERT INTO `products` VALUES (997, 137, 'Grünpflanze', 1, 40.91);
INSERT INTO `products` VALUES (998, 137, 'Grünpflanzen', 2, 54.55);
INSERT INTO `products` VALUES (999, 138, 'Palme', 1, 8.18);
INSERT INTO `products` VALUES (1000, 138, 'Pflanzen aufgefrischt', 1, 31.82);
INSERT INTO `products` VALUES (1001, 138, 'Viola', 7, 0.55);
INSERT INTO `products` VALUES (1002, 138, 'Dünger', 1, 3.64);
INSERT INTO `products` VALUES (1003, 138, 'Kisten mit Geranien', 6, 3.73);
INSERT INTO `products` VALUES (1004, 138, 'Pflanzen aufgefrischt', 1, 27.27);
INSERT INTO `products` VALUES (1005, 139, 'Grünpflanze', 1, 10);
INSERT INTO `products` VALUES (1006, 139, 'Orchidee', 1, 23.64);
INSERT INTO `products` VALUES (1007, 139, 'Orchidee', 1, 22.73);
INSERT INTO `products` VALUES (1008, 139, 'Orchidee', 1, 19.09);
INSERT INTO `products` VALUES (1009, 139, 'Chrysantheme', 1, 4.55);
INSERT INTO `products` VALUES (1010, 140, 'Primel', 4, 1.36);
INSERT INTO `products` VALUES (1011, 140, 'Azaleen', 2, 10.91);
INSERT INTO `products` VALUES (1012, 140, 'Primel', 4, 3.64);
INSERT INTO `products` VALUES (1013, 140, 'Efeu', 2, 2.73);
INSERT INTO `products` VALUES (1014, 140, 'Ficus Pumila', 2, 2.09);
INSERT INTO `products` VALUES (1015, 140, 'Kalanchoen', 2, 2.45);
INSERT INTO `products` VALUES (1016, 140, 'Saintpaulie', 3, 2.45);
INSERT INTO `products` VALUES (1017, 140, 'Bubiköpfe', 5, 2.73);
INSERT INTO `products` VALUES (1018, 140, 'Primula Obconica', 3, 3.64);
INSERT INTO `products` VALUES (1019, 140, 'Kalanchoe', 1, 3.55);
INSERT INTO `products` VALUES (1020, 140, 'Primel', 3, 3.64);
INSERT INTO `products` VALUES (1021, 140, 'Primel', 2, 1.82);
INSERT INTO `products` VALUES (1022, 140, 'Primel', 4, 3.64);
INSERT INTO `products` VALUES (1023, 140, 'Viola', 12, 0.55);
INSERT INTO `products` VALUES (1024, 140, 'Erde', 1, 2.55);
INSERT INTO `products` VALUES (1025, 140, 'Primel', 3, 1.09);
INSERT INTO `products` VALUES (1026, 140, 'Hortensie mit Übertopf', 1, 22.73);
INSERT INTO `products` VALUES (1027, 140, 'Strohhenne', 1, 6.82);
INSERT INTO `products` VALUES (1028, 140, 'Korb mit gem. Pflanzen', 1, 20);
INSERT INTO `products` VALUES (1029, 140, 'Saintpaulie', 5, 3.18);
INSERT INTO `products` VALUES (1030, 140, 'Calla mit Übertopf', 1, 38.64);
INSERT INTO `products` VALUES (1031, 140, 'Hortensie', 1, 18.18);
INSERT INTO `products` VALUES (1032, 140, 'Armenia', 2, 1.64);
INSERT INTO `products` VALUES (1033, 140, 'Astilbe', 1, 1.64);
INSERT INTO `products` VALUES (1034, 140, 'Melisse', 2, 2.73);
INSERT INTO `products` VALUES (1035, 140, 'Margeriten', 3, 1.64);
INSERT INTO `products` VALUES (1036, 140, 'Astern', 3, 1.36);
INSERT INTO `products` VALUES (1037, 140, 'Campanula', 2, 1.82);
INSERT INTO `products` VALUES (1038, 140, 'Nelken', 3, 1.09);
INSERT INTO `products` VALUES (1039, 140, 'Eisenhut', 5, 3.64);
INSERT INTO `products` VALUES (1040, 140, 'Sonnenhut', 5, 1.64);
INSERT INTO `products` VALUES (1041, 140, 'Lavendel', 2, 1.64);
INSERT INTO `products` VALUES (1042, 140, 'Basilicum', 35, 0.73);
INSERT INTO `products` VALUES (1043, 140, 'Majoran', 3, 2.73);
INSERT INTO `products` VALUES (1044, 140, 'Majoran', 3, 1.82);
INSERT INTO `products` VALUES (1045, 140, 'Gurken', 4, 0.55);
INSERT INTO `products` VALUES (1046, 140, 'Schnittlauch', 3, 0.91);
INSERT INTO `products` VALUES (1047, 140, 'Coffea', 10, 1.36);
INSERT INTO `products` VALUES (1048, 140, 'Callocephalus', 5, 3.64);
INSERT INTO `products` VALUES (1049, 140, 'Erika', 7, 2.91);
INSERT INTO `products` VALUES (1050, 140, 'Helleborus', 3, 4.09);
INSERT INTO `products` VALUES (1051, 140, 'Primel Obconica', 1, 5.45);
INSERT INTO `products` VALUES (1052, 140, 'Chrysanthemen', 2, 9.09);
INSERT INTO `products` VALUES (1053, 140, 'Schale mit gem. Pflanzen', 1, 18.18);
INSERT INTO `products` VALUES (1054, 140, 'Ficus mit Übertopf', 1, 45.45);
INSERT INTO `products` VALUES (1055, 140, 'Verbenen', 10, 1.36);
INSERT INTO `products` VALUES (1056, 140, 'Grabbepflanzung Frühjahr,Sommer,Herbst', 4, 97.27);
INSERT INTO `products` VALUES (1057, 140, 'Grabbepflanzung Frühjahr', 6, 16.36);
INSERT INTO `products` VALUES (1058, 141, 'Viola', 128, 0.55);
INSERT INTO `products` VALUES (1059, 141, 'Rasendünger', 1, 18.18);
INSERT INTO `products` VALUES (1060, 141, 'Spritzung', 1, 54.55);
INSERT INTO `products` VALUES (1061, 141, 'Geranien', 18, 1.36);
INSERT INTO `products` VALUES (1062, 141, 'Neuguinea', 31, 1.36);
INSERT INTO `products` VALUES (1063, 141, 'Kriegerdenkmalpflanzung', 1, 109.09);
INSERT INTO `products` VALUES (1064, 141, 'Schale mit gem. Pflanzen', 1, 31.82);
INSERT INTO `products` VALUES (1065, 141, 'Calluna', 16, 2.91);
INSERT INTO `products` VALUES (1066, 141, 'Spritzungen', 2, 54.55);
INSERT INTO `products` VALUES (1067, 141, 'Erika', 41, 3.64);
INSERT INTO `products` VALUES (1068, 141, 'Arbeitsstunden', 12, 22.73);
INSERT INTO `products` VALUES (1069, 142, 'Yucca mit Übertopf', 1, 79.09);
INSERT INTO `products` VALUES (1070, 142, 'Palme', 1, 68.18);
INSERT INTO `products` VALUES (1071, 142, 'Vastil', 2, 30);
INSERT INTO `products` VALUES (1072, 142, 'Vastil', 1, 15.45);
INSERT INTO `products` VALUES (1073, 142, 'Vastil', 1, 23.64);
INSERT INTO `products` VALUES (1074, 142, 'Girlanden', 6, 17.27);
INSERT INTO `products` VALUES (1075, 142, 'Orchidee', 1, 24.55);
INSERT INTO `products` VALUES (1076, 142, 'Arbeitsstunden', 2, 22.73);
INSERT INTO `products` VALUES (1077, 142, 'Erdsubstrat', 2, 9.09);
INSERT INTO `products` VALUES (1078, 143, 'Erica', 10, 3.64);
INSERT INTO `products` VALUES (1079, 143, 'Lavoro', 1, 10.91);
INSERT INTO `products` VALUES (1080, 143, 'Pianta verde', 1, 122.73);
INSERT INTO `products` VALUES (1081, 144, 'Begonie', 1, 6.18);
INSERT INTO `products` VALUES (1082, 144, 'Efeu', 2, 2.73);
INSERT INTO `products` VALUES (1083, 144, 'Peperomie mit Übertopf', 1, 3.73);
INSERT INTO `products` VALUES (1084, 144, 'Korb mit gem. Pflanzen', 1, 13.05);
INSERT INTO `products` VALUES (1085, 144, 'Untersetzer', 1, 1.82);
INSERT INTO `products` VALUES (1086, 144, 'Weihnachtsstern', 1, 4.55);
INSERT INTO `products` VALUES (1087, 144, 'Weihnachtsstern', 1, 5.45);
INSERT INTO `products` VALUES (1088, 144, 'Weihnachtssterne', 25, 2.73);
INSERT INTO `products` VALUES (1089, 145, 'Weihnachtssterne', 9, 7.27);
INSERT INTO `products` VALUES (1090, 145, 'Weihnachtsstern', 1, 22.73);
INSERT INTO `products` VALUES (1091, 146, 'Grünpflanzen', 2, 45.45);
INSERT INTO `products` VALUES (1092, 146, 'Grünpflanze', 1, 9.09);
INSERT INTO `products` VALUES (1093, 147, 'Cissus', 1, 16.82);
INSERT INTO `products` VALUES (1094, 147, 'Kisten mit gem. Pflanzen', 2, 13.64);
INSERT INTO `products` VALUES (1095, 147, 'Kürbisstab', 1, 1.82);
INSERT INTO `products` VALUES (1096, 147, 'Kürbisstäbe', 4, 1.05);
INSERT INTO `products` VALUES (1097, 148, 'Mooskranz', 2, 5.45);
INSERT INTO `products` VALUES (1098, 148, 'Isländisch- Mooskranz aufrichten', 1, 22.73);
INSERT INTO `products` VALUES (1099, 148, 'Erika', 2, 4.27);
INSERT INTO `products` VALUES (1100, 148, 'Erika', 1, 3.64);
INSERT INTO `products` VALUES (1101, 148, 'Cyclame', 1, 5.45);
INSERT INTO `products` VALUES (1102, 148, 'Adventskranz', 1, 20);
INSERT INTO `products` VALUES (1103, 149, 'Neuguina', 12, 0.7);
INSERT INTO `products` VALUES (1104, 149, 'Frühjahrsflor', 108, 0.3);
INSERT INTO `products` VALUES (1105, 149, 'Surfinia', 61, 0.8);
INSERT INTO `products` VALUES (1106, 149, 'Geranien', 217, 0.65);
INSERT INTO `products` VALUES (1107, 90, 'Palme Areca', 1, 127.27);
INSERT INTO `products` VALUES (1108, 90, 'Yucca', 1, 81.82);
INSERT INTO `products` VALUES (1109, 90, 'Anthurium', 1, 28.18);
INSERT INTO `products` VALUES (1110, 90, 'Photos', 1, 16.36);
INSERT INTO `products` VALUES (1111, 90, 'S. Lecca', 1, 9.09);
INSERT INTO `products` VALUES (1112, 90, 'Cissus', 1, 11.36);
INSERT INTO `products` VALUES (1113, 92, 'Sommerflieder', 2, 7.09);
INSERT INTO `products` VALUES (1114, 92, 'Potentilla', 6, 6.82);
INSERT INTO `products` VALUES (1115, 92, 'Lavendel', 14, 2.73);
INSERT INTO `products` VALUES (1116, 92, 'Steingartenpflanzen', 105, 1.82);
INSERT INTO `products` VALUES (1117, 92, 'Arbeitsstunden', 3, 22.73);
INSERT INTO `products` VALUES (1118, 94, 'Bromelien in Übertopf', 5, 8.18);
INSERT INTO `products` VALUES (1119, 94, 'Dracaene', 1, 40.91);
INSERT INTO `products` VALUES (1120, 94, 'Schale mit gem. Pflanzen', 1, 17.73);
INSERT INTO `products` VALUES (1121, 94, 'Ceropiega', 2, 5);
INSERT INTO `products` VALUES (1122, 96, 'Grünpflanze', 1, 64.91);
INSERT INTO `products` VALUES (1123, 96, 'Ginster', 1, 8.18);
INSERT INTO `products` VALUES (1124, 97, 'Verbenen', 6, 1.5);
INSERT INTO `products` VALUES (1125, 97, 'Lobelie', 1, 0.55);
INSERT INTO `products` VALUES (1126, 97, 'Pidens', 1, 1.5);
INSERT INTO `products` VALUES (1127, 97, 'Alyssum', 2, 0.55);
INSERT INTO `products` VALUES (1128, 97, 'Schale mit Pflanzen', 1, 6.82);
INSERT INTO `products` VALUES (1129, 97, 'Erdsubstrat', 1, 3.09);
INSERT INTO `products` VALUES (1130, 161, 'Spathyphyllum', 4, 9);
INSERT INTO `products` VALUES (1131, 161, 'Anthurium', 3, 29);
INSERT INTO `products` VALUES (1132, 161, 'Dracene', 1, 220.6);
INSERT INTO `products` VALUES (1133, 161, 'Beaucarnea', 1, 360);
INSERT INTO `products` VALUES (1134, 161, 'Cissus', 10, 8);
INSERT INTO `products` VALUES (1135, 161, 'Efeu', 15, 3);
INSERT INTO `products` VALUES (1136, 161, 'Asplenium', 2, 7.8);
INSERT INTO `products` VALUES (1137, 161, 'Begonien Rex', 2, 8.7);
INSERT INTO `products` VALUES (1138, 161, 'Dracene', 1, 68);
INSERT INTO `products` VALUES (1139, 161, 'Calathea', 1, 32);
INSERT INTO `products` VALUES (1140, 161, 'Farne', 7, 8.7);
INSERT INTO `products` VALUES (1141, 161, 'Anthurium', 2, 21);
INSERT INTO `products` VALUES (1142, 161, 'Wasserstandmesser, Steine, Nylon und Flies', 1, 70);
INSERT INTO `products` VALUES (1143, 161, 'S. Erde', 25, 9.5);
INSERT INTO `products` VALUES (1144, 161, 'S. Lecca', 12, 6.5);
INSERT INTO `products` VALUES (1145, 161, 'Arbeitsstunden', 6, 25);
INSERT INTO `products` VALUES (1146, 162, 'Korb mit gemischten Pflanzen', 1, 20.91);
INSERT INTO `products` VALUES (1147, 162, 'Korb mit gemischten Pflanzen', 1, 22.27);
INSERT INTO `products` VALUES (1148, 163, 'Tricosporum in Tontopf', 1, 16.82);
INSERT INTO `products` VALUES (1149, 163, 'Peperomie in Übertopf', 1, 8.82);
INSERT INTO `products` VALUES (1150, 163, 'Mikado in Übertopf', 1, 11.64);
INSERT INTO `products` VALUES (1151, 163, 'Tillansie in Übertopf', 1, 11.36);
INSERT INTO `products` VALUES (1152, 163, 'Papyrus in Übertopf', 1, 11);
INSERT INTO `products` VALUES (1153, 163, 'Spathyphyllum in Übertopf', 1, 15);
INSERT INTO `products` VALUES (1154, 163, 'Orchidee in Übertopf', 1, 31);
INSERT INTO `products` VALUES (1155, 163, 'Arbeitsstunden', 1, 22.73);
INSERT INTO `products` VALUES (1156, 163, 'Dünger', 1, 7.73);
INSERT INTO `products` VALUES (1157, 164, 'Geranien', 180, 1.18);
INSERT INTO `products` VALUES (1158, 164, 'Erdsubstrat', 1, 9.09);
INSERT INTO `products` VALUES (1159, 165, 'Hortensie', 1, 18.18);
INSERT INTO `products` VALUES (1160, 165, 'Kalanchoe', 10, 3.45);
INSERT INTO `products` VALUES (1161, 165, 'Basilikum', 5, 0.73);
INSERT INTO `products` VALUES (1162, 165, 'Geranien', 8, 1.18);
INSERT INTO `products` VALUES (1163, 166, 'Ficus', 1, 34.55);
INSERT INTO `products` VALUES (1164, 166, 'Kalanchoe', 1, 7.14);
INSERT INTO `products` VALUES (1165, 166, 'Dracaena', 1, 31.82);
INSERT INTO `products` VALUES (1166, 166, 'Anthurium', 1, 15);
INSERT INTO `products` VALUES (1167, 167, 'Korb mit Narzissen', 6, 5.45);
INSERT INTO `products` VALUES (1168, 167, 'Korb mit gem. Pflanzen', 1, 16.36);
INSERT INTO `products` VALUES (1169, 167, 'Beaucarnea', 1, 43.64);
INSERT INTO `products` VALUES (1170, 167, 'Succulenten', 4, 6.36);
INSERT INTO `products` VALUES (1171, 167, 'Bux', 1, 59.09);
INSERT INTO `products` VALUES (1172, 167, 'Beaucarnea', 1, 31.82);
INSERT INTO `products` VALUES (1173, 160, 'Bepflanzte Geranienkisten', 21, 5.55);
INSERT INTO `products` VALUES (1174, 160, 'Bepflanzte Geranienkisten', 17, 4);
INSERT INTO `products` VALUES (1175, 160, 'Bepflanzte Geranienkisten', 4, 3.73);
INSERT INTO `products` VALUES (1176, 161, 'Palme Areca', 1, 127.27);
INSERT INTO `products` VALUES (1177, 161, 'Yucca', 1, 81.82);
INSERT INTO `products` VALUES (1178, 161, 'Anthurium', 1, 28.18);
INSERT INTO `products` VALUES (1179, 161, 'Photos', 1, 16.36);
INSERT INTO `products` VALUES (1180, 161, 'S. Lecca', 1, 9.09);
INSERT INTO `products` VALUES (1181, 161, 'Cissus', 1, 11.36);
INSERT INTO `products` VALUES (1182, 162, 'St. Paulien', 28, 3);
INSERT INTO `products` VALUES (1183, 162, 'Kalanchoen', 21, 3);
INSERT INTO `products` VALUES (1184, 162, 'Primeln', 11, 0.91);
INSERT INTO `products` VALUES (1185, 163, 'Sommerflieder', 2, 7.09);
INSERT INTO `products` VALUES (1186, 163, 'Potentilla', 6, 6.82);
INSERT INTO `products` VALUES (1187, 163, 'Lavendel', 14, 2.73);
INSERT INTO `products` VALUES (1188, 163, 'Steingartenpflanzen', 105, 1.82);
INSERT INTO `products` VALUES (1189, 163, 'Arbeitsstunden', 3, 22.73);
INSERT INTO `products` VALUES (1190, 164, 'Pachira in Vastiltopf', 1, 95.45);
INSERT INTO `products` VALUES (1191, 164, 'Dracaena in Vastiltopf', 1, 90.91);
INSERT INTO `products` VALUES (1192, 164, 'Saintpaulie', 4, 4.09);
INSERT INTO `products` VALUES (1193, 165, 'Bromelien in Übertopf', 5, 8.18);
INSERT INTO `products` VALUES (1194, 165, 'Dracaene', 1, 40.91);
INSERT INTO `products` VALUES (1195, 165, 'Schale mit gem. Pflanzen', 1, 17.73);
INSERT INTO `products` VALUES (1196, 165, 'Ceropiega', 2, 5);
INSERT INTO `products` VALUES (1197, 166, 'Grünpflanze', 1, 64.91);
INSERT INTO `products` VALUES (1198, 166, 'Ginster', 1, 8.18);
INSERT INTO `products` VALUES (1199, 167, 'Verbenen', 6, 1.5);
INSERT INTO `products` VALUES (1200, 167, 'Lobelie', 1, 0.55);
INSERT INTO `products` VALUES (1201, 167, 'Pidens', 1, 1.5);
INSERT INTO `products` VALUES (1202, 167, 'Alyssum', 2, 0.55);
INSERT INTO `products` VALUES (1203, 167, 'Schale mit Pflanzen', 1, 6.82);
INSERT INTO `products` VALUES (1204, 167, 'Erdsubstrat', 1, 3.09);
INSERT INTO `products` VALUES (1205, 168, 'Kisten 40cm mit 2 Pflanzen', 3, 3.68);
INSERT INTO `products` VALUES (1206, 168, 'Kisten 50cm mit 3 Pflanzen', 8, 5.18);
INSERT INTO `products` VALUES (1207, 168, 'Kisten 60cm mit 3 Pflanzen', 8, 5.55);
INSERT INTO `products` VALUES (1208, 170, 'Korb mit Primeln', 1, 7.73);
INSERT INTO `products` VALUES (1209, 170, 'Kisten mit gemischten Pflanzen', 2, 36.36);
INSERT INTO `products` VALUES (1210, 170, 'Korb mit gemischten Pflanzen', 1, 8.18);
INSERT INTO `products` VALUES (1211, 170, 'Tilansie in Tontopf', 1, 9.14);
INSERT INTO `products` VALUES (1212, 170, 'Aphilandra in Korb', 1, 15.64);
INSERT INTO `products` VALUES (1213, 170, 'Grünpflanze', 1, 27.27);
INSERT INTO `products` VALUES (1214, 170, 'Kalanchoen', 4, 3.18);
INSERT INTO `products` VALUES (1215, 170, 'Aphilandra', 1, 12.73);
INSERT INTO `products` VALUES (1216, 171, 'Kalanchoen dekoriert', 4, 6.36);
INSERT INTO `products` VALUES (1217, 171, 'Korb mit gem. Pflanzen', 1, 18.18);
INSERT INTO `products` VALUES (1218, 171, 'Bux', 2, 70.91);
INSERT INTO `products` VALUES (1219, 171, 'Beaucarnea', 1, 34.55);
INSERT INTO `products` VALUES (1220, 171, 'Arbeit Erde und Dünger', 1, 31.82);
INSERT INTO `products` VALUES (1221, 91, 'Rose', 5, 16.36);
INSERT INTO `products` VALUES (1222, 91, 'Pianta verde', 1, 14.55);
INSERT INTO `products` VALUES (1223, 91, 'Terra', 2, 6.27);
INSERT INTO `products` VALUES (1224, 173, 'Tulpenzwiebeln', 3, 2.64);
INSERT INTO `products` VALUES (1225, 173, 'Zuckerhutfichten', 3, 4.45);
INSERT INTO `products` VALUES (1226, 173, 'Efeu', 2, 2.73);
INSERT INTO `products` VALUES (1227, 173, 'Erika', 2, 3.18);
INSERT INTO `products` VALUES (1228, 173, 'Conifere', 1, 8.18);
INSERT INTO `products` VALUES (1229, 173, 'Grünpflanze in Übertopf', 1, 17.73);
INSERT INTO `products` VALUES (1230, 173, 'Steckmasse', 6, 1.82);
INSERT INTO `products` VALUES (1231, 173, 'Efeu in Übertopf', 1, 11.82);
INSERT INTO `products` VALUES (1232, 174, 'Schalen mit Geranien', 3, 12.73);
INSERT INTO `products` VALUES (1233, 175, 'Geranien', 180, 1.18);
INSERT INTO `products` VALUES (1234, 176, 'Grünpflanze', 1, 31.82);
INSERT INTO `products` VALUES (1235, 177, 'Grünpflanze', 1, 20.91);
INSERT INTO `products` VALUES (1236, 177, 'Grünpflanze', 1, 54.55);
INSERT INTO `products` VALUES (1237, 177, 'Grünpflanze', 1, 90.91);
INSERT INTO `products` VALUES (1238, 178, 'Kisten mit Surfinien', 2, 5);
INSERT INTO `products` VALUES (1239, 178, 'Schüssel mit Guzmanien', 1, 8.64);
INSERT INTO `products` VALUES (1240, 178, 'Streptocarpus', 1, 7.27);
INSERT INTO `products` VALUES (1241, 179, 'Laurus Pyramide', 2, 136.36);
INSERT INTO `products` VALUES (1242, 179, 'Bux', 100, 4.18);
INSERT INTO `products` VALUES (1243, 179, 'Rosen', 50, 5);
INSERT INTO `products` VALUES (1244, 180, 'Geranienkisten bepflanzt', 1, 32.45);
INSERT INTO `products` VALUES (1245, 180, 'Margerithe', 1, 10.91);
INSERT INTO `products` VALUES (1246, 180, 'Geranien', 2, 2.73);
INSERT INTO `products` VALUES (1247, 181, 'Potentilla', 1, 6.82);
INSERT INTO `products` VALUES (1248, 181, 'Geranien', 35, 1.18);
INSERT INTO `products` VALUES (1249, 181, 'Gazanien', 4, 1.45);
INSERT INTO `products` VALUES (1250, 181, 'Sellerie', 6, 0.18);
INSERT INTO `products` VALUES (1251, 181, 'Grünpflanze', 1, 11.05);
INSERT INTO `products` VALUES (1252, 181, 'Salat', 30, 0.13);
INSERT INTO `products` VALUES (1253, 181, 'Kohlpflanzen', 29, 0.15);
INSERT INTO `products` VALUES (1254, 181, 'Tagetes', 4, 0.55);
INSERT INTO `products` VALUES (1255, 182, 'Gemüsepflanzen', 615, 0.15);
INSERT INTO `products` VALUES (1256, 182, 'Salatpflanzen', 194, 0.13);
INSERT INTO `products` VALUES (1257, 182, 'Salbei', 2, 2.73);
INSERT INTO `products` VALUES (1258, 182, 'Rhabarber', 1, 3.64);
INSERT INTO `products` VALUES (1259, 182, 'Schnittlauch', 2, 0.91);
INSERT INTO `products` VALUES (1260, 182, 'Tymian', 1, 2.73);
INSERT INTO `products` VALUES (1261, 183, 'Orchideen', 2, 22.73);
INSERT INTO `products` VALUES (1262, 183, 'Azalee', 1, 13.64);
INSERT INTO `products` VALUES (1263, 183, 'Orchidee', 1, 19.09);
INSERT INTO `products` VALUES (1264, 183, 'Orchideen', 2, 25.45);
INSERT INTO `products` VALUES (1265, 183, 'Orchidee', 1, 21.82);
INSERT INTO `products` VALUES (1266, 183, 'Orchidee', 1, 26.36);
INSERT INTO `products` VALUES (1267, 183, 'Orchidee', 1, 24.55);
INSERT INTO `products` VALUES (1268, 183, 'Grünpflanze', 1, 10.91);
INSERT INTO `products` VALUES (1269, 183, 'Grünpflanze', 1, 10);
INSERT INTO `products` VALUES (1270, 183, 'Grünpflanze', 1, 42.91);
INSERT INTO `products` VALUES (1271, 183, 'Schale mit gem. Pflanzen', 1, 30);
INSERT INTO `products` VALUES (1272, 160, 'Bepflanzte Geranienkisten', 22, 6.36);
INSERT INTO `products` VALUES (1273, 160, 'Schalen bepflanzt', 5, 5);
INSERT INTO `products` VALUES (1274, 160, 'Sukkulenten', 2, 1.82);
INSERT INTO `products` VALUES (1275, 160, 'Efeu', 2, 7.73);
INSERT INTO `products` VALUES (1276, 160, 'Blumenampel', 1, 13.64);
INSERT INTO `products` VALUES (1277, 160, 'Verbenen', 3, 1.5);
INSERT INTO `products` VALUES (1278, 160, 'Bidens', 3, 1.5);
INSERT INTO `products` VALUES (1279, 160, 'Geranien', 7, 1.18);
INSERT INTO `products` VALUES (1280, 160, 'Tagetes', 25, 0.55);
INSERT INTO `products` VALUES (1281, 160, 'Brasilianer', 20, 0.13);
INSERT INTO `products` VALUES (1282, 184, 'Hortensie in Übertopf', 1, 34.55);
INSERT INTO `products` VALUES (1283, 184, 'Korb mit gem. Pflanzen', 1, 12.55);
INSERT INTO `products` VALUES (1284, 184, 'Passiflora', 1, 19.09);
INSERT INTO `products` VALUES (1285, 184, 'Pelargonien', 2, 6.82);
INSERT INTO `products` VALUES (1286, 185, 'Blattglanz', 1, 11.36);
INSERT INTO `products` VALUES (1287, 185, 'Erde', 1, 3.09);
INSERT INTO `products` VALUES (1288, 185, 'Colleus', 2, 1.09);
INSERT INTO `products` VALUES (1289, 185, 'Tagetes', 15, 0.55);
INSERT INTO `products` VALUES (1290, 185, 'Fuchsien', 2, 4.09);
INSERT INTO `products` VALUES (1291, 185, 'Surfinien', 2, 1.5);
INSERT INTO `products` VALUES (1292, 185, 'Tomaten', 4, 0.55);
INSERT INTO `products` VALUES (1293, 185, 'Mehrjährige Pflanzen', 16, 1.82);
INSERT INTO `products` VALUES (1294, 185, 'Birke', 1, 86.36);
INSERT INTO `products` VALUES (1295, 185, 'ST. Paulie', 1, 3.18);
INSERT INTO `products` VALUES (1296, 185, 'Orchidee mit Übertopf', 1, 26.59);
INSERT INTO `products` VALUES (1297, 185, 'Viole', 3, 0.55);
INSERT INTO `products` VALUES (1298, 185, 'Ranunkel', 1, 2.27);
INSERT INTO `products` VALUES (1299, 185, 'Geranien', 3, 1.18);
INSERT INTO `products` VALUES (1300, 185, 'Schnittlauch', 2, 0.91);
INSERT INTO `products` VALUES (1301, 185, 'Basilikum', 1, 0.91);
INSERT INTO `products` VALUES (1302, 185, 'Lavendel', 1, 2.73);
INSERT INTO `products` VALUES (1303, 186, 'Rosen', 51, 7.09);
INSERT INTO `products` VALUES (1304, 186, 'Geranien', 90, 1.18);
INSERT INTO `products` VALUES (1305, 186, 'Euvonimus', 10, 2.73);
INSERT INTO `products` VALUES (1306, 186, 'Lonicera', 16, 2.73);
INSERT INTO `products` VALUES (1307, 186, 'Leptospermium', 9, 1.82);
INSERT INTO `products` VALUES (1308, 186, 'Erde', 2, 8.91);
INSERT INTO `products` VALUES (1309, 186, 'Rindenmulch', 1, 31.82);
INSERT INTO `products` VALUES (1310, 186, 'Torfballen', 2, 15.45);
INSERT INTO `products` VALUES (1311, 186, 'Dünger', 1, 8.18);
INSERT INTO `products` VALUES (1312, 186, 'Arbeit', 3, 22.73);
INSERT INTO `products` VALUES (1313, 187, 'Palme in Tontopf', 2, 23.45);
INSERT INTO `products` VALUES (1314, 187, 'Ficus in Vase', 2, 12.27);
INSERT INTO `products` VALUES (1315, 187, 'Beaucarnea', 2, 21.82);
INSERT INTO `products` VALUES (1316, 187, 'Schale mit gem. Pflanzen', 1, 29.09);
INSERT INTO `products` VALUES (1317, 187, 'Schale mit gem. Pflanzen', 1, 12.27);
INSERT INTO `products` VALUES (1318, 187, 'Guzmania', 1, 11.82);
INSERT INTO `products` VALUES (1319, 187, 'Nidularium', 1, 20.91);
INSERT INTO `products` VALUES (1320, 187, 'Farn', 1, 7.27);
INSERT INTO `products` VALUES (1321, 187, 'Beaucarnea', 1, 24.55);
INSERT INTO `products` VALUES (1322, 187, 'Dracene mit Korb', 1, 21.82);
INSERT INTO `products` VALUES (1323, 187, 'Arbeit', 3, 22.73);
INSERT INTO `products` VALUES (1324, 188, ' Geranienkisten 60cm bepflanzt', 6, 5.55);
INSERT INTO `products` VALUES (1325, 188, 'Geranienkisten 80cm bepflanzt', 3, 7.36);
INSERT INTO `products` VALUES (1326, 189, 'Viole', 195, 0.41);
INSERT INTO `products` VALUES (1327, 189, 'Ranunkeln', 2, 1.64);
INSERT INTO `products` VALUES (1328, 190, 'Rosen', 5, 7.09);
INSERT INTO `products` VALUES (1329, 190, 'Sträucher', 21, 7.73);
INSERT INTO `products` VALUES (1330, 190, 'Ahorn', 1, 150);
INSERT INTO `products` VALUES (1331, 190, 'Corylopsis', 5, 11.82);
INSERT INTO `products` VALUES (1332, 190, 'Potentilla', 50, 7.09);
INSERT INTO `products` VALUES (1333, 190, 'Forsytien', 2, 13.64);
INSERT INTO `products` VALUES (1334, 190, 'Prunus', 2, 14.55);
INSERT INTO `products` VALUES (1335, 190, 'Torfballen', 5, 15.45);
INSERT INTO `products` VALUES (1336, 190, 'Rasensamen', 1, 13.64);
INSERT INTO `products` VALUES (1337, 190, 'Dünger', 1, 10.91);
INSERT INTO `products` VALUES (1338, 190, 'Arbeit', 26, 22.73);
INSERT INTO `products` VALUES (1339, 190, 'Rollrasen', 70, 9);
INSERT INTO `products` VALUES (1340, 190, 'Rindenmulch', 1, 90.91);
INSERT INTO `products` VALUES (1341, 190, 'Sträucher', 6, 25.18);
INSERT INTO `products` VALUES (1342, 192, 'Surfinien', 55, 1.5);
INSERT INTO `products` VALUES (1343, 192, 'Petersilie', 20, 0.45);
INSERT INTO `products` VALUES (1344, 192, 'Kohlpflanzen', 70, 0.15);
INSERT INTO `products` VALUES (1345, 192, 'Geranien', 85, 1.18);
INSERT INTO `products` VALUES (1346, 192, 'Salat', 190, 0.13);
INSERT INTO `products` VALUES (1347, 192, 'Porree', 150, 0.09);
INSERT INTO `products` VALUES (1348, 192, 'Asparagus', 10, 2.73);
INSERT INTO `products` VALUES (1349, 192, 'Bäumchen', 4, 4.55);
INSERT INTO `products` VALUES (1350, 192, 'Bachycroma', 5, 1.5);
INSERT INTO `products` VALUES (1351, 192, 'Astern', 25, 0.45);
INSERT INTO `products` VALUES (1352, 192, 'Zinnien', 25, 0.45);
INSERT INTO `products` VALUES (1353, 192, 'Efeu', 1, 2.73);
INSERT INTO `products` VALUES (1354, 192, 'Tagetes', 15, 0.55);
INSERT INTO `products` VALUES (1355, 192, 'Begonien', 19, 0.55);
INSERT INTO `products` VALUES (1356, 192, 'Erde', 1, 3.09);
INSERT INTO `products` VALUES (1357, 192, 'Erde', 6, 8.73);
INSERT INTO `products` VALUES (1358, 193, 'Aloa', 1, 13.64);
INSERT INTO `products` VALUES (1359, 193, 'Geranien', 24, 1.18);
INSERT INTO `products` VALUES (1360, 193, 'Salatpflanzen', 150, 0.13);
INSERT INTO `products` VALUES (1361, 193, 'Gazanien', 6, 1.45);
INSERT INTO `products` VALUES (1362, 193, 'Kohlpflanzen', 425, 0.15);
INSERT INTO `products` VALUES (1363, 193, 'Neuguinea', 12, 1.36);
INSERT INTO `products` VALUES (1364, 193, 'Basilikum', 20, 0.45);
INSERT INTO `products` VALUES (1365, 193, 'Alyssum', 20, 0.55);
INSERT INTO `products` VALUES (1366, 193, 'Bux', 1, 16.36);
INSERT INTO `products` VALUES (1367, 193, 'Bux', 1, 5.91);
INSERT INTO `products` VALUES (1368, 193, 'Surfinien', 10, 1.5);
INSERT INTO `products` VALUES (1369, 193, 'Mangold', 200, 0.15);
INSERT INTO `products` VALUES (1370, 193, 'Tomaten', 6, 0.55);
INSERT INTO `products` VALUES (1371, 193, 'Tilansie', 1, 7.73);
INSERT INTO `products` VALUES (1372, 193, 'Pertersilie', 10, 0.73);
INSERT INTO `products` VALUES (1373, 193, 'Bromelie', 1, 5.91);
INSERT INTO `products` VALUES (1374, 193, 'Zucchini', 10, 0.55);
INSERT INTO `products` VALUES (1375, 193, 'Schleierkraut', 1, 3.64);
INSERT INTO `products` VALUES (1376, 193, 'Porree', 70, 0.09);
INSERT INTO `products` VALUES (1377, 193, 'Sellerie', 80, 0.18);
INSERT INTO `products` VALUES (1378, 193, 'Majoran', 15, 0.91);
INSERT INTO `products` VALUES (1379, 193, 'Nelken', 3, 1.09);
INSERT INTO `products` VALUES (1380, 193, 'Orchidee', 1, 22.73);
INSERT INTO `products` VALUES (1381, 193, 'Orchidee', 1, 23.64);
INSERT INTO `products` VALUES (1382, 193, 'Orchidee', 1, 26.82);
INSERT INTO `products` VALUES (1383, 193, 'Margerithe', 1, 6.82);
INSERT INTO `products` VALUES (1384, 193, 'cnenonthea', 6, 4.09);
INSERT INTO `products` VALUES (1385, 193, 'Juniperus', 1, 35.45);
INSERT INTO `products` VALUES (1386, 192, 'Geranienkisten bepflanzt', 29, 5.55);
INSERT INTO `products` VALUES (1387, 191, 'Viola', 35, 0.55);
INSERT INTO `products` VALUES (1388, 191, 'Schale mit gem. Pflanzen', 1, 16.36);
INSERT INTO `products` VALUES (1389, 191, 'Geranien', 54, 1.18);
INSERT INTO `products` VALUES (1390, 191, 'Zucchini', 10, 0.55);
INSERT INTO `products` VALUES (1391, 191, 'Rosmarin', 1, 1.82);
INSERT INTO `products` VALUES (1392, 191, 'Impatiens', 3, 0.91);
INSERT INTO `products` VALUES (1393, 191, 'Petunien', 25, 0.55);
INSERT INTO `products` VALUES (1394, 191, 'Tuja', 2, 9.55);
INSERT INTO `products` VALUES (1395, 191, 'Rosen', 2, 7.09);
INSERT INTO `products` VALUES (1396, 191, 'Basilikum', 1, 1.09);
INSERT INTO `products` VALUES (1397, 191, 'Geranienkisten bepflanzt', 29, 5.55);
INSERT INTO `products` VALUES (1398, 193, 'Korb mit gem. Pflanzen', 1, 12.73);
INSERT INTO `products` VALUES (1399, 194, 'Pomodori', 200, 0.55);
INSERT INTO `products` VALUES (1400, 195, 'Viola', 20, 0.55);
INSERT INTO `products` VALUES (1401, 195, 'Ranunkeln', 4, 2.27);
INSERT INTO `products` VALUES (1402, 195, 'Kräuter', 5, 2.73);
INSERT INTO `products` VALUES (1403, 195, 'Efeu', 3, 2.73);
INSERT INTO `products` VALUES (1404, 195, 'Geranien', 9, 1.18);
INSERT INTO `products` VALUES (1405, 195, 'Neuguinea', 8, 1.36);
INSERT INTO `products` VALUES (1406, 195, 'Alternantera', 6, 0.73);
INSERT INTO `products` VALUES (1407, 197, 'Viola', 37, 0.55);
INSERT INTO `products` VALUES (1408, 197, 'Gazanien', 9, 0.91);
INSERT INTO `products` VALUES (1409, 197, 'Salbei', 1, 2.73);
INSERT INTO `products` VALUES (1410, 197, 'Geranienkisten bepflanzt', 35, 5.55);
INSERT INTO `products` VALUES (1411, 197, 'Geranienkisten bepflanzt', 14, 5.18);
INSERT INTO `products` VALUES (1412, 197, 'Geranienkisten bepflanzt', 19, 3.68);
INSERT INTO `products` VALUES (1413, 197, 'Million Bells', 3, 1.5);
INSERT INTO `products` VALUES (1414, 197, 'Schale mit Geranien', 1, 5.45);
INSERT INTO `products` VALUES (1415, 197, 'Geranien', 20, 1.18);
INSERT INTO `products` VALUES (1416, 197, 'Pidens', 3, 1.5);
INSERT INTO `products` VALUES (1417, 197, 'Colleus', 2, 1.09);
INSERT INTO `products` VALUES (1418, 197, 'Plektrantus', 2, 1.09);
INSERT INTO `products` VALUES (1419, 197, 'Geranien', 4, 2.73);
INSERT INTO `products` VALUES (1420, 197, 'Cuffea', 3, 3.64);
INSERT INTO `products` VALUES (1421, 197, 'Pilea', 10, 1.09);
INSERT INTO `products` VALUES (1422, 197, 'Begonien', 4, 0.55);
INSERT INTO `products` VALUES (1423, 197, 'Deutzien', 2, 7.09);
INSERT INTO `products` VALUES (1424, 197, 'Ginster', 2, 8.18);
INSERT INTO `products` VALUES (1425, 197, 'Potentilla', 3, 7.09);
INSERT INTO `products` VALUES (1426, 197, 'Lavendel', 3, 2.73);
INSERT INTO `products` VALUES (1427, 197, 'Berberis', 2, 7.09);
INSERT INTO `products` VALUES (1428, 197, 'Mugo', 1, 14.55);
INSERT INTO `products` VALUES (1429, 197, 'Cham.Pisifilera', 1, 14.55);
INSERT INTO `products` VALUES (1430, 197, 'Peren. Pflanzen', 9, 4.09);
INSERT INTO `products` VALUES (1431, 197, 'Peren. Pflanzen', 26, 1.82);
INSERT INTO `products` VALUES (1432, 197, 'Rindenmulch', 1, 18.18);
INSERT INTO `products` VALUES (1433, 197, 'Torfballen', 1, 15.45);
INSERT INTO `products` VALUES (1434, 197, 'Steine Ciottole', 1, 163.64);
INSERT INTO `products` VALUES (1435, 197, 'Arbeitsstunden', 5, 22.73);
INSERT INTO `products` VALUES (1436, 197, 'Erde', 1, 8.18);
INSERT INTO `products` VALUES (1437, 197, 'Dünger', 1, 10.91);
INSERT INTO `products` VALUES (1438, 196, 'Schefflera', 2, 36.36);
INSERT INTO `products` VALUES (1439, 196, 'Ficus', 2, 31.82);
INSERT INTO `products` VALUES (1440, 196, 'Guzmania', 1, 29.09);
INSERT INTO `products` VALUES (1441, 196, 'Guzmania', 3, 16.36);
INSERT INTO `products` VALUES (1442, 196, 'Anthurium', 4, 22.73);
INSERT INTO `products` VALUES (1443, 196, 'Begonie', 2, 7.27);
INSERT INTO `products` VALUES (1444, 196, 'Neuguina', 21, 1.36);
INSERT INTO `products` VALUES (1445, 196, 'Felce', 2, 7.09);
INSERT INTO `products` VALUES (1446, 196, 'Hedera', 1, 2.73);
INSERT INTO `products` VALUES (1447, 196, 'Terra', 1, 8.09);
INSERT INTO `products` VALUES (1448, 196, 'Lavoro', 2, 22.73);
INSERT INTO `products` VALUES (1449, 196, 'Vaso terracotta', 1, 12.73);
INSERT INTO `products` VALUES (1450, 196, 'Margherite', 14, 2.27);
INSERT INTO `products` VALUES (1451, 196, 'Viola', 24, 0.55);
INSERT INTO `products` VALUES (1452, 196, 'Pianta verde', 1, 39.64);
INSERT INTO `products` VALUES (1453, 198, 'Ranunkeln', 10, 2.27);
INSERT INTO `products` VALUES (1454, 198, 'Margerithe', 1, 3.82);
INSERT INTO `products` VALUES (1455, 198, 'Geranien', 100, 1.18);
INSERT INTO `products` VALUES (1456, 198, 'Asparagus', 70, 2.27);
INSERT INTO `products` VALUES (1457, 199, 'Bux', 1, 75.45);
INSERT INTO `products` VALUES (1458, 200, 'Geranien', 50, 3.64);
INSERT INTO `products` VALUES (1459, 200, 'Surfinien', 40, 3.64);
INSERT INTO `products` VALUES (1460, 200, 'Stauden mehrjährig', 20, 4.09);
INSERT INTO `products` VALUES (1461, 200, 'Rosen', 25, 9.09);
INSERT INTO `products` VALUES (1462, 201, 'Sträucher', 0, 0);
INSERT INTO `products` VALUES (1463, 201, 'Frühjahrsbepflanzung', 0, 0);
INSERT INTO `products` VALUES (1464, 201, 'Sommerbepflanzung', 0, 0);
INSERT INTO `products` VALUES (1465, 201, 'Herbstbepflanzung', 0, 0);
INSERT INTO `products` VALUES (1466, 201, 'Arbeit, Erde und Dünger', 1, 3800);
INSERT INTO `products` VALUES (1467, 202, 'Grünpflanze', 1, 45.45);
INSERT INTO `products` VALUES (1468, 202, 'Grünpflanze', 1, 50);
INSERT INTO `products` VALUES (1469, 202, 'Grünpflanze', 1, 54.55);
INSERT INTO `products` VALUES (1470, 203, 'Kisten mit gem. Pflanzen', 2, 135);
INSERT INTO `products` VALUES (1471, 203, 'Kisten mit gem. Pflanzen', 2, 152);
INSERT INTO `products` VALUES (1472, 203, 'Dracene in Kiste', 1, 122);
INSERT INTO `products` VALUES (1473, 203, 'Kiste mit eigenen Pflanzen', 1, 55);
INSERT INTO `products` VALUES (1474, 203, 'Kisten mit gem. Pflanzen', 2, 202);
INSERT INTO `products` VALUES (1475, 204, 'Calluna', 36, 2.73);
INSERT INTO `products` VALUES (1476, 204, 'Viburnum', 5, 13.64);
INSERT INTO `products` VALUES (1477, 204, 'Bux', 4, 20);
INSERT INTO `products` VALUES (1478, 204, 'Lavoro', 2, 22.73);
INSERT INTO `products` VALUES (1479, 204, 'Pianta verde', 1, 77.27);
INSERT INTO `products` VALUES (1480, 205, ' Kisten mit Geranien', 6, 3.68);
INSERT INTO `products` VALUES (1481, 205, 'Ficus', 5, 2.73);
INSERT INTO `products` VALUES (1482, 205, 'Pflanzen aufgefrischt', 2, 31.82);
INSERT INTO `products` VALUES (1483, 206, 'Grünpflanze', 1, 14.82);
INSERT INTO `products` VALUES (1484, 206, 'Begonie', 1, 7.09);
INSERT INTO `products` VALUES (1485, 206, 'Orchidee', 1, 21.82);
INSERT INTO `products` VALUES (1486, 206, 'Ccryptanthus', 1, 7.73);
INSERT INTO `products` VALUES (1487, 206, 'Orchidee', 1, 22.73);
INSERT INTO `products` VALUES (1488, 206, 'Orchideen', 2, 25.45);
INSERT INTO `products` VALUES (1489, 207, 'Trockenkranz', 1, 100);
INSERT INTO `products` VALUES (1490, 208, 'Calluna', 10, 2.09);
INSERT INTO `products` VALUES (1491, 208, 'Pernetia', 2, 7.27);
INSERT INTO `products` VALUES (1492, 208, 'Caaleocephalus', 2, 2.09);
INSERT INTO `products` VALUES (1493, 208, 'Gesteck mit Protea', 1, 68.18);
INSERT INTO `products` VALUES (1494, 208, 'Gesteck', 1, 31.82);
INSERT INTO `products` VALUES (1495, 208, 'Chrysantheme', 1, 5);
INSERT INTO `products` VALUES (1496, 208, 'Chrysanthemen', 4, 5.91);
INSERT INTO `products` VALUES (1497, 208, 'Erika Tirol', 18, 2.73);
INSERT INTO `products` VALUES (1498, 208, 'Calluna', 4, 2.09);
INSERT INTO `products` VALUES (1499, 208, 'Calluna', 4, 2.55);
INSERT INTO `products` VALUES (1500, 208, 'Erde', 2, 9.09);
INSERT INTO `products` VALUES (1501, 208, 'Orchidee', 1, 36.36);
INSERT INTO `products` VALUES (1502, 208, 'Erde', 1, 6.27);
INSERT INTO `products` VALUES (1503, 208, 'Adventskranz', 1, 20);
INSERT INTO `products` VALUES (1504, 204, 'Terra', 1, 9.09);
INSERT INTO `products` VALUES (1505, 209, 'Viola', 131, 0.55);
INSERT INTO `products` VALUES (1506, 209, 'Erde', 1, 9.09);
INSERT INTO `products` VALUES (1507, 209, 'Impatiens', 25, 0.91);
INSERT INTO `products` VALUES (1508, 209, 'Begonien', 17, 0.55);
INSERT INTO `products` VALUES (1509, 209, 'Geranien', 35, 1.18);
INSERT INTO `products` VALUES (1510, 209, 'Euvonimus', 2, 3.18);
INSERT INTO `products` VALUES (1511, 209, 'Erica Gracilis', 37, 3.64);
INSERT INTO `products` VALUES (1512, 209, 'Erica Calluna', 17, 2.73);
INSERT INTO `products` VALUES (1513, 209, 'Magnolienkranz', 1, 22.73);
INSERT INTO `products` VALUES (1514, 209, 'Magnolienkranz', 1, 31.82);
INSERT INTO `products` VALUES (1515, 209, 'Dünger', 1, 31.82);
INSERT INTO `products` VALUES (1516, 209, 'Spritzungen', 7, 63.64);
INSERT INTO `products` VALUES (1517, 209, 'Arbeit', 8, 22.73);
INSERT INTO `products` VALUES (1518, 210, 'Soldatengräber', 0, 0);
INSERT INTO `products` VALUES (1519, 210, 'Frühjahrsbepflanzung', 2, 28.36);
INSERT INTO `products` VALUES (1520, 210, 'Sommerbepflanzung', 2, 16.55);
INSERT INTO `products` VALUES (1521, 210, 'Allerheiligen', 2, 68.18);
INSERT INTO `products` VALUES (1522, 210, 'Priestergrab', 0, 0);
INSERT INTO `products` VALUES (1523, 210, 'Frühjahrsbepflanzung', 1, 33.27);
INSERT INTO `products` VALUES (1524, 210, 'Sommerbepflanzung', 1, 47.73);
INSERT INTO `products` VALUES (1525, 210, 'Allerheiligen', 1, 97.73);
INSERT INTO `products` VALUES (1526, 210, 'Bouquett', 1, 68.18);
INSERT INTO `products` VALUES (1527, 210, 'Kisten Einsegnung', 0, 0);
INSERT INTO `products` VALUES (1528, 210, 'Viola', 10, 0.55);
INSERT INTO `products` VALUES (1529, 210, 'Crytomeria', 1, 11.82);
INSERT INTO `products` VALUES (1530, 210, 'Erica Gracilis', 6, 3.18);
INSERT INTO `products` VALUES (1531, 210, 'Erica Carnea', 2, 3.18);
INSERT INTO `products` VALUES (1532, 210, 'Erde und Arbeit', 1, 13.64);
INSERT INTO `products` VALUES (1533, 210, 'Leichenkapelle', 0, 0);
INSERT INTO `products` VALUES (1534, 210, 'Erica Gracilis', 8, 3.64);
INSERT INTO `products` VALUES (1535, 210, 'Grünlilien', 2, 5.45);
INSERT INTO `products` VALUES (1536, 210, 'Efeu', 6, 3.64);
INSERT INTO `products` VALUES (1537, 210, 'Arbeit', 1, 13.64);
INSERT INTO `products` VALUES (1538, 211, 'Pflanzen hergerichtet', 1, 27.27);
INSERT INTO `products` VALUES (1539, 211, 'Scindapsus', 1, 5.91);
INSERT INTO `products` VALUES (1540, 211, 'Schefflera', 1, 8.18);
INSERT INTO `products` VALUES (1541, 211, 'Aspidistra', 1, 35.45);
INSERT INTO `products` VALUES (1542, 211, 'Grassula', 1, 16.82);
INSERT INTO `products` VALUES (1543, 211, 'Pflanzen hergerichtet und Gift', 1, 22.73);
INSERT INTO `products` VALUES (1544, 212, 'Cyclame in Übertopf', 1, 6.09);
INSERT INTO `products` VALUES (1545, 212, 'Cyclamen', 2, 3.18);
INSERT INTO `products` VALUES (1546, 212, 'Spathyphyllum', 4, 8.64);
INSERT INTO `products` VALUES (1547, 212, 'Schale mit gem. Pflanzen', 1, 12.73);
INSERT INTO `products` VALUES (1548, 212, 'Kalanchoe', 45, 3.18);
INSERT INTO `products` VALUES (1549, 212, 'Primel', 2, 5);
INSERT INTO `products` VALUES (1550, 212, 'Farn', 1, 6.82);
INSERT INTO `products` VALUES (1551, 212, 'Primel', 3, 0.91);
INSERT INTO `products` VALUES (1552, 212, 'St. Paulie', 5, 3.18);
INSERT INTO `products` VALUES (1553, 212, 'Viola', 10, 0.55);
INSERT INTO `products` VALUES (1554, 212, 'Begonien', 5, 5.45);
INSERT INTO `products` VALUES (1555, 212, 'Hortensien', 6, 17.73);
INSERT INTO `products` VALUES (1556, 212, 'Hortensien', 3, 14.55);
INSERT INTO `products` VALUES (1557, 212, 'Gardaseezypresse', 1, 23.64);
INSERT INTO `products` VALUES (1558, 212, 'Gardaseezypresse', 1, 16.36);
INSERT INTO `products` VALUES (1559, 212, 'Steingartenpflanzen', 10, 1.82);
INSERT INTO `products` VALUES (1560, 212, 'Steingartenpflanzen', 3, 2.27);
INSERT INTO `products` VALUES (1561, 212, 'Nelken', 6, 2.73);
INSERT INTO `products` VALUES (1562, 212, 'Gardaseezypresse', 1, 39.09);
INSERT INTO `products` VALUES (1563, 212, 'Margerithen', 2, 10.91);
INSERT INTO `products` VALUES (1564, 212, 'Campanula', 10, 2.27);
INSERT INTO `products` VALUES (1565, 212, 'Basilikum', 25, 0.45);
INSERT INTO `products` VALUES (1566, 212, 'Salat', 20, 0.13);
INSERT INTO `products` VALUES (1567, 212, 'Schnittlauch', 15, 0.91);
INSERT INTO `products` VALUES (1568, 212, 'Alyssum', 10, 0.55);
INSERT INTO `products` VALUES (1569, 212, 'Begonien', 3, 7.09);
INSERT INTO `products` VALUES (1570, 212, 'Calluna', 8, 3.18);
INSERT INTO `products` VALUES (1571, 212, 'Chrysanthemen', 5, 4.55);
INSERT INTO `products` VALUES (1572, 212, 'Viburnum', 3, 10.91);
INSERT INTO `products` VALUES (1573, 212, 'Ginster', 3, 10);
INSERT INTO `products` VALUES (1574, 212, 'Kalanchoen', 55, 2.45);
INSERT INTO `products` VALUES (1575, 212, 'Chrysantheme', 1, 8.64);
INSERT INTO `products` VALUES (1576, 212, 'St. Paulie', 2, 2.27);
INSERT INTO `products` VALUES (1577, 212, 'Cyclame', 1, 2.73);
INSERT INTO `products` VALUES (1578, 212, 'Weihnachtssterne', 3, 5.45);
INSERT INTO `products` VALUES (1579, 212, 'Weihnachtssterne', 4, 2.27);
INSERT INTO `products` VALUES (1580, 212, 'Grabbepflanzung', 1, 264.82);
INSERT INTO `products` VALUES (1581, 212, 'Grabbepflanzung', 1, 71.09);
INSERT INTO `products` VALUES (1582, 212, 'Grabbepflanzung', 1, 68.36);
INSERT INTO `products` VALUES (1583, 212, 'Grabbepflanzung', 1, 10);
INSERT INTO `products` VALUES (1584, 213, 'Grünpflanze', 1, 70.91);
INSERT INTO `products` VALUES (1585, 214, 'Gläser', 4, 4.45);
INSERT INTO `products` VALUES (1586, 214, 'Adventskranz', 1, 50.91);
INSERT INTO `products` VALUES (1587, 214, 'Kranz', 1, 19.09);
INSERT INTO `products` VALUES (1588, 214, 'Übertöpfe', 2, 3.64);
INSERT INTO `products` VALUES (1589, 214, 'Übertöpfe', 6, 2.73);
INSERT INTO `products` VALUES (1590, 214, 'Erica', 34, 3.18);
INSERT INTO `products` VALUES (1591, 214, 'Kranz', 1, 10.45);
INSERT INTO `products` VALUES (1592, 214, 'Sterne', 5, 1.5);
INSERT INTO `products` VALUES (1593, 214, 'Stern', 1, 0.73);
INSERT INTO `products` VALUES (1594, 214, 'Zimtkränze', 3, 4.36);
INSERT INTO `products` VALUES (1595, 214, 'Kette', 1, 7.45);
INSERT INTO `products` VALUES (1596, 214, 'Kränze', 3, 6.36);
INSERT INTO `products` VALUES (1597, 215, 'Adventskranz', 1, 61.82);
INSERT INTO `products` VALUES (1598, 215, 'Pflanze aufgerichtet', 1, 9.09);
INSERT INTO `products` VALUES (1599, 216, 'Anthurium', 1, 20.91);
INSERT INTO `products` VALUES (1600, 217, 'Salat', 110, 0.13);
INSERT INTO `products` VALUES (1601, 217, 'Chinakohl', 40, 0.15);
INSERT INTO `products` VALUES (1602, 217, 'Impatiens', 3, 0.91);
INSERT INTO `products` VALUES (1603, 217, 'Calluna', 39, 3.36);
INSERT INTO `products` VALUES (1604, 217, 'Chrysanthemen', 3, 6.82);
INSERT INTO `products` VALUES (1605, 217, 'Hebe', 6, 3.36);
INSERT INTO `products` VALUES (1606, 217, 'Orchidee', 1, 26.36);
INSERT INTO `products` VALUES (1607, 218, 'Grünpflanze', 1, 107.27);
INSERT INTO `products` VALUES (1608, 218, 'Weihnachtsstern im Übertopf', 1, 14.09);
INSERT INTO `products` VALUES (1609, 218, 'Orchidee', 1, 39.09);
INSERT INTO `products` VALUES (1610, 218, 'Bromelie', 1, 6.82);
INSERT INTO `products` VALUES (1611, 219, 'Jasmin', 1, 11.36);
INSERT INTO `products` VALUES (1612, 219, 'St. Paulien', 4, 3.18);
INSERT INTO `products` VALUES (1613, 220, 'Weihnachtssterne', 6, 8.18);
INSERT INTO `products` VALUES (1614, 220, 'Weihnachtssterne', 4, 5.45);
INSERT INTO `products` VALUES (1615, 220, 'Weihnachtssterne', 16, 2.73);
INSERT INTO `products` VALUES (1616, 220, 'Kalanchoen', 2, 3.18);
INSERT INTO `products` VALUES (1617, 221, 'Übertöpfe', 3, 3.55);
INSERT INTO `products` VALUES (1618, 221, 'Weihnachtssterne', 2, 5.45);
INSERT INTO `products` VALUES (1619, 221, 'Weihnachtssterne', 5, 2.27);
INSERT INTO `products` VALUES (1620, 221, 'Teller', 2, 4.09);
INSERT INTO `products` VALUES (1621, 221, 'Teller', 1, 5.45);
INSERT INTO `products` VALUES (1622, 221, 'Orchidee', 1, 26.36);
INSERT INTO `products` VALUES (1623, 221, 'Weihnachtsstern', 1, 7.09);
INSERT INTO `products` VALUES (1624, 222, 'Yucca', 1, 16.36);
INSERT INTO `products` VALUES (1625, 222, 'Yucca', 1, 29.09);
INSERT INTO `products` VALUES (1626, 222, 'Weihnachtssterne', 6, 2.73);
INSERT INTO `products` VALUES (1627, 223, 'Palme Areca', 1, 62.73);
INSERT INTO `products` VALUES (1628, 223, 'Beocarnea', 1, 100);
INSERT INTO `products` VALUES (1629, 223, 'Steine und Gestrüpp', 1, 18.18);
INSERT INTO `products` VALUES (1631, 225, 'Zamioculcas', 1, 20.91);
INSERT INTO `products` VALUES (1632, 225, 'Zamioculcas', 1, 13.64);
INSERT INTO `products` VALUES (1633, 225, 'Felce con vasca', 1, 90.91);
INSERT INTO `products` VALUES (1634, 225, 'Terra e concime', 1, 9.09);
INSERT INTO `products` VALUES (1635, 225, 'Lavoro', 1, 9.09);
INSERT INTO `products` VALUES (1637, 226, 'Weihnachtssterne', 2, 8.18);
INSERT INTO `products` VALUES (1638, 226, 'Weihnachtssterne', 4, 2.27);
INSERT INTO `products` VALUES (1639, 226, 'Amaryllis', 1, 8.5);
INSERT INTO `products` VALUES (1640, 227, 'Yucca     (Tierarzt Mariotti )', 1, 22.73);
INSERT INTO `products` VALUES (1641, 227, 'Begonie Rex', 1, 8.18);
INSERT INTO `products` VALUES (1642, 227, 'Dracene', 1, 70.91);
INSERT INTO `products` VALUES (1643, 228, 'Primel', 30, 1.36);
INSERT INTO `products` VALUES (1644, 228, 'Grünpflanze', 1, 26.36);

-- --------------------------------------------------------

-- 
-- Tabellenstruktur für Tabelle `user_groups`
-- 

CREATE TABLE IF NOT EXISTS `user_groups` (
  `group_id` int(10) NOT NULL default '0',
  `name` varchar(255) collate latin1_general_ci NOT NULL default '0',
  `del_client` int(1) NOT NULL default '0',
  `new_client` int(1) NOT NULL default '0'
) ENGINE=MyISAM DEFAULT CHARSET=latin1 COLLATE=latin1_general_ci;

-- 
-- Daten für Tabelle `user_groups`
-- 

INSERT INTO `user_groups` VALUES (2, 'root', 1, 1);
