-- http://www.phpmyadmin.net
--
-- Erstellungszeit: 29. April 2009 um 10:06
-- Server Version: 5.0.32
-- PHP-Version: 5.2.0-8+etch11



--
-- Datenbank: `www9okinternetserviceit`
--

-- --------------------------------------------------------

--
-- Tabellenstruktur für Tabelle `filecomb`
--

CREATE TABLE IF NOT EXISTS `filecomb` (
  `id` int(11) NOT NULL auto_increment,
  `contentid` int(11) NOT NULL default '0',
  `fileid` int(11) NOT NULL default '0',
  PRIMARY KEY  (`id`)
) TYPE=MyISAM  AUTO_INCREMENT=2 ;

--
-- Daten für Tabelle `filecomb`
--


-- --------------------------------------------------------

--
-- Tabellenstruktur für Tabelle `filegalerie`
--

CREATE TABLE IF NOT EXISTS `filegalerie` (
  `id` int(11) NOT NULL auto_increment,
  `textde` varchar(200) NOT NULL default '',
  `textit` varchar(200) NOT NULL default '',
  `texteng` varchar(200) NOT NULL default '',
  `file` varchar(100) NOT NULL default '',
  `filekat` varchar(100) NOT NULL default '',
  `prioritaet` int(11) NOT NULL default '0',
  `textfr` varchar(250) NOT NULL default '',
  PRIMARY KEY  (`id`)
) TYPE=MyISAM  AUTO_INCREMENT=3 ;

--
-- Daten für Tabelle `filegalerie`
--


-- --------------------------------------------------------

--
-- Tabellenstruktur für Tabelle `filekat`
--

CREATE TABLE IF NOT EXISTS `filekat` (
  `id` int(11) NOT NULL auto_increment,
  `filekatde` varchar(50) NOT NULL default '',
  `filekatit` varchar(50) NOT NULL default '',
  `filekateng` varchar(50) NOT NULL default '',
  `filekatfr` varchar(255) NOT NULL default '',
  `prioritaet` int(11) NOT NULL default '0',
  `online` int(1) NOT NULL default '0',
  PRIMARY KEY  (`id`)
) TYPE=MyISAM  AUTO_INCREMENT=2 ;

--
-- Daten für Tabelle `filekat`
--


-- --------------------------------------------------------

--
-- Tabellenstruktur für Tabelle `galerie`
--

CREATE TABLE IF NOT EXISTS `galerie` (
  `id` int(11) NOT NULL auto_increment,
  `klbild` varchar(100) NOT NULL default '',
  `klbilda` varchar(100) NOT NULL default '',
  `galeriekat` varchar(100) NOT NULL default '',
  `prioritaet` int(11) NOT NULL default '0',
  `bildtextde` varchar(100) NOT NULL default '',
  `bildtextit` varchar(100) NOT NULL default '',
  `bildtexteng` varchar(100) NOT NULL default '',
  `bildtextfr` varchar(100) NOT NULL default '',
  PRIMARY KEY  (`id`)
) TYPE=MyISAM  AUTO_INCREMENT=1125 ;

--
-- Daten für Tabelle `galerie`
--

INSERT INTO `galerie` (`id`, `klbild`, `klbilda`, `galeriekat`, `prioritaet`, `bildtextde`, `bildtextit`, `bildtexteng`, `bildtextfr`) VALUES
(870, 'bilder-galerie/klgrbild_870.jpg', 'bilder-galerie/klgrbilda_870.jpg', '25', 870, '', '', '', ''),
(871, 'bilder-galerie/klgrbild_871.jpg', 'bilder-galerie/klgrbilda_871.jpg', '25', 871, '', '', '', ''),
(872, 'bilder-galerie/klgrbild_872.jpg', 'bilder-galerie/klgrbilda_872.jpg', '25', 872, '', '', '', ''),
(873, 'bilder-galerie/klgrbild_873.jpg', 'bilder-galerie/klgrbilda_873.jpg', '25', 873, '', '', '', ''),
(874, 'bilder-galerie/klgrbild_874.jpg', 'bilder-galerie/klgrbilda_874.jpg', '25', 874, '', '', '', ''),
(875, 'bilder-galerie/klgrbild_875.jpg', 'bilder-galerie/klgrbilda_875.jpg', '25', 875, '', '', '', ''),
(876, 'bilder-galerie/klgrbild_876.jpg', 'bilder-galerie/klgrbilda_876.jpg', '25', 876, '', '', '', ''),
(877, 'bilder-galerie/klgrbild_877.jpg', 'bilder-galerie/klgrbilda_877.jpg', '25', 877, '', '', '', ''),
(878, 'bilder-galerie/klgrbild_878.jpg', 'bilder-galerie/klgrbilda_878.jpg', '25', 878, '', '', '', ''),
(879, 'bilder-galerie/klgrbild_879.jpg', 'bilder-galerie/klgrbilda_879.jpg', '25', 879, '', '', '', ''),
(880, 'bilder-galerie/klgrbild_880.jpg', 'bilder-galerie/klgrbilda_880.jpg', '25', 880, '', '', '', ''),
(881, 'bilder-galerie/klgrbild_881.jpg', 'bilder-galerie/klgrbilda_881.jpg', '25', 881, '', '', '', ''),
(882, 'bilder-galerie/klgrbild_882.jpg', 'bilder-galerie/klgrbilda_882.jpg', '25', 882, '', '', '', ''),
(883, 'bilder-galerie/klgrbild_883.jpg', 'bilder-galerie/klgrbilda_883.jpg', '25', 883, '', '', '', ''),
(884, 'bilder-galerie/klgrbild_884.jpg', 'bilder-galerie/klgrbilda_884.jpg', '25', 884, '', '', '', ''),
(885, 'bilder-galerie/klgrbild_885.jpg', 'bilder-galerie/klgrbilda_885.jpg', '25', 885, '', '', '', ''),
(886, 'bilder-galerie/klgrbild_886.jpg', 'bilder-galerie/klgrbilda_886.jpg', '25', 886, '', '', '', ''),
(887, 'bilder-galerie/klgrbild_887.jpg', 'bilder-galerie/klgrbilda_887.jpg', '25', 887, '', '', '', ''),
(888, 'bilder-galerie/klgrbild_888.jpg', 'bilder-galerie/klgrbilda_888.jpg', '25', 888, '', '', '', ''),
(889, 'bilder-galerie/klgrbild_889.jpg', 'bilder-galerie/klgrbilda_889.jpg', '25', 889, '', '', '', ''),
(890, 'bilder-galerie/klgrbild_890.jpg', 'bilder-galerie/klgrbilda_890.jpg', '25', 890, '', '', '', ''),
(891, 'bilder-galerie/klgrbild_891.jpg', 'bilder-galerie/klgrbilda_891.jpg', '25', 891, '', '', '', ''),
(892, 'bilder-galerie/klgrbild_892.jpg', 'bilder-galerie/klgrbilda_892.jpg', '25', 892, '', '', '', ''),
(893, 'bilder-galerie/klgrbild_893.jpg', 'bilder-galerie/klgrbilda_893.jpg', '25', 893, '', '', '', ''),
(894, 'bilder-galerie/klgrbild_894.jpg', 'bilder-galerie/klgrbilda_894.jpg', '25', 894, '', '', '', ''),
(895, 'bilder-galerie/klgrbild_895.jpg', 'bilder-galerie/klgrbilda_895.jpg', '25', 895, '', '', '', ''),
(896, 'bilder-galerie/klgrbild_896.jpg', 'bilder-galerie/klgrbilda_896.jpg', '25', 896, '', '', '', ''),
(897, 'bilder-galerie/klgrbild_897.jpg', 'bilder-galerie/klgrbilda_897.jpg', '25', 897, '', '', '', ''),
(898, 'bilder-galerie/klgrbild_898.jpg', 'bilder-galerie/klgrbilda_898.jpg', '25', 898, '', '', '', ''),
(899, 'bilder-galerie/klgrbild_899.jpg', 'bilder-galerie/klgrbilda_899.jpg', '25', 899, '', '', '', ''),
(900, 'bilder-galerie/klgrbild_900.jpg', 'bilder-galerie/klgrbilda_900.jpg', '25', 900, '', '', '', ''),
(901, 'bilder-galerie/klgrbild_901.jpg', 'bilder-galerie/klgrbilda_901.jpg', '25', 901, '', '', '', ''),
(902, 'bilder-galerie/klgrbild_902.jpg', 'bilder-galerie/klgrbilda_902.jpg', '25', 902, '', '', '', ''),
(903, 'bilder-galerie/klgrbild_903.jpg', 'bilder-galerie/klgrbilda_903.jpg', '25', 903, '', '', '', ''),
(904, 'bilder-galerie/klgrbild_904.jpg', 'bilder-galerie/klgrbilda_904.jpg', '25', 904, '', '', '', ''),
(905, 'bilder-galerie/klgrbild_905.jpg', 'bilder-galerie/klgrbilda_905.jpg', '25', 905, '', '', '', ''),
(906, 'bilder-galerie/klgrbild_906.jpg', 'bilder-galerie/klgrbilda_906.jpg', '25', 906, '', '', '', ''),
(907, 'bilder-galerie/klgrbild_907.jpg', 'bilder-galerie/klgrbilda_907.jpg', '25', 907, '', '', '', ''),
(908, 'bilder-galerie/klgrbild_908.jpg', 'bilder-galerie/klgrbilda_908.jpg', '25', 908, '', '', '', ''),
(909, 'bilder-galerie/klgrbild_909.jpg', 'bilder-galerie/klgrbilda_909.jpg', '25', 909, '', '', '', ''),
(910, 'bilder-galerie/klgrbild_910.jpg', 'bilder-galerie/klgrbilda_910.jpg', '25', 910, '', '', '', ''),
(911, 'bilder-galerie/klgrbild_911.jpg', 'bilder-galerie/klgrbilda_911.jpg', '25', 911, '', '', '', ''),
(912, 'bilder-galerie/klgrbild_912.jpg', 'bilder-galerie/klgrbilda_912.jpg', '25', 912, '', '', '', ''),
(913, 'bilder-galerie/klgrbild_913.jpg', 'bilder-galerie/klgrbilda_913.jpg', '25', 913, '', '', '', ''),
(914, 'bilder-galerie/klgrbild_914.jpg', 'bilder-galerie/klgrbilda_914.jpg', '25', 914, '', '', '', ''),
(915, 'bilder-galerie/klgrbild_915.jpg', 'bilder-galerie/klgrbilda_915.jpg', '25', 915, '', '', '', ''),
(916, 'bilder-galerie/klgrbild_916.jpg', 'bilder-galerie/klgrbilda_916.jpg', '25', 916, '', '', '', ''),
(917, 'bilder-galerie/klgrbild_917.jpg', 'bilder-galerie/klgrbilda_917.jpg', '25', 917, '', '', '', ''),
(918, 'bilder-galerie/klgrbild_918.jpg', 'bilder-galerie/klgrbilda_918.jpg', '25', 918, '', '', '', ''),
(919, 'bilder-galerie/klgrbild_919.jpg', 'bilder-galerie/klgrbilda_919.jpg', '25', 919, '', '', '', ''),
(920, 'bilder-galerie/klgrbild_920.jpg', 'bilder-galerie/klgrbilda_920.jpg', '25', 920, '', '', '', ''),
(921, 'bilder-galerie/klgrbild_921.jpg', 'bilder-galerie/klgrbilda_921.jpg', '25', 921, '', '', '', ''),
(922, 'bilder-galerie/klgrbild_922.jpg', 'bilder-galerie/klgrbilda_922.jpg', '25', 922, '', '', '', ''),
(923, 'bilder-galerie/klgrbild_923.jpg', 'bilder-galerie/klgrbilda_923.jpg', '25', 923, '', '', '', ''),
(924, 'bilder-galerie/klgrbild_924.jpg', 'bilder-galerie/klgrbilda_924.jpg', '25', 924, '', '', '', ''),
(925, 'bilder-galerie/klgrbild_925.jpg', 'bilder-galerie/klgrbilda_925.jpg', '25', 925, '', '', '', ''),
(926, 'bilder-galerie/klgrbild_926.jpg', 'bilder-galerie/klgrbilda_926.jpg', '25', 926, '', '', '', ''),
(927, 'bilder-galerie/klgrbild_927.jpg', 'bilder-galerie/klgrbilda_927.jpg', '25', 927, '', '', '', ''),
(928, 'bilder-galerie/klgrbild_928.jpg', 'bilder-galerie/klgrbilda_928.jpg', '25', 928, '', '', '', ''),
(929, 'bilder-galerie/klgrbild_929.jpg', 'bilder-galerie/klgrbilda_929.jpg', '25', 929, '', '', '', ''),
(930, 'bilder-galerie/klgrbild_930.jpg', 'bilder-galerie/klgrbilda_930.jpg', '25', 930, '', '', '', ''),
(931, 'bilder-galerie/klgrbild_931.jpg', 'bilder-galerie/klgrbilda_931.jpg', '25', 931, '', '', '', ''),
(932, 'bilder-galerie/klgrbild_932.jpg', 'bilder-galerie/klgrbilda_932.jpg', '26', 932, '', '', '', ''),
(933, 'bilder-galerie/klgrbild_933.jpg', 'bilder-galerie/klgrbilda_933.jpg', '26', 933, '', '', '', ''),
(934, 'bilder-galerie/klgrbild_934.jpg', 'bilder-galerie/klgrbilda_934.jpg', '26', 934, '', '', '', ''),
(935, 'bilder-galerie/klgrbild_935.jpg', 'bilder-galerie/klgrbilda_935.jpg', '26', 935, '', '', '', ''),
(936, 'bilder-galerie/klgrbild_936.jpg', 'bilder-galerie/klgrbilda_936.jpg', '26', 936, '', '', '', ''),
(937, 'bilder-galerie/klgrbild_937.jpg', 'bilder-galerie/klgrbilda_937.jpg', '26', 937, '', '', '', ''),
(938, 'bilder-galerie/klgrbild_938.jpg', 'bilder-galerie/klgrbilda_938.jpg', '26', 938, '', '', '', ''),
(939, 'bilder-galerie/klgrbild_939.jpg', 'bilder-galerie/klgrbilda_939.jpg', '26', 939, '', '', '', ''),
(940, 'bilder-galerie/klgrbild_940.jpg', 'bilder-galerie/klgrbilda_940.jpg', '26', 940, '', '', '', ''),
(941, 'bilder-galerie/klgrbild_941.jpg', 'bilder-galerie/klgrbilda_941.jpg', '26', 941, '', '', '', ''),
(942, 'bilder-galerie/klgrbild_942.jpg', 'bilder-galerie/klgrbilda_942.jpg', '28', 942, '', '', '', ''),
(943, 'bilder-galerie/klgrbild_943.jpg', 'bilder-galerie/klgrbilda_943.jpg', '28', 943, '', '', '', ''),
(944, 'bilder-galerie/klgrbild_944.jpg', 'bilder-galerie/klgrbilda_944.jpg', '28', 944, '', '', '', ''),
(945, 'bilder-galerie/klgrbild_945.jpg', 'bilder-galerie/klgrbilda_945.jpg', '28', 945, '', '', '', ''),
(946, 'bilder-galerie/klgrbild_946.jpg', 'bilder-galerie/klgrbilda_946.jpg', '28', 946, '', '', '', ''),
(947, 'bilder-galerie/klgrbild_947.jpg', 'bilder-galerie/klgrbilda_947.jpg', '28', 947, '', '', '', ''),
(948, 'bilder-galerie/klgrbild_948.jpg', 'bilder-galerie/klgrbilda_948.jpg', '28', 948, '', '', '', ''),
(949, 'bilder-galerie/klgrbild_949.jpg', 'bilder-galerie/klgrbilda_949.jpg', '28', 949, '', '', '', ''),
(950, 'bilder-galerie/klgrbild_950.jpg', 'bilder-galerie/klgrbilda_950.jpg', '28', 950, '', '', '', ''),
(951, 'bilder-galerie/klgrbild_951.jpg', 'bilder-galerie/klgrbilda_951.jpg', '28', 951, '', '', '', ''),
(952, 'bilder-galerie/klgrbild_952.jpg', 'bilder-galerie/klgrbilda_952.jpg', '28', 952, '', '', '', ''),
(953, 'bilder-galerie/klgrbild_953.jpg', 'bilder-galerie/klgrbilda_953.jpg', '28', 953, '', '', '', ''),
(954, 'bilder-galerie/klgrbild_954.jpg', 'bilder-galerie/klgrbilda_954.jpg', '28', 954, '', '', '', ''),
(955, 'bilder-galerie/klgrbild_955.jpg', 'bilder-galerie/klgrbilda_955.jpg', '28', 955, '', '', '', ''),
(956, 'bilder-galerie/klgrbild_956.jpg', 'bilder-galerie/klgrbilda_956.jpg', '28', 956, '', '', '', ''),
(957, 'bilder-galerie/klgrbild_957.jpg', 'bilder-galerie/klgrbilda_957.jpg', '28', 957, '', '', '', ''),
(958, 'bilder-galerie/klgrbild_958.jpg', 'bilder-galerie/klgrbilda_958.jpg', '28', 958, '', '', '', ''),
(959, 'bilder-galerie/klgrbild_959.jpg', 'bilder-galerie/klgrbilda_959.jpg', '28', 959, '', '', '', ''),
(960, 'bilder-galerie/klgrbild_960.jpg', 'bilder-galerie/klgrbilda_960.jpg', '28', 960, '', '', '', ''),
(961, 'bilder-galerie/klgrbild_961.jpg', 'bilder-galerie/klgrbilda_961.jpg', '28', 961, '', '', '', ''),
(962, 'bilder-galerie/klgrbild_962.jpg', 'bilder-galerie/klgrbilda_962.jpg', '27', 962, '', '', '', ''),
(963, 'bilder-galerie/klgrbild_963.jpg', 'bilder-galerie/klgrbilda_963.jpg', '27', 963, '', '', '', ''),
(964, 'bilder-galerie/klgrbild_964.jpg', 'bilder-galerie/klgrbilda_964.jpg', '27', 964, '', '', '', ''),
(965, 'bilder-galerie/klgrbild_965.jpg', 'bilder-galerie/klgrbilda_965.jpg', '27', 965, '', '', '', ''),
(966, 'bilder-galerie/klgrbild_966.jpg', 'bilder-galerie/klgrbilda_966.jpg', '27', 966, '', '', '', ''),
(967, 'bilder-galerie/klgrbild_967.jpg', 'bilder-galerie/klgrbilda_967.jpg', '27', 967, '', '', '', ''),
(968, 'bilder-galerie/klgrbild_968.jpg', 'bilder-galerie/klgrbilda_968.jpg', '27', 968, '', '', '', ''),
(969, 'bilder-galerie/klgrbild_969.jpg', 'bilder-galerie/klgrbilda_969.jpg', '27', 969, '', '', '', ''),
(970, 'bilder-galerie/klgrbild_970.jpg', 'bilder-galerie/klgrbilda_970.jpg', '27', 970, '', '', '', ''),
(971, 'bilder-galerie/klgrbild_971.jpg', 'bilder-galerie/klgrbilda_971.jpg', '27', 971, '', '', '', ''),
(972, 'bilder-galerie/klgrbild_972.jpg', 'bilder-galerie/klgrbilda_972.jpg', '27', 972, '', '', '', ''),
(973, 'bilder-galerie/klgrbild_973.jpg', 'bilder-galerie/klgrbilda_973.jpg', '27', 973, '', '', '', ''),
(974, 'bilder-galerie/klgrbild_974.jpg', 'bilder-galerie/klgrbilda_974.jpg', '27', 974, '', '', '', ''),
(975, 'bilder-galerie/klgrbild_975.jpg', 'bilder-galerie/klgrbilda_975.jpg', '29', 975, '', '', '', ''),
(976, 'bilder-galerie/klgrbild_976.jpg', 'bilder-galerie/klgrbilda_976.jpg', '29', 976, '', '', '', ''),
(977, 'bilder-galerie/klgrbild_977.jpg', 'bilder-galerie/klgrbilda_977.jpg', '29', 977, '', '', '', ''),
(978, 'bilder-galerie/klgrbild_978.jpg', 'bilder-galerie/klgrbilda_978.jpg', '29', 978, '', '', '', ''),
(979, 'bilder-galerie/klgrbild_979.jpg', 'bilder-galerie/klgrbilda_979.jpg', '29', 979, '', '', '', ''),
(980, 'bilder-galerie/klgrbild_980.jpg', 'bilder-galerie/klgrbilda_980.jpg', '30', 980, '', '', '', ''),
(981, 'bilder-galerie/klgrbild_981.jpg', 'bilder-galerie/klgrbilda_981.jpg', '30', 981, '', '', '', ''),
(982, 'bilder-galerie/klgrbild_982.jpg', 'bilder-galerie/klgrbilda_982.jpg', '30', 982, '', '', '', ''),
(983, 'bilder-galerie/klgrbild_983.jpg', 'bilder-galerie/klgrbilda_983.jpg', '30', 983, '', '', '', ''),
(984, 'bilder-galerie/klgrbild_984.jpg', 'bilder-galerie/klgrbilda_984.jpg', '30', 984, '', '', '', ''),
(985, 'bilder-galerie/klgrbild_985.jpg', 'bilder-galerie/klgrbilda_985.jpg', '30', 985, '', '', '', ''),
(986, 'bilder-galerie/klgrbild_986.jpg', 'bilder-galerie/klgrbilda_986.jpg', '30', 986, '', '', '', ''),
(987, 'bilder-galerie/klgrbild_987.jpg', 'bilder-galerie/klgrbilda_987.jpg', '30', 987, '', '', '', ''),
(988, 'bilder-galerie/klgrbild_988.jpg', 'bilder-galerie/klgrbilda_988.jpg', '30', 988, '', '', '', ''),
(989, 'bilder-galerie/klgrbild_989.jpg', 'bilder-galerie/klgrbilda_989.jpg', '30', 989, '', '', '', ''),
(990, 'bilder-galerie/klgrbild_990.jpg', 'bilder-galerie/klgrbilda_990.jpg', '30', 990, '', '', '', ''),
(991, 'bilder-galerie/klgrbild_991.jpg', 'bilder-galerie/klgrbilda_991.jpg', '30', 991, '', '', '', ''),
(992, 'bilder-galerie/klgrbild_992.jpg', 'bilder-galerie/klgrbilda_992.jpg', '30', 992, '', '', '', ''),
(993, 'bilder-galerie/klgrbild_993.jpg', 'bilder-galerie/klgrbilda_993.jpg', '30', 993, '', '', '', ''),
(994, 'bilder-galerie/klgrbild_994.jpg', 'bilder-galerie/klgrbilda_994.jpg', '30', 994, '', '', '', ''),
(995, 'bilder-galerie/klgrbild_995.jpg', 'bilder-galerie/klgrbilda_995.jpg', '30', 995, '', '', '', ''),
(996, 'bilder-galerie/klgrbild_996.jpg', 'bilder-galerie/klgrbilda_996.jpg', '30', 996, '', '', '', ''),
(997, 'bilder-galerie/klgrbild_997.jpg', 'bilder-galerie/klgrbilda_997.jpg', '30', 997, '', '', '', ''),
(998, 'bilder-galerie/klgrbild_998.jpg', 'bilder-galerie/klgrbilda_998.jpg', '30', 998, '', '', '', ''),
(999, 'bilder-galerie/klgrbild_999.jpg', 'bilder-galerie/klgrbilda_999.jpg', '30', 999, '', '', '', ''),
(1000, 'bilder-galerie/klgrbild_1000.jpg', 'bilder-galerie/klgrbilda_1000.jpg', '30', 1000, '', '', '', ''),
(1001, 'bilder-galerie/klgrbild_1001.jpg', 'bilder-galerie/klgrbilda_1001.jpg', '30', 1001, '', '', '', ''),
(1002, 'bilder-galerie/klgrbild_1002.jpg', 'bilder-galerie/klgrbilda_1002.jpg', '30', 1002, '', '', '', ''),
(1003, 'bilder-galerie/klgrbild_1003.jpg', 'bilder-galerie/klgrbilda_1003.jpg', '30', 1003, '', '', '', ''),
(1004, 'bilder-galerie/klgrbild_1004.jpg', 'bilder-galerie/klgrbilda_1004.jpg', '30', 1004, '', '', '', ''),
(1005, 'bilder-galerie/klgrbild_1005.jpg', 'bilder-galerie/klgrbilda_1005.jpg', '30', 1005, '', '', '', ''),
(1006, 'bilder-galerie/klgrbild_1006.jpg', 'bilder-galerie/klgrbilda_1006.jpg', '30', 1006, '', '', '', ''),
(1007, 'bilder-galerie/klgrbild_1007.jpg', 'bilder-galerie/klgrbilda_1007.jpg', '30', 1007, '', '', '', ''),
(1008, 'bilder-galerie/klgrbild_1008.jpg', 'bilder-galerie/klgrbilda_1008.jpg', '30', 1008, '', '', '', ''),
(1009, 'bilder-galerie/klgrbild_1009.jpg', 'bilder-galerie/klgrbilda_1009.jpg', '30', 1009, '', '', '', ''),
(1010, 'bilder-galerie/klgrbild_1010.jpg', 'bilder-galerie/klgrbilda_1010.jpg', '30', 1010, '', '', '', ''),
(1011, 'bilder-galerie/klgrbild_1011.jpg', 'bilder-galerie/klgrbilda_1011.jpg', '30', 1011, '', '', '', ''),
(1012, 'bilder-galerie/klgrbild_1012.jpg', 'bilder-galerie/klgrbilda_1012.jpg', '30', 1012, '', '', '', ''),
(1013, 'bilder-galerie/klgrbild_1013.jpg', 'bilder-galerie/klgrbilda_1013.jpg', '30', 1013, '', '', '', ''),
(1014, 'bilder-galerie/klgrbild_1014.jpg', 'bilder-galerie/klgrbilda_1014.jpg', '30', 1014, '', '', '', ''),
(1015, 'bilder-galerie/klgrbild_1015.jpg', 'bilder-galerie/klgrbilda_1015.jpg', '30', 1015, '', '', '', ''),
(1016, 'bilder-galerie/klgrbild_1016.jpg', 'bilder-galerie/klgrbilda_1016.jpg', '30', 1016, '', '', '', ''),
(1017, 'bilder-galerie/klgrbild_1017.jpg', 'bilder-galerie/klgrbilda_1017.jpg', '30', 1017, '', '', '', ''),
(1018, 'bilder-galerie/klgrbild_1018.jpg', 'bilder-galerie/klgrbilda_1018.jpg', '30', 1018, '', '', '', ''),
(1019, 'bilder-galerie/klgrbild_1019.jpg', 'bilder-galerie/klgrbilda_1019.jpg', '30', 1019, '', '', '', ''),
(1020, 'bilder-galerie/klgrbild_1020.jpg', 'bilder-galerie/klgrbilda_1020.jpg', '30', 1020, '', '', '', ''),
(1021, 'bilder-galerie/klgrbild_1021.jpg', 'bilder-galerie/klgrbilda_1021.jpg', '30', 1021, '', '', '', ''),
(1022, 'bilder-galerie/klgrbild_1022.jpg', 'bilder-galerie/klgrbilda_1022.jpg', '30', 1022, '', '', '', ''),
(1023, 'bilder-galerie/klgrbild_1023.jpg', 'bilder-galerie/klgrbilda_1023.jpg', '30', 1023, '', '', '', ''),
(1024, 'bilder-galerie/klgrbild_1024.jpg', 'bilder-galerie/klgrbilda_1024.jpg', '30', 1024, '', '', '', ''),
(1025, 'bilder-galerie/klgrbild_1025.jpg', 'bilder-galerie/klgrbilda_1025.jpg', '30', 1025, '', '', '', ''),
(1026, 'bilder-galerie/klgrbild_1026.jpg', 'bilder-galerie/klgrbilda_1026.jpg', '30', 1026, '', '', '', ''),
(1027, 'bilder-galerie/klgrbild_1027.jpg', 'bilder-galerie/klgrbilda_1027.jpg', '30', 1027, '', '', '', ''),
(1028, 'bilder-galerie/klgrbild_1028.jpg', 'bilder-galerie/klgrbilda_1028.jpg', '30', 1028, '', '', '', ''),
(1029, 'bilder-galerie/klgrbild_1029.jpg', 'bilder-galerie/klgrbilda_1029.jpg', '30', 1029, '', '', '', ''),
(1030, 'bilder-galerie/klgrbild_1030.jpg', 'bilder-galerie/klgrbilda_1030.jpg', '30', 1030, '', '', '', ''),
(1031, 'bilder-galerie/klgrbild_1031.jpg', 'bilder-galerie/klgrbilda_1031.jpg', '30', 1031, '', '', '', ''),
(1032, 'bilder-galerie/klgrbild_1032.jpg', 'bilder-galerie/klgrbilda_1032.jpg', '30', 1032, '', '', '', ''),
(1033, 'bilder-galerie/klgrbild_1033.jpg', 'bilder-galerie/klgrbilda_1033.jpg', '30', 1033, '', '', '', ''),
(1034, 'bilder-galerie/klgrbild_1034.jpg', 'bilder-galerie/klgrbilda_1034.jpg', '30', 1034, '', '', '', ''),
(1035, 'bilder-galerie/klgrbild_1035.jpg', 'bilder-galerie/klgrbilda_1035.jpg', '30', 1035, '', '', '', ''),
(1036, 'bilder-galerie/klgrbild_1036.jpg', 'bilder-galerie/klgrbilda_1036.jpg', '30', 1036, '', '', '', ''),
(1037, 'bilder-galerie/klgrbild_1037.jpg', 'bilder-galerie/klgrbilda_1037.jpg', '30', 1037, '', '', '', ''),
(1038, 'bilder-galerie/klgrbild_1038.jpg', 'bilder-galerie/klgrbilda_1038.jpg', '30', 1038, '', '', '', ''),
(1039, 'bilder-galerie/klgrbild_1039.jpg', 'bilder-galerie/klgrbilda_1039.jpg', '30', 1039, '', '', '', ''),
(1040, 'bilder-galerie/klgrbild_1040.jpg', 'bilder-galerie/klgrbilda_1040.jpg', '31', 1040, '', '', '', ''),
(1041, 'bilder-galerie/klgrbild_1041.jpg', 'bilder-galerie/klgrbilda_1041.jpg', '31', 1041, '', '', '', ''),
(1042, 'bilder-galerie/klgrbild_1042.jpg', 'bilder-galerie/klgrbilda_1042.jpg', '31', 1042, '', '', '', ''),
(1043, 'bilder-galerie/klgrbild_1043.jpg', 'bilder-galerie/klgrbilda_1043.jpg', '31', 1043, '', '', '', ''),
(1044, 'bilder-galerie/klgrbild_1044.jpg', 'bilder-galerie/klgrbilda_1044.jpg', '31', 1044, '', '', '', ''),
(1045, 'bilder-galerie/klgrbild_1045.jpg', 'bilder-galerie/klgrbilda_1045.jpg', '31', 1045, '', '', '', ''),
(1046, 'bilder-galerie/klgrbild_1046.jpg', 'bilder-galerie/klgrbilda_1046.jpg', '31', 1046, '', '', '', ''),
(1047, 'bilder-galerie/klgrbild_1047.jpg', 'bilder-galerie/klgrbilda_1047.jpg', '31', 1047, '', '', '', ''),
(1048, 'bilder-galerie/klgrbild_1048.jpg', 'bilder-galerie/klgrbilda_1048.jpg', '31', 1048, '', '', '', ''),
(1049, 'bilder-galerie/klgrbild_1049.jpg', 'bilder-galerie/klgrbilda_1049.jpg', '31', 1049, '', '', '', ''),
(1050, 'bilder-galerie/klgrbild_1050.jpg', 'bilder-galerie/klgrbilda_1050.jpg', '31', 1050, '', '', '', ''),
(1051, 'bilder-galerie/klgrbild_1051.jpg', 'bilder-galerie/klgrbilda_1051.jpg', '31', 1051, '', '', '', ''),
(1052, 'bilder-galerie/klgrbild_1052.jpg', 'bilder-galerie/klgrbilda_1052.jpg', '31', 1052, '', '', '', ''),
(1053, 'bilder-galerie/klgrbild_1053.jpg', 'bilder-galerie/klgrbilda_1053.jpg', '31', 1053, '', '', '', ''),
(1054, 'bilder-galerie/klgrbild_1054.jpg', 'bilder-galerie/klgrbilda_1054.jpg', '31', 1054, '', '', '', ''),
(1055, 'bilder-galerie/klgrbild_1055.jpg', 'bilder-galerie/klgrbilda_1055.jpg', '31', 1055, '', '', '', ''),
(1056, 'bilder-galerie/klgrbild_1056.jpg', 'bilder-galerie/klgrbilda_1056.jpg', '31', 1056, '', '', '', ''),
(1057, 'bilder-galerie/klgrbild_1057.jpg', 'bilder-galerie/klgrbilda_1057.jpg', '31', 1057, '', '', '', ''),
(1058, 'bilder-galerie/klgrbild_1058.jpg', 'bilder-galerie/klgrbilda_1058.jpg', '31', 1058, '', '', '', ''),
(1059, 'bilder-galerie/klgrbild_1059.jpg', 'bilder-galerie/klgrbilda_1059.jpg', '31', 1059, '', '', '', ''),
(1060, 'bilder-galerie/klgrbild_1060.jpg', 'bilder-galerie/klgrbilda_1060.jpg', '31', 1060, '', '', '', ''),
(1061, 'bilder-galerie/klgrbild_1061.jpg', 'bilder-galerie/klgrbilda_1061.jpg', '31', 1061, '', '', '', ''),
(1062, 'bilder-galerie/klgrbild_1062.jpg', 'bilder-galerie/klgrbilda_1062.jpg', '31', 1062, '', '', '', ''),
(1063, 'bilder-galerie/klgrbild_1063.jpg', 'bilder-galerie/klgrbilda_1063.jpg', '31', 1063, '', '', '', ''),
(1064, 'bilder-galerie/klgrbild_1064.jpg', 'bilder-galerie/klgrbilda_1064.jpg', '31', 1064, '', '', '', ''),
(1065, 'bilder-galerie/klgrbild_1065.jpg', 'bilder-galerie/klgrbilda_1065.jpg', '31', 1065, '', '', '', ''),
(1066, 'bilder-galerie/klgrbild_1066.jpg', 'bilder-galerie/klgrbilda_1066.jpg', '31', 1066, '', '', '', ''),
(1067, 'bilder-galerie/klgrbild_1067.jpg', 'bilder-galerie/klgrbilda_1067.jpg', '31', 1067, '', '', '', ''),
(1068, 'bilder-galerie/klgrbild_1068.jpg', 'bilder-galerie/klgrbilda_1068.jpg', '31', 1068, '', '', '', ''),
(1069, 'bilder-galerie/klgrbild_1069.jpg', 'bilder-galerie/klgrbilda_1069.jpg', '31', 1069, '', '', '', ''),
(1070, 'bilder-galerie/klgrbild_1070.jpg', 'bilder-galerie/klgrbilda_1070.jpg', '31', 1070, '', '', '', ''),
(1071, 'bilder-galerie/klgrbild_1071.jpg', 'bilder-galerie/klgrbilda_1071.jpg', '31', 1071, '', '', '', ''),
(1072, 'bilder-galerie/klgrbild_1072.jpg', 'bilder-galerie/klgrbilda_1072.jpg', '31', 1072, '', '', '', ''),
(1073, 'bilder-galerie/klgrbild_1073.jpg', 'bilder-galerie/klgrbilda_1073.jpg', '31', 1073, '', '', '', ''),
(1074, 'bilder-galerie/klgrbild_1074.jpg', 'bilder-galerie/klgrbilda_1074.jpg', '31', 1074, '', '', '', ''),
(1075, 'bilder-galerie/klgrbild_1075.jpg', 'bilder-galerie/klgrbilda_1075.jpg', '31', 1075, '', '', '', ''),
(1076, 'bilder-galerie/klgrbild_1076.jpg', 'bilder-galerie/klgrbilda_1076.jpg', '31', 1076, '', '', '', ''),
(1077, 'bilder-galerie/klgrbild_1077.jpg', 'bilder-galerie/klgrbilda_1077.jpg', '31', 1077, '', '', '', ''),
(1078, 'bilder-galerie/klgrbild_1078.jpg', 'bilder-galerie/klgrbilda_1078.jpg', '31', 1078, '', '', '', ''),
(1079, 'bilder-galerie/klgrbild_1079.jpg', 'bilder-galerie/klgrbilda_1079.jpg', '31', 1079, '', '', '', ''),
(1080, 'bilder-galerie/klgrbild_1080.jpg', 'bilder-galerie/klgrbilda_1080.jpg', '31', 1080, '', '', '', ''),
(1081, 'bilder-galerie/klgrbild_1081.jpg', 'bilder-galerie/klgrbilda_1081.jpg', '31', 1081, '', '', '', ''),
(1082, 'bilder-galerie/klgrbild_1082.jpg', 'bilder-galerie/klgrbilda_1082.jpg', '31', 1082, '', '', '', ''),
(1083, 'bilder-galerie/klgrbild_1083.jpg', 'bilder-galerie/klgrbilda_1083.jpg', '31', 1083, '', '', '', ''),
(1084, 'bilder-galerie/klgrbild_1084.jpg', 'bilder-galerie/klgrbilda_1084.jpg', '31', 1084, '', '', '', ''),
(1085, 'bilder-galerie/klgrbild_1085.jpg', 'bilder-galerie/klgrbilda_1085.jpg', '31', 1085, '', '', '', ''),
(1086, 'bilder-galerie/klgrbild_1086.jpg', 'bilder-galerie/klgrbilda_1086.jpg', '31', 1086, '', '', '', ''),
(1087, 'bilder-galerie/klgrbild_1087.jpg', 'bilder-galerie/klgrbilda_1087.jpg', '31', 1087, '', '', '', ''),
(1088, 'bilder-galerie/klgrbild_1088.jpg', 'bilder-galerie/klgrbilda_1088.jpg', '31', 1088, '', '', '', ''),
(1089, 'bilder-galerie/klgrbild_1089.jpg', 'bilder-galerie/klgrbilda_1089.jpg', '31', 1089, '', '', '', ''),
(1090, 'bilder-galerie/klgrbild_1090.jpg', 'bilder-galerie/klgrbilda_1090.jpg', '31', 1090, '', '', '', ''),
(1091, 'bilder-galerie/klgrbild_1091.jpg', 'bilder-galerie/klgrbilda_1091.jpg', '31', 1091, '', '', '', ''),
(1092, 'bilder-galerie/klgrbild_1092.jpg', 'bilder-galerie/klgrbilda_1092.jpg', '31', 1092, '', '', '', ''),
(1093, 'bilder-galerie/klgrbild_1093.jpg', 'bilder-galerie/klgrbilda_1093.jpg', '31', 1093, '', '', '', ''),
(1094, 'bilder-galerie/klgrbild_1094.jpg', 'bilder-galerie/klgrbilda_1094.jpg', '31', 1094, '', '', '', ''),
(1095, 'bilder-galerie/klgrbild_1095.jpg', 'bilder-galerie/klgrbilda_1095.jpg', '31', 1095, '', '', '', ''),
(1096, 'bilder-galerie/klgrbild_1096.jpg', 'bilder-galerie/klgrbilda_1096.jpg', '31', 1096, '', '', '', ''),
(1097, 'bilder-galerie/klgrbild_1097.jpg', 'bilder-galerie/klgrbilda_1097.jpg', '31', 1097, '', '', '', ''),
(1098, 'bilder-galerie/klgrbild_1098.jpg', 'bilder-galerie/klgrbilda_1098.jpg', '31', 1098, '', '', '', ''),
(1099, 'bilder-galerie/klgrbild_1099.jpg', 'bilder-galerie/klgrbilda_1099.jpg', '31', 1099, '', '', '', ''),
(1100, 'bilder-galerie/klgrbild_1100.jpg', 'bilder-galerie/klgrbilda_1100.jpg', '31', 1100, '', '', '', ''),
(1101, 'bilder-galerie/klgrbild_1101.jpg', 'bilder-galerie/klgrbilda_1101.jpg', '31', 1101, '', '', '', ''),
(1102, 'bilder-galerie/klgrbild_1102.jpg', 'bilder-galerie/klgrbilda_1102.jpg', '32', 1102, '', '', '', ''),
(1103, 'bilder-galerie/klgrbild_1103.jpg', 'bilder-galerie/klgrbilda_1103.jpg', '32', 1103, '', '', '', ''),
(1104, 'bilder-galerie/klgrbild_1104.jpg', 'bilder-galerie/klgrbilda_1104.jpg', '32', 1104, '', '', '', ''),
(1105, 'bilder-galerie/klgrbild_1105.jpg', 'bilder-galerie/klgrbilda_1105.jpg', '32', 1105, '', '', '', ''),
(1106, 'bilder-galerie/klgrbild_1106.jpg', 'bilder-galerie/klgrbilda_1106.jpg', '32', 1106, '', '', '', ''),
(1107, 'bilder-galerie/klgrbild_1107.jpg', 'bilder-galerie/klgrbilda_1107.jpg', '32', 1107, '', '', '', ''),
(1108, 'bilder-galerie/klgrbild_1108.jpg', 'bilder-galerie/klgrbilda_1108.jpg', '32', 1108, '', '', '', ''),
(1109, 'bilder-galerie/klgrbild_1109.jpg', 'bilder-galerie/klgrbilda_1109.jpg', '32', 1109, '', '', '', ''),
(1110, 'bilder-galerie/klgrbild_1110.jpg', 'bilder-galerie/klgrbilda_1110.jpg', '32', 1110, '', '', '', ''),
(1111, 'bilder-galerie/klgrbild_1111.jpg', 'bilder-galerie/klgrbilda_1111.jpg', '32', 1111, '', '', '', ''),
(1112, 'bilder-galerie/klgrbild_1112.jpg', 'bilder-galerie/klgrbilda_1112.jpg', '32', 1112, '', '', '', ''),
(1114, '', '', '34', 1114, '', '', '', ''),
(1115, 'bilder-galerie/klgrbild_1115.jpg', 'bilder-galerie/klgrbilda_1115.jpg', '34', 1115, '', '', '', ''),
(1116, 'bilder-galerie/klgrbild_1116.jpg', 'bilder-galerie/klgrbilda_1116.jpg', '34', 1116, '', '', '', ''),
(1117, 'bilder-galerie/klgrbild_1117.jpg', 'bilder-galerie/klgrbilda_1117.jpg', '34', 1117, '', '', '', ''),
(1118, 'bilder-galerie/klgrbild_1118.jpg', 'bilder-galerie/klgrbilda_1118.jpg', '34', 1118, '', '', '', ''),
(1119, 'bilder-galerie/klgrbild_1119.jpg', 'bilder-galerie/klgrbilda_1119.jpg', '34', 1119, '', '', '', ''),
(1120, 'bilder-galerie/klgrbild_1120.jpg', 'bilder-galerie/klgrbilda_1120.jpg', '34', 1120, '', '', '', ''),
(1121, 'bilder-galerie/klgrbild_1121.jpg', 'bilder-galerie/klgrbilda_1121.jpg', '34', 1121, '', '', '', ''),
(1122, 'bilder-galerie/klgrbild_1122.jpg', 'bilder-galerie/klgrbilda_1122.jpg', '34', 1122, '', '', '', ''),
(1123, 'bilder-galerie/klgrbild_1123.jpg', 'bilder-galerie/klgrbilda_1123.jpg', '34', 1123, '', '', '', ''),
(1124, 'bilder-galerie/klgrbild_1124.jpg', 'bilder-galerie/klgrbilda_1124.jpg', '34', 1124, '', '', '', '');

-- --------------------------------------------------------

--
-- Tabellenstruktur für Tabelle `galeriecomb`
--

CREATE TABLE IF NOT EXISTS `galeriecomb` (
  `id` int(11) NOT NULL auto_increment,
  `contentid` int(11) NOT NULL default '0',
  `galerieid` int(11) NOT NULL default '0',
  `prioritaet` int(11) NOT NULL default '0',
  PRIMARY KEY  (`id`)
) TYPE=MyISAM  AUTO_INCREMENT=30 ;

--
-- Daten für Tabelle `galeriecomb`
--

INSERT INTO `galeriecomb` (`id`, `contentid`, `galerieid`, `prioritaet`) VALUES
(24, 123, 26, 0),
(25, 103, 28, 0),
(26, 104, 25, 0),
(27, 105, 27, 0),
(29, 124, 31, 0);

-- --------------------------------------------------------

--
-- Tabellenstruktur für Tabelle `galeriekat`
--

CREATE TABLE IF NOT EXISTS `galeriekat` (
  `id` int(11) NOT NULL auto_increment,
  `galeriekatde` varchar(50) NOT NULL default '',
  `galeriekatit` varchar(50) NOT NULL default '',
  `galeriekateng` varchar(50) NOT NULL default '',
  `prioritaet` int(11) NOT NULL default '0',
  `online` int(1) NOT NULL default '0',
  `galeriekatfr` varchar(100) NOT NULL default '',
  PRIMARY KEY  (`id`)
) TYPE=MyISAM  AUTO_INCREMENT=35 ;

--
-- Daten für Tabelle `galeriekat`
--

INSERT INTO `galeriekat` (`id`, `galeriekatde`, `galeriekatit`, `galeriekateng`, `prioritaet`, `online`, `galeriekatfr`) VALUES
(25, 'Beleuchtung', '', '', 25, 0, ''),
(26, 'Schaltkästen', '', '', 26, 0, ''),
(27, 'Gebäudetechnik', '', '', 27, 0, ''),
(28, 'Sprechanlagen', '', '', 28, 0, ''),
(29, 'Partner', '', '', 29, 0, ''),
(30, 'Beleuchtungseffekte', '', '', 30, 0, ''),
(31, 'Beleuchtungseffekte 2', '', '', 31, 0, ''),
(32, 'Bilderprodukte', '', '', 32, 0, ''),
(33, 'Fotos Harald', '', '', 33, 0, ''),
(34, 'symbole', '', '', 34, 0, '');

-- --------------------------------------------------------

--
-- Tabellenstruktur für Tabelle `grundeinstellung`
--

CREATE TABLE IF NOT EXISTS `grundeinstellung` (
  `id` int(11) NOT NULL auto_increment,
  `link` varchar(250) NOT NULL default '',
  `pixel_gross` int(4) NOT NULL default '0',
  `pixel_klein` int(4) NOT NULL default '0',
  PRIMARY KEY  (`id`)
) TYPE=MyISAM  AUTO_INCREMENT=4 ;

--
-- Daten für Tabelle `grundeinstellung`
--

INSERT INTO `grundeinstellung` (`id`, `link`, `pixel_gross`, `pixel_klein`) VALUES
(3, '', 320, 150);

-- --------------------------------------------------------

--
-- Tabellenstruktur für Tabelle `gtbook`
--

CREATE TABLE IF NOT EXISTS `gtbook` (
  `id` int(11) NOT NULL auto_increment,
  `name` varchar(18) NOT NULL default '',
  `email` varchar(50) NOT NULL default '',
  `homepage` varchar(50) NOT NULL default '',
  `zeit` varchar(25) default NULL,
  `text` text NOT NULL,
  `land` varchar(50) NOT NULL default '',
  `ip` varchar(15) NOT NULL default '',
  `kleintext` varchar(25) NOT NULL default '',
  PRIMARY KEY  (`id`)
) TYPE=MyISAM AUTO_INCREMENT=1 ;

--
-- Daten für Tabelle `gtbook`
--


-- --------------------------------------------------------

--
-- Tabellenstruktur für Tabelle `hauptkat`
--

CREATE TABLE IF NOT EXISTS `hauptkat` (
  `id` int(11) NOT NULL auto_increment,
  `hauptde` text NOT NULL,
  `hauptit` text NOT NULL,
  `haupteng` text NOT NULL,
  `hauptfr` text NOT NULL,
  `prioritaet` int(11) NOT NULL default '0',
  `mitunter` varchar(10) NOT NULL default '',
  `haupvon` varchar(10) NOT NULL default '',
  `keywordde` varchar(255) NOT NULL default '',
  `keywordit` varchar(255) NOT NULL default '',
  `keywordeng` varchar(255) NOT NULL default '',
  `keywordfr` varchar(255) NOT NULL default '',
  `rewritingde` varchar(255) NOT NULL default '',
  `rewritingit` varchar(255) NOT NULL default '',
  `rewritingeng` varchar(255) NOT NULL default '',
  `rewritingfr` varchar(255) NOT NULL default '',
  PRIMARY KEY  (`id`)
) TYPE=MyISAM  AUTO_INCREMENT=78 ;

--
-- Daten für Tabelle `hauptkat`
--

INSERT INTO `hauptkat` (`id`, `hauptde`, `hauptit`, `haupteng`, `hauptfr`, `prioritaet`, `mitunter`, `haupvon`, `keywordde`, `keywordit`, `keywordeng`, `keywordfr`, `rewritingde`, `rewritingit`, `rewritingeng`, `rewritingfr`) VALUES
(69, 'Über uns', '', '', '', 0, '', '', '', '', '', '', '', '', '', ''),
(70, 'Leistungen', '', '', '', 0, '', '', '', '', '', '', '', '', '', ''),
(71, 'Produkte', '', '', '', 0, '', '', '', '', '', '', '', '', '', ''),
(72, 'Referenzen', '', '', '', 0, '', '', '', '', '', '', '', '', '', ''),
(73, 'Partner', '', '', '', 0, '', '', '', '', '', '', '', '', '', ''),
(74, 'Aktuell', '', '', '', 0, '', '', '', '', '', '', '', '', '', ''),
(75, 'Kontakt', '', '', '', 0, '', '', '', '', '', '', '', '', '', ''),
(76, 'Impressum', '', '', '', 0, '', '', '', '', '', '', '', '', '', ''),
(77, 'Privacy', '', '', '', 0, '', '', '', '', '', '', '', '', '', '');

-- --------------------------------------------------------

--
-- Tabellenstruktur für Tabelle `homelist`
--

CREATE TABLE IF NOT EXISTS `homelist` (
  `id` int(11) NOT NULL auto_increment,
  `contentid` int(11) NOT NULL default '0',
  `prioritaet` int(11) NOT NULL default '0',
  `unterkat` varchar(100) NOT NULL default '',
  PRIMARY KEY  (`id`)
) TYPE=MyISAM  AUTO_INCREMENT=5 ;

--
-- Daten für Tabelle `homelist`
--


-- --------------------------------------------------------

--
-- Tabellenstruktur für Tabelle `htaccess`
--

CREATE TABLE IF NOT EXISTS `htaccess` (
  `id` int(255) unsigned NOT NULL auto_increment,
  `htaccess` longtext NOT NULL,
  PRIMARY KEY  (`id`)
) TYPE=MyISAM AUTO_INCREMENT=1 ;

--
-- Daten für Tabelle `htaccess`
--


-- --------------------------------------------------------

--
-- Tabellenstruktur für Tabelle `lastresults`
--

CREATE TABLE IF NOT EXISTS `lastresults` (
  `id` int(11) NOT NULL auto_increment,
  `galeriekatde` varchar(50) NOT NULL default '',
  `galeriekatit` varchar(50) NOT NULL default '',
  `gegnerde` varchar(100) NOT NULL default '',
  `gegnerit` varchar(100) NOT NULL default '',
  `tag` int(2) NOT NULL default '0',
  `monat` int(2) NOT NULL default '0',
  `jahr` int(4) NOT NULL default '0',
  `datum` date NOT NULL default '0000-00-00',
  `ergebnis` varchar(100) NOT NULL default '',
  `prioritaet` int(11) NOT NULL default '0',
  `online` int(1) NOT NULL default '0',
  `galeriekatfr` varchar(100) NOT NULL default '',
  PRIMARY KEY  (`id`)
) TYPE=MyISAM AUTO_INCREMENT=1 ;

--
-- Daten für Tabelle `lastresults`
--


-- --------------------------------------------------------

--
-- Tabellenstruktur für Tabelle `lauftext`
--

CREATE TABLE IF NOT EXISTS `lauftext` (
  `id` int(11) NOT NULL auto_increment,
  `lauftextde` varchar(250) NOT NULL default '',
  `lauftextit` varchar(250) NOT NULL default '',
  `lauftexteng` varchar(250) NOT NULL default '',
  `lauftextfr` varchar(250) NOT NULL default '',
  PRIMARY KEY  (`id`)
) TYPE=MyISAM AUTO_INCREMENT=1 ;

--
-- Daten für Tabelle `lauftext`
--


-- --------------------------------------------------------

--
-- Tabellenstruktur für Tabelle `linkcomb`
--

CREATE TABLE IF NOT EXISTS `linkcomb` (
  `id` int(11) NOT NULL auto_increment,
  `contentid` int(11) NOT NULL default '0',
  `linkid` int(11) NOT NULL default '0',
  PRIMARY KEY  (`id`)
) TYPE=MyISAM AUTO_INCREMENT=1 ;

--
-- Daten für Tabelle `linkcomb`
--


-- --------------------------------------------------------

--
-- Tabellenstruktur für Tabelle `liveticker`
--

CREATE TABLE IF NOT EXISTS `liveticker` (
  `id` int(11) NOT NULL auto_increment,
  `begegnung` varchar(100) NOT NULL default '',
  `stand` varchar(100) NOT NULL default '',
  `beschde` text NOT NULL,
  `beschit` text NOT NULL,
  PRIMARY KEY  (`id`)
) TYPE=MyISAM AUTO_INCREMENT=1 ;

--
-- Daten für Tabelle `liveticker`
--


-- --------------------------------------------------------

--
-- Tabellenstruktur für Tabelle `mitteilungcomb`
--

CREATE TABLE IF NOT EXISTS `mitteilungcomb` (
  `id` int(11) NOT NULL auto_increment,
  `contentid` int(11) NOT NULL default '0',
  `fileid` int(11) NOT NULL default '0',
  `prioritaet` int(11) NOT NULL default '0',
  PRIMARY KEY  (`id`)
) TYPE=MyISAM AUTO_INCREMENT=1 ;

--
-- Daten für Tabelle `mitteilungcomb`
--


-- --------------------------------------------------------

--
-- Tabellenstruktur für Tabelle `newscomb`
--

CREATE TABLE IF NOT EXISTS `newscomb` (
  `id` int(11) NOT NULL auto_increment,
  `contentid` int(11) NOT NULL default '0',
  `fileid` int(11) NOT NULL default '0',
  `prioritaet` int(11) NOT NULL default '0',
  PRIMARY KEY  (`id`)
) TYPE=MyISAM AUTO_INCREMENT=1 ;

--
-- Daten für Tabelle `newscomb`
--


-- --------------------------------------------------------

--
-- Tabellenstruktur für Tabelle `okcontent`
--

CREATE TABLE IF NOT EXISTS `okcontent` (
  `id` int(11) NOT NULL auto_increment,
  `keywordde` varchar(255) NOT NULL default '',
  `keywordit` varchar(255) NOT NULL default '',
  `keywordeng` varchar(255) NOT NULL default '',
  `keywordfr` varchar(255) NOT NULL default '',
  `rewritingde` varchar(100) NOT NULL default '',
  `rewritingit` varchar(100) NOT NULL default '',
  `rewritingeng` varchar(100) NOT NULL default '',
  `rewritingfr` varchar(100) NOT NULL default '',
  `titelde` text NOT NULL,
  `titelit` text NOT NULL,
  `titeleng` text NOT NULL,
  `einleitungde` text NOT NULL,
  `einleitungit` text NOT NULL,
  `einleitungeng` text NOT NULL,
  `textde` text NOT NULL,
  `textit` text NOT NULL,
  `kurztextde` varchar(100) NOT NULL default '',
  `kurztextit` varchar(100) NOT NULL default '',
  `texteng` text NOT NULL,
  `kurztexteng` varchar(100) NOT NULL default '',
  `flash` varchar(255) NOT NULL default '',
  `flashheight` int(5) NOT NULL default '0',
  `flashwidth` int(5) NOT NULL default '0',
  `klbild` varchar(250) NOT NULL default '',
  `klbilda` varchar(250) NOT NULL default '',
  `klbild2` varchar(250) NOT NULL default '',
  `klbild2a` varchar(250) NOT NULL default '',
  `klbild3` varchar(250) NOT NULL default '',
  `klbild3a` varchar(250) NOT NULL default '',
  `klbild4` varchar(250) NOT NULL default '',
  `klbild4a` varchar(250) NOT NULL default '',
  `klbild5` varchar(100) NOT NULL default '',
  `klbild5a` varchar(100) NOT NULL default '',
  `klbild6` varchar(100) NOT NULL default '',
  `klbild6a` varchar(100) NOT NULL default '',
  `home` int(1) NOT NULL default '0',
  `vondatum` date NOT NULL default '0000-00-00',
  `vontag` char(2) NOT NULL default '',
  `vonmonat` char(2) NOT NULL default '',
  `vonjahr` varchar(4) NOT NULL default '',
  `tag` varchar(10) NOT NULL default '',
  `monat` varchar(10) NOT NULL default '',
  `jahr` varchar(10) NOT NULL default '',
  `datum` date NOT NULL default '0000-00-00',
  `online` int(1) NOT NULL default '0',
  `prioritaet` int(11) NOT NULL default '0',
  `immer` varchar(10) NOT NULL default '',
  `bildtext1de` text NOT NULL,
  `bildtext1it` text NOT NULL,
  `bildtext1eng` text NOT NULL,
  `bildtext2de` text NOT NULL,
  `bildtext2it` text NOT NULL,
  `bildtext2eng` text NOT NULL,
  `bildtext3de` text NOT NULL,
  `bildtext3it` text NOT NULL,
  `bildtext3eng` text NOT NULL,
  `bildtext4de` text NOT NULL,
  `bildtext4it` text NOT NULL,
  `bildtext4eng` text NOT NULL,
  `bildtext5de` text NOT NULL,
  `bildtext5it` text NOT NULL,
  `bildtext5eng` text NOT NULL,
  `bildtext6de` text NOT NULL,
  `bildtext6it` text NOT NULL,
  `bildtext6eng` text NOT NULL,
  `menuid` int(11) NOT NULL default '0',
  `firmaid` int(11) NOT NULL default '0',
  `hauptkat` varchar(100) NOT NULL default '0',
  `unterkat` varchar(100) NOT NULL default '0',
  `vorschaubild` varchar(100) NOT NULL default '',
  `vorschaubildb` varchar(100) NOT NULL default '',
  `preis` double(8,2) NOT NULL default '0.00',
  `artnr` varchar(100) NOT NULL default '',
  `hyperlink` varchar(100) NOT NULL default '',
  `offer` varchar(10) NOT NULL default '',
  `titelfr` text NOT NULL,
  `einleitungfr` text NOT NULL,
  `textfr` text NOT NULL,
  `vorschaubildc` varchar(250) NOT NULL default '',
  `vorschaubildd` varchar(250) NOT NULL default '',
  `galbild1` varchar(10) NOT NULL default '',
  `galbild2` varchar(10) NOT NULL default '',
  `galbild3` varchar(10) NOT NULL default '',
  `galbild4` varchar(10) NOT NULL default '',
  `hyperlinkdescde` varchar(250) NOT NULL default '',
  `hyperlinkdescit` varchar(250) NOT NULL default '',
  `hyperlinkdesceng` varchar(250) NOT NULL default '',
  `hyperlinkdescfr` varchar(250) NOT NULL default '',
  `owner_id` int(3) NOT NULL default '0',
  `ip` varchar(15) NOT NULL default '',
  `date` datetime NOT NULL default '0000-00-00 00:00:00',
  `galeriekatde` varchar(50) NOT NULL default '',
  `galeriekatit` varchar(50) NOT NULL default '',
  `sp` varchar(100) NOT NULL default '',
  `s` varchar(100) NOT NULL default '',
  `u` varchar(100) NOT NULL default '',
  `n` varchar(100) NOT NULL default '',
  `plus` varchar(100) NOT NULL default '',
  `diff` varchar(100) NOT NULL default '',
  `punkte` int(4) NOT NULL default '0',
  `galeriekatfr` varchar(100) NOT NULL default '',
  `position` varchar(100) NOT NULL default '',
  `spielernummer` varchar(100) NOT NULL default '',
  `geburtstag` varchar(100) NOT NULL default '',
  PRIMARY KEY  (`id`)
) TYPE=MyISAM  AUTO_INCREMENT=126 ;

--
-- Daten für Tabelle `okcontent`
--

INSERT INTO `okcontent` (`id`, `keywordde`, `keywordit`, `keywordeng`, `keywordfr`, `rewritingde`, `rewritingit`, `rewritingeng`, `rewritingfr`, `titelde`, `titelit`, `titeleng`, `einleitungde`, `einleitungit`, `einleitungeng`, `textde`, `textit`, `kurztextde`, `kurztextit`, `texteng`, `kurztexteng`, `flash`, `flashheight`, `flashwidth`, `klbild`, `klbilda`, `klbild2`, `klbild2a`, `klbild3`, `klbild3a`, `klbild4`, `klbild4a`, `klbild5`, `klbild5a`, `klbild6`, `klbild6a`, `home`, `vondatum`, `vontag`, `vonmonat`, `vonjahr`, `tag`, `monat`, `jahr`, `datum`, `online`, `prioritaet`, `immer`, `bildtext1de`, `bildtext1it`, `bildtext1eng`, `bildtext2de`, `bildtext2it`, `bildtext2eng`, `bildtext3de`, `bildtext3it`, `bildtext3eng`, `bildtext4de`, `bildtext4it`, `bildtext4eng`, `bildtext5de`, `bildtext5it`, `bildtext5eng`, `bildtext6de`, `bildtext6it`, `bildtext6eng`, `menuid`, `firmaid`, `hauptkat`, `unterkat`, `vorschaubild`, `vorschaubildb`, `preis`, `artnr`, `hyperlink`, `offer`, `titelfr`, `einleitungfr`, `textfr`, `vorschaubildc`, `vorschaubildd`, `galbild1`, `galbild2`, `galbild3`, `galbild4`, `hyperlinkdescde`, `hyperlinkdescit`, `hyperlinkdesceng`, `hyperlinkdescfr`, `owner_id`, `ip`, `date`, `galeriekatde`, `galeriekatit`, `sp`, `s`, `u`, `n`, `plus`, `diff`, `punkte`, `galeriekatfr`, `position`, `spielernummer`, `geburtstag`) VALUES
(82, '', '', '', '', 'unternehmen.html', '', '', '', 'Über uns', '', '', '', '', '', '<p>AUS DER TRADITION, IDEEN FÜR DIE ZUKUNFT</p><p><br /></p>', '', '', '', '', '', '', 0, 0, '', '', '', '', '', '', '', '', '', '', '', '', 0, '0000-00-00', '01', '01', '', '01', '01', '', '0000-00-00', 1, 0, 'immer', '', '', '', '', '', '', '', '', '', '', '', '', '', '', '', '', '', '', 0, 0, '69', '', '', '', 0.00, '', '', '', '', '', '', '', '', '', '', '', '', '', '', '', '', 3, '87.30.14.78', '2009-02-27 18:51:43', '', '', '', '', '', '', '', '', 0, '', '', '', ''),
(83, '', '', '', '', 'erfahrung.html', '', '', '', 'Jahrelange Erfahrung', '', '', '', '', '', '<p>Jahrzehntelange Erfahrung in der Elektrotechnik garantiert jedem Kunden ein optimales Paket an Beratung, Planung, Realisierung und Service. </p><p>Seit 3 Generationen schaffen wir Ideen für die Zukunft.</p><p>Innovative Projekte, Komfort, Benutzerfreundlichkeit - Jedes Projekt wird von uns von A bis Z betreut.</p><p><br /></p>', '', '', '', '', '', '', 0, 0, 'bilder-galerie/klgrbild_1117.jpg', 'bilder-galerie/klgrbilda_1117.jpg', '', '', '', '', '', '', '', '', '', '', 0, '0000-00-00', '01', '01', '', '01', '01', '', '0000-00-00', 1, 1, 'immer', '', '', '', '', '', '', '', '', '', '', '', '', '', '', '', '', '', '', 0, 0, '69', '', '', '', 0.00, '', '', '', '', '', '', '', '', 'ok', '', '', '', '', '', '', '', 3, '87.30.14.78', '2009-02-27 18:57:09', '', '', '', '', '', '', '', '', 0, '', '', '', ''),
(84, '', '', '', '', 'qualitaet.html', '', '', '', 'Garantierte Qualität', '', '', '', '', '', '<p>Wir betreuen alle Projekte bei denen eine Ausarbeitung und Lösung auf höchstem Niveau gefragt ist.</p><p>Daher setzen wir die Qualität unserer Arbeit als oberstes Ziel an.</p><p>Die Zusammenarbeit mit namenhaften Firmen und vertraulichen Partner sind ein zusätzlicher Garant<br /></p>', '', '', '', '', '', '', 0, 0, 'bilder-galerie/klgrbild_1118.jpg', 'bilder-galerie/klgrbilda_1118.jpg', '', '', '', '', '', '', '', '', '', '', 0, '0000-00-00', '01', '01', '', '01', '01', '', '0000-00-00', 1, 2, 'immer', '', '', '', '', '', '', '', '', '', '', '', '', '', '', '', '', '', '', 0, 0, '69', '', '', '', 0.00, '', '', '', '', '', '', '', '', 'ok', '', '', '', '', '', '', '', 3, '87.30.14.78', '2009-02-27 19:00:26', '', '', '', '', '', '', '', '', 0, '', '', '', ''),
(85, '', '', '', '', 'team.html', '', '', '', 'Team', '', '', '', '', '', '<p>Mit unseren speziell ausgebildeten Mitarbeitern werden Planungen für jede Art von Gebäuden fachmännisch ausgeführt.</p><p>Ein umfangreiches Fachwissen, mit einem sehr guten Kundendienst zeichen unser Team aus. Flexibilität und Engagement sind die Besonderheiten unserer Arbeitsweise.</p><p>Unser mehrköpfiges einsatzfreudiges Team wird ständig weitergebildet und freut sich auf eine gute Zusammenarbeit.</p><p></p>', '', '', '', '', '', '', 0, 0, 'bilder-galerie/klgrbild_1115.jpg', 'bilder-galerie/klgrbilda_1115.jpg', '', '', '', '', '', '', '', '', '', '', 0, '0000-00-00', '01', '01', '', '01', '01', '', '0000-00-00', 1, 3, 'immer', '', '', '', '', '', '', '', '', '', '', '', '', '', '', '', '', '', '', 0, 0, '69', '', '', '', 0.00, '', '', '', '', '', '', '', '', 'ok', '', '', '', '', '', '', '', 3, '87.30.14.78', '2009-02-27 19:11:28', '', '', '', '', '', '', '', '', 0, '', '', '', ''),
(86, '', '', '', '', 'leistungen.html', '', '', '', 'Leistungen', '', '', '', '', '', '&nbsp;', '', '', '', '', '', '', 0, 0, '', '', '', '', '', '', '', '', '', '', '', '', 0, '0000-00-00', '01', '01', '', '01', '01', '', '0000-00-00', 1, 0, 'immer', '', '', '', '', '', '', '', '', '', '', '', '', '', '', '', '', '', '', 0, 0, '70', '', '', '', 0.00, '', '', '', '', '', '', '', '', '', '', '', '', '', '', '', '', 0, '87.30.14.78', '2009-02-27 10:04:41', '', '', '', '', '', '', '', '', 0, '', '', '', ''),
(87, '', '', '', '', 'planung-beratung.html', '', '', '', 'Beratung & Planung', '', '', '', '', '', '<p>Wir nehmen uns Zeit für Sie um Ihnen eine professionelle sowie ziel- und zeitgerechte&nbsp;Ausarbeitung zu garantieren. Einfache und schnelle Wartung sowie eine qualifizierte Systemintegration Ihrer Anlage sind unsere Stärken.</p><p>Auch nach Projektabschluss stehen wir weiterhin jederzeit für Sie zur Verfügung. Eine Planung für die Instandhaltung und Wartung ist kein Problem. </p><p>Durch laufende Schulungen und Ausbildungen sind unsere Partnerbetriebe und eigene Fachkräfte spezialisiert auf dem Gebiet der Systemintegration.&nbsp; <br /></p>', '', '', '', '', '', '', 0, 0, 'bilder-galerie/klgrbild_931.jpg', 'bilder-galerie/klgrbilda_931.jpg', 'bilder-galerie/klgrbild_917.jpg', 'bilder-galerie/klgrbilda_917.jpg', 'bilder-galerie/klgrbild_900.jpg', 'bilder-galerie/klgrbilda_900.jpg', 'bilder-galerie/klgrbild_913.jpg', 'bilder-galerie/klgrbilda_913.jpg', '', '', '', '', 0, '0000-00-00', '01', '01', '', '01', '01', '', '0000-00-00', 1, 1, 'immer', '', '', '', '', '', '', '', '', '', '', '', '', '', '', '', '', '', '', 0, 0, '70', '', '', '', 0.00, '', '', '', '', '', '', '', '', 'ok', 'ok', 'ok', 'ok', '', '', '', '', 3, '87.30.14.78', '2009-02-27 19:44:10', '', '', '', '', '', '', '', '', 0, '', '', '', ''),
(89, '', '', '', '', 'gebaeudetechnik-zuber.html', '', '', '', 'Gebäudetechnik - KNX', '', '', '', '', '', '<p>Für ein perfektes Zusammenspiel<br />Die automatische Steuerung der Haustechnik-Technik steigert den Komfort und verbessert das Klima eines Gebäudes bei höchster Wirtschaftlichkeit und minimierten Energiekosten. Zentrale Überwachung und Fernzugriff inbegriffen.<br />&nbsp;<br />Für wohlige Wärme<br />Eine präzise Einzelraumregelung schafft die richtige Raumtemperatur, passt sich automatisch an die Benutzerwünsche an und erkennt den Wärmebedarf im Verlauf eines Tages.<br />&nbsp;<br />Für Sicherheit und Komfort<br />Eine Wetterstation erfasst relevante Daten für die automatische Gebäudesteuerung, wie z.B. Windgeschwindigkeit, Niederschlag, Helligkeit und Außentemperatur.<br />&nbsp;<br />Für ein gutes Raumklima<br />Eine optimale Regelung bietet ein gutes Raumklima und erhöht die Leistungsfähigkeit der Raumnutzer.</p><p>Heizungs-, Klima- und Lüftungszentralen<br />Schon die Grundversorgung eines Gebäudes fordert vom Betreiber hohe Aufwendungen. Durch die Einbindung in ein Gebäudemanagementsystem lässt sich der Verbrauch optimieren und an die Raumbelegung anpassen. Komplexe Steuerungsfunktionen sind einfach zu realisieren. Betriebsdaten, Alarme und Störmeldungen erreichen den, der sie benötigt: den Haustechniker vor Ort, die Wartungsfirma in der Nachbarschaft, den Betreiber auf der ganzen Welt.&nbsp;</p><p>Einzelraumregelung<br />Fühlt der Mitarbeiter sich wohl, stimmt die Leistung. Er wählt seine Raumtemperatur, die Automatik regelt nach. Dabei werden Außentemperatur, Raumbelegung, Luftqualität, Nachtabsenkung und vieles mehr berücksichtigt. Damit sparen Sie doppelt. Bei den Energiekosten und durch zufriedene und gesunde Mitarbeiter. </p><p>Beispiele für Vernetzungsmöglichkeiten, die sich mit KNX auch kombinieren lassen:</p><p>Beleuchtung<br />Zum Beispiel: Auf Tastendruck beim Verlassen der Wohnung alle Lichter ausschalten, Szenenschaltung für programmierte Lichtszenarien usw.</p><p>Beschattung<br />Zum Beispiel: Sonnenschutzanlagen wetter- bzw. sonnenstandsabhängig oder zeitgesteuert öffnen und schließen.</p><p>Fenster, Türen<br />Zum Beispiel: Automatisches Schließen von Dachfenstern bei einsetzendem Regen, automatische Lüftung bei schlechter Luftqualität usw.</p><p>Heizung<br />Zum Beispiel: Individuelle Einzelraumregelung, auch per Telefon steuerbar, Fensterkontakte&nbsp; zur automatischen Ventilverriegelung bei geöffnetem Fenster, um Heizenergie zu sparen usw.</p><p>Sicherheitsanlagen<br />Zum Beispiel: Umfassende Überwachungsmöglichkeiten im Innen- und Außenbereich,&nbsp; Überfall- und Paniktaster mit Weitermeldung an externe Sicherheitsdienste, Anwesenheitssimulation durch Licht- und Rollladensteuerung, Videoüberwachung mit TV-Anbindung usw.</p><p>Bewässerung<br />Zum Beispiel: Automatische Steuerung von Pumpen und Ventilen zur Gartenbewässerung.</p><p>Haushaltsgeräte<br />Zum Beispiel: Verknüpfung verschiedener Geräte untereinander, Störungsmeldung auch an externe Servicestellen usw.</p><p>Bei KNX immer möglich: der Fernzugriff auf sämtliche dieser Einsatzfelder per LCD-Display, Schalter, Infrarot- und Funkfernbedienungen oder Telefon sowie die Information über den Status der Installationseinheiten.</p><p></p>', '', '', '', '', '', '', 0, 0, 'bilder-galerie/klgrbild_963.jpg', 'bilder-galerie/klgrbilda_963.jpg', 'bilder-galerie/klgrbild_973.jpg', 'bilder-galerie/klgrbilda_973.jpg', 'bilder-galerie/klgrbild_967.jpg', 'bilder-galerie/klgrbilda_967.jpg', 'bilder-galerie/klgrbild_971.jpg', 'bilder-galerie/klgrbilda_971.jpg', '', '', '', '', 0, '0000-00-00', '01', '01', '', '01', '01', '', '0000-00-00', 1, 3, 'immer', '', '', '', '', '', '', '', '', '', '', '', '', '', '', '', '', '', '', 0, 0, '70', '', '', '', 0.00, '', '', '', '', '', '', '', '', 'ok', 'ok', 'ok', 'ok', '', '', '', '', 3, '87.30.14.78', '2009-02-27 19:47:40', '', '', '', '', '', '', '', '', 0, '', '', '', ''),
(90, '', '', '', '', 'visualisierung.html', '', '', '', 'Visualisierung und Programmierung', '', '', '', '', '', '<p>Visualisierungen, Audio Beschallung, Anbindung der Sprechanlage, Szenen, Einzelraumregelungen, Rollo Fassadensteuerrung, Konstantlichtregelung uvm.</p><p>Durch den Einsatz moderner und intelligenter Installationen<br />wird die gesamte Haustechnik kaum teurer, bietet aber ein Vielfaches an Wirtschaftlichkeit, Sicherheit und Komfort gegenüber einer konventionellen Anlage.</p><p>Mit Produkten wie z.B. "home cockpit" genießen&nbsp;Sie viele Vorteile&nbsp;eines ganzheitlichen Leistungsportfolios, das mit Hardware, Software und Dienstleistungen praxisbewährte Lösungen für Ihre Aufgabenstellungen bietet. </p><p>Stellen Sie sich aus den einzelnen Komponenten die für Ihre individuel-len Anforderungen ideale Lösung zusammen – dabei stehen wir Ihnen gerne beratend zur Seite.</p><p></p>', '', '', '', '', '', '', 0, 0, 'bilder-galerie/klgrbild_965.jpg', 'bilder-galerie/klgrbilda_965.jpg', '', '', '', '', '', '', '', '', '', '', 0, '0000-00-00', '01', '01', '', '01', '01', '', '0000-00-00', 1, 5, 'immer', '', '', '', '', '', '', '', '', '', '', '', '', '', '', '', '', '', '', 0, 0, '70', '', '', '', 0.00, '', '', '', '', '', '', '', '', 'ok', '', '', '', '', '', '', '', 3, '79.54.108.161', '2009-03-01 18:44:40', '', '', '', '', '', '', '', '', 0, '', '', '', ''),
(91, '', '', '', '', 'video.html', '', '', '', 'Videoüberwachung', '', '', '', '', '', '<p>Videoanlagen für Gebäudeüberwachung bis hin zu Geländeüberwachung, Geschäftsüberwachung, und andere. </p><ul><li>Digitale Videoaufzeichnung auf Harddisk mit Netzwerk sowie TCP/IP Anbindung.</li><li>Kameras für jeglichen Einsatz, sei es für Innen oder für Außen, mehr unter » Panasonic</li><li>Analoge oder Netzwerkkameras <br /></li></ul>', '', '', '', '', '', '', 0, 0, 'bilder-galerie/klgrbild_1116.jpg', 'bilder-galerie/klgrbilda_1116.jpg', '', '', '', '', '', '', '', '', '', '', 0, '0000-00-00', '01', '01', '', '01', '01', '', '0000-00-00', 1, 6, 'immer', '', '', '', '', '', '', '', '', '', '', '', '', '', '', '', '', '', '', 0, 0, '70', '', '', '', 0.00, '', '', '', '', '', '', '', '', 'ok', '', '', '', '', '', '', '', 3, '79.54.108.161', '2009-03-01 17:25:02', '', '', '', '', '', '', '', '', 0, '', '', '', ''),
(92, '', '', '', '', 'tore.html', '', '', '', 'Tore - Automatisierung', '', '', '', '', '', '<p>Profitieren Sie von unseren innovativen Lösungen in&nbsp;der Tür- und Torautomatik im Innen- und Außenbereich: Sicherheit, Komfort, Eleganz, Hygiene, Zugangskontrolle und freundliche Aufforderung zum Eintreten.</p><p></p>', '', '', '', '', '', '', 0, 0, 'bilder-galerie/klgrbild_1121.jpg', 'bilder-galerie/klgrbilda_1121.jpg', '', '', '', '', '', '', '', '', '', '', 0, '0000-00-00', '01', '01', '', '01', '01', '', '0000-00-00', 1, 4, 'immer', '', '', '', '', '', '', '', '', '', '', '', '', '', '', '', '', '', '', 0, 0, '70', '', '', '', 0.00, '', '', '', '', '', '', '', '', 'ok', '', '', '', '', '', '', '', 3, '79.54.108.161', '2009-03-01 17:20:24', '', '', '', '', '', '', '', '', 0, '', '', '', ''),
(93, '', '', '', '', 'sicherheit.html', '', '', '', 'Sicherheitssyteme', '', '', '', '', '', '<p>Sicherheitssysteme für Privat-, Gewerbe-, Industrie- und Hochsicherheitsbereiche. </p><p>Wir bieten das komplette Programm von namhaften Herstellern an. Alarmanlagen in allen Anschlusstechniken </p><ul><li>Verkabelte Systeme </li><li>Datenbus Technologien </li><li>Kabellose Systeme </li><li>Vernetzte Systeme <br /></li></ul>', '', '', '', '', '', '', 0, 0, 'bilder-galerie/klgrbild_1124.jpg', 'bilder-galerie/klgrbilda_1124.jpg', '', '', '', '', '', '', '', '', '', '', 0, '0000-00-00', '01', '01', '', '01', '01', '', '0000-00-00', 1, 7, 'immer', '', '', '', '', '', '', '', '', '', '', '', '', '', '', '', '', '', '', 0, 0, '70', '', '', '', 0.00, '', '', '', '', '', '', '', '', 'ok', '', '', '', '', '', '', '', 3, '79.54.108.161', '2009-03-01 17:26:01', '', '', '', '', '', '', '', '', 0, '', '', '', ''),
(94, '', '', '', '', 'sprechanlagen.html', '', '', '', 'Sprechanlagen', '', '', '', '', '', '<p>Elektro Zuber hat sich im Laufe der Jahr auf die Installation von modernen Sprechanlagen spzeialisiert.</p><p>Daher haben wir uns für das Produkt Siedle entschieden, das technisch auf dem modernsten Stand und im Design einzigartig ist.</p><p>Individuellen Lösungen sind mit diesen Systemen keine Grenzen gesetzt. Bei Siedle ist jede Basis ausbaufähig. Vier Designlinien und zahllose Gestaltungsvarianten erfüllen jeden Wunsch und jeden Bedarf.</p>', '', '', '', '', '', '', 0, 0, 'bilder-galerie/klgrbild_960.jpg', 'bilder-galerie/klgrbilda_960.jpg', 'bilder-galerie/klgrbild_950.jpg', 'bilder-galerie/klgrbilda_950.jpg', 'bilder-galerie/klgrbild_944.jpg', 'bilder-galerie/klgrbilda_944.jpg', 'bilder-galerie/klgrbild_961.jpg', 'bilder-galerie/klgrbilda_961.jpg', '', '', '', '', 0, '0000-00-00', '01', '01', '', '01', '01', '', '0000-00-00', 1, 3, 'immer', '', '', '', '', '', '', '', '', '', '', '', '', '', '', '', '', '', '', 0, 0, '70', '', '', '', 0.00, '', '', '', '', '', '', '', '', 'ok', 'ok', 'ok', 'ok', '', '', '', '', 3, '87.30.14.78', '2009-02-27 19:54:15', '', '', '', '', '', '', '', '', 0, '', '', '', ''),
(95, '', '', '', '', 'netzwerke.html', '', '', '', 'Netzwerke', '', '', '', '', '', '<p>System-Netzwerke&nbsp;bieten deutliche Vorteile: Alle Mitarbeiter greifen auf die gleichen aktuellen Daten zu, Projekte können zusammen und doch räumlich getrennt bearbeitet werden und Ihr gesamter Informationsfluss wird spürbar beschleunigt. Für die professionelle, problemlose PC-Vernetzung sorgen wir.</p><p>Ob in der Firma oder Zuhause - alles kann vernetzt und somit vereinfacht und zentral gesteuert werden.</p><p>Wir beraten Sie gerne!</p>', '', '', '', '', '', '', 0, 0, 'bilder-galerie/klgrbild_1119.jpg', 'bilder-galerie/klgrbilda_1119.jpg', '', '', '', '', '', '', '', '', '', '', 0, '0000-00-00', '01', '01', '', '01', '01', '', '0000-00-00', 1, 8, 'immer', '', '', '', '', '', '', '', '', '', '', '', '', '', '', '', '', '', '', 0, 0, '70', '', '', '', 0.00, '', '', '', '', '', '', '', '', 'ok', '', '', '', '', '', '', '', 3, '79.54.108.161', '2009-03-01 17:42:25', '', '', '', '', '', '', '', '', 0, '', '', '', ''),
(96, '', '', '', '', 'tv-anlagen.html', '', '', '', 'TV-Anlagen', '', '', '', '', '', '<p>Auch für die neue Welt der digitalen TV- und Radio-Programme sind Sie mit uns bestens beraten.</p><p>Wir beraten Sie gerne und beantworten Ihre Fragen:</p><ul><li>welche Geräte-Konstellation ist für mein Zuhause am besten geeignet?</li><li>wie empfange ich optimale Bildqualität?</li><li>welche Komponenten benötige ich für besten Satelliten-TV-Empfang?</li><li>wie vermeide ich am besten einen Kabelsalat?</li><li>wie löse ich am Besten Mehrteilnehmer- und Gemeinschaftsanlagen?&nbsp;</li></ul><p></p><p><br /></p><p></p>', '', '', '', '', '', '', 0, 0, 'bilder-galerie/klgrbild_1120.jpg', 'bilder-galerie/klgrbilda_1120.jpg', '', '', '', '', '', '', '', '', '', '', 0, '0000-00-00', '01', '01', '', '01', '01', '', '0000-00-00', 1, 9, 'immer', '', '', '', '', '', '', '', '', '', '', '', '', '', '', '', '', '', '', 0, 0, '70', '', '', '', 0.00, '', '', '', '', '', '', '', '', 'ok', '', '', '', '', '', '', '', 3, '79.54.108.161', '2009-03-01 17:34:08', '', '', '', '', '', '', '', '', 0, '', '', '', ''),
(116, '', '', '', '', 'orientierung.html', '', '', '', 'Orientierungssystem', '', '', '', '', '', '<p>Information und Leitung von Besuchern sind Teil der Kommunikation am Eingang – und damit Aufgabe unserer Kommunikationssysteme. Was Hausnummern, Beschriftungen und Infoschilder draußen leisten, setzt das Orientierungssystem im Gebäude fort.</p><p>Elektro Zuber beratet Sie gerne bei der richtigen Beschilderung Ihres Betriebes.</p><p>Zum Beispiel durch das Orientierungssystem von Siedle, das durch makellosen Oberflächen und seiner durchdachten zweiteiligen Konstruktion überzeugt.</p>', '', '', '', '', '', '', 0, 0, 'bilder-galerie/klgrbild_1123.jpg', 'bilder-galerie/klgrbilda_1123.jpg', '', '', '', '', '', '', '', '', '', '', 0, '0000-00-00', '01', '01', '', '01', '01', '', '0000-00-00', 1, 11, 'immer', '', '', '', '', '', '', '', '', '', '', '', '', '', '', '', '', '', '', 0, 0, '70', '', '', '', 0.00, '', '', '', '', '', '', '', '', 'ok', '', '', '', '', '', '', '', 3, '79.54.108.161', '2009-03-01 17:40:03', '', '', '', '', '', '', '', '', 0, '', '', '', ''),
(97, '', '', '', '', 'produkte.html', '', '', '', 'Produkte', '', '', '', '', '', '<p></p><p></p>', '', '', '', '', '', '', 0, 0, '', '', '', '', '', '', '', '', '', '', '', '', 0, '0000-00-00', '01', '01', '', '01', '01', '', '0000-00-00', 1, 0, 'immer', '', '', '', '', '', '', '', '', '', '', '', '', '', '', '', '', '', '', 0, 0, '71', '', '', '', 0.00, '', '', '', '', '', '', '', '', '', '', '', '', '', '', '', '', 0, '87.30.14.78', '2009-02-27 10:13:11', '', '', '', '', '', '', '', '', 0, '', '', '', ''),
(98, '', '', '', '', 'TuerstationenAudioSprechanlage.html', '', '', '', 'Türstationen Audio & Video', '', '', 'Hören, Sprechen, Türöffnen – die klassische Sprechanlage ist Basis jeder Türkommunikation. Bei Siedle ist die Basis ausbaufähig. Vier Designlinien und zahllose Gestaltungsvarianten erfüllen jeden Wunsch und jeden Bedarf.', '', '', '&nbsp;', '', '', '', '', '', '', 0, 0, 'bilder-galerie/klgrbild_1110.jpg', 'bilder-galerie/klgrbilda_1110.jpg', '', '', '', '', '', '', '', '', '', '', 0, '0000-00-00', '01', '01', '', '01', '01', '', '0000-00-00', 1, 1, 'immer', '', '', '', '', '', '', '', '', '', '', '', '', '', '', '', '', '', '', 0, 0, '71', '', '', '', 0.00, '', '', '', '', '', '', '', '', 'ok', '', '', '', '', '', '', '', 3, '87.30.14.78', '2009-02-27 19:20:08', '', '', '', '', '', '', '', '', 0, '', '', '', ''),
(100, '', '', '', '', 'innen.html', '', '', '', 'Innenstationen', '', '', 'Klassisch mit Hörer oder als Freisprechgerät, an der Wand oder auf dem Tisch, als Standardmodell oder mit Comfort-Funktionen, in Metall, Holz oder Lack – Sie haben die Wahl.  \r\n ', '', '', '&nbsp;', '', '', '', '', '', '', 0, 0, 'bilder-galerie/klgrbild_1111.jpg', 'bilder-galerie/klgrbilda_1111.jpg', '', '', '', '', '', '', '', '', '', '', 0, '0000-00-00', '01', '01', '', '01', '01', '', '0000-00-00', 1, 3, 'immer', '', '', '', '', '', '', '', '', '', '', '', '', '', '', '', '', '', '', 0, 0, '71', '', '', '', 0.00, '', '', '', '', '', '', '', '', 'ok', '', '', '', '', '', '', '', 3, '87.30.14.78', '2009-02-27 10:36:21', '', '', '', '', '', '', '', '', 0, '', '', '', ''),
(118, '', '', '', '', 'orientierungssysteme.html', '', '', '', 'Orientierungssysteme', '', '', 'Information und Leitung von Besuchern sind Teil der Kommunikation am Eingang – und damit Aufgabe unserer Kommunikationssysteme. ', '', '', 'Was Hausnummern, Beschriftungen und Infoschilder draußen leisten, setzt das Orientierungssystem im Gebäude fort.', '', '', '', '', '', '', 0, 0, 'bilder-galerie/klgrbild_1105.jpg', 'bilder-galerie/klgrbilda_1105.jpg', '', '', '', '', '', '', '', '', '', '', 0, '0000-00-00', '01', '01', '', '01', '01', '', '0000-00-00', 1, 4, 'immer', '', '', '', '', '', '', '', '', '', '', '', '', '', '', '', '', '', '', 0, 0, '71', '', '', '', 0.00, '', '', '', '', '', '', '', '', 'ok', '', '', '', '', '', '', '', 3, '87.30.14.78', '2009-03-06 12:10:05', '', '', '', '', '', '', '', '', 0, '', '', '', ''),
(119, '', '', '', '', 'zutrittskontrolle.html', '', '', '', 'Zutrittskontrollen', '', '', ' Der Fingerabdruck, ein Zahlencode, eine Karte oder ein Funk-Transponder:', '', '', '<p>Sie alle ergänzen oder ersetzen den herkömmlichen Schlüssel. </p>', '', '', '', '', '', '', 0, 0, 'bilder-galerie/klgrbild_1112.jpg', 'bilder-galerie/klgrbilda_1112.jpg', '', '', '', '', '', '', '', '', '', '', 0, '0000-00-00', '01', '01', '', '01', '01', '', '0000-00-00', 1, 6, 'immer', '', '', '', '', '', '', '', '', '', '', '', '', '', '', '', '', '', '', 0, 0, '71', '', '', '', 0.00, '', '', '', '', '', '', '', '', 'ok', '', '', '', '', '', '', '', 3, '87.30.14.78', '2009-03-06 12:11:59', '', '', '', '', '', '', '', '', 0, '', '', '', ''),
(120, '', '', '', '', 'a1beleuchtung.html', '', '', '', 'Beleuchtunssysteme', '', '', ' Wir sorgen für gutes Licht – Tag und Nacht!', '', '', '<p>Wir planen und gestalten individuelle Lichtkonzepte<br />für gewerbliche, öffentliche und private Gebäude.</p><p>Wir liefern moderne und hochwertige Lichttechnik!</p>', '', '', '', '', '', '', 0, 0, 'bilder-galerie/klgrbild_1108.jpg', 'bilder-galerie/klgrbilda_1108.jpg', '', '', '', '', '', '', '', '', '', '', 0, '0000-00-00', '01', '01', '', '01', '01', '', '0000-00-00', 1, 7, 'immer', '', '', '', '', '', '', '', '', '', '', '', '', '', '', '', '', '', '', 0, 0, '71', '', '', '', 0.00, '', '', '', '', '', '', '', '', 'ok', '', '', '', '', '', '', '', 3, '87.30.14.78', '2009-03-06 12:13:03', '', '', '', '', '', '', '', '', 0, '', '', '', ''),
(101, '', '', '', '', 'Designlinien.html', '', '', '', 'Designlinien', '', '', 'Das Kommunikationssystem Siedle-Steel wurde entwickelt, um Wünsche, Pläne und Ideen zu verwirklichen. Es schafft individuelle Einzelstücke in der Qualität und Präzision industrieller Fertigung. Damit hebt es sich ab vom handwerklichen Sonderbau, der weder die Materialgüte noch die Verarbeitungsqualität einer Industrieproduktion erreicht.', '', '', '&nbsp;', '', '', '', '', '', '', 0, 0, 'bilder-galerie/klgrbild_1107.jpg', 'bilder-galerie/klgrbilda_1107.jpg', '', '', '', '', '', '', '', '', '', '', 0, '0000-00-00', '01', '01', '', '01', '01', '', '0000-00-00', 1, 5, 'immer', '', '', '', '', '', '', '', '', '', '', '', '', '', '', '', '', '', '', 0, 0, '71', '', '', '', 0.00, '', '', '', '', '', '', '', '', 'ok', '', '', '', '', '', '', '', 0, '87.30.14.78', '2009-02-27 10:37:28', '', '', '', '', '', '', '', '', 0, '', '', '', ''),
(102, '', '', '', '', 'referenzen.html', '', '', '', 'Referenzen', '', '', '', '', '', '<p>Hier einige Projekte die von uns ausgearbeitet und begleitet wurden, eingeteilt in verschiedenen Themenbereichen:</p><p></p>', '', '', '', '', '', '', 0, 0, '', '', '', '', '', '', '', '', '', '', '', '', 0, '0000-00-00', '01', '01', '', '01', '01', '', '0000-00-00', 1, 0, 'immer', '', '', '', '', '', '', '', '', '', '', '', '', '', '', '', '', '', '', 0, 0, '72', '', '', '', 0.00, '', '', '', '', '', '', '', '', '', '', '', '', '', '', '', '', 0, '87.30.14.78', '2009-02-27 10:40:09', '', '', '', '', '', '', '', '', 0, '', '', '', ''),
(103, '', '', '', '', 'a1sprechanlagen.html', '', '', '', 'Sprechanlagen, Schalter', '', '', '', '', '', '&nbsp;', '', '', '', '', '', '', 0, 0, 'bilder-galerie/klgrbild_960.jpg', 'bilder-galerie/klgrbilda_960.jpg', '', '', '', '', '', '', '', '', '', '', 0, '0000-00-00', '01', '01', '', '01', '01', '', '0000-00-00', 1, 1, 'immer', '', '', '', '', '', '', '', '', '', '', '', '', '', '', '', '', '', '', 0, 0, '72', '', '', '', 0.00, '', '', '', '', '', '', '', '', 'ok', '', '', '', '', '', '', '', 3, '79.54.108.161', '2009-03-01 19:01:26', '', '', '', '', '', '', '', '', 0, '', '', '', ''),
(104, '', '', '', '', 'beleuchtung.html', '', '', '', 'Beleuchtung', '', '', '', '', '', '&nbsp;', '', '', '', '', '', '', 0, 0, 'bilder-galerie/klgrbild_884.jpg', 'bilder-galerie/klgrbilda_884.jpg', '', '', '', '', '', '', '', '', '', '', 0, '0000-00-00', '01', '01', '', '01', '01', '', '0000-00-00', 1, 2, 'immer', '', '', '', '', '', '', '', '', '', '', '', '', '', '', '', '', '', '', 0, 0, '72', '', '', '', 0.00, '', '', '', '', '', '', '', '', 'ok', '', '', '', '', '', '', '', 0, '87.30.14.78', '2009-02-27 10:40:51', '', '', '', '', '', '', '', '', 0, '', '', '', ''),
(105, '', '', '', '', 'bebauedetechnick.html', '', '', '', 'Gebäudetechnik', '', '', '', '', '', '&nbsp;', '', '', '', '', '', '', 0, 0, 'bilder-galerie/klgrbild_965.jpg', 'bilder-galerie/klgrbilda_965.jpg', '', '', '', '', '', '', '', '', '', '', 0, '0000-00-00', '01', '01', '', '01', '01', '', '0000-00-00', 1, 4, 'immer', '', '', '', '', '', '', '', '', '', '', '', '', '', '', '', '', '', '', 0, 0, '72', '', '', '', 0.00, '', '', '', '', '', '', '', '', 'ok', '', '', '', '', '', '', '', 0, '87.30.14.78', '2009-02-27 19:24:07', '', '', '', '', '', '', '', '', 0, '', '', '', ''),
(106, '', '', '', '', 'aktuelles.html', '', '', '', 'Aktuell', '', '', '', '', '', '<p>Hier einige Berichte über Messen, Fachpresse und Produktneuheiten:</p><p></p>', '', '', '', '', '', '', 0, 0, '', '', '', '', '', '', '', '', '', '', '', '', 0, '0000-00-00', '01', '01', '', '01', '01', '', '0000-00-00', 1, 0, 'immer', '', '', '', '', '', '', '', '', '', '', '', '', '', '', '', '', '', '', 0, 0, '74', '', '', '', 0.00, '', '', '', '', '', '', '', '', '', '', '', '', '', '', '', '', 3, '87.30.14.78', '2009-02-27 10:43:27', '', '', '', '', '', '', '', '', 0, '', '', '', ''),
(107, '', '', '', '', 'produktneuheit.html', '', '', '', 'Produktneuheiten', '', '', '', '', '', '&nbsp;', '', '', '', '', '', '', 0, 0, '', '', '', '', '', '', '', '', '', '', '', '', 0, '0000-00-00', '01', '01', '', '01', '01', '', '0000-00-00', 1, 3, 'immer', '', '', '', '', '', '', '', '', '', '', '', '', '', '', '', '', '', '', 0, 0, '74', '', '', '', 0.00, '', '', '', '', '', '', '', '', '', '', '', '', '', '', '', '', 0, '87.30.14.78', '2009-02-27 10:42:43', '', '', '', '', '', '', '', '', 0, '', '', '', ''),
(108, '', '', '', '', 'messen.html', '', '', '', 'Messen und Veranstaltungen', '', '', '', '', '', '&nbsp;', '', '', '', '', '', '', 0, 0, '', '', '', '', '', '', '', '', '', '', '', '', 0, '0000-00-00', '01', '01', '', '01', '01', '', '0000-00-00', 1, 2, 'immer', '', '', '', '', '', '', '', '', '', '', '', '', '', '', '', '', '', '', 0, 0, '74', '', '', '', 0.00, '', '', '', '', '', '', '', '', '', '', '', '', '', '', '', '', 0, '87.30.14.78', '2009-02-27 10:42:55', '', '', '', '', '', '', '', '', 0, '', '', '', ''),
(109, '', '', '', '', 'kontakt.html', '', '', '', 'Kontakt', '', '', '', '', '', '<p><strong>ELEKTRO ZUBER d. Harald Zuber</strong></p><p>39057 Eppan<br />Unteralberweg 5/A</p><ul><li>Tel.: 0471 66 45 56</li><li>Fax: 0471 67 43 37</li><li><a href="mailto:info@elektro-zuber.com">info@elektro-zuber.com</a></li></ul>', '', '', '', '', '', '', 0, 0, '', '', '', '', '', '', '', '', '', '', '', '', 0, '0000-00-00', '01', '01', '', '01', '01', '', '0000-00-00', 1, 0, 'immer', '', '', '', '', '', '', '', '', '', '', '', '', '', '', '', '', '', '', 0, 0, '75', '', '', '', 0.00, '', '', '', '', '', '', '', '', '', '', '', '', '', '', '', '', 0, '87.30.14.78', '2009-02-27 10:45:19', '', '', '', '', '', '', '', '', 0, '', '', '', ''),
(110, '', '', '', '', 'formular.html', '', '', '', 'Kontaktformular', '', '', '', '', '', '<p></p>', '', '', '', '', '', '', 0, 0, '', '', '', '', '', '', '', '', '', '', '', '', 0, '0000-00-00', '01', '01', '', '01', '01', '', '0000-00-00', 1, 1, 'immer', '', '', '', '', '', '', '', '', '', '', '', '', '', '', '', '', '', '', 0, 0, '75', '', '', '', 0.00, '', '', '', '', '', '', '', '', '', '', '', '', '', '', '', '', 3, '87.30.14.78', '2009-04-02 17:24:17', '', '', '', '', '', '', '', '', 0, '', '', '', ''),
(111, '', '', '', '', 'partner.html', '', '', '', 'Partner', '', '', '', '', '', '&nbsp;', '', '', '', '', '', '', 0, 0, '', '', '', '', '', '', '', '', '', '', '', '', 0, '0000-00-00', '01', '01', '', '01', '01', '', '0000-00-00', 1, 0, 'immer', '', '', '', '', '', '', '', '', '', '', '', '', '', '', '', '', '', '', 0, 0, '73', '', '', '', 0.00, '', '', '', '', '', '', '', '', '', '', '', '', '', '', '', '', 0, '87.30.14.78', '2009-02-27 10:48:15', '', '', '', '', '', '', '', '', 0, '', '', '', ''),
(112, '', '', '', '', 'DITECH.html', '', '', '', 'DITEC', '', '', 'Unser Partner für die Automatisierung von Toren', '', '', '&nbsp;', '', '', '', '', '', '', 0, 0, 'bilder-galerie/klgrbild_978.jpg', 'bilder-galerie/klgrbilda_978.jpg', '', '', '', '', '', '', '', '', '', '', 0, '0000-00-00', '01', '01', '', '01', '01', '', '0000-00-00', 1, 3, 'immer', '', '', '', '', '', '', '', '', '', '', '', '', '', '', '', '', '', '', 0, 0, '73', '', '', '', 0.00, '', 'http://www.ditec-d.de/', '', '', '', '', '', '', 'ok', '', '', '', '', '', '', '', 0, '79.54.108.161', '2009-03-01 20:27:55', '', '', '', '', '', '', '', '', 0, '', '', '', ''),
(113, '', '', '', '', 'Nicom.html', '', '', '', 'Nicom', '', '', 'Die Firma Nicom Securalarm beschäftigt sich seit über 20 Jahren erfolgreich mit der elektronischen Sicherheits- und Kommunikationstechnik. Sicherheit und Kommunikation ist die Voraussetzung für das effiziente Funktionieren eines Unternehmens. \r\n', '', '', '', '', '', '', '', '', '', 0, 0, 'bilder-galerie/klgrbild_975.jpg', 'bilder-galerie/klgrbilda_975.jpg', '', '', '', '', '', '', '', '', '', '', 0, '0000-00-00', '01', '01', '', '01', '01', '', '0000-00-00', 1, 2, 'immer', '', '', '', '', '', '', '', '', '', '', '', '', '', '', '', '', '', '', 0, 0, '73', '', '', '', 0.00, '', 'http://www.nicom.it/', '', '', '', '', '', '', 'ok', '', '', '', '', '', '', '', 0, '79.54.108.161', '2009-03-01 20:27:49', '', '', '', '', '', '', '', '', 0, '', '', '', ''),
(114, '', '', '', '', 'AlarmCenter.html', '', '', '', 'Alarm Center', '', '', 'Unser Partner für Videoüberwachungsanlagen sowie Zutrittskontrollsystemen', '', '', '', '', '', '', '', '', '', 0, 0, 'bilder-galerie/klgrbild_976.jpg', 'bilder-galerie/klgrbilda_976.jpg', '', '', '', '', '', '', '', '', '', '', 0, '0000-00-00', '01', '01', '', '01', '01', '', '0000-00-00', 1, 4, 'immer', '', '', '', '', '', '', '', '', '', '', '', '', '', '', '', '', '', '', 0, 0, '73', '', '', '', 0.00, '', 'http://www.alarmcenter.it', '', '', '', '', '', '', 'ok', '', '', '', '', '', '', '', 3, '87.30.14.78', '2009-02-27 10:58:43', '', '', '', '', '', '', '', '', 0, '', '', '', ''),
(115, '', '', '', '', 'EibExpert.html', '', '', '', 'Eib Expert', '', '', 'Unser starker Partner für den Bereich Gebäudetechnik', '', '', '', '', '', '', '', '', '', 0, 0, 'bilder-galerie/klgrbild_979.jpg', 'bilder-galerie/klgrbilda_979.jpg', '', '', '', '', '', '', '', '', '', '', 0, '0000-00-00', '01', '01', '', '01', '01', '', '0000-00-00', 1, 2, 'immer', '', '', '', '', '', '', '', '', '', '', '', '', '', '', '', '', '', '', 0, 0, '73', '', '', '', 0.00, '', 'http://www.eibexpert.it', '', '', '', '', '', '', 'ok', '', '', '', '', '', '', '', 0, '79.54.108.161', '2009-03-01 20:28:17', '', '', '', '', '', '', '', '', 0, '', '', '', ''),
(117, '', '', '', '', 'beleuchtung-zuber.html', '', '', '', 'Beleuchtung', '', '', '', '', '', '<p><strong>Beleuchtung ist ein prägendes Element in allen Lebensbereichen.<br /></strong>Schöne Architektur kann mit durchdachten Lichtkonzepten&nbsp;Wohlbefinden schaffen. Wir nehmen uns für Sie Zeit und beraten Sie gerne.</p><p><strong>Beleuchtung bei Sprechanlagen und Hinweisschildern:</strong><br />Die Leuchtdioden beleuchten Details wie Tasten oder Hausnummern, erhellen größere Flächen oder ganze Anlagen und leuchten Zufahrten, Wege, Eingangsbereiche oder Terrassen aus.</p><p><strong>Vorteile der LED-Technologie</strong></p><ul><li>Energieeffizient und langlebig</li><li>Geringe Betriebs- und Wartungskosten</li><li>Innovative Gestaltung durch kompakte Bauform</li><li>Einheitliche Lichtfarbe über die gesamte Installation</li><li>Stromversorgung durch Niedrigspannung </li></ul>', '', '', '', '', '', '', 0, 0, 'bilder-galerie/klgrbild_1061.jpg', 'bilder-galerie/klgrbilda_1061.jpg', '', '', '', '', '', '', '', '', '', '', 0, '0000-00-00', '01', '01', '', '01', '01', '', '0000-00-00', 1, 12, 'immer', '', '', '', '', '', '', '', '', '', '', '', '', '', '', '', '', '', '', 0, 0, '70', '', '', '', 0.00, '', '', '', '', '', '', '', '', 'ok', '', '', '', '', '', '', '', 3, '79.54.108.161', '2009-03-01 17:37:35', '', '', '', '', '', '', '', '', 0, '', '', '', ''),
(121, '', '', '', '', 'Siedle.html', '', '', '', 'Barbieri s.r.l. - SIEDLE', '', '', 'Unser kompetenter Partner in Sachen Sprech-, Zutritts- und Orientierungssystemen.', '', '', '<p></p>', '', '', '', '', '', '', 0, 0, 'bilder-galerie/klgrbild_977.jpg', 'bilder-galerie/klgrbilda_977.jpg', '', '', '', '', '', '', '', '', '', '', 0, '0000-00-00', '01', '01', '', '01', '01', '', '0000-00-00', 1, 1, 'immer', '', '', '', '', '', '', '', '', '', '', '', '', '', '', '', '', '', '', 0, 0, '73', '', '', '', 0.00, '', 'http://www.barbieri.info', '', '', '', '', '', '', 'ok', '', '', '', '', '', '', '', 0, '79.54.108.161', '2009-03-01 20:27:36', '', '', '', '', '', '', '', '', 0, '', '', '', ''),
(122, '', '', '', '', 'schaltsysteme.html', '', '', '', 'Schaltsysteme', '', '', 'Wir bieten ein breites Angebot für die Basisinstallation: ', '', '', '<p>Es umfasst zahlreiche Funktionen für eine sichere, komfortable und wirtschaftliche Elektroinstallation.</p><p></p>', '', '', '', '', '', '', 0, 0, 'bilder-galerie/klgrbild_1103.jpg', 'bilder-galerie/klgrbilda_1103.jpg', '', '', '', '', '', '', '', '', '', '', 0, '0000-00-00', '01', '01', '', '01', '01', '', '0000-00-00', 1, 8, 'immer', '', '', '', '', '', '', '', '', '', '', '', '', '', '', '', '', '', '', 0, 0, '71', '', '', '', 0.00, '', '', '', '', '', '', '', '', 'ok', '', '', '', '', '', '', '', 3, '87.30.14.78', '2009-03-06 12:13:23', '', '', '', '', '', '', '', '', 0, '', '', '', ''),
(123, '', '', '', '', 'schaltkaesten.html', '', '', '', 'Schaltkästen', '', '', '', '', '', '&nbsp;', '', '', '', '', '', '', 0, 0, 'bilder-galerie/klgrbild_941.jpg', 'bilder-galerie/klgrbilda_941.jpg', '', '', '', '', '', '', '', '', '', '', 0, '0000-00-00', '01', '01', '', '01', '01', '', '0000-00-00', 1, 5, 'immer', '', '', '', '', '', '', '', '', '', '', '', '', '', '', '', '', '', '', 0, 0, '72', '', '', '', 0.00, '', '', '', '', '', '', '', '', 'ok', '', '', '', '', '', '', '', 0, '79.54.108.161', '2009-03-01 18:57:48', '', '', '', '', '', '', '', '', 0, '', '', '', ''),
(124, '', '', '', '', 'beleuchtungseffekte.html', '', '', '', 'Beleuchtungseffekte', '', '', '', '', '', '&nbsp;', '', '', '', '', '', '', 0, 0, 'bilder-galerie/klgrbild_1055.jpg', 'bilder-galerie/klgrbilda_1055.jpg', '', '', '', '', '', '', '', '', '', '', 0, '0000-00-00', '01', '01', '', '01', '01', '', '0000-00-00', 1, 4, 'immer', '', '', '', '', '', '', '', '', '', '', '', '', '', '', '', '', '', '', 0, 0, '72', '', '', '', 0.00, '', '', '', '', '', '', '', '', 'ok', '', '', '', '', '', '', '', 0, '87.30.14.78', '2009-04-02 13:44:27', '', '', '', '', '', '', '', '', 0, '', '', '', '');

-- --------------------------------------------------------

--
-- Tabellenstruktur für Tabelle `pinwall`
--

CREATE TABLE IF NOT EXISTS `pinwall` (
  `id` int(11) NOT NULL auto_increment,
  `titelde` varchar(250) NOT NULL default '',
  `titelit` varchar(250) NOT NULL default '',
  `textde` text NOT NULL,
  `textit` text NOT NULL,
  `titeleng` varchar(250) NOT NULL default '',
  `texteng` text NOT NULL,
  `home` varchar(10) NOT NULL default '',
  `tag` varchar(10) NOT NULL default '',
  `monat` varchar(10) NOT NULL default '',
  `jahr` varchar(10) NOT NULL default '',
  `datum` date NOT NULL default '0000-00-00',
  `online` varchar(10) NOT NULL default '',
  `prioritaet` int(11) NOT NULL default '0',
  `immer` varchar(10) NOT NULL default '',
  `titelfr` varchar(250) NOT NULL default '',
  `textfr` text NOT NULL,
  `vorschaubild` varchar(100) NOT NULL default '',
  PRIMARY KEY  (`id`)
) TYPE=MyISAM AUTO_INCREMENT=1 ;

--
-- Daten für Tabelle `pinwall`
--


-- --------------------------------------------------------

--
-- Tabellenstruktur für Tabelle `profilecomb2`
--

CREATE TABLE IF NOT EXISTS `profilecomb2` (
  `id` int(11) NOT NULL auto_increment,
  `contentid` int(11) NOT NULL default '0',
  `fileid` int(11) NOT NULL default '0',
  `prioritaet` int(11) NOT NULL default '0',
  PRIMARY KEY  (`id`)
) TYPE=MyISAM  AUTO_INCREMENT=4 ;

--
-- Daten für Tabelle `profilecomb2`
--


-- --------------------------------------------------------

--
-- Tabellenstruktur für Tabelle `profilecomb3`
--

CREATE TABLE IF NOT EXISTS `profilecomb3` (
  `id` int(11) NOT NULL auto_increment,
  `contentid` int(11) NOT NULL default '0',
  `fileid` int(11) NOT NULL default '0',
  `prioritaet` int(11) NOT NULL default '0',
  PRIMARY KEY  (`id`)
) TYPE=MyISAM  AUTO_INCREMENT=3 ;

--
-- Daten für Tabelle `profilecomb3`
--


-- --------------------------------------------------------

--
-- Tabellenstruktur für Tabelle `profilecomb4`
--

CREATE TABLE IF NOT EXISTS `profilecomb4` (
  `id` int(11) NOT NULL auto_increment,
  `contentid` int(11) NOT NULL default '0',
  `fileid` int(11) NOT NULL default '0',
  `prioritaet` int(11) NOT NULL default '0',
  PRIMARY KEY  (`id`)
) TYPE=MyISAM AUTO_INCREMENT=1 ;

--
-- Daten für Tabelle `profilecomb4`
--


-- --------------------------------------------------------

--
-- Tabellenstruktur für Tabelle `profilecomb5`
--

CREATE TABLE IF NOT EXISTS `profilecomb5` (
  `id` int(11) NOT NULL auto_increment,
  `contentid` int(11) NOT NULL default '0',
  `fileid` int(11) NOT NULL default '0',
  `prioritaet` int(11) NOT NULL default '0',
  PRIMARY KEY  (`id`)
) TYPE=MyISAM AUTO_INCREMENT=1 ;

--
-- Daten für Tabelle `profilecomb5`
--


-- --------------------------------------------------------

--
-- Tabellenstruktur für Tabelle `profilecomb6`
--

CREATE TABLE IF NOT EXISTS `profilecomb6` (
  `id` int(11) NOT NULL auto_increment,
  `contentid` int(11) NOT NULL default '0',
  `fileid` int(11) NOT NULL default '0',
  `prioritaet` int(11) NOT NULL default '0',
  PRIMARY KEY  (`id`)
) TYPE=MyISAM AUTO_INCREMENT=1 ;

--
-- Daten für Tabelle `profilecomb6`
--


-- --------------------------------------------------------

--
-- Tabellenstruktur für Tabelle `profilecomb7`
--

CREATE TABLE IF NOT EXISTS `profilecomb7` (
  `id` int(11) NOT NULL auto_increment,
  `contentid` int(11) NOT NULL default '0',
  `fileid` int(11) NOT NULL default '0',
  `prioritaet` int(11) NOT NULL default '0',
  PRIMARY KEY  (`id`)
) TYPE=MyISAM AUTO_INCREMENT=1 ;

--
-- Daten für Tabelle `profilecomb7`
--


-- --------------------------------------------------------

--
-- Tabellenstruktur für Tabelle `profilecomb8`
--

CREATE TABLE IF NOT EXISTS `profilecomb8` (
  `id` int(11) NOT NULL auto_increment,
  `contentid` int(11) NOT NULL default '0',
  `fileid` int(11) NOT NULL default '0',
  `prioritaet` int(11) NOT NULL default '0',
  PRIMARY KEY  (`id`)
) TYPE=MyISAM AUTO_INCREMENT=1 ;

--
-- Daten für Tabelle `profilecomb8`
--


-- --------------------------------------------------------

--
-- Tabellenstruktur für Tabelle `profilecomb9`
--

CREATE TABLE IF NOT EXISTS `profilecomb9` (
  `id` int(11) NOT NULL auto_increment,
  `contentid` int(11) NOT NULL default '0',
  `fileid` int(11) NOT NULL default '0',
  `prioritaet` int(11) NOT NULL default '0',
  PRIMARY KEY  (`id`)
) TYPE=MyISAM AUTO_INCREMENT=1 ;

--
-- Daten für Tabelle `profilecomb9`
--


-- --------------------------------------------------------

--
-- Tabellenstruktur für Tabelle `profilecomb10`
--

CREATE TABLE IF NOT EXISTS `profilecomb10` (
  `id` int(11) NOT NULL auto_increment,
  `contentid` int(11) NOT NULL default '0',
  `fileid` int(11) NOT NULL default '0',
  `prioritaet` int(11) NOT NULL default '0',
  PRIMARY KEY  (`id`)
) TYPE=MyISAM AUTO_INCREMENT=1 ;

--
-- Daten für Tabelle `profilecomb10`
--


-- --------------------------------------------------------

--
-- Tabellenstruktur für Tabelle `profilecomb11`
--

CREATE TABLE IF NOT EXISTS `profilecomb11` (
  `id` int(11) NOT NULL auto_increment,
  `contentid` int(11) NOT NULL default '0',
  `fileid` int(11) NOT NULL default '0',
  `prioritaet` int(11) NOT NULL default '0',
  PRIMARY KEY  (`id`)
) TYPE=MyISAM AUTO_INCREMENT=1 ;

--
-- Daten für Tabelle `profilecomb11`
--


-- --------------------------------------------------------

--
-- Tabellenstruktur für Tabelle `punktestart`
--

CREATE TABLE IF NOT EXISTS `punktestart` (
  `id` int(11) NOT NULL auto_increment,
  `galeriekatde` varchar(50) NOT NULL default '',
  `galeriekatit` varchar(50) NOT NULL default '',
  `sp` varchar(100) NOT NULL default '',
  `s` varchar(100) NOT NULL default '',
  `u` varchar(100) NOT NULL default '',
  `n` varchar(100) NOT NULL default '',
  `plus` varchar(100) NOT NULL default '',
  `diff` varchar(100) NOT NULL default '',
  `punkte` int(4) NOT NULL default '0',
  `prioritaet` int(11) NOT NULL default '0',
  `online` int(1) NOT NULL default '0',
  `galeriekatfr` varchar(100) NOT NULL default '',
  `kat` char(3) NOT NULL default '',
  PRIMARY KEY  (`id`)
) TYPE=MyISAM AUTO_INCREMENT=1 ;

--
-- Daten für Tabelle `punktestart`
--


-- --------------------------------------------------------

--
-- Tabellenstruktur für Tabelle `referenzencomb`
--

CREATE TABLE IF NOT EXISTS `referenzencomb` (
  `id` int(11) NOT NULL auto_increment,
  `contentid` int(11) NOT NULL default '0',
  `fileid` int(11) NOT NULL default '0',
  `prioritaet` int(11) NOT NULL default '0',
  PRIMARY KEY  (`id`)
) TYPE=MyISAM  AUTO_INCREMENT=16 ;

--
-- Daten für Tabelle `referenzencomb`
--


-- --------------------------------------------------------

--
-- Tabellenstruktur für Tabelle `rewriting`
--

CREATE TABLE IF NOT EXISTS `rewriting` (
  `rewriting_ID` int(3) unsigned NOT NULL auto_increment,
  `rewriting` varchar(255) NOT NULL default '',
  `seite` varchar(255) NOT NULL default '',
  `lan` char(3) NOT NULL default '',
  ` hauptkatid` int(5) NOT NULL default '0',
  ` unterkatid` int(5) NOT NULL default '0',
  PRIMARY KEY  (`rewriting_ID`)
) TYPE=MyISAM AUTO_INCREMENT=1 ;

--
-- Daten für Tabelle `rewriting`
--


-- --------------------------------------------------------

--
-- Tabellenstruktur für Tabelle `spielea2`
--

CREATE TABLE IF NOT EXISTS `spielea2` (
  `id` int(11) NOT NULL auto_increment,
  `spieltag` varchar(50) NOT NULL default '',
  `heim1` varchar(50) NOT NULL default '',
  `gast1` varchar(100) NOT NULL default '',
  `tagbez1` varchar(100) NOT NULL default '',
  `tag1` char(2) NOT NULL default '0',
  `monat1` char(2) NOT NULL default '0',
  `jahr1` varchar(4) NOT NULL default '0000',
  `datum1` date NOT NULL default '0000-00-00',
  `stunde1` varchar(10) NOT NULL default '',
  `minute1` varchar(10) NOT NULL default '',
  `ergebnis1` varchar(100) NOT NULL default '',
  `heim2` varchar(50) NOT NULL default '',
  `gast2` varchar(100) NOT NULL default '',
  `tagbez2` varchar(100) NOT NULL default '',
  `tag2` char(2) NOT NULL default '0',
  `monat2` char(2) NOT NULL default '0',
  `jahr2` varchar(4) NOT NULL default '0000',
  `datum2` date NOT NULL default '0000-00-00',
  `stunde2` varchar(10) NOT NULL default '',
  `minute2` varchar(10) NOT NULL default '',
  `ergebnis2` varchar(100) NOT NULL default '',
  `heim3` varchar(50) NOT NULL default '',
  `gast3` varchar(100) NOT NULL default '',
  `tagbez3` varchar(100) NOT NULL default '',
  `tag3` char(2) NOT NULL default '0',
  `monat3` char(2) NOT NULL default '0',
  `jahr3` varchar(4) NOT NULL default '0000',
  `datum3` date NOT NULL default '0000-00-00',
  `stunde3` varchar(10) NOT NULL default '',
  `minute3` varchar(10) NOT NULL default '',
  `ergebnis3` varchar(100) NOT NULL default '',
  `heim4` varchar(50) NOT NULL default '',
  `gast4` varchar(100) NOT NULL default '',
  `tagbez4` varchar(100) NOT NULL default '',
  `tag4` char(2) NOT NULL default '0',
  `monat4` char(2) NOT NULL default '0',
  `jahr4` varchar(4) NOT NULL default '0000',
  `datum4` date NOT NULL default '0000-00-00',
  `stunde4` varchar(10) NOT NULL default '',
  `minute4` varchar(10) NOT NULL default '',
  `ergebnis4` varchar(100) NOT NULL default '',
  `heim5` varchar(50) NOT NULL default '',
  `gast5` varchar(100) NOT NULL default '',
  `tagbez5` varchar(100) NOT NULL default '',
  `tag5` char(2) NOT NULL default '0',
  `monat5` char(2) NOT NULL default '0',
  `jahr5` varchar(4) NOT NULL default '0000',
  `datum5` date NOT NULL default '0000-00-00',
  `stunde5` varchar(10) NOT NULL default '',
  `minute5` varchar(10) NOT NULL default '',
  `ergebnis5` varchar(100) NOT NULL default '',
  `heim6` varchar(50) NOT NULL default '',
  `gast6` varchar(100) NOT NULL default '',
  `tagbez6` varchar(100) NOT NULL default '',
  `tag6` char(2) NOT NULL default '0',
  `monat6` char(2) NOT NULL default '0',
  `jahr6` varchar(4) NOT NULL default '0000',
  `datum6` date NOT NULL default '0000-00-00',
  `stunde6` varchar(10) NOT NULL default '',
  `minute6` varchar(10) NOT NULL default '',
  `ergebnis6` varchar(100) NOT NULL default '',
  `prioritaet` int(11) NOT NULL default '0',
  `online` int(1) NOT NULL default '0',
  `kat` varchar(4) NOT NULL default '',
  PRIMARY KEY  (`id`)
) TYPE=MyISAM AUTO_INCREMENT=1 ;

--
-- Daten für Tabelle `spielea2`
--


-- --------------------------------------------------------

--
-- Tabellenstruktur für Tabelle `spielerstat`
--

CREATE TABLE IF NOT EXISTS `spielerstat` (
  `id` int(11) NOT NULL auto_increment,
  `galeriekatde` varchar(50) NOT NULL default '',
  `galeriekatit` varchar(50) NOT NULL default '',
  `sp` varchar(100) NOT NULL default '',
  `s` varchar(100) NOT NULL default '',
  `u` varchar(100) NOT NULL default '',
  `n` varchar(100) NOT NULL default '',
  `plus` varchar(100) NOT NULL default '',
  `diff` varchar(100) NOT NULL default '',
  `punkte` int(4) NOT NULL default '0',
  `prioritaet` int(11) NOT NULL default '0',
  `online` int(1) NOT NULL default '0',
  `galeriekatfr` varchar(100) NOT NULL default '',
  PRIMARY KEY  (`id`)
) TYPE=MyISAM AUTO_INCREMENT=1 ;

--
-- Daten für Tabelle `spielerstat`
--


-- --------------------------------------------------------

--
-- Tabellenstruktur für Tabelle `sponscomb`
--

CREATE TABLE IF NOT EXISTS `sponscomb` (
  `id` int(11) NOT NULL auto_increment,
  `contentid` int(11) NOT NULL default '0',
  `fileid` int(11) NOT NULL default '0',
  `prioritaet` int(11) NOT NULL default '0',
  PRIMARY KEY  (`id`)
) TYPE=MyISAM AUTO_INCREMENT=1 ;

--
-- Daten für Tabelle `sponscomb`
--


-- --------------------------------------------------------

--
-- Tabellenstruktur für Tabelle `tabellecomb`
--

CREATE TABLE IF NOT EXISTS `tabellecomb` (
  `id` int(11) NOT NULL auto_increment,
  `contentid` int(11) NOT NULL default '0',
  `tabelleid` int(11) NOT NULL default '0',
  PRIMARY KEY  (`id`)
) TYPE=MyISAM AUTO_INCREMENT=1 ;

--
-- Daten für Tabelle `tabellecomb`
--


-- --------------------------------------------------------

--
-- Tabellenstruktur für Tabelle `tabellecontent`
--

CREATE TABLE IF NOT EXISTS `tabellecontent` (
  `id` int(11) NOT NULL auto_increment,
  `feld1de` int(11) NOT NULL default '0',
  `feld2de` text NOT NULL,
  `feld3de` text NOT NULL,
  `feld4de` text NOT NULL,
  `feld5de` text NOT NULL,
  `feld6de` text NOT NULL,
  `feld7de` text NOT NULL,
  `artikel` int(11) NOT NULL default '0',
  `tabelleid` int(11) NOT NULL default '0',
  `feld1it` int(11) NOT NULL default '0',
  `feld2it` text NOT NULL,
  `feld3it` text NOT NULL,
  `feld4it` text NOT NULL,
  `feld5it` text NOT NULL,
  `feld6it` text NOT NULL,
  `feld7it` text NOT NULL,
  `feld1eng` int(11) NOT NULL default '0',
  `feld2eng` text NOT NULL,
  `feld3eng` text NOT NULL,
  `feld4eng` text NOT NULL,
  `feld5eng` text NOT NULL,
  `feld6eng` text NOT NULL,
  `feld7eng` text NOT NULL,
  `datum` date NOT NULL default '0000-00-00',
  `tag` varchar(10) NOT NULL default '',
  `monat` varchar(10) NOT NULL default '',
  `jahr` varchar(10) NOT NULL default '',
  PRIMARY KEY  (`id`)
) TYPE=MyISAM AUTO_INCREMENT=1 ;

--
-- Daten für Tabelle `tabellecontent`
--


-- --------------------------------------------------------

--
-- Tabellenstruktur für Tabelle `tabellekat`
--

CREATE TABLE IF NOT EXISTS `tabellekat` (
  `id` int(11) NOT NULL auto_increment,
  `tabellekatde` varchar(50) NOT NULL default '',
  `tabellekatit` varchar(50) NOT NULL default '',
  `tabellekateng` varchar(50) NOT NULL default '',
  `prioritaet` int(11) NOT NULL default '0',
  `online` int(1) NOT NULL default '0',
  `datum` varchar(100) NOT NULL default '',
  `feld1de` varchar(100) NOT NULL default '',
  `feld2de` varchar(100) NOT NULL default '',
  `feld3de` varchar(100) NOT NULL default '',
  `feld4de` varchar(100) NOT NULL default '',
  `feld5de` varchar(100) NOT NULL default '',
  `feld6de` varchar(100) NOT NULL default '',
  `feld7de` varchar(100) NOT NULL default '',
  `feld1it` varchar(100) NOT NULL default '',
  `feld2it` varchar(100) NOT NULL default '',
  `feld3it` varchar(100) NOT NULL default '',
  `feld4it` varchar(100) NOT NULL default '',
  `feld5it` varchar(100) NOT NULL default '',
  `feld6it` varchar(100) NOT NULL default '',
  `feld7it` varchar(100) NOT NULL default '',
  `feld1eng` varchar(100) NOT NULL default '',
  `feld2eng` varchar(100) NOT NULL default '',
  `feld3eng` varchar(100) NOT NULL default '',
  `feld4eng` varchar(100) NOT NULL default '',
  `feld5eng` varchar(100) NOT NULL default '',
  `feld6eng` varchar(100) NOT NULL default '',
  `feld7eng` varchar(100) NOT NULL default '',
  `artikel` varchar(100) NOT NULL default '',
  `sortieren` varchar(10) NOT NULL default '',
  `steigend` varchar(10) NOT NULL default '',
  PRIMARY KEY  (`id`)
) TYPE=MyISAM AUTO_INCREMENT=1 ;

--
-- Daten für Tabelle `tabellekat`
--


-- --------------------------------------------------------

--
-- Tabellenstruktur für Tabelle `tabellesponsoren`
--

CREATE TABLE IF NOT EXISTS `tabellesponsoren` (
  `id` int(11) NOT NULL auto_increment,
  `name` varchar(250) NOT NULL default '',
  `saisonstartb` varchar(250) NOT NULL default '',
  `raikacupb` varchar(250) NOT NULL default '',
  `jahresb` varchar(250) NOT NULL default '',
  `schoepferb` varchar(250) NOT NULL default '',
  `hechtepost` varchar(250) NOT NULL default '',
  `eisflaeche` varchar(250) NOT NULL default '',
  `spielerbank` varchar(250) NOT NULL default '',
  `transparente` varchar(250) NOT NULL default '',
  `zustaendig` varchar(250) NOT NULL default '',
  `stand` varchar(250) NOT NULL default '',
  `infos` text NOT NULL,
  `prioritaet` int(11) NOT NULL default '0',
  PRIMARY KEY  (`id`)
) TYPE=MyISAM AUTO_INCREMENT=1 ;

--
-- Daten für Tabelle `tabellesponsoren`
--


-- --------------------------------------------------------

--
-- Tabellenstruktur für Tabelle `tippspiel`
--

CREATE TABLE IF NOT EXISTS `tippspiel` (
  `id` int(11) NOT NULL auto_increment,
  `galeriekatde` varchar(250) NOT NULL default '',
  `galeriekatit` varchar(250) NOT NULL default '',
  PRIMARY KEY  (`id`)
) TYPE=MyISAM AUTO_INCREMENT=1 ;

--
-- Daten für Tabelle `tippspiel`
--


-- --------------------------------------------------------

--
-- Tabellenstruktur für Tabelle `unterkat`
--

CREATE TABLE IF NOT EXISTS `unterkat` (
  `id` int(11) NOT NULL auto_increment,
  `unterkatde` text NOT NULL,
  `unterkatit` text NOT NULL,
  `unterkateng` text NOT NULL,
  `hauptkatid` int(11) NOT NULL default '0',
  `prioritaet` int(11) NOT NULL default '0',
  `punkt` varchar(10) NOT NULL default '',
  `vorschau` varchar(10) NOT NULL default '',
  `shopbez1` int(11) NOT NULL default '0',
  `shopbez2` int(11) NOT NULL default '0',
  `textde` text NOT NULL,
  `textit` text NOT NULL,
  `texteng` text NOT NULL,
  `unterkatfr` varchar(100) NOT NULL default '',
  `textfr` text NOT NULL,
  `owner_id` int(3) NOT NULL default '0',
  `ip` varchar(15) NOT NULL default '',
  `date` datetime NOT NULL default '0000-00-00 00:00:00',
  PRIMARY KEY  (`id`)
) TYPE=MyISAM AUTO_INCREMENT=1 ;

--
-- Daten für Tabelle `unterkat`
--


-- --------------------------------------------------------

--
-- Tabellenstruktur für Tabelle `verschcomb`
--

CREATE TABLE IF NOT EXISTS `verschcomb` (
  `id` int(11) NOT NULL auto_increment,
  `contentid` int(11) NOT NULL default '0',
  `fileid` int(11) NOT NULL default '0',
  `prioritaet` int(11) NOT NULL default '0',
  PRIMARY KEY  (`id`)
) TYPE=MyISAM AUTO_INCREMENT=1 ;

--
-- Daten für Tabelle `verschcomb`
--

